91.208.184.23 - - [26/Oct/2025:02:30:47 +0300 - 0.548 - 0.548] "GET /wp-admin/profile.php HTTP/1.1" 302 5 "https://u-port.ua/wp-login.php" "Mozilla/5.0 (Macintosh; Intel Mac OS X 10_15_7) AppleWebKit/537.36 (KHTML, like Gecko) Chrome/120.0.0.0 Safari/537.36" "127.0.0.206"
91.208.184.23 - - [26/Oct/2025:02:30:47 +0300 - 0.244 - 0.244] "GET /wp-login.php?redirect_to=https%3A%2F%2Fu-port.ua%2Fwp-admin%2Fprofile.php&reauth=1 HTTP/1.1" 404 7898 "https://u-port.ua/wp-login.php" "Mozilla/5.0 (Macintosh; Intel Mac OS X 10_15_7) AppleWebKit/537.36 (KHTML, like Gecko) Chrome/120.0.0.0 Safari/537.36" "127.0.0.206"
91.208.184.23 - - [26/Oct/2025:02:30:48 +0300 - 0.572 - 0.572] "GET /wp-admin/edit.php HTTP/1.1" 302 5 "https://u-port.ua/wp-login.php" "Mozilla/5.0 (Macintosh; Intel Mac OS X 10_15_7) AppleWebKit/537.36 (KHTML, like Gecko) Chrome/120.0.0.0 Safari/537.36" "127.0.0.206"
91.208.184.23 - - [26/Oct/2025:02:30:49 +0300 - 0.311 - 0.308] "GET /wp-login.php?redirect_to=https%3A%2F%2Fu-port.ua%2Fwp-admin%2Fedit.php&reauth=1 HTTP/1.1" 404 7898 "https://u-port.ua/wp-login.php" "Mozilla/5.0 (Macintosh; Intel Mac OS X 10_15_7) AppleWebKit/537.36 (KHTML, like Gecko) Chrome/120.0.0.0 Safari/537.36" "127.0.0.206"
91.208.184.23 - - [26/Oct/2025:02:30:50 +0300 - 0.603 - 0.604] "GET /wp-admin/plugin-editor.php HTTP/1.1" 302 5 "https://u-port.ua/wp-login.php" "Mozilla/5.0 (Macintosh; Intel Mac OS X 10_15_7) AppleWebKit/537.36 (KHTML, like Gecko) Chrome/120.0.0.0 Safari/537.36" "127.0.0.206"
91.208.184.23 - - [26/Oct/2025:02:30:50 +0300 - 0.239 - 0.240] "GET /wp-login.php?redirect_to=https%3A%2F%2Fu-port.ua%2Fwp-admin%2Fplugin-editor.php&reauth=1 HTTP/1.1" 404 7898 "https://u-port.ua/wp-login.php" "Mozilla/5.0 (Macintosh; Intel Mac OS X 10_15_7) AppleWebKit/537.36 (KHTML, like Gecko) Chrome/120.0.0.0 Safari/537.36" "127.0.0.206"
91.208.184.23 - - [26/Oct/2025:02:30:52 +0300 - 0.324 - 0.056] "POST /wp-login.php HTTP/1.1" 403 755 "https://u-port.ua/wp-login.php" "Mozilla/5.0 (Macintosh; Intel Mac OS X 10_15_7) AppleWebKit/537.36 (KHTML, like Gecko) Chrome/121.0.0.0 Safari/537.36" "127.0.0.147"
91.208.184.23 - - [26/Oct/2025:02:30:53 +0300 - 0.540 - 0.540] "GET /wp-admin/index.php HTTP/1.1" 302 5 "https://u-port.ua/wp-login.php" "Mozilla/5.0 (Windows NT 10.0; Win64; x64) AppleWebKit/537.36 (KHTML, like Gecko) Chrome/119.0.0.0 Safari/537.36" "127.0.0.221"
91.208.184.23 - - [26/Oct/2025:02:30:53 +0300 - 0.266 - 0.260] "GET /wp-login.php?redirect_to=https%3A%2F%2Fu-port.ua%2Fwp-admin%2Findex.php&reauth=1 HTTP/1.1" 404 7898 "https://u-port.ua/wp-login.php" "Mozilla/5.0 (Windows NT 10.0; Win64; x64) AppleWebKit/537.36 (KHTML, like Gecko) Chrome/119.0.0.0 Safari/537.36" "127.0.0.221"
91.208.184.23 - - [26/Oct/2025:02:30:54 +0300 - 0.532 - 0.532] "GET /wp-admin/profile.php HTTP/1.1" 302 5 "https://u-port.ua/wp-login.php" "Mozilla/5.0 (Windows NT 10.0; Win64; x64) AppleWebKit/537.36 (KHTML, like Gecko) Chrome/119.0.0.0 Safari/537.36" "127.0.0.221"
91.208.184.23 - - [26/Oct/2025:02:30:54 +0300 - 0.280 - 0.280] "GET /wp-login.php?redirect_to=https%3A%2F%2Fu-port.ua%2Fwp-admin%2Fprofile.php&reauth=1 HTTP/1.1" 404 7898 "https://u-port.ua/wp-login.php" "Mozilla/5.0 (Windows NT 10.0; Win64; x64) AppleWebKit/537.36 (KHTML, like Gecko) Chrome/119.0.0.0 Safari/537.36" "127.0.0.221"
91.208.184.23 - - [26/Oct/2025:02:30:55 +0300 - 0.652 - 0.652] "GET /wp-admin/edit.php HTTP/1.1" 302 5 "https://u-port.ua/wp-login.php" "Mozilla/5.0 (Windows NT 10.0; Win64; x64) AppleWebKit/537.36 (KHTML, like Gecko) Chrome/119.0.0.0 Safari/537.36" "127.0.0.221"
91.208.184.23 - - [26/Oct/2025:02:30:56 +0300 - 0.218 - 0.216] "GET /wp-login.php?redirect_to=https%3A%2F%2Fu-port.ua%2Fwp-admin%2Fedit.php&reauth=1 HTTP/1.1" 404 7898 "https://u-port.ua/wp-login.php" "Mozilla/5.0 (Windows NT 10.0; Win64; x64) AppleWebKit/537.36 (KHTML, like Gecko) Chrome/119.0.0.0 Safari/537.36" "127.0.0.221"
91.208.184.23 - - [26/Oct/2025:02:30:58 +0300 - 0.520 - 0.520] "GET /wp-admin/plugin-editor.php HTTP/1.1" 302 5 "https://u-port.ua/wp-login.php" "Mozilla/5.0 (Windows NT 10.0; Win64; x64) AppleWebKit/537.36 (KHTML, like Gecko) Chrome/119.0.0.0 Safari/537.36" "127.0.0.221"
91.208.184.23 - - [26/Oct/2025:02:30:58 +0300 - 0.269 - 0.268] "GET /wp-login.php?redirect_to=https%3A%2F%2Fu-port.ua%2Fwp-admin%2Fplugin-editor.php&reauth=1 HTTP/1.1" 404 7898 "https://u-port.ua/wp-login.php" "Mozilla/5.0 (Windows NT 10.0; Win64; x64) AppleWebKit/537.36 (KHTML, like Gecko) Chrome/119.0.0.0 Safari/537.36" "127.0.0.221"
91.208.184.23 - - [26/Oct/2025:02:30:58 +0300 - 0.141 - 0.096] "POST /wp-login.php HTTP/1.1" 403 755 "https://u-port.ua/wp-login.php" "Mozilla/5.0 (Macintosh; Intel Mac OS X 10_15_7) AppleWebKit/537.36 (KHTML, like Gecko) Chrome/121.0.0.0 Safari/537.36" "127.0.0.135"
91.208.184.23 - - [26/Oct/2025:02:30:59 +0300 - 0.634 - 0.632] "GET /wp-admin/index.php HTTP/1.1" 302 5 "https://u-port.ua/wp-login.php" "Mozilla/5.0 (Macintosh; Intel Mac OS X 10_15_7) AppleWebKit/537.36 (KHTML, like Gecko) Chrome/120.0.0.0 Safari/537.36" "127.0.0.58"
91.208.184.23 - - [26/Oct/2025:02:31:00 +0300 - 0.330 - 0.328] "GET /wp-login.php?redirect_to=https%3A%2F%2Fu-port.ua%2Fwp-admin%2Findex.php&reauth=1 HTTP/1.1" 404 7898 "https://u-port.ua/wp-login.php" "Mozilla/5.0 (Macintosh; Intel Mac OS X 10_15_7) AppleWebKit/537.36 (KHTML, like Gecko) Chrome/120.0.0.0 Safari/537.36" "127.0.0.58"
91.208.184.23 - - [26/Oct/2025:02:31:00 +0300 - 0.562 - 0.560] "GET /wp-admin/profile.php HTTP/1.1" 302 5 "https://u-port.ua/wp-login.php" "Mozilla/5.0 (Macintosh; Intel Mac OS X 10_15_7) AppleWebKit/537.36 (KHTML, like Gecko) Chrome/120.0.0.0 Safari/537.36" "127.0.0.58"
91.208.184.23 - - [26/Oct/2025:02:31:04 +0300 - 0.322 - 0.316] "GET /wp-login.php?redirect_to=https%3A%2F%2Fu-port.ua%2Fwp-admin%2Fprofile.php&reauth=1 HTTP/1.1" 404 7898 "https://u-port.ua/wp-login.php" "Mozilla/5.0 (Macintosh; Intel Mac OS X 10_15_7) AppleWebKit/537.36 (KHTML, like Gecko) Chrome/120.0.0.0 Safari/537.36" "127.0.0.58"
91.208.184.23 - - [26/Oct/2025:02:31:05 +0300 - 0.656 - 0.652] "GET /wp-admin/edit.php HTTP/1.1" 302 5 "https://u-port.ua/wp-login.php" "Mozilla/5.0 (Macintosh; Intel Mac OS X 10_15_7) AppleWebKit/537.36 (KHTML, like Gecko) Chrome/120.0.0.0 Safari/537.36" "127.0.0.58"
91.208.184.23 - - [26/Oct/2025:02:31:06 +0300 - 0.254 - 0.253] "GET /wp-login.php?redirect_to=https%3A%2F%2Fu-port.ua%2Fwp-admin%2Fedit.php&reauth=1 HTTP/1.1" 404 7898 "https://u-port.ua/wp-login.php" "Mozilla/5.0 (Macintosh; Intel Mac OS X 10_15_7) AppleWebKit/537.36 (KHTML, like Gecko) Chrome/120.0.0.0 Safari/537.36" "127.0.0.58"
91.208.184.23 - - [26/Oct/2025:02:31:07 +0300 - 0.620 - 0.620] "GET /wp-admin/plugin-editor.php HTTP/1.1" 302 5 "https://u-port.ua/wp-login.php" "Mozilla/5.0 (Macintosh; Intel Mac OS X 10_15_7) AppleWebKit/537.36 (KHTML, like Gecko) Chrome/120.0.0.0 Safari/537.36" "127.0.0.58"
91.208.184.23 - - [26/Oct/2025:02:31:07 +0300 - 0.272 - 0.268] "GET /wp-login.php?redirect_to=https%3A%2F%2Fu-port.ua%2Fwp-admin%2Fplugin-editor.php&reauth=1 HTTP/1.1" 404 7898 "https://u-port.ua/wp-login.php" "Mozilla/5.0 (Macintosh; Intel Mac OS X 10_15_7) AppleWebKit/537.36 (KHTML, like Gecko) Chrome/120.0.0.0 Safari/537.36" "127.0.0.58"
91.208.184.23 - - [26/Oct/2025:02:31:07 +0300 - 0.065 - 0.060] "POST /wp-login.php HTTP/1.1" 403 754 "https://u-port.ua/wp-login.php" "Mozilla/5.0 (Macintosh; Intel Mac OS X 10_15_7) AppleWebKit/537.36 (KHTML, like Gecko) Chrome/121.0.0.0 Safari/537.36" "127.0.0.255"
91.208.184.23 - - [26/Oct/2025:02:31:08 +0300 - 0.572 - 0.572] "GET /wp-admin/index.php HTTP/1.1" 302 5 "https://u-port.ua/wp-login.php" "Mozilla/5.0 (X11; Linux x86_64) AppleWebKit/537.36 (KHTML, like Gecko) Chrome/120.0.0.0 Safari/537.36" "127.0.0.96"
91.208.184.23 - - [26/Oct/2025:02:31:09 +0300 - 0.308 - 0.308] "GET /wp-login.php?redirect_to=https%3A%2F%2Fu-port.ua%2Fwp-admin%2Findex.php&reauth=1 HTTP/1.1" 404 7898 "https://u-port.ua/wp-login.php" "Mozilla/5.0 (X11; Linux x86_64) AppleWebKit/537.36 (KHTML, like Gecko) Chrome/120.0.0.0 Safari/537.36" "127.0.0.96"
91.208.184.23 - - [26/Oct/2025:02:31:10 +0300 - 0.510 - 0.508] "GET /wp-admin/profile.php HTTP/1.1" 302 5 "https://u-port.ua/wp-login.php" "Mozilla/5.0 (X11; Linux x86_64) AppleWebKit/537.36 (KHTML, like Gecko) Chrome/120.0.0.0 Safari/537.36" "127.0.0.96"
91.208.184.23 - - [26/Oct/2025:02:31:10 +0300 - 0.227 - 0.224] "GET /wp-login.php?redirect_to=https%3A%2F%2Fu-port.ua%2Fwp-admin%2Fprofile.php&reauth=1 HTTP/1.1" 404 7898 "https://u-port.ua/wp-login.php" "Mozilla/5.0 (X11; Linux x86_64) AppleWebKit/537.36 (KHTML, like Gecko) Chrome/120.0.0.0 Safari/537.36" "127.0.0.96"
91.208.184.23 - - [26/Oct/2025:02:31:11 +0300 - 0.556 - 0.556] "GET /wp-admin/edit.php HTTP/1.1" 302 5 "https://u-port.ua/wp-login.php" "Mozilla/5.0 (X11; Linux x86_64) AppleWebKit/537.36 (KHTML, like Gecko) Chrome/120.0.0.0 Safari/537.36" "127.0.0.96"
91.208.184.23 - - [26/Oct/2025:02:31:11 +0300 - 0.266 - 0.268] "GET /wp-login.php?redirect_to=https%3A%2F%2Fu-port.ua%2Fwp-admin%2Fedit.php&reauth=1 HTTP/1.1" 404 7898 "https://u-port.ua/wp-login.php" "Mozilla/5.0 (X11; Linux x86_64) AppleWebKit/537.36 (KHTML, like Gecko) Chrome/120.0.0.0 Safari/537.36" "127.0.0.96"
91.208.184.23 - - [26/Oct/2025:02:31:12 +0300 - 0.589 - 0.588] "GET /wp-admin/plugin-editor.php HTTP/1.1" 302 5 "https://u-port.ua/wp-login.php" "Mozilla/5.0 (X11; Linux x86_64) AppleWebKit/537.36 (KHTML, like Gecko) Chrome/120.0.0.0 Safari/537.36" "127.0.0.96"
91.208.184.23 - - [26/Oct/2025:02:31:12 +0300 - 0.233 - 0.232] "GET /wp-login.php?redirect_to=https%3A%2F%2Fu-port.ua%2Fwp-admin%2Fplugin-editor.php&reauth=1 HTTP/1.1" 404 7898 "https://u-port.ua/wp-login.php" "Mozilla/5.0 (X11; Linux x86_64) AppleWebKit/537.36 (KHTML, like Gecko) Chrome/120.0.0.0 Safari/537.36" "127.0.0.96"
91.208.184.23 - - [26/Oct/2025:02:31:12 +0300 - 0.097 - 0.084] "POST /wp-login.php HTTP/1.1" 403 753 "https://u-port.ua/wp-login.php" "Mozilla/5.0 (Macintosh; Intel Mac OS X 10_15_7) AppleWebKit/537.36 (KHTML, like Gecko) Chrome/121.0.0.0 Safari/537.36" "127.0.0.212"
91.208.184.23 - - [26/Oct/2025:02:31:13 +0300 - 0.557 - 0.556] "GET /wp-admin/index.php HTTP/1.1" 302 5 "https://u-port.ua/wp-login.php" "Mozilla/5.0 (X11; Linux x86_64) AppleWebKit/537.36 (KHTML, like Gecko) Chrome/121.0.0.0 Safari/537.36" "127.0.0.98"
91.208.184.23 - - [26/Oct/2025:02:31:13 +0300 - 0.262 - 0.260] "GET /wp-login.php?redirect_to=https%3A%2F%2Fu-port.ua%2Fwp-admin%2Findex.php&reauth=1 HTTP/1.1" 404 7898 "https://u-port.ua/wp-login.php" "Mozilla/5.0 (X11; Linux x86_64) AppleWebKit/537.36 (KHTML, like Gecko) Chrome/121.0.0.0 Safari/537.36" "127.0.0.98"
91.208.184.23 - - [26/Oct/2025:02:31:14 +0300 - 0.647 - 0.648] "GET /wp-admin/profile.php HTTP/1.1" 302 5 "https://u-port.ua/wp-login.php" "Mozilla/5.0 (X11; Linux x86_64) AppleWebKit/537.36 (KHTML, like Gecko) Chrome/121.0.0.0 Safari/537.36" "127.0.0.98"
91.208.184.23 - - [26/Oct/2025:02:31:15 +0300 - 0.270 - 0.268] "GET /wp-login.php?redirect_to=https%3A%2F%2Fu-port.ua%2Fwp-admin%2Fprofile.php&reauth=1 HTTP/1.1" 404 7898 "https://u-port.ua/wp-login.php" "Mozilla/5.0 (X11; Linux x86_64) AppleWebKit/537.36 (KHTML, like Gecko) Chrome/121.0.0.0 Safari/537.36" "127.0.0.98"
91.208.184.23 - - [26/Oct/2025:02:31:15 +0300 - 0.552 - 0.552] "GET /wp-admin/edit.php HTTP/1.1" 302 5 "https://u-port.ua/wp-login.php" "Mozilla/5.0 (X11; Linux x86_64) AppleWebKit/537.36 (KHTML, like Gecko) Chrome/121.0.0.0 Safari/537.36" "127.0.0.98"
91.208.184.23 - - [26/Oct/2025:02:31:16 +0300 - 0.215 - 0.212] "GET /wp-login.php?redirect_to=https%3A%2F%2Fu-port.ua%2Fwp-admin%2Fedit.php&reauth=1 HTTP/1.1" 404 7898 "https://u-port.ua/wp-login.php" "Mozilla/5.0 (X11; Linux x86_64) AppleWebKit/537.36 (KHTML, like Gecko) Chrome/121.0.0.0 Safari/537.36" "127.0.0.98"
91.208.184.23 - - [26/Oct/2025:02:31:16 +0300 - 0.521 - 0.520] "GET /wp-admin/plugin-editor.php HTTP/1.1" 302 5 "https://u-port.ua/wp-login.php" "Mozilla/5.0 (X11; Linux x86_64) AppleWebKit/537.36 (KHTML, like Gecko) Chrome/121.0.0.0 Safari/537.36" "127.0.0.98"
91.208.184.23 - - [26/Oct/2025:02:31:17 +0300 - 0.238 - 0.236] "GET /wp-login.php?redirect_to=https%3A%2F%2Fu-port.ua%2Fwp-admin%2Fplugin-editor.php&reauth=1 HTTP/1.1" 404 7898 "https://u-port.ua/wp-login.php" "Mozilla/5.0 (X11; Linux x86_64) AppleWebKit/537.36 (KHTML, like Gecko) Chrome/121.0.0.0 Safari/537.36" "127.0.0.98"
91.208.184.23 - - [26/Oct/2025:02:31:17 +0300 - 0.078 - 0.072] "POST /wp-login.php HTTP/1.1" 403 753 "https://u-port.ua/wp-login.php" "Mozilla/5.0 (X11; Linux x86_64) AppleWebKit/537.36 (KHTML, like Gecko) Chrome/120.0.0.0 Safari/537.36" "127.0.0.48"
91.208.184.23 - - [26/Oct/2025:02:31:18 +0300 - 0.547 - 0.548] "GET /wp-admin/index.php HTTP/1.1" 302 5 "https://u-port.ua/wp-login.php" "Mozilla/5.0 (X11; Linux x86_64) AppleWebKit/537.36 (KHTML, like Gecko) Chrome/120.0.0.0 Safari/537.36" "127.0.0.141"
91.208.184.23 - - [26/Oct/2025:02:31:18 +0300 - 0.296 - 0.296] "GET /wp-login.php?redirect_to=https%3A%2F%2Fu-port.ua%2Fwp-admin%2Findex.php&reauth=1 HTTP/1.1" 404 7898 "https://u-port.ua/wp-login.php" "Mozilla/5.0 (X11; Linux x86_64) AppleWebKit/537.36 (KHTML, like Gecko) Chrome/120.0.0.0 Safari/537.36" "127.0.0.141"
91.208.184.23 - - [26/Oct/2025:02:31:19 +0300 - 0.608 - 0.608] "GET /wp-admin/profile.php HTTP/1.1" 302 5 "https://u-port.ua/wp-login.php" "Mozilla/5.0 (X11; Linux x86_64) AppleWebKit/537.36 (KHTML, like Gecko) Chrome/120.0.0.0 Safari/537.36" "127.0.0.141"
91.208.184.23 - - [26/Oct/2025:02:31:20 +0300 - 0.261 - 0.260] "GET /wp-login.php?redirect_to=https%3A%2F%2Fu-port.ua%2Fwp-admin%2Fprofile.php&reauth=1 HTTP/1.1" 404 7898 "https://u-port.ua/wp-login.php" "Mozilla/5.0 (X11; Linux x86_64) AppleWebKit/537.36 (KHTML, like Gecko) Chrome/120.0.0.0 Safari/537.36" "127.0.0.141"
91.208.184.23 - - [26/Oct/2025:02:31:21 +0300 - 0.544 - 0.544] "GET /wp-admin/edit.php HTTP/1.1" 302 5 "https://u-port.ua/wp-login.php" "Mozilla/5.0 (X11; Linux x86_64) AppleWebKit/537.36 (KHTML, like Gecko) Chrome/120.0.0.0 Safari/537.36" "127.0.0.141"
91.208.184.23 - - [26/Oct/2025:02:31:21 +0300 - 0.216 - 0.216] "GET /wp-login.php?redirect_to=https%3A%2F%2Fu-port.ua%2Fwp-admin%2Fedit.php&reauth=1 HTTP/1.1" 404 7898 "https://u-port.ua/wp-login.php" "Mozilla/5.0 (X11; Linux x86_64) AppleWebKit/537.36 (KHTML, like Gecko) Chrome/120.0.0.0 Safari/537.36" "127.0.0.141"
91.208.184.23 - - [26/Oct/2025:02:31:22 +0300 - 0.658 - 0.660] "GET /wp-admin/plugin-editor.php HTTP/1.1" 302 5 "https://u-port.ua/wp-login.php" "Mozilla/5.0 (X11; Linux x86_64) AppleWebKit/537.36 (KHTML, like Gecko) Chrome/120.0.0.0 Safari/537.36" "127.0.0.141"
91.208.184.23 - - [26/Oct/2025:02:31:22 +0300 - 0.232 - 0.232] "GET /wp-login.php?redirect_to=https%3A%2F%2Fu-port.ua%2Fwp-admin%2Fplugin-editor.php&reauth=1 HTTP/1.1" 404 7898 "https://u-port.ua/wp-login.php" "Mozilla/5.0 (X11; Linux x86_64) AppleWebKit/537.36 (KHTML, like Gecko) Chrome/120.0.0.0 Safari/537.36" "127.0.0.141"
91.208.184.23 - - [26/Oct/2025:02:31:23 +0300 - 0.065 - 0.064] "POST /wp-login.php HTTP/1.1" 403 754 "https://u-port.ua/wp-login.php" "Mozilla/5.0 (Macintosh; Intel Mac OS X 10_15_7) AppleWebKit/537.36 (KHTML, like Gecko) Chrome/119.0.0.0 Safari/537.36" "127.0.0.39"
91.208.184.23 - - [26/Oct/2025:02:31:23 +0300 - 0.546 - 0.544] "GET /wp-admin/index.php HTTP/1.1" 302 5 "https://u-port.ua/wp-login.php" "Mozilla/5.0 (X11; Linux x86_64) AppleWebKit/537.36 (KHTML, like Gecko) Chrome/119.0.0.0 Safari/537.36" "127.0.0.77"
91.208.184.23 - - [26/Oct/2025:02:31:23 +0300 - 0.247 - 0.248] "GET /wp-login.php?redirect_to=https%3A%2F%2Fu-port.ua%2Fwp-admin%2Findex.php&reauth=1 HTTP/1.1" 404 7898 "https://u-port.ua/wp-login.php" "Mozilla/5.0 (X11; Linux x86_64) AppleWebKit/537.36 (KHTML, like Gecko) Chrome/119.0.0.0 Safari/537.36" "127.0.0.77"
91.208.184.23 - - [26/Oct/2025:02:31:24 +0300 - 0.677 - 0.676] "GET /wp-admin/profile.php HTTP/1.1" 302 5 "https://u-port.ua/wp-login.php" "Mozilla/5.0 (X11; Linux x86_64) AppleWebKit/537.36 (KHTML, like Gecko) Chrome/119.0.0.0 Safari/537.36" "127.0.0.77"
91.208.184.23 - - [26/Oct/2025:02:31:25 +0300 - 0.224 - 0.224] "GET /wp-login.php?redirect_to=https%3A%2F%2Fu-port.ua%2Fwp-admin%2Fprofile.php&reauth=1 HTTP/1.1" 404 7898 "https://u-port.ua/wp-login.php" "Mozilla/5.0 (X11; Linux x86_64) AppleWebKit/537.36 (KHTML, like Gecko) Chrome/119.0.0.0 Safari/537.36" "127.0.0.77"
91.208.184.23 - - [26/Oct/2025:02:31:26 +0300 - 0.676 - 0.676] "GET /wp-admin/edit.php HTTP/1.1" 302 5 "https://u-port.ua/wp-login.php" "Mozilla/5.0 (X11; Linux x86_64) AppleWebKit/537.36 (KHTML, like Gecko) Chrome/119.0.0.0 Safari/537.36" "127.0.0.77"
91.208.184.23 - - [26/Oct/2025:02:31:26 +0300 - 0.281 - 0.280] "GET /wp-login.php?redirect_to=https%3A%2F%2Fu-port.ua%2Fwp-admin%2Fedit.php&reauth=1 HTTP/1.1" 404 7898 "https://u-port.ua/wp-login.php" "Mozilla/5.0 (X11; Linux x86_64) AppleWebKit/537.36 (KHTML, like Gecko) Chrome/119.0.0.0 Safari/537.36" "127.0.0.77"
91.208.184.23 - - [26/Oct/2025:02:31:27 +0300 - 0.576 - 0.576] "GET /wp-admin/plugin-editor.php HTTP/1.1" 302 5 "https://u-port.ua/wp-login.php" "Mozilla/5.0 (X11; Linux x86_64) AppleWebKit/537.36 (KHTML, like Gecko) Chrome/119.0.0.0 Safari/537.36" "127.0.0.77"
91.208.184.23 - - [26/Oct/2025:02:31:27 +0300 - 0.271 - 0.272] "GET /wp-login.php?redirect_to=https%3A%2F%2Fu-port.ua%2Fwp-admin%2Fplugin-editor.php&reauth=1 HTTP/1.1" 404 7898 "https://u-port.ua/wp-login.php" "Mozilla/5.0 (X11; Linux x86_64) AppleWebKit/537.36 (KHTML, like Gecko) Chrome/119.0.0.0 Safari/537.36" "127.0.0.77"
91.208.184.23 - - [26/Oct/2025:02:31:28 +0300 - 0.088 - 0.088] "POST /wp-login.php HTTP/1.1" 403 753 "https://u-port.ua/wp-login.php" "Mozilla/5.0 (Windows NT 10.0; Win64; x64) AppleWebKit/537.36 (KHTML, like Gecko) Chrome/119.0.0.0 Safari/537.36" "127.0.0.199"
91.208.184.23 - - [26/Oct/2025:02:31:28 +0300 - 0.612 - 0.608] "GET /wp-admin/index.php HTTP/1.1" 302 5 "https://u-port.ua/wp-login.php" "Mozilla/5.0 (Windows NT 10.0; Win64; x64) AppleWebKit/537.36 (KHTML, like Gecko) Chrome/119.0.0.0 Safari/537.36" "127.0.0.175"
91.208.184.23 - - [26/Oct/2025:02:31:29 +0300 - 0.217 - 0.212] "GET /wp-login.php?redirect_to=https%3A%2F%2Fu-port.ua%2Fwp-admin%2Findex.php&reauth=1 HTTP/1.1" 404 7898 "https://u-port.ua/wp-login.php" "Mozilla/5.0 (Windows NT 10.0; Win64; x64) AppleWebKit/537.36 (KHTML, like Gecko) Chrome/119.0.0.0 Safari/537.36" "127.0.0.175"
91.208.184.23 - - [26/Oct/2025:02:31:30 +0300 - 0.570 - 0.568] "GET /wp-admin/profile.php HTTP/1.1" 302 5 "https://u-port.ua/wp-login.php" "Mozilla/5.0 (Windows NT 10.0; Win64; x64) AppleWebKit/537.36 (KHTML, like Gecko) Chrome/119.0.0.0 Safari/537.36" "127.0.0.175"
91.208.184.23 - - [26/Oct/2025:02:31:30 +0300 - 0.283 - 0.280] "GET /wp-login.php?redirect_to=https%3A%2F%2Fu-port.ua%2Fwp-admin%2Fprofile.php&reauth=1 HTTP/1.1" 404 7898 "https://u-port.ua/wp-login.php" "Mozilla/5.0 (Windows NT 10.0; Win64; x64) AppleWebKit/537.36 (KHTML, like Gecko) Chrome/119.0.0.0 Safari/537.36" "127.0.0.175"
34.1.30.235 - - [26/Oct/2025:02:31:31 +0300 - 0.584 - 0.584] "GET / HTTP/1.1" 200 16091 "https://www.u-port.ua/" "Mozilla/5.0 (Macintosh; Intel Mac OS X 10_15_7) AppleWebKit/537.36 (KHTML, like Gecko) Chrome/135.0.0.0 Safari/537.36" "-"
63.178.84.147 - - [26/Oct/2025:02:31:31 +0300 - 0.367 - 0.368] "HEAD / HTTP/1.1" 200 0 "https://u-port.ua" "Mozilla/5.0+(compatible; UptimeRobot/2.0; http://www.uptimerobot.com/)" "-"
91.208.184.23 - - [26/Oct/2025:02:31:32 +0300 - 0.660 - 0.660] "GET /wp-admin/edit.php HTTP/1.1" 302 5 "https://u-port.ua/wp-login.php" "Mozilla/5.0 (Windows NT 10.0; Win64; x64) AppleWebKit/537.36 (KHTML, like Gecko) Chrome/119.0.0.0 Safari/537.36" "127.0.0.175"
34.1.30.235 - - [26/Oct/2025:02:31:32 +0300 - 0.528 - 0.528] "GET /app/ HTTP/1.1" 404 8927 "-" "Mozilla/5.0 (Macintosh; Intel Mac OS X 10_15_7) AppleWebKit/537.36 (KHTML, like Gecko) Chrome/135.0.0.0 Safari/537.36" "-"
91.208.184.23 - - [26/Oct/2025:02:31:32 +0300 - 0.291 - 0.292] "GET /wp-login.php?redirect_to=https%3A%2F%2Fu-port.ua%2Fwp-admin%2Fedit.php&reauth=1 HTTP/1.1" 404 7898 "https://u-port.ua/wp-login.php" "Mozilla/5.0 (Windows NT 10.0; Win64; x64) AppleWebKit/537.36 (KHTML, like Gecko) Chrome/119.0.0.0 Safari/537.36" "127.0.0.175"
34.1.30.235 - - [26/Oct/2025:02:31:33 +0300 - 0.357 - 0.356] "GET /login/ HTTP/1.1" 302 5 "-" "Mozilla/5.0 (Macintosh; Intel Mac OS X 10_15_7) AppleWebKit/537.36 (KHTML, like Gecko) Chrome/135.0.0.0 Safari/537.36" "-"
91.208.184.23 - - [26/Oct/2025:02:31:33 +0300 - 0.608 - 0.608] "GET /wp-admin/plugin-editor.php HTTP/1.1" 302 5 "https://u-port.ua/wp-login.php" "Mozilla/5.0 (Windows NT 10.0; Win64; x64) AppleWebKit/537.36 (KHTML, like Gecko) Chrome/119.0.0.0 Safari/537.36" "127.0.0.175"
91.208.184.23 - - [26/Oct/2025:02:31:33 +0300 - 0.262 - 0.260] "GET /wp-login.php?redirect_to=https%3A%2F%2Fu-port.ua%2Fwp-admin%2Fplugin-editor.php&reauth=1 HTTP/1.1" 404 7898 "https://u-port.ua/wp-login.php" "Mozilla/5.0 (Windows NT 10.0; Win64; x64) AppleWebKit/537.36 (KHTML, like Gecko) Chrome/119.0.0.0 Safari/537.36" "127.0.0.175"
91.208.184.23 - - [26/Oct/2025:02:31:33 +0300 - 0.095 - 0.080] "POST /wp-login.php HTTP/1.1" 403 755 "https://u-port.ua/wp-login.php" "Mozilla/5.0 (X11; Linux x86_64) AppleWebKit/537.36 (KHTML, like Gecko) Chrome/119.0.0.0 Safari/537.36" "127.0.0.142"
34.1.30.235 - - [26/Oct/2025:02:31:33 +0300 - 0.392 - 0.392] "GET /wp-login.php HTTP/1.1" 200 3202 "https://u-port.ua/login/" "Mozilla/5.0 (Macintosh; Intel Mac OS X 10_15_7) AppleWebKit/537.36 (KHTML, like Gecko) Chrome/135.0.0.0 Safari/537.36" "-"
91.208.184.23 - - [26/Oct/2025:02:31:34 +0300 - 0.566 - 0.564] "GET /wp-admin/index.php HTTP/1.1" 302 5 "https://u-port.ua/wp-login.php" "Mozilla/5.0 (Windows NT 10.0; Win64; x64) AppleWebKit/537.36 (KHTML, like Gecko) Chrome/119.0.0.0 Safari/537.36" "127.0.0.54"
34.1.30.235 - - [26/Oct/2025:02:31:34 +0300 - 0.387 - 0.388] "GET /login/wp-includes//js//dist//a11y.js HTTP/1.1" 301 5 "-" "Mozilla/5.0 (Macintosh; Intel Mac OS X 10_15_7) AppleWebKit/537.36 (KHTML, like Gecko) Chrome/135.0.0.0 Safari/537.36" "-"
91.208.184.23 - - [26/Oct/2025:02:31:35 +0300 - 0.265 - 0.264] "GET /wp-login.php?redirect_to=https%3A%2F%2Fu-port.ua%2Fwp-admin%2Findex.php&reauth=1 HTTP/1.1" 404 7898 "https://u-port.ua/wp-login.php" "Mozilla/5.0 (Windows NT 10.0; Win64; x64) AppleWebKit/537.36 (KHTML, like Gecko) Chrome/119.0.0.0 Safari/537.36" "127.0.0.54"
34.1.30.235 - - [26/Oct/2025:02:31:35 +0300 - 0.504 - 0.504] "GET /login/wp-includes/js/dist/a11y.js HTTP/1.1" 404 8927 "https://u-port.ua/login/wp-includes//js//dist//a11y.js" "Mozilla/5.0 (Macintosh; Intel Mac OS X 10_15_7) AppleWebKit/537.36 (KHTML, like Gecko) Chrome/135.0.0.0 Safari/537.36" "-"
91.208.184.23 - - [26/Oct/2025:02:31:36 +0300 - 0.608 - 0.604] "GET /wp-admin/profile.php HTTP/1.1" 302 5 "https://u-port.ua/wp-login.php" "Mozilla/5.0 (Windows NT 10.0; Win64; x64) AppleWebKit/537.36 (KHTML, like Gecko) Chrome/119.0.0.0 Safari/537.36" "127.0.0.54"
91.208.184.23 - - [26/Oct/2025:02:31:36 +0300 - 0.250 - 0.252] "GET /wp-login.php?redirect_to=https%3A%2F%2Fu-port.ua%2Fwp-admin%2Fprofile.php&reauth=1 HTTP/1.1" 404 7898 "https://u-port.ua/wp-login.php" "Mozilla/5.0 (Windows NT 10.0; Win64; x64) AppleWebKit/537.36 (KHTML, like Gecko) Chrome/119.0.0.0 Safari/537.36" "127.0.0.54"
34.1.30.235 - - [26/Oct/2025:02:31:36 +0300 - 0.491 - 0.492] "GET /includes//js//index.js HTTP/1.1" 301 5 "-" "Mozilla/5.0 (Macintosh; Intel Mac OS X 10_15_7) AppleWebKit/537.36 (KHTML, like Gecko) Chrome/135.0.0.0 Safari/537.36" "-"
91.208.184.23 - - [26/Oct/2025:02:31:37 +0300 - 0.594 - 0.592] "GET /wp-admin/edit.php HTTP/1.1" 302 5 "https://u-port.ua/wp-login.php" "Mozilla/5.0 (Windows NT 10.0; Win64; x64) AppleWebKit/537.36 (KHTML, like Gecko) Chrome/119.0.0.0 Safari/537.36" "127.0.0.54"
34.1.30.235 - - [26/Oct/2025:02:31:37 +0300 - 0.500 - 0.500] "GET /includes/js/index.js HTTP/1.1" 404 8927 "https://u-port.ua/includes//js//index.js" "Mozilla/5.0 (Macintosh; Intel Mac OS X 10_15_7) AppleWebKit/537.36 (KHTML, like Gecko) Chrome/135.0.0.0 Safari/537.36" "-"
91.208.184.23 - - [26/Oct/2025:02:31:37 +0300 - 0.269 - 0.268] "GET /wp-login.php?redirect_to=https%3A%2F%2Fu-port.ua%2Fwp-admin%2Fedit.php&reauth=1 HTTP/1.1" 404 7898 "https://u-port.ua/wp-login.php" "Mozilla/5.0 (Windows NT 10.0; Win64; x64) AppleWebKit/537.36 (KHTML, like Gecko) Chrome/119.0.0.0 Safari/537.36" "127.0.0.54"
91.208.184.23 - - [26/Oct/2025:02:31:38 +0300 - 0.675 - 0.676] "GET /wp-admin/plugin-editor.php HTTP/1.1" 302 5 "https://u-port.ua/wp-login.php" "Mozilla/5.0 (Windows NT 10.0; Win64; x64) AppleWebKit/537.36 (KHTML, like Gecko) Chrome/119.0.0.0 Safari/537.36" "127.0.0.54"
91.208.184.23 - - [26/Oct/2025:02:31:38 +0300 - 0.242 - 0.244] "GET /wp-login.php?redirect_to=https%3A%2F%2Fu-port.ua%2Fwp-admin%2Fplugin-editor.php&reauth=1 HTTP/1.1" 404 7898 "https://u-port.ua/wp-login.php" "Mozilla/5.0 (Windows NT 10.0; Win64; x64) AppleWebKit/537.36 (KHTML, like Gecko) Chrome/119.0.0.0 Safari/537.36" "127.0.0.54"
91.208.184.23 - - [26/Oct/2025:02:31:39 +0300 - 0.084 - 0.060] "POST /wp-login.php HTTP/1.1" 403 754 "https://u-port.ua/wp-login.php" "Mozilla/5.0 (X11; Linux x86_64) AppleWebKit/537.36 (KHTML, like Gecko) Chrome/121.0.0.0 Safari/537.36" "127.0.0.15"
91.208.184.23 - - [26/Oct/2025:02:31:39 +0300 - 0.556 - 0.552] "GET /wp-admin/index.php HTTP/1.1" 302 5 "https://u-port.ua/wp-login.php" "Mozilla/5.0 (Macintosh; Intel Mac OS X 10_15_7) AppleWebKit/537.36 (KHTML, like Gecko) Chrome/119.0.0.0 Safari/537.36" "127.0.0.190"
34.1.30.235 - - [26/Oct/2025:02:31:39 +0300 - 0.341 - 0.344] "GET /login/wp-admin//js//password-strength-meter.js HTTP/1.1" 301 5 "-" "Mozilla/5.0 (Macintosh; Intel Mac OS X 10_15_7) AppleWebKit/537.36 (KHTML, like Gecko) Chrome/135.0.0.0 Safari/537.36" "-"
91.208.184.23 - - [26/Oct/2025:02:31:40 +0300 - 0.284 - 0.280] "GET /wp-login.php?redirect_to=https%3A%2F%2Fu-port.ua%2Fwp-admin%2Findex.php&reauth=1 HTTP/1.1" 404 7898 "https://u-port.ua/wp-login.php" "Mozilla/5.0 (Macintosh; Intel Mac OS X 10_15_7) AppleWebKit/537.36 (KHTML, like Gecko) Chrome/119.0.0.0 Safari/537.36" "127.0.0.190"
34.1.30.235 - - [26/Oct/2025:02:31:40 +0300 - 0.555 - 0.552] "GET /login/wp-admin/js/password-strength-meter.js HTTP/1.1" 404 8927 "https://u-port.ua/login/wp-admin//js//password-strength-meter.js" "Mozilla/5.0 (Macintosh; Intel Mac OS X 10_15_7) AppleWebKit/537.36 (KHTML, like Gecko) Chrome/135.0.0.0 Safari/537.36" "-"
91.208.184.23 - - [26/Oct/2025:02:31:41 +0300 - 0.661 - 0.664] "GET /wp-admin/profile.php HTTP/1.1" 302 5 "https://u-port.ua/wp-login.php" "Mozilla/5.0 (Macintosh; Intel Mac OS X 10_15_7) AppleWebKit/537.36 (KHTML, like Gecko) Chrome/119.0.0.0 Safari/537.36" "127.0.0.190"
34.1.30.235 - - [26/Oct/2025:02:31:41 +0300 - 0.413 - 0.416] "GET /app/includes//js//index.js HTTP/1.1" 301 5 "-" "Mozilla/5.0 (Macintosh; Intel Mac OS X 10_15_7) AppleWebKit/537.36 (KHTML, like Gecko) Chrome/135.0.0.0 Safari/537.36" "-"
91.208.184.23 - - [26/Oct/2025:02:31:41 +0300 - 0.276 - 0.276] "GET /wp-login.php?redirect_to=https%3A%2F%2Fu-port.ua%2Fwp-admin%2Fprofile.php&reauth=1 HTTP/1.1" 404 7898 "https://u-port.ua/wp-login.php" "Mozilla/5.0 (Macintosh; Intel Mac OS X 10_15_7) AppleWebKit/537.36 (KHTML, like Gecko) Chrome/119.0.0.0 Safari/537.36" "127.0.0.190"
34.1.30.235 - - [26/Oct/2025:02:31:41 +0300 - 0.547 - 0.544] "GET /app/includes/js/index.js HTTP/1.1" 404 8927 "https://u-port.ua/app/includes//js//index.js" "Mozilla/5.0 (Macintosh; Intel Mac OS X 10_15_7) AppleWebKit/537.36 (KHTML, like Gecko) Chrome/135.0.0.0 Safari/537.36" "-"
31.131.20.181 - - [26/Oct/2025:02:31:42 +0300 - 0.000 - 0.000] "POST /wp-cron.php?doing_wp_cron=1761435102.2155950069427490234375 HTTP/1.1" 499 0 "-" "WordPress/6.8.3; https://u-port.ua" "-"
91.208.184.23 - - [26/Oct/2025:02:31:42 +0300 - 0.680 - 0.680] "GET /wp-admin/edit.php HTTP/1.1" 302 5 "https://u-port.ua/wp-login.php" "Mozilla/5.0 (Macintosh; Intel Mac OS X 10_15_7) AppleWebKit/537.36 (KHTML, like Gecko) Chrome/119.0.0.0 Safari/537.36" "127.0.0.190"
34.1.30.235 - - [26/Oct/2025:02:31:42 +0300 - 0.471 - 0.472] "GET /login/wp-admin//js//user-profile.js HTTP/1.1" 301 5 "-" "Mozilla/5.0 (Macintosh; Intel Mac OS X 10_15_7) AppleWebKit/537.36 (KHTML, like Gecko) Chrome/135.0.0.0 Safari/537.36" "-"
91.208.184.23 - - [26/Oct/2025:02:31:42 +0300 - 0.257 - 0.256] "GET /wp-login.php?redirect_to=https%3A%2F%2Fu-port.ua%2Fwp-admin%2Fedit.php&reauth=1 HTTP/1.1" 404 7898 "https://u-port.ua/wp-login.php" "Mozilla/5.0 (Macintosh; Intel Mac OS X 10_15_7) AppleWebKit/537.36 (KHTML, like Gecko) Chrome/119.0.0.0 Safari/537.36" "127.0.0.190"
34.1.30.235 - - [26/Oct/2025:02:31:43 +0300 - 0.518 - 0.520] "GET /login/wp-admin/js/user-profile.js HTTP/1.1" 404 8927 "https://u-port.ua/login/wp-admin//js//user-profile.js" "Mozilla/5.0 (Macintosh; Intel Mac OS X 10_15_7) AppleWebKit/537.36 (KHTML, like Gecko) Chrome/135.0.0.0 Safari/537.36" "-"
91.208.184.23 - - [26/Oct/2025:02:31:43 +0300 - 0.593 - 0.592] "GET /wp-admin/plugin-editor.php HTTP/1.1" 302 5 "https://u-port.ua/wp-login.php" "Mozilla/5.0 (Macintosh; Intel Mac OS X 10_15_7) AppleWebKit/537.36 (KHTML, like Gecko) Chrome/119.0.0.0 Safari/537.36" "127.0.0.190"
91.208.184.23 - - [26/Oct/2025:02:31:43 +0300 - 0.231 - 0.228] "GET /wp-login.php?redirect_to=https%3A%2F%2Fu-port.ua%2Fwp-admin%2Fplugin-editor.php&reauth=1 HTTP/1.1" 404 7898 "https://u-port.ua/wp-login.php" "Mozilla/5.0 (Macintosh; Intel Mac OS X 10_15_7) AppleWebKit/537.36 (KHTML, like Gecko) Chrome/119.0.0.0 Safari/537.36" "127.0.0.190"
91.208.184.23 - - [26/Oct/2025:02:31:44 +0300 - 0.066 - 0.068] "POST /wp-login.php HTTP/1.1" 403 755 "https://u-port.ua/wp-login.php" "Mozilla/5.0 (Windows NT 10.0; Win64; x64) AppleWebKit/537.36 (KHTML, like Gecko) Chrome/120.0.0.0 Safari/537.36" "127.0.0.222"
91.208.184.23 - - [26/Oct/2025:02:31:44 +0300 - 0.567 - 0.568] "GET /wp-admin/index.php HTTP/1.1" 302 5 "https://u-port.ua/wp-login.php" "Mozilla/5.0 (Windows NT 10.0; Win64; x64) AppleWebKit/537.36 (KHTML, like Gecko) Chrome/120.0.0.0 Safari/537.36" "127.0.0.53"
91.208.184.23 - - [26/Oct/2025:02:31:45 +0300 - 0.236 - 0.240] "GET /wp-login.php?redirect_to=https%3A%2F%2Fu-port.ua%2Fwp-admin%2Findex.php&reauth=1 HTTP/1.1" 404 7898 "https://u-port.ua/wp-login.php" "Mozilla/5.0 (Windows NT 10.0; Win64; x64) AppleWebKit/537.36 (KHTML, like Gecko) Chrome/120.0.0.0 Safari/537.36" "127.0.0.53"
91.208.184.23 - - [26/Oct/2025:02:31:46 +0300 - 0.591 - 0.592] "GET /wp-admin/profile.php HTTP/1.1" 302 5 "https://u-port.ua/wp-login.php" "Mozilla/5.0 (Windows NT 10.0; Win64; x64) AppleWebKit/537.36 (KHTML, like Gecko) Chrome/120.0.0.0 Safari/537.36" "127.0.0.53"
91.208.184.23 - - [26/Oct/2025:02:31:46 +0300 - 0.229 - 0.232] "GET /wp-login.php?redirect_to=https%3A%2F%2Fu-port.ua%2Fwp-admin%2Fprofile.php&reauth=1 HTTP/1.1" 404 7898 "https://u-port.ua/wp-login.php" "Mozilla/5.0 (Windows NT 10.0; Win64; x64) AppleWebKit/537.36 (KHTML, like Gecko) Chrome/120.0.0.0 Safari/537.36" "127.0.0.53"
91.208.184.23 - - [26/Oct/2025:02:31:47 +0300 - 0.539 - 0.536] "GET /wp-admin/edit.php HTTP/1.1" 302 5 "https://u-port.ua/wp-login.php" "Mozilla/5.0 (Windows NT 10.0; Win64; x64) AppleWebKit/537.36 (KHTML, like Gecko) Chrome/120.0.0.0 Safari/537.36" "127.0.0.53"
91.208.184.23 - - [26/Oct/2025:02:31:47 +0300 - 0.254 - 0.252] "GET /wp-login.php?redirect_to=https%3A%2F%2Fu-port.ua%2Fwp-admin%2Fedit.php&reauth=1 HTTP/1.1" 404 7898 "https://u-port.ua/wp-login.php" "Mozilla/5.0 (Windows NT 10.0; Win64; x64) AppleWebKit/537.36 (KHTML, like Gecko) Chrome/120.0.0.0 Safari/537.36" "127.0.0.53"
91.208.184.23 - - [26/Oct/2025:02:31:48 +0300 - 0.540 - 0.540] "GET /wp-admin/plugin-editor.php HTTP/1.1" 302 5 "https://u-port.ua/wp-login.php" "Mozilla/5.0 (Windows NT 10.0; Win64; x64) AppleWebKit/537.36 (KHTML, like Gecko) Chrome/120.0.0.0 Safari/537.36" "127.0.0.53"
91.208.184.23 - - [26/Oct/2025:02:31:48 +0300 - 0.231 - 0.228] "GET /wp-login.php?redirect_to=https%3A%2F%2Fu-port.ua%2Fwp-admin%2Fplugin-editor.php&reauth=1 HTTP/1.1" 404 7898 "https://u-port.ua/wp-login.php" "Mozilla/5.0 (Windows NT 10.0; Win64; x64) AppleWebKit/537.36 (KHTML, like Gecko) Chrome/120.0.0.0 Safari/537.36" "127.0.0.53"
91.208.184.23 - - [26/Oct/2025:02:31:49 +0300 - 0.059 - 0.056] "POST /wp-login.php HTTP/1.1" 403 754 "https://u-port.ua/wp-login.php" "Mozilla/5.0 (X11; Linux x86_64) AppleWebKit/537.36 (KHTML, like Gecko) Chrome/119.0.0.0 Safari/537.36" "127.0.0.119"
91.208.184.23 - - [26/Oct/2025:02:31:50 +0300 - 0.510 - 0.508] "GET /wp-admin/index.php HTTP/1.1" 302 5 "https://u-port.ua/wp-login.php" "Mozilla/5.0 (X11; Linux x86_64) AppleWebKit/537.36 (KHTML, like Gecko) Chrome/119.0.0.0 Safari/537.36" "127.0.0.61"
91.208.184.23 - - [26/Oct/2025:02:31:50 +0300 - 0.221 - 0.220] "GET /wp-login.php?redirect_to=https%3A%2F%2Fu-port.ua%2Fwp-admin%2Findex.php&reauth=1 HTTP/1.1" 404 7898 "https://u-port.ua/wp-login.php" "Mozilla/5.0 (X11; Linux x86_64) AppleWebKit/537.36 (KHTML, like Gecko) Chrome/119.0.0.0 Safari/537.36" "127.0.0.61"
91.208.184.23 - - [26/Oct/2025:02:31:51 +0300 - 0.565 - 0.564] "GET /wp-admin/profile.php HTTP/1.1" 302 5 "https://u-port.ua/wp-login.php" "Mozilla/5.0 (X11; Linux x86_64) AppleWebKit/537.36 (KHTML, like Gecko) Chrome/119.0.0.0 Safari/537.36" "127.0.0.61"
91.208.184.23 - - [26/Oct/2025:02:31:51 +0300 - 0.253 - 0.256] "GET /wp-login.php?redirect_to=https%3A%2F%2Fu-port.ua%2Fwp-admin%2Fprofile.php&reauth=1 HTTP/1.1" 404 7898 "https://u-port.ua/wp-login.php" "Mozilla/5.0 (X11; Linux x86_64) AppleWebKit/537.36 (KHTML, like Gecko) Chrome/119.0.0.0 Safari/537.36" "127.0.0.61"
91.208.184.23 - - [26/Oct/2025:02:31:52 +0300 - 0.515 - 0.512] "GET /wp-admin/edit.php HTTP/1.1" 302 5 "https://u-port.ua/wp-login.php" "Mozilla/5.0 (X11; Linux x86_64) AppleWebKit/537.36 (KHTML, like Gecko) Chrome/119.0.0.0 Safari/537.36" "127.0.0.61"
91.208.184.23 - - [26/Oct/2025:02:31:52 +0300 - 0.237 - 0.236] "GET /wp-login.php?redirect_to=https%3A%2F%2Fu-port.ua%2Fwp-admin%2Fedit.php&reauth=1 HTTP/1.1" 404 7898 "https://u-port.ua/wp-login.php" "Mozilla/5.0 (X11; Linux x86_64) AppleWebKit/537.36 (KHTML, like Gecko) Chrome/119.0.0.0 Safari/537.36" "127.0.0.61"
91.208.184.23 - - [26/Oct/2025:02:31:53 +0300 - 0.526 - 0.524] "GET /wp-admin/plugin-editor.php HTTP/1.1" 302 5 "https://u-port.ua/wp-login.php" "Mozilla/5.0 (X11; Linux x86_64) AppleWebKit/537.36 (KHTML, like Gecko) Chrome/119.0.0.0 Safari/537.36" "127.0.0.61"
91.208.184.23 - - [26/Oct/2025:02:31:53 +0300 - 0.296 - 0.296] "GET /wp-login.php?redirect_to=https%3A%2F%2Fu-port.ua%2Fwp-admin%2Fplugin-editor.php&reauth=1 HTTP/1.1" 404 7898 "https://u-port.ua/wp-login.php" "Mozilla/5.0 (X11; Linux x86_64) AppleWebKit/537.36 (KHTML, like Gecko) Chrome/119.0.0.0 Safari/537.36" "127.0.0.61"
91.208.184.23 - - [26/Oct/2025:02:31:54 +0300 - 0.105 - 0.096] "POST /wp-login.php HTTP/1.1" 403 753 "https://u-port.ua/wp-login.php" "Mozilla/5.0 (X11; Linux x86_64) AppleWebKit/537.36 (KHTML, like Gecko) Chrome/120.0.0.0 Safari/537.36" "127.0.0.74"
91.208.184.23 - - [26/Oct/2025:02:31:54 +0300 - 0.534 - 0.536] "GET /wp-admin/index.php HTTP/1.1" 302 5 "https://u-port.ua/wp-login.php" "Mozilla/5.0 (X11; Linux x86_64) AppleWebKit/537.36 (KHTML, like Gecko) Chrome/119.0.0.0 Safari/537.36" "127.0.0.114"
91.208.184.23 - - [26/Oct/2025:02:31:55 +0300 - 0.257 - 0.256] "GET /wp-login.php?redirect_to=https%3A%2F%2Fu-port.ua%2Fwp-admin%2Findex.php&reauth=1 HTTP/1.1" 404 7898 "https://u-port.ua/wp-login.php" "Mozilla/5.0 (X11; Linux x86_64) AppleWebKit/537.36 (KHTML, like Gecko) Chrome/119.0.0.0 Safari/537.36" "127.0.0.114"
91.208.184.23 - - [26/Oct/2025:02:31:56 +0300 - 0.548 - 0.548] "GET /wp-admin/profile.php HTTP/1.1" 302 5 "https://u-port.ua/wp-login.php" "Mozilla/5.0 (X11; Linux x86_64) AppleWebKit/537.36 (KHTML, like Gecko) Chrome/119.0.0.0 Safari/537.36" "127.0.0.114"
34.1.30.235 - - [26/Oct/2025:02:31:56 +0300 - 0.538 - 0.540] "GET / HTTP/1.1" 200 16091 "https://www.u-port.ua/" "Mozilla/5.0 (Macintosh; Intel Mac OS X 10_15_7) AppleWebKit/537.36 (KHTML, like Gecko) Chrome/135.0.0.0 Safari/537.36" "-"
91.208.184.23 - - [26/Oct/2025:02:31:56 +0300 - 0.228 - 0.228] "GET /wp-login.php?redirect_to=https%3A%2F%2Fu-port.ua%2Fwp-admin%2Fprofile.php&reauth=1 HTTP/1.1" 404 7898 "https://u-port.ua/wp-login.php" "Mozilla/5.0 (X11; Linux x86_64) AppleWebKit/537.36 (KHTML, like Gecko) Chrome/119.0.0.0 Safari/537.36" "127.0.0.114"
34.1.30.235 - - [26/Oct/2025:02:31:57 +0300 - 0.499 - 0.496] "GET /app/ HTTP/1.1" 404 8927 "-" "Mozilla/5.0 (Macintosh; Intel Mac OS X 10_15_7) AppleWebKit/537.36 (KHTML, like Gecko) Chrome/135.0.0.0 Safari/537.36" "-"
91.208.184.23 - - [26/Oct/2025:02:31:57 +0300 - 0.601 - 0.600] "GET /wp-admin/edit.php HTTP/1.1" 302 5 "https://u-port.ua/wp-login.php" "Mozilla/5.0 (X11; Linux x86_64) AppleWebKit/537.36 (KHTML, like Gecko) Chrome/119.0.0.0 Safari/537.36" "127.0.0.114"
91.208.184.23 - - [26/Oct/2025:02:31:57 +0300 - 0.236 - 0.236] "GET /wp-login.php?redirect_to=https%3A%2F%2Fu-port.ua%2Fwp-admin%2Fedit.php&reauth=1 HTTP/1.1" 404 7898 "https://u-port.ua/wp-login.php" "Mozilla/5.0 (X11; Linux x86_64) AppleWebKit/537.36 (KHTML, like Gecko) Chrome/119.0.0.0 Safari/537.36" "127.0.0.114"
34.1.30.235 - - [26/Oct/2025:02:31:57 +0300 - 0.371 - 0.372] "GET /login/ HTTP/1.1" 302 5 "-" "Mozilla/5.0 (Macintosh; Intel Mac OS X 10_15_7) AppleWebKit/537.36 (KHTML, like Gecko) Chrome/135.0.0.0 Safari/537.36" "-"
34.1.30.235 - - [26/Oct/2025:02:31:58 +0300 - 0.371 - 0.372] "GET /wp-login.php HTTP/1.1" 200 3202 "https://u-port.ua/login/" "Mozilla/5.0 (Macintosh; Intel Mac OS X 10_15_7) AppleWebKit/537.36 (KHTML, like Gecko) Chrome/135.0.0.0 Safari/537.36" "-"
91.208.184.23 - - [26/Oct/2025:02:31:58 +0300 - 0.591 - 0.592] "GET /wp-admin/plugin-editor.php HTTP/1.1" 302 5 "https://u-port.ua/wp-login.php" "Mozilla/5.0 (X11; Linux x86_64) AppleWebKit/537.36 (KHTML, like Gecko) Chrome/119.0.0.0 Safari/537.36" "127.0.0.114"
91.208.184.23 - - [26/Oct/2025:02:31:59 +0300 - 0.579 - 0.580] "GET /wp-login.php?redirect_to=https%3A%2F%2Fu-port.ua%2Fwp-admin%2Fplugin-editor.php&reauth=1 HTTP/1.1" 404 7898 "https://u-port.ua/wp-login.php" "Mozilla/5.0 (X11; Linux x86_64) AppleWebKit/537.36 (KHTML, like Gecko) Chrome/119.0.0.0 Safari/537.36" "127.0.0.114"
91.208.184.23 - - [26/Oct/2025:02:31:59 +0300 - 0.115 - 0.112] "POST /wp-login.php HTTP/1.1" 403 754 "https://u-port.ua/wp-login.php" "Mozilla/5.0 (X11; Linux x86_64) AppleWebKit/537.36 (KHTML, like Gecko) Chrome/119.0.0.0 Safari/537.36" "127.0.0.97"
91.208.184.23 - - [26/Oct/2025:02:32:00 +0300 - 0.773 - 0.772] "GET /wp-admin/index.php HTTP/1.1" 302 5 "https://u-port.ua/wp-login.php" "Mozilla/5.0 (Macintosh; Intel Mac OS X 10_15_7) AppleWebKit/537.36 (KHTML, like Gecko) Chrome/120.0.0.0 Safari/537.36" "127.0.0.174"
91.208.184.23 - - [26/Oct/2025:02:32:00 +0300 - 0.229 - 0.228] "GET /wp-login.php?redirect_to=https%3A%2F%2Fu-port.ua%2Fwp-admin%2Findex.php&reauth=1 HTTP/1.1" 404 7898 "https://u-port.ua/wp-login.php" "Mozilla/5.0 (Macintosh; Intel Mac OS X 10_15_7) AppleWebKit/537.36 (KHTML, like Gecko) Chrome/120.0.0.0 Safari/537.36" "127.0.0.174"
91.208.184.23 - - [26/Oct/2025:02:32:01 +0300 - 0.759 - 0.760] "GET /wp-admin/profile.php HTTP/1.1" 302 5 "https://u-port.ua/wp-login.php" "Mozilla/5.0 (Macintosh; Intel Mac OS X 10_15_7) AppleWebKit/537.36 (KHTML, like Gecko) Chrome/120.0.0.0 Safari/537.36" "127.0.0.174"
91.208.184.23 - - [26/Oct/2025:02:32:02 +0300 - 0.333 - 0.336] "GET /wp-login.php?redirect_to=https%3A%2F%2Fu-port.ua%2Fwp-admin%2Fprofile.php&reauth=1 HTTP/1.1" 404 7898 "https://u-port.ua/wp-login.php" "Mozilla/5.0 (Macintosh; Intel Mac OS X 10_15_7) AppleWebKit/537.36 (KHTML, like Gecko) Chrome/120.0.0.0 Safari/537.36" "127.0.0.174"
91.208.184.23 - - [26/Oct/2025:02:32:03 +0300 - 1.074 - 1.072] "GET /wp-admin/edit.php HTTP/1.1" 302 5 "https://u-port.ua/wp-login.php" "Mozilla/5.0 (Macintosh; Intel Mac OS X 10_15_7) AppleWebKit/537.36 (KHTML, like Gecko) Chrome/120.0.0.0 Safari/537.36" "127.0.0.174"
91.208.184.23 - - [26/Oct/2025:02:32:03 +0300 - 0.273 - 0.272] "GET /wp-login.php?redirect_to=https%3A%2F%2Fu-port.ua%2Fwp-admin%2Fedit.php&reauth=1 HTTP/1.1" 404 7898 "https://u-port.ua/wp-login.php" "Mozilla/5.0 (Macintosh; Intel Mac OS X 10_15_7) AppleWebKit/537.36 (KHTML, like Gecko) Chrome/120.0.0.0 Safari/537.36" "127.0.0.174"
91.208.184.23 - - [26/Oct/2025:02:32:04 +0300 - 0.549 - 0.548] "GET /wp-admin/plugin-editor.php HTTP/1.1" 302 5 "https://u-port.ua/wp-login.php" "Mozilla/5.0 (Macintosh; Intel Mac OS X 10_15_7) AppleWebKit/537.36 (KHTML, like Gecko) Chrome/120.0.0.0 Safari/537.36" "127.0.0.174"
91.208.184.23 - - [26/Oct/2025:02:32:05 +0300 - 0.334 - 0.336] "GET /wp-login.php?redirect_to=https%3A%2F%2Fu-port.ua%2Fwp-admin%2Fplugin-editor.php&reauth=1 HTTP/1.1" 404 7898 "https://u-port.ua/wp-login.php" "Mozilla/5.0 (Macintosh; Intel Mac OS X 10_15_7) AppleWebKit/537.36 (KHTML, like Gecko) Chrome/120.0.0.0 Safari/537.36" "127.0.0.174"
91.208.184.23 - - [26/Oct/2025:02:32:05 +0300 - 0.064 - 0.056] "POST /wp-login.php HTTP/1.1" 403 755 "https://u-port.ua/wp-login.php" "Mozilla/5.0 (X11; Linux x86_64) AppleWebKit/537.36 (KHTML, like Gecko) Chrome/120.0.0.0 Safari/537.36" "127.0.0.174"
91.208.184.23 - - [26/Oct/2025:02:32:06 +0300 - 0.566 - 0.564] "GET /wp-admin/index.php HTTP/1.1" 302 5 "https://u-port.ua/wp-login.php" "Mozilla/5.0 (Windows NT 10.0; Win64; x64) AppleWebKit/537.36 (KHTML, like Gecko) Chrome/120.0.0.0 Safari/537.36" "127.0.0.221"
91.208.184.23 - - [26/Oct/2025:02:32:06 +0300 - 0.219 - 0.220] "GET /wp-login.php?redirect_to=https%3A%2F%2Fu-port.ua%2Fwp-admin%2Findex.php&reauth=1 HTTP/1.1" 404 7898 "https://u-port.ua/wp-login.php" "Mozilla/5.0 (Windows NT 10.0; Win64; x64) AppleWebKit/537.36 (KHTML, like Gecko) Chrome/120.0.0.0 Safari/537.36" "127.0.0.221"
91.208.184.23 - - [26/Oct/2025:02:32:07 +0300 - 0.664 - 0.664] "GET /wp-admin/profile.php HTTP/1.1" 302 5 "https://u-port.ua/wp-login.php" "Mozilla/5.0 (Windows NT 10.0; Win64; x64) AppleWebKit/537.36 (KHTML, like Gecko) Chrome/120.0.0.0 Safari/537.36" "127.0.0.221"
91.208.184.23 - - [26/Oct/2025:02:32:07 +0300 - 0.260 - 0.260] "GET /wp-login.php?redirect_to=https%3A%2F%2Fu-port.ua%2Fwp-admin%2Fprofile.php&reauth=1 HTTP/1.1" 404 7898 "https://u-port.ua/wp-login.php" "Mozilla/5.0 (Windows NT 10.0; Win64; x64) AppleWebKit/537.36 (KHTML, like Gecko) Chrome/120.0.0.0 Safari/537.36" "127.0.0.221"
91.208.184.23 - - [26/Oct/2025:02:32:08 +0300 - 0.597 - 0.596] "GET /wp-admin/edit.php HTTP/1.1" 302 5 "https://u-port.ua/wp-login.php" "Mozilla/5.0 (Windows NT 10.0; Win64; x64) AppleWebKit/537.36 (KHTML, like Gecko) Chrome/120.0.0.0 Safari/537.36" "127.0.0.221"
91.208.184.23 - - [26/Oct/2025:02:32:09 +0300 - 0.231 - 0.232] "GET /wp-login.php?redirect_to=https%3A%2F%2Fu-port.ua%2Fwp-admin%2Fedit.php&reauth=1 HTTP/1.1" 404 7898 "https://u-port.ua/wp-login.php" "Mozilla/5.0 (Windows NT 10.0; Win64; x64) AppleWebKit/537.36 (KHTML, like Gecko) Chrome/120.0.0.0 Safari/537.36" "127.0.0.221"
91.208.184.23 - - [26/Oct/2025:02:32:09 +0300 - 0.618 - 0.616] "GET /wp-admin/plugin-editor.php HTTP/1.1" 302 5 "https://u-port.ua/wp-login.php" "Mozilla/5.0 (Windows NT 10.0; Win64; x64) AppleWebKit/537.36 (KHTML, like Gecko) Chrome/120.0.0.0 Safari/537.36" "127.0.0.221"
91.208.184.23 - - [26/Oct/2025:02:32:10 +0300 - 0.221 - 0.220] "GET /wp-login.php?redirect_to=https%3A%2F%2Fu-port.ua%2Fwp-admin%2Fplugin-editor.php&reauth=1 HTTP/1.1" 404 7898 "https://u-port.ua/wp-login.php" "Mozilla/5.0 (Windows NT 10.0; Win64; x64) AppleWebKit/537.36 (KHTML, like Gecko) Chrome/120.0.0.0 Safari/537.36" "127.0.0.221"
91.208.184.23 - - [26/Oct/2025:02:32:10 +0300 - 0.085 - 0.060] "POST /wp-login.php HTTP/1.1" 403 754 "https://u-port.ua/wp-login.php" "Mozilla/5.0 (Macintosh; Intel Mac OS X 10_15_7) AppleWebKit/537.36 (KHTML, like Gecko) Chrome/120.0.0.0 Safari/537.36" "127.0.0.113"
91.208.184.23 - - [26/Oct/2025:02:32:11 +0300 - 0.511 - 0.512] "GET /wp-admin/index.php HTTP/1.1" 302 5 "https://u-port.ua/wp-login.php" "Mozilla/5.0 (X11; Linux x86_64) AppleWebKit/537.36 (KHTML, like Gecko) Chrome/121.0.0.0 Safari/537.36" "127.0.0.65"
91.208.184.23 - - [26/Oct/2025:02:32:11 +0300 - 0.327 - 0.324] "GET /wp-login.php?redirect_to=https%3A%2F%2Fu-port.ua%2Fwp-admin%2Findex.php&reauth=1 HTTP/1.1" 404 7898 "https://u-port.ua/wp-login.php" "Mozilla/5.0 (X11; Linux x86_64) AppleWebKit/537.36 (KHTML, like Gecko) Chrome/121.0.0.0 Safari/537.36" "127.0.0.65"
91.208.184.23 - - [26/Oct/2025:02:32:12 +0300 - 0.533 - 0.532] "GET /wp-admin/profile.php HTTP/1.1" 302 5 "https://u-port.ua/wp-login.php" "Mozilla/5.0 (X11; Linux x86_64) AppleWebKit/537.36 (KHTML, like Gecko) Chrome/121.0.0.0 Safari/537.36" "127.0.0.65"
91.208.184.23 - - [26/Oct/2025:02:32:13 +0300 - 0.279 - 0.280] "GET /wp-login.php?redirect_to=https%3A%2F%2Fu-port.ua%2Fwp-admin%2Fprofile.php&reauth=1 HTTP/1.1" 404 7898 "https://u-port.ua/wp-login.php" "Mozilla/5.0 (X11; Linux x86_64) AppleWebKit/537.36 (KHTML, like Gecko) Chrome/121.0.0.0 Safari/537.36" "127.0.0.65"
91.208.184.23 - - [26/Oct/2025:02:32:13 +0300 - 0.545 - 0.548] "GET /wp-admin/edit.php HTTP/1.1" 302 5 "https://u-port.ua/wp-login.php" "Mozilla/5.0 (X11; Linux x86_64) AppleWebKit/537.36 (KHTML, like Gecko) Chrome/121.0.0.0 Safari/537.36" "127.0.0.65"
91.208.184.23 - - [26/Oct/2025:02:32:14 +0300 - 0.219 - 0.220] "GET /wp-login.php?redirect_to=https%3A%2F%2Fu-port.ua%2Fwp-admin%2Fedit.php&reauth=1 HTTP/1.1" 404 7898 "https://u-port.ua/wp-login.php" "Mozilla/5.0 (X11; Linux x86_64) AppleWebKit/537.36 (KHTML, like Gecko) Chrome/121.0.0.0 Safari/537.36" "127.0.0.65"
152.53.133.166 - - [26/Oct/2025:02:32:14 +0300 - 0.499 - 0.500] "GET /ru/infuziya-i-kateterizatsiya/kateterizatsiya-tsentralnyh-ven-pokazaniya-i-postanovka HTTP/1.0" 301 0 "-" "Mozilla/5.0 (compatible; Yatcybot/3.1; +http://yatcy.com/crawler.html)" "-"
91.208.184.23 - - [26/Oct/2025:02:32:14 +0300 - 0.555 - 0.556] "GET /wp-admin/plugin-editor.php HTTP/1.1" 302 5 "https://u-port.ua/wp-login.php" "Mozilla/5.0 (X11; Linux x86_64) AppleWebKit/537.36 (KHTML, like Gecko) Chrome/121.0.0.0 Safari/537.36" "127.0.0.65"
91.208.184.23 - - [26/Oct/2025:02:32:15 +0300 - 0.239 - 0.240] "GET /wp-login.php?redirect_to=https%3A%2F%2Fu-port.ua%2Fwp-admin%2Fplugin-editor.php&reauth=1 HTTP/1.1" 404 7898 "https://u-port.ua/wp-login.php" "Mozilla/5.0 (X11; Linux x86_64) AppleWebKit/537.36 (KHTML, like Gecko) Chrome/121.0.0.0 Safari/537.36" "127.0.0.65"
91.208.184.23 - - [26/Oct/2025:02:32:15 +0300 - 0.060 - 0.056] "POST /wp-login.php HTTP/1.1" 403 753 "https://u-port.ua/wp-login.php" "Mozilla/5.0 (X11; Linux x86_64) AppleWebKit/537.36 (KHTML, like Gecko) Chrome/119.0.0.0 Safari/537.36" "127.0.0.74"
91.208.184.23 - - [26/Oct/2025:02:32:16 +0300 - 0.567 - 0.568] "GET /wp-admin/index.php HTTP/1.1" 302 5 "https://u-port.ua/wp-login.php" "Mozilla/5.0 (Macintosh; Intel Mac OS X 10_15_7) AppleWebKit/537.36 (KHTML, like Gecko) Chrome/120.0.0.0 Safari/537.36" "127.0.0.108"
91.208.184.23 - - [26/Oct/2025:02:32:16 +0300 - 0.237 - 0.240] "GET /wp-login.php?redirect_to=https%3A%2F%2Fu-port.ua%2Fwp-admin%2Findex.php&reauth=1 HTTP/1.1" 404 7898 "https://u-port.ua/wp-login.php" "Mozilla/5.0 (Macintosh; Intel Mac OS X 10_15_7) AppleWebKit/537.36 (KHTML, like Gecko) Chrome/120.0.0.0 Safari/537.36" "127.0.0.108"
91.208.184.23 - - [26/Oct/2025:02:32:17 +0300 - 0.566 - 0.568] "GET /wp-admin/profile.php HTTP/1.1" 302 5 "https://u-port.ua/wp-login.php" "Mozilla/5.0 (Macintosh; Intel Mac OS X 10_15_7) AppleWebKit/537.36 (KHTML, like Gecko) Chrome/120.0.0.0 Safari/537.36" "127.0.0.108"
91.208.184.23 - - [26/Oct/2025:02:32:17 +0300 - 0.252 - 0.252] "GET /wp-login.php?redirect_to=https%3A%2F%2Fu-port.ua%2Fwp-admin%2Fprofile.php&reauth=1 HTTP/1.1" 404 7898 "https://u-port.ua/wp-login.php" "Mozilla/5.0 (Macintosh; Intel Mac OS X 10_15_7) AppleWebKit/537.36 (KHTML, like Gecko) Chrome/120.0.0.0 Safari/537.36" "127.0.0.108"
91.208.184.23 - - [26/Oct/2025:02:32:18 +0300 - 0.512 - 0.512] "GET /wp-admin/edit.php HTTP/1.1" 302 5 "https://u-port.ua/wp-login.php" "Mozilla/5.0 (Macintosh; Intel Mac OS X 10_15_7) AppleWebKit/537.36 (KHTML, like Gecko) Chrome/120.0.0.0 Safari/537.36" "127.0.0.108"
91.208.184.23 - - [26/Oct/2025:02:32:19 +0300 - 0.253 - 0.256] "GET /wp-login.php?redirect_to=https%3A%2F%2Fu-port.ua%2Fwp-admin%2Fedit.php&reauth=1 HTTP/1.1" 404 7898 "https://u-port.ua/wp-login.php" "Mozilla/5.0 (Macintosh; Intel Mac OS X 10_15_7) AppleWebKit/537.36 (KHTML, like Gecko) Chrome/120.0.0.0 Safari/537.36" "127.0.0.108"
91.208.184.23 - - [26/Oct/2025:02:32:19 +0300 - 0.673 - 0.672] "GET /wp-admin/plugin-editor.php HTTP/1.1" 302 5 "https://u-port.ua/wp-login.php" "Mozilla/5.0 (Macintosh; Intel Mac OS X 10_15_7) AppleWebKit/537.36 (KHTML, like Gecko) Chrome/120.0.0.0 Safari/537.36" "127.0.0.108"
91.208.184.23 - - [26/Oct/2025:02:32:20 +0300 - 0.210 - 0.208] "GET /wp-login.php?redirect_to=https%3A%2F%2Fu-port.ua%2Fwp-admin%2Fplugin-editor.php&reauth=1 HTTP/1.1" 404 7898 "https://u-port.ua/wp-login.php" "Mozilla/5.0 (Macintosh; Intel Mac OS X 10_15_7) AppleWebKit/537.36 (KHTML, like Gecko) Chrome/120.0.0.0 Safari/537.36" "127.0.0.108"
91.208.184.23 - - [26/Oct/2025:02:32:20 +0300 - 0.097 - 0.060] "POST /wp-login.php HTTP/1.1" 403 754 "https://u-port.ua/wp-login.php" "Mozilla/5.0 (Windows NT 10.0; Win64; x64) AppleWebKit/537.36 (KHTML, like Gecko) Chrome/119.0.0.0 Safari/537.36" "127.0.0.53"
91.208.184.23 - - [26/Oct/2025:02:32:21 +0300 - 0.537 - 0.536] "GET /wp-admin/index.php HTTP/1.1" 302 5 "https://u-port.ua/wp-login.php" "Mozilla/5.0 (X11; Linux x86_64) AppleWebKit/537.36 (KHTML, like Gecko) Chrome/121.0.0.0 Safari/537.36" "127.0.0.50"
91.208.184.23 - - [26/Oct/2025:02:32:21 +0300 - 0.274 - 0.272] "GET /wp-login.php?redirect_to=https%3A%2F%2Fu-port.ua%2Fwp-admin%2Findex.php&reauth=1 HTTP/1.1" 404 7898 "https://u-port.ua/wp-login.php" "Mozilla/5.0 (X11; Linux x86_64) AppleWebKit/537.36 (KHTML, like Gecko) Chrome/121.0.0.0 Safari/537.36" "127.0.0.50"
