176.37.86.74 - - [26/Oct/2025:09:19:27 +0200 - 1.830 - 1.832] "GET /wp-json/contact-form-7/v1/contact-forms/544/feedback/schema HTTP/1.1" 200 330 "https://reocellclinic.com/contacts/?gad_source=2&gad_campaignid=23028410063&gclid=CjwKCAjwjffHBhBuEiwAKMb8pIsfYK8ruA2-e7GNv5AcCPWnmXzoPMoiO88ZDTBxb-Q6Hqho-kHDfRoClE0QAvD_BwE" "Mozilla/5.0 (Linux; Android 10; K) AppleWebKit/537.36 (KHTML, like Gecko) Chrome/141.0.0.0 Mobile Safari/537.36" "-"
176.37.86.74 - - [26/Oct/2025:09:19:27 +0200 - 1.859 - 1.860] "GET /wp-json/contact-form-7/v1/contact-forms/1450/feedback/schema HTTP/1.1" 200 385 "https://reocellclinic.com/contacts/?gad_source=2&gad_campaignid=23028410063&gclid=CjwKCAjwjffHBhBuEiwAKMb8pIsfYK8ruA2-e7GNv5AcCPWnmXzoPMoiO88ZDTBxb-Q6Hqho-kHDfRoClE0QAvD_BwE" "Mozilla/5.0 (Linux; Android 10; K) AppleWebKit/537.36 (KHTML, like Gecko) Chrome/141.0.0.0 Mobile Safari/537.36" "-"
176.37.86.74 - - [26/Oct/2025:09:19:27 +0200 - 1.964 - 1.968] "POST /wp-admin/admin-ajax.php HTTP/1.1" 200 32 "https://reocellclinic.com/contacts/?gad_source=2&gad_campaignid=23028410063&gclid=CjwKCAjwjffHBhBuEiwAKMb8pIsfYK8ruA2-e7GNv5AcCPWnmXzoPMoiO88ZDTBxb-Q6Hqho-kHDfRoClE0QAvD_BwE" "Mozilla/5.0 (Linux; Android 10; K) AppleWebKit/537.36 (KHTML, like Gecko) Chrome/141.0.0.0 Mobile Safari/537.36" "-"
176.37.86.74 - - [26/Oct/2025:09:19:29 +0200 - 0.000 - -] "GET /wp-content/themes/reocell-clinic/favicon.ico HTTP/1.1" 200 1150 "https://reocellclinic.com/contacts/?gad_source=2&gad_campaignid=23028410063&gclid=CjwKCAjwjffHBhBuEiwAKMb8pIsfYK8ruA2-e7GNv5AcCPWnmXzoPMoiO88ZDTBxb-Q6Hqho-kHDfRoClE0QAvD_BwE" "Mozilla/5.0 (Linux; Android 10; K) AppleWebKit/537.36 (KHTML, like Gecko) Chrome/141.0.0.0 Mobile Safari/537.36" "-"
66.249.81.64 - - [26/Oct/2025:09:19:31 +0200 - 1.436 - 1.436] "GET /contacts/?gad_source=2&gad_campaignid=23028410063&gclid=CjwKCAjwjffHBhBuEiwAKMb8pIsfYK8ruA2-e7GNv5AcCPWnmXzoPMoiO88ZDTBxb-Q6Hqho-kHDfRoClE0QAvD_BwE HTTP/1.1" 200 18683 "-" "Mozilla/5.0 (Linux; Android 10; K) AppleWebKit/537.36 (KHTML, like Gecko) Chrome/138.0.0.0 Mobile Safari/537.36 (compatible; Google-Read-Aloud; +https://support.google.com/webmasters/answer/1061943)" "-"
3.77.67.4 - - [26/Oct/2025:09:19:54 +0200 - 0.959 - 0.960] "HEAD / HTTP/1.1" 200 0 "https://reocellclinic.com/" "Mozilla/5.0+(compatible; UptimeRobot/2.0; http://www.uptimerobot.com/)" "-"
163.223.13.96 - - [26/Oct/2025:09:19:58 +0200 - 0.000 - -] "POST /xmlrpc.php HTTP/1.1" 404 194 "-" "Mozilla/5.0 (compatible; MSIE 9.0; Windows NT 6.1; WOW64; Trident/7.0; Swinburne)" "-"
31.131.20.181 - - [26/Oct/2025:09:20:48 +0200 - 0.000 - 0.000] "POST /wp-cron.php?doing_wp_cron=1761463248.1402010917663574218750 HTTP/1.1" 499 0 "-" "WordPress/6.8.3; https://reocellclinic.com" "-"
178.133.105.202 - - [26/Oct/2025:09:20:48 +0200 - 1.402 - 1.404] "GET /contacts/?gad_source=2&gad_campaignid=23028410063&gclid=CjwKCAjwjffHBhBuEiwAKMb8pKTFa-UYnkcq7fne-D3QU-kzAPMbM33ik3GUEaKpyPaCqEip0uPSQBoCXJwQAvD_BwE HTTP/1.1" 200 18709 "https://youtube.com/" "Mozilla/5.0 (Linux; Android 10; K) AppleWebKit/537.36 (KHTML, like Gecko) SamsungBrowser/28.0 Chrome/130.0.0.0 Mobile Safari/537.36" "-"
31.131.20.181 - - [26/Oct/2025:09:21:09 +0200 - 0.000 - 0.000] "POST /wp-cron.php?doing_wp_cron=1761463269.8856840133666992187500 HTTP/1.1" 499 0 "-" "WordPress/6.8.3; https://reocellclinic.com" "-"
178.158.221.127 - - [26/Oct/2025:09:21:10 +0200 - 1.556 - 1.556] "GET /contacts/?gad_source=2&gad_campaignid=23028410063&gclid=CjwKCAjwjffHBhBuEiwAKMb8pAz7MOmCqVrHSyFTmouzQ7jkGC0NfzStJiZ5-ULMTFmhmn_kghjwaRoC020QAvD_BwE HTTP/1.1" 200 18707 "https://youtube.com/" "Mozilla/5.0 (Linux; Android 10; K) AppleWebKit/537.36 (KHTML, like Gecko) Chrome/141.0.0.0 Mobile Safari/537.36" "-"
31.43.136.74 - - [26/Oct/2025:09:21:11 +0200 - 1.464 - 1.464] "GET /contacts/?gad_source=2&gad_campaignid=23028410063&gclid=CjwKCAjwjffHBhBuEiwAKMb8pDT7WiwyB1E8gQ5uLsbKV_glUyQ4nGMqjs89pVFnrHXywENrmHXG_xoCyCcQAvD_BwE HTTP/1.1" 200 18709 "https://youtube.com/" "Mozilla/5.0 (Linux; Android 10; K) AppleWebKit/537.36 (KHTML, like Gecko) Chrome/141.0.0.0 Mobile Safari/537.36" "-"
31.131.20.181 - - [26/Oct/2025:09:21:31 +0200 - 0.004 - 0.004] "POST /wp-cron.php?doing_wp_cron=1761463291.8168249130249023437500 HTTP/1.1" 499 0 "-" "WordPress/6.8.3; https://reocellclinic.com" "-"
5.248.237.193 - - [26/Oct/2025:09:21:32 +0200 - 1.442 - 1.440] "GET /contacts/?gad_source=2&gad_campaignid=23028410063&gclid=CjwKCAjwjffHBhBuEiwAKMb8pESmArcOGVDUc0RDhXBeih3FGNi6jnMBGK8kYsyfalDYM88Tpx4WLRoCo-MQAvD_BwE HTTP/1.1" 200 18710 "-" "Mozilla/5.0 (Linux; U; Android 10; ru-ru; Redmi 7 Build/QKQ1.191008.001) AppleWebKit/537.36 (KHTML, like Gecko) Version/4.0 Chrome/71.0.3578.141 Mobile Safari/537.36 XiaoMi/MiuiBrowser/12.4.1-g" "-"
46.211.81.19 - - [26/Oct/2025:09:21:33 +0200 - 1.433 - 1.432] "GET /contacts/?gad_source=2&gad_campaignid=23028410063&gclid=CjwKCAjwjffHBhBuEiwAKMb8pKXDTPJxGROJ6oLTYyulsxj7hxDJA1Z_SDXnG4nUvrMW4YNRpnNPXBoCIQYQAvD_BwE HTTP/1.1" 200 18714 "https://youtube.com/" "Mozilla/5.0 (Linux; Android 10; K) AppleWebKit/537.36 (KHTML, like Gecko) Chrome/141.0.0.0 Mobile Safari/537.36" "-"
46.211.81.19 - - [26/Oct/2025:09:21:33 +0200 - 0.000 - -] "GET /wp-content/webp-express/webp-images/uploads/2024/12/logo_mob.png.webp HTTP/1.1" 200 1146 "https://reocellclinic.com/contacts/?gad_source=2&gad_campaignid=23028410063&gclid=CjwKCAjwjffHBhBuEiwAKMb8pKXDTPJxGROJ6oLTYyulsxj7hxDJA1Z_SDXnG4nUvrMW4YNRpnNPXBoCIQYQAvD_BwE" "Mozilla/5.0 (Linux; Android 10; K) AppleWebKit/537.36 (KHTML, like Gecko) Chrome/141.0.0.0 Mobile Safari/537.36" "-"
46.211.81.19 - - [26/Oct/2025:09:21:33 +0200 - 0.000 - -] "GET /wp-content/webp-express/webp-images/uploads/2024/11/street-1.png.webp HTTP/1.1" 200 4646 "https://reocellclinic.com/contacts/?gad_source=2&gad_campaignid=23028410063&gclid=CjwKCAjwjffHBhBuEiwAKMb8pKXDTPJxGROJ6oLTYyulsxj7hxDJA1Z_SDXnG4nUvrMW4YNRpnNPXBoCIQYQAvD_BwE" "Mozilla/5.0 (Linux; Android 10; K) AppleWebKit/537.36 (KHTML, like Gecko) Chrome/141.0.0.0 Mobile Safari/537.36" "-"
5.248.237.193 - - [26/Oct/2025:09:21:34 +0200 - 0.000 - -] "GET /wp-content/webp-express/webp-images/uploads/2024/12/logo_mob.png.webp HTTP/1.1" 200 1146 "https://reocellclinic.com/contacts/?gad_source=2&gad_campaignid=23028410063&gclid=CjwKCAjwjffHBhBuEiwAKMb8pESmArcOGVDUc0RDhXBeih3FGNi6jnMBGK8kYsyfalDYM88Tpx4WLRoCo-MQAvD_BwE" "Mozilla/5.0 (Linux; U; Android 10; ru-ru; Redmi 7 Build/QKQ1.191008.001) AppleWebKit/537.36 (KHTML, like Gecko) Version/4.0 Chrome/71.0.3578.141 Mobile Safari/537.36 XiaoMi/MiuiBrowser/12.4.1-g" "-"
5.248.237.193 - - [26/Oct/2025:09:21:34 +0200 - 0.000 - -] "GET /wp-content/webp-express/webp-images/uploads/2024/11/street-1.png.webp HTTP/1.1" 200 4646 "https://reocellclinic.com/contacts/?gad_source=2&gad_campaignid=23028410063&gclid=CjwKCAjwjffHBhBuEiwAKMb8pESmArcOGVDUc0RDhXBeih3FGNi6jnMBGK8kYsyfalDYM88Tpx4WLRoCo-MQAvD_BwE" "Mozilla/5.0 (Linux; U; Android 10; ru-ru; Redmi 7 Build/QKQ1.191008.001) AppleWebKit/537.36 (KHTML, like Gecko) Version/4.0 Chrome/71.0.3578.141 Mobile Safari/537.36 XiaoMi/MiuiBrowser/12.4.1-g" "-"
46.211.81.19 - - [26/Oct/2025:09:21:37 +0200 - 1.559 - 1.560] "GET /wp-json/contact-form-7/v1/contact-forms/546/feedback/schema HTTP/1.1" 200 308 "https://reocellclinic.com/contacts/?gad_source=2&gad_campaignid=23028410063&gclid=CjwKCAjwjffHBhBuEiwAKMb8pKXDTPJxGROJ6oLTYyulsxj7hxDJA1Z_SDXnG4nUvrMW4YNRpnNPXBoCIQYQAvD_BwE" "Mozilla/5.0 (Linux; Android 10; K) AppleWebKit/537.36 (KHTML, like Gecko) Chrome/141.0.0.0 Mobile Safari/537.36" "-"
46.211.81.19 - - [26/Oct/2025:09:21:37 +0200 - 1.687 - 1.688] "GET /wp-json/contact-form-7/v1/contact-forms/1450/feedback/schema HTTP/1.1" 200 385 "https://reocellclinic.com/contacts/?gad_source=2&gad_campaignid=23028410063&gclid=CjwKCAjwjffHBhBuEiwAKMb8pKXDTPJxGROJ6oLTYyulsxj7hxDJA1Z_SDXnG4nUvrMW4YNRpnNPXBoCIQYQAvD_BwE" "Mozilla/5.0 (Linux; Android 10; K) AppleWebKit/537.36 (KHTML, like Gecko) Chrome/141.0.0.0 Mobile Safari/537.36" "-"
46.211.81.19 - - [26/Oct/2025:09:21:37 +0200 - 1.717 - 1.716] "GET /wp-json/contact-form-7/v1/contact-forms/545/feedback/schema HTTP/1.1" 200 339 "https://reocellclinic.com/contacts/?gad_source=2&gad_campaignid=23028410063&gclid=CjwKCAjwjffHBhBuEiwAKMb8pKXDTPJxGROJ6oLTYyulsxj7hxDJA1Z_SDXnG4nUvrMW4YNRpnNPXBoCIQYQAvD_BwE" "Mozilla/5.0 (Linux; Android 10; K) AppleWebKit/537.36 (KHTML, like Gecko) Chrome/141.0.0.0 Mobile Safari/537.36" "-"
46.211.81.19 - - [26/Oct/2025:09:21:37 +0200 - 1.743 - 1.744] "GET /wp-json/contact-form-7/v1/contact-forms/544/feedback/schema HTTP/1.1" 200 330 "https://reocellclinic.com/contacts/?gad_source=2&gad_campaignid=23028410063&gclid=CjwKCAjwjffHBhBuEiwAKMb8pKXDTPJxGROJ6oLTYyulsxj7hxDJA1Z_SDXnG4nUvrMW4YNRpnNPXBoCIQYQAvD_BwE" "Mozilla/5.0 (Linux; Android 10; K) AppleWebKit/537.36 (KHTML, like Gecko) Chrome/141.0.0.0 Mobile Safari/537.36" "-"
46.211.81.19 - - [26/Oct/2025:09:21:37 +0200 - 2.094 - 2.096] "POST /wp-admin/admin-ajax.php HTTP/1.1" 200 32 "https://reocellclinic.com/contacts/?gad_source=2&gad_campaignid=23028410063&gclid=CjwKCAjwjffHBhBuEiwAKMb8pKXDTPJxGROJ6oLTYyulsxj7hxDJA1Z_SDXnG4nUvrMW4YNRpnNPXBoCIQYQAvD_BwE" "Mozilla/5.0 (Linux; Android 10; K) AppleWebKit/537.36 (KHTML, like Gecko) Chrome/141.0.0.0 Mobile Safari/537.36" "-"
46.211.81.19 - - [26/Oct/2025:09:21:37 +0200 - 0.000 - -] "GET /wp-content/themes/reocell-clinic/favicon.ico HTTP/1.1" 200 1150 "https://reocellclinic.com/contacts/?gad_source=2&gad_campaignid=23028410063&gclid=CjwKCAjwjffHBhBuEiwAKMb8pKXDTPJxGROJ6oLTYyulsxj7hxDJA1Z_SDXnG4nUvrMW4YNRpnNPXBoCIQYQAvD_BwE" "Mozilla/5.0 (Linux; Android 10; K) AppleWebKit/537.36 (KHTML, like Gecko) Chrome/141.0.0.0 Mobile Safari/537.36" "-"
5.248.237.193 - - [26/Oct/2025:09:21:38 +0200 - 1.894 - 1.896] "POST /wp-admin/admin-ajax.php HTTP/1.1" 200 32 "https://reocellclinic.com/contacts/?gad_source=2&gad_campaignid=23028410063&gclid=CjwKCAjwjffHBhBuEiwAKMb8pESmArcOGVDUc0RDhXBeih3FGNi6jnMBGK8kYsyfalDYM88Tpx4WLRoCo-MQAvD_BwE" "Mozilla/5.0 (Linux; U; Android 10; ru-ru; Redmi 7 Build/QKQ1.191008.001) AppleWebKit/537.36 (KHTML, like Gecko) Version/4.0 Chrome/71.0.3578.141 Mobile Safari/537.36 XiaoMi/MiuiBrowser/12.4.1-g" "-"
66.249.81.64 - - [26/Oct/2025:09:21:40 +0200 - 1.257 - 1.256] "GET /contacts/?gad_source=2&gad_campaignid=23028410063&gclid=CjwKCAjwjffHBhBuEiwAKMb8pKXDTPJxGROJ6oLTYyulsxj7hxDJA1Z_SDXnG4nUvrMW4YNRpnNPXBoCIQYQAvD_BwE HTTP/1.1" 200 18690 "-" "Mozilla/5.0 (Linux; Android 10; K) AppleWebKit/537.36 (KHTML, like Gecko) Chrome/138.0.0.0 Mobile Safari/537.36 (compatible; Google-Read-Aloud; +https://support.google.com/webmasters/answer/1061943)" "-"
5.248.237.193 - - [26/Oct/2025:09:21:47 +0200 - 0.000 - -] "GET /wp-content/themes/reocell-clinic/favicon.ico HTTP/1.1" 200 1150 "https://reocellclinic.com/contacts/?gad_source=2&gad_campaignid=23028410063&gclid=CjwKCAjwjffHBhBuEiwAKMb8pESmArcOGVDUc0RDhXBeih3FGNi6jnMBGK8kYsyfalDYM88Tpx4WLRoCo-MQAvD_BwE" "Mozilla/5.0 (Linux; U; Android 10; ru-ru; Redmi 7 Build/QKQ1.191008.001) AppleWebKit/537.36 (KHTML, like Gecko) Version/4.0 Chrome/71.0.3578.141 Mobile Safari/537.36 XiaoMi/MiuiBrowser/12.4.1-g" "-"
31.144.33.200 - - [26/Oct/2025:09:21:51 +0200 - 1.323 - 1.324] "GET /contacts/?gad_source=2&gad_campaignid=23028410063&gclid=CjwKCAjwjffHBhBuEiwAKMb8pNStg11vUoXxgMih73RBZ1bCu5hlha0R-qGF1Dz_AIOlP1EGamW7hhoCL2MQAvD_BwE HTTP/1.1" 200 18707 "https://youtube.com/" "Mozilla/5.0 (Linux; Android 10; K) AppleWebKit/537.36 (KHTML, like Gecko) Chrome/141.0.0.0 Mobile Safari/537.36" "-"
31.144.33.200 - - [26/Oct/2025:09:21:52 +0200 - 0.000 - -] "GET /wp-content/webp-express/webp-images/uploads/2024/12/logo_mob.png.webp HTTP/1.1" 200 1146 "https://reocellclinic.com/contacts/?gad_source=2&gad_campaignid=23028410063&gclid=CjwKCAjwjffHBhBuEiwAKMb8pNStg11vUoXxgMih73RBZ1bCu5hlha0R-qGF1Dz_AIOlP1EGamW7hhoCL2MQAvD_BwE" "Mozilla/5.0 (Linux; Android 10; K) AppleWebKit/537.36 (KHTML, like Gecko) Chrome/141.0.0.0 Mobile Safari/537.36" "-"
31.144.33.200 - - [26/Oct/2025:09:21:52 +0200 - 0.000 - -] "GET /wp-content/webp-express/webp-images/uploads/2024/11/street-1.png.webp HTTP/1.1" 200 4646 "https://reocellclinic.com/contacts/?gad_source=2&gad_campaignid=23028410063&gclid=CjwKCAjwjffHBhBuEiwAKMb8pNStg11vUoXxgMih73RBZ1bCu5hlha0R-qGF1Dz_AIOlP1EGamW7hhoCL2MQAvD_BwE" "Mozilla/5.0 (Linux; Android 10; K) AppleWebKit/537.36 (KHTML, like Gecko) Chrome/141.0.0.0 Mobile Safari/537.36" "-"
31.144.33.200 - - [26/Oct/2025:09:21:55 +0200 - 0.000 - -] "GET /wp-content/themes/reocell-clinic/favicon.ico HTTP/1.1" 200 1150 "https://reocellclinic.com/contacts/?gad_source=2&gad_campaignid=23028410063&gclid=CjwKCAjwjffHBhBuEiwAKMb8pNStg11vUoXxgMih73RBZ1bCu5hlha0R-qGF1Dz_AIOlP1EGamW7hhoCL2MQAvD_BwE" "Mozilla/5.0 (Linux; Android 10; K) AppleWebKit/537.36 (KHTML, like Gecko) Chrome/141.0.0.0 Mobile Safari/537.36" "-"
31.144.33.200 - - [26/Oct/2025:09:21:56 +0200 - 1.840 - 1.840] "POST /wp-admin/admin-ajax.php HTTP/1.1" 200 32 "https://reocellclinic.com/contacts/?gad_source=2&gad_campaignid=23028410063&gclid=CjwKCAjwjffHBhBuEiwAKMb8pNStg11vUoXxgMih73RBZ1bCu5hlha0R-qGF1Dz_AIOlP1EGamW7hhoCL2MQAvD_BwE" "Mozilla/5.0 (Linux; Android 10; K) AppleWebKit/537.36 (KHTML, like Gecko) Chrome/141.0.0.0 Mobile Safari/537.36" "-"
31.144.33.200 - - [26/Oct/2025:09:21:56 +0200 - 1.818 - 1.820] "GET /wp-json/contact-form-7/v1/contact-forms/544/feedback/schema HTTP/1.1" 200 330 "https://reocellclinic.com/contacts/?gad_source=2&gad_campaignid=23028410063&gclid=CjwKCAjwjffHBhBuEiwAKMb8pNStg11vUoXxgMih73RBZ1bCu5hlha0R-qGF1Dz_AIOlP1EGamW7hhoCL2MQAvD_BwE" "Mozilla/5.0 (Linux; Android 10; K) AppleWebKit/537.36 (KHTML, like Gecko) Chrome/141.0.0.0 Mobile Safari/537.36" "-"
31.144.33.200 - - [26/Oct/2025:09:21:56 +0200 - 1.945 - 1.944] "GET /wp-json/contact-form-7/v1/contact-forms/1450/feedback/schema HTTP/1.1" 200 385 "https://reocellclinic.com/contacts/?gad_source=2&gad_campaignid=23028410063&gclid=CjwKCAjwjffHBhBuEiwAKMb8pNStg11vUoXxgMih73RBZ1bCu5hlha0R-qGF1Dz_AIOlP1EGamW7hhoCL2MQAvD_BwE" "Mozilla/5.0 (Linux; Android 10; K) AppleWebKit/537.36 (KHTML, like Gecko) Chrome/141.0.0.0 Mobile Safari/537.36" "-"
31.144.33.200 - - [26/Oct/2025:09:21:56 +0200 - 2.027 - 2.024] "GET /wp-json/contact-form-7/v1/contact-forms/546/feedback/schema HTTP/1.1" 200 308 "https://reocellclinic.com/contacts/?gad_source=2&gad_campaignid=23028410063&gclid=CjwKCAjwjffHBhBuEiwAKMb8pNStg11vUoXxgMih73RBZ1bCu5hlha0R-qGF1Dz_AIOlP1EGamW7hhoCL2MQAvD_BwE" "Mozilla/5.0 (Linux; Android 10; K) AppleWebKit/537.36 (KHTML, like Gecko) Chrome/141.0.0.0 Mobile Safari/537.36" "-"
31.144.33.200 - - [26/Oct/2025:09:21:56 +0200 - 2.062 - 2.064] "GET /wp-json/contact-form-7/v1/contact-forms/545/feedback/schema HTTP/1.1" 200 339 "https://reocellclinic.com/contacts/?gad_source=2&gad_campaignid=23028410063&gclid=CjwKCAjwjffHBhBuEiwAKMb8pNStg11vUoXxgMih73RBZ1bCu5hlha0R-qGF1Dz_AIOlP1EGamW7hhoCL2MQAvD_BwE" "Mozilla/5.0 (Linux; Android 10; K) AppleWebKit/537.36 (KHTML, like Gecko) Chrome/141.0.0.0 Mobile Safari/537.36" "-"
178.133.105.202 - - [26/Oct/2025:09:22:16 +0200 - 1.386 - 1.384] "GET /contacts/?gad_source=2&gad_campaignid=23028410063&gclid=CjwKCAjwjffHBhBuEiwAKMb8pKTFa-UYnkcq7fne-D3QU-kzAPMbM33ik3GUEaKpyPaCqEip0uPSQBoCXJwQAvD_BwE HTTP/1.1" 200 18709 "https://youtube.com/" "Mozilla/5.0 (Linux; Android 10; K) AppleWebKit/537.36 (KHTML, like Gecko) SamsungBrowser/28.0 Chrome/130.0.0.0 Mobile Safari/537.36" "-"
178.133.105.202 - - [26/Oct/2025:09:22:17 +0200 - 0.000 - -] "GET /wp-content/webp-express/webp-images/uploads/2024/12/logo_mob.png.webp HTTP/1.1" 200 1146 "https://reocellclinic.com/contacts/?gad_source=2&gad_campaignid=23028410063&gclid=CjwKCAjwjffHBhBuEiwAKMb8pKTFa-UYnkcq7fne-D3QU-kzAPMbM33ik3GUEaKpyPaCqEip0uPSQBoCXJwQAvD_BwE" "Mozilla/5.0 (Linux; Android 10; K) AppleWebKit/537.36 (KHTML, like Gecko) SamsungBrowser/28.0 Chrome/130.0.0.0 Mobile Safari/537.36" "-"
178.133.105.202 - - [26/Oct/2025:09:22:17 +0200 - 0.000 - -] "GET /wp-content/webp-express/webp-images/uploads/2024/11/street-1.png.webp HTTP/1.1" 200 4646 "https://reocellclinic.com/contacts/?gad_source=2&gad_campaignid=23028410063&gclid=CjwKCAjwjffHBhBuEiwAKMb8pKTFa-UYnkcq7fne-D3QU-kzAPMbM33ik3GUEaKpyPaCqEip0uPSQBoCXJwQAvD_BwE" "Mozilla/5.0 (Linux; Android 10; K) AppleWebKit/537.36 (KHTML, like Gecko) SamsungBrowser/28.0 Chrome/130.0.0.0 Mobile Safari/537.36" "-"
178.133.105.202 - - [26/Oct/2025:09:22:19 +0200 - 1.421 - 1.420] "POST /wp-admin/admin-ajax.php HTTP/1.1" 200 32 "https://reocellclinic.com/contacts/?gad_source=2&gad_campaignid=23028410063&gclid=CjwKCAjwjffHBhBuEiwAKMb8pKTFa-UYnkcq7fne-D3QU-kzAPMbM33ik3GUEaKpyPaCqEip0uPSQBoCXJwQAvD_BwE" "Mozilla/5.0 (Linux; Android 10; K) AppleWebKit/537.36 (KHTML, like Gecko) SamsungBrowser/28.0 Chrome/130.0.0.0 Mobile Safari/537.36" "-"
178.133.105.202 - - [26/Oct/2025:09:22:19 +0200 - 1.336 - 1.336] "GET /wp-json/contact-form-7/v1/contact-forms/545/feedback/schema HTTP/1.1" 200 339 "https://reocellclinic.com/contacts/?gad_source=2&gad_campaignid=23028410063&gclid=CjwKCAjwjffHBhBuEiwAKMb8pKTFa-UYnkcq7fne-D3QU-kzAPMbM33ik3GUEaKpyPaCqEip0uPSQBoCXJwQAvD_BwE" "Mozilla/5.0 (Linux; Android 10; K) AppleWebKit/537.36 (KHTML, like Gecko) SamsungBrowser/28.0 Chrome/130.0.0.0 Mobile Safari/537.36" "-"
178.133.105.202 - - [26/Oct/2025:09:22:19 +0200 - 1.399 - 1.400] "GET /wp-json/contact-form-7/v1/contact-forms/546/feedback/schema HTTP/1.1" 200 308 "https://reocellclinic.com/contacts/?gad_source=2&gad_campaignid=23028410063&gclid=CjwKCAjwjffHBhBuEiwAKMb8pKTFa-UYnkcq7fne-D3QU-kzAPMbM33ik3GUEaKpyPaCqEip0uPSQBoCXJwQAvD_BwE" "Mozilla/5.0 (Linux; Android 10; K) AppleWebKit/537.36 (KHTML, like Gecko) SamsungBrowser/28.0 Chrome/130.0.0.0 Mobile Safari/537.36" "-"
178.133.105.202 - - [26/Oct/2025:09:22:19 +0200 - 1.406 - 1.408] "GET /wp-json/contact-form-7/v1/contact-forms/544/feedback/schema HTTP/1.1" 200 330 "https://reocellclinic.com/contacts/?gad_source=2&gad_campaignid=23028410063&gclid=CjwKCAjwjffHBhBuEiwAKMb8pKTFa-UYnkcq7fne-D3QU-kzAPMbM33ik3GUEaKpyPaCqEip0uPSQBoCXJwQAvD_BwE" "Mozilla/5.0 (Linux; Android 10; K) AppleWebKit/537.36 (KHTML, like Gecko) SamsungBrowser/28.0 Chrome/130.0.0.0 Mobile Safari/537.36" "-"
178.133.105.202 - - [26/Oct/2025:09:22:20 +0200 - 1.575 - 1.576] "GET /wp-json/contact-form-7/v1/contact-forms/1450/feedback/schema HTTP/1.1" 200 385 "https://reocellclinic.com/contacts/?gad_source=2&gad_campaignid=23028410063&gclid=CjwKCAjwjffHBhBuEiwAKMb8pKTFa-UYnkcq7fne-D3QU-kzAPMbM33ik3GUEaKpyPaCqEip0uPSQBoCXJwQAvD_BwE" "Mozilla/5.0 (Linux; Android 10; K) AppleWebKit/537.36 (KHTML, like Gecko) SamsungBrowser/28.0 Chrome/130.0.0.0 Mobile Safari/537.36" "-"
167.172.159.207 - - [26/Oct/2025:09:22:37 +0200 - 0.000 - -] "POST /xmlrpc.php HTTP/1.1" 404 133 "-" "Mozilla/5.0 (Windows NT 6.3; Win64; x64; rv:60.0) Gecko/20100101 Firefox/60.0" "-"
31.131.20.181 - - [26/Oct/2025:09:22:51 +0200 - 0.000 - 0.000] "POST /wp-cron.php?doing_wp_cron=1761463371.1038360595703125000000 HTTP/1.1" 499 0 "-" "WordPress/6.8.3; https://reocellclinic.com" "-"
31.43.136.74 - - [26/Oct/2025:09:22:51 +0200 - 1.432 - 1.432] "GET /contacts/?gad_source=2&gad_campaignid=23028410063&gclid=CjwKCAjwjffHBhBuEiwAKMb8pDT7WiwyB1E8gQ5uLsbKV_glUyQ4nGMqjs89pVFnrHXywENrmHXG_xoCyCcQAvD_BwE HTTP/1.1" 200 18709 "https://youtube.com/" "Mozilla/5.0 (Linux; Android 10; K) AppleWebKit/537.36 (KHTML, like Gecko) Chrome/141.0.0.0 Mobile Safari/537.36" "-"
31.43.136.74 - - [26/Oct/2025:09:22:51 +0200 - 0.000 - -] "GET /wp-content/webp-express/webp-images/uploads/2024/12/logo_mob.png.webp HTTP/1.1" 200 1146 "https://reocellclinic.com/contacts/?gad_source=2&gad_campaignid=23028410063&gclid=CjwKCAjwjffHBhBuEiwAKMb8pDT7WiwyB1E8gQ5uLsbKV_glUyQ4nGMqjs89pVFnrHXywENrmHXG_xoCyCcQAvD_BwE" "Mozilla/5.0 (Linux; Android 10; K) AppleWebKit/537.36 (KHTML, like Gecko) Chrome/141.0.0.0 Mobile Safari/537.36" "-"
31.43.136.74 - - [26/Oct/2025:09:22:51 +0200 - 0.000 - -] "GET /wp-content/webp-express/webp-images/uploads/2024/11/street-1.png.webp HTTP/1.1" 200 4646 "https://reocellclinic.com/contacts/?gad_source=2&gad_campaignid=23028410063&gclid=CjwKCAjwjffHBhBuEiwAKMb8pDT7WiwyB1E8gQ5uLsbKV_glUyQ4nGMqjs89pVFnrHXywENrmHXG_xoCyCcQAvD_BwE" "Mozilla/5.0 (Linux; Android 10; K) AppleWebKit/537.36 (KHTML, like Gecko) Chrome/141.0.0.0 Mobile Safari/537.36" "-"
198.244.226.194 - - [26/Oct/2025:09:23:04 +0200 - 1.707 - 1.708] "GET /en/perevagi-terapi%D1%97-stovburovimi-klitinami/ HTTP/1.1" 200 17223 "-" "Mozilla/5.0 (compatible; AhrefsBot/7.0; +http://ahrefs.com/robot/)" "-"
88.155.17.82 - - [26/Oct/2025:09:23:15 +0200 - 1.263 - 1.264] "GET /contacts/?gad_source=2&gad_campaignid=23028410063&gclid=CjwKCAjwjffHBhBuEiwAKMb8pBtGVf1Uj8MwGhbnz0jfPrk-OmSi8akO-eczlE5aCkRpK9PmsouM2xoC13EQAvD_BwE HTTP/1.1" 200 18704 "https://youtube.com/" "Mozilla/5.0 (Linux; Android 10; K) AppleWebKit/537.36 (KHTML, like Gecko) Chrome/141.0.0.0 Mobile Safari/537.36" "-"
88.155.17.82 - - [26/Oct/2025:09:23:15 +0200 - 0.000 - -] "GET /wp-content/webp-express/webp-images/uploads/2024/12/logo_mob.png.webp HTTP/1.1" 200 1146 "https://reocellclinic.com/contacts/?gad_source=2&gad_campaignid=23028410063&gclid=CjwKCAjwjffHBhBuEiwAKMb8pBtGVf1Uj8MwGhbnz0jfPrk-OmSi8akO-eczlE5aCkRpK9PmsouM2xoC13EQAvD_BwE" "Mozilla/5.0 (Linux; Android 10; K) AppleWebKit/537.36 (KHTML, like Gecko) Chrome/141.0.0.0 Mobile Safari/537.36" "-"
88.155.17.82 - - [26/Oct/2025:09:23:15 +0200 - 0.000 - -] "GET /wp-content/webp-express/webp-images/uploads/2024/11/street-1.png.webp HTTP/1.1" 200 4646 "https://reocellclinic.com/contacts/?gad_source=2&gad_campaignid=23028410063&gclid=CjwKCAjwjffHBhBuEiwAKMb8pBtGVf1Uj8MwGhbnz0jfPrk-OmSi8akO-eczlE5aCkRpK9PmsouM2xoC13EQAvD_BwE" "Mozilla/5.0 (Linux; Android 10; K) AppleWebKit/537.36 (KHTML, like Gecko) Chrome/141.0.0.0 Mobile Safari/537.36" "-"
88.155.17.82 - - [26/Oct/2025:09:23:17 +0200 - 0.838 - 0.836] "GET /wp-json/contact-form-7/v1/contact-forms/546/feedback/schema HTTP/1.1" 499 0 "https://reocellclinic.com/contacts/?gad_source=2&gad_campaignid=23028410063&gclid=CjwKCAjwjffHBhBuEiwAKMb8pBtGVf1Uj8MwGhbnz0jfPrk-OmSi8akO-eczlE5aCkRpK9PmsouM2xoC13EQAvD_BwE" "Mozilla/5.0 (Linux; Android 10; K) AppleWebKit/537.36 (KHTML, like Gecko) Chrome/141.0.0.0 Mobile Safari/537.36" "-"
88.155.17.82 - - [26/Oct/2025:09:23:17 +0200 - 0.989 - 0.988] "POST /wp-admin/admin-ajax.php HTTP/1.1" 499 0 "https://reocellclinic.com/contacts/?gad_source=2&gad_campaignid=23028410063&gclid=CjwKCAjwjffHBhBuEiwAKMb8pBtGVf1Uj8MwGhbnz0jfPrk-OmSi8akO-eczlE5aCkRpK9PmsouM2xoC13EQAvD_BwE" "Mozilla/5.0 (Linux; Android 10; K) AppleWebKit/537.36 (KHTML, like Gecko) Chrome/141.0.0.0 Mobile Safari/537.36" "-"
88.155.17.82 - - [26/Oct/2025:09:23:17 +0200 - 0.842 - 0.844] "GET /wp-json/contact-form-7/v1/contact-forms/1450/feedback/schema HTTP/1.1" 499 0 "https://reocellclinic.com/contacts/?gad_source=2&gad_campaignid=23028410063&gclid=CjwKCAjwjffHBhBuEiwAKMb8pBtGVf1Uj8MwGhbnz0jfPrk-OmSi8akO-eczlE5aCkRpK9PmsouM2xoC13EQAvD_BwE" "Mozilla/5.0 (Linux; Android 10; K) AppleWebKit/537.36 (KHTML, like Gecko) Chrome/141.0.0.0 Mobile Safari/537.36" "-"
88.155.17.82 - - [26/Oct/2025:09:23:17 +0200 - 0.833 - 0.836] "GET /wp-json/contact-form-7/v1/contact-forms/545/feedback/schema HTTP/1.1" 499 0 "https://reocellclinic.com/contacts/?gad_source=2&gad_campaignid=23028410063&gclid=CjwKCAjwjffHBhBuEiwAKMb8pBtGVf1Uj8MwGhbnz0jfPrk-OmSi8akO-eczlE5aCkRpK9PmsouM2xoC13EQAvD_BwE" "Mozilla/5.0 (Linux; Android 10; K) AppleWebKit/537.36 (KHTML, like Gecko) Chrome/141.0.0.0 Mobile Safari/537.36" "-"
88.155.17.82 - - [26/Oct/2025:09:23:17 +0200 - 0.837 - 0.840] "GET /wp-json/contact-form-7/v1/contact-forms/544/feedback/schema HTTP/1.1" 499 0 "https://reocellclinic.com/contacts/?gad_source=2&gad_campaignid=23028410063&gclid=CjwKCAjwjffHBhBuEiwAKMb8pBtGVf1Uj8MwGhbnz0jfPrk-OmSi8akO-eczlE5aCkRpK9PmsouM2xoC13EQAvD_BwE" "Mozilla/5.0 (Linux; Android 10; K) AppleWebKit/537.36 (KHTML, like Gecko) Chrome/141.0.0.0 Mobile Safari/537.36" "-"
195.49.149.23 - - [26/Oct/2025:09:23:17 +0200 - 1.994 - 1.992] "GET /contacts/?gad_source=2&gad_campaignid=23028410063&gclid=CjwKCAjwjffHBhBuEiwAKMb8pLmY32PcU5zcjXZhJx08_S9JjMev8B8DfaEhMYlvU8bnR_tnXD6kuhoCwW8QAvD_BwE HTTP/1.1" 200 18711 "https://youtube.com/" "Mozilla/5.0 (Linux; Android 10; K) AppleWebKit/537.36 (KHTML, like Gecko) Chrome/141.0.0.0 Mobile Safari/537.36" "-"
195.49.149.23 - - [26/Oct/2025:09:23:18 +0200 - 0.000 - -] "GET /wp-content/webp-express/webp-images/uploads/2024/12/logo_mob.png.webp HTTP/1.1" 200 1146 "https://reocellclinic.com/contacts/?gad_source=2&gad_campaignid=23028410063&gclid=CjwKCAjwjffHBhBuEiwAKMb8pLmY32PcU5zcjXZhJx08_S9JjMev8B8DfaEhMYlvU8bnR_tnXD6kuhoCwW8QAvD_BwE" "Mozilla/5.0 (Linux; Android 10; K) AppleWebKit/537.36 (KHTML, like Gecko) Chrome/141.0.0.0 Mobile Safari/537.36" "-"
195.49.149.23 - - [26/Oct/2025:09:23:18 +0200 - 0.000 - -] "GET /wp-content/webp-express/webp-images/uploads/2024/11/street-1.png.webp HTTP/1.1" 200 4646 "https://reocellclinic.com/contacts/?gad_source=2&gad_campaignid=23028410063&gclid=CjwKCAjwjffHBhBuEiwAKMb8pLmY32PcU5zcjXZhJx08_S9JjMev8B8DfaEhMYlvU8bnR_tnXD6kuhoCwW8QAvD_BwE" "Mozilla/5.0 (Linux; Android 10; K) AppleWebKit/537.36 (KHTML, like Gecko) Chrome/141.0.0.0 Mobile Safari/537.36" "-"
103.152.248.8 - - [26/Oct/2025:09:23:22 +0200 - 0.000 - -] "POST /xmlrpc.php HTTP/1.1" 404 194 "-" "Mozilla/5.0 (Macintosh; Intel Mac OS X 10_11_6) AppleWebKit/537.36 (KHTML, like Gecko) Chrome/66.0.3359.117 Safari/537.36" "-"
31.131.20.181 - - [26/Oct/2025:09:23:55 +0200 - 0.000 - 0.000] "POST /wp-cron.php?doing_wp_cron=1761463435.9481470584869384765625 HTTP/1.1" 499 0 "-" "WordPress/6.8.3; https://reocellclinic.com" "-"
193.26.3.139 - - [26/Oct/2025:09:23:56 +0200 - 1.353 - 1.352] "GET /contacts/?gad_source=2&gad_campaignid=23028410063&gclid=CjwKCAjwjffHBhBuEiwAKMb8pNARnyu4eGU7MNCTcpu3lY35GvdFTobUreNB_oKihYbe_XUuXNTqjxoCWkUQAvD_BwE HTTP/1.1" 200 18708 "https://youtube.com/" "Mozilla/5.0 (Linux; Android 10; K) AppleWebKit/537.36 (KHTML, like Gecko) SamsungBrowser/28.0 Chrome/130.0.0.0 Mobile Safari/537.36" "-"
178.151.17.12 - - [26/Oct/2025:09:23:56 +0200 - 1.358 - 1.360] "GET /contacts/?gad_source=2&gad_campaignid=23028410063&gclid=CjwKCAjwjffHBhBuEiwAKMb8pG7O7lJXgFydDw16HMVC6QsCUTUvr5ej2Z14-6Vu1_is5fMDL0zorhoC70YQAvD_BwE HTTP/1.1" 200 18706 "https://youtube.com/" "Mozilla/5.0 (Linux; Android 10; K) AppleWebKit/537.36 (KHTML, like Gecko) Chrome/141.0.0.0 Mobile Safari/537.36" "-"
193.26.3.139 - - [26/Oct/2025:09:23:56 +0200 - 0.000 - -] "GET /wp-content/webp-express/webp-images/uploads/2024/12/logo_mob.png.webp HTTP/1.1" 200 1146 "https://reocellclinic.com/contacts/?gad_source=2&gad_campaignid=23028410063&gclid=CjwKCAjwjffHBhBuEiwAKMb8pNARnyu4eGU7MNCTcpu3lY35GvdFTobUreNB_oKihYbe_XUuXNTqjxoCWkUQAvD_BwE" "Mozilla/5.0 (Linux; Android 10; K) AppleWebKit/537.36 (KHTML, like Gecko) SamsungBrowser/28.0 Chrome/130.0.0.0 Mobile Safari/537.36" "-"
193.26.3.139 - - [26/Oct/2025:09:23:56 +0200 - 0.000 - -] "GET /wp-content/webp-express/webp-images/uploads/2024/11/street-1.png.webp HTTP/1.1" 200 4646 "https://reocellclinic.com/contacts/?gad_source=2&gad_campaignid=23028410063&gclid=CjwKCAjwjffHBhBuEiwAKMb8pNARnyu4eGU7MNCTcpu3lY35GvdFTobUreNB_oKihYbe_XUuXNTqjxoCWkUQAvD_BwE" "Mozilla/5.0 (Linux; Android 10; K) AppleWebKit/537.36 (KHTML, like Gecko) SamsungBrowser/28.0 Chrome/130.0.0.0 Mobile Safari/537.36" "-"
193.26.3.139 - - [26/Oct/2025:09:23:57 +0200 - 0.520 - 0.516] "GET /wp-json/contact-form-7/v1/contact-forms/1450/feedback/schema HTTP/1.1" 499 0 "https://reocellclinic.com/contacts/?gad_source=2&gad_campaignid=23028410063&gclid=CjwKCAjwjffHBhBuEiwAKMb8pNARnyu4eGU7MNCTcpu3lY35GvdFTobUreNB_oKihYbe_XUuXNTqjxoCWkUQAvD_BwE" "Mozilla/5.0 (Linux; Android 10; K) AppleWebKit/537.36 (KHTML, like Gecko) SamsungBrowser/28.0 Chrome/130.0.0.0 Mobile Safari/537.36" "-"
193.26.3.139 - - [26/Oct/2025:09:23:57 +0200 - 0.518 - 0.520] "GET /wp-json/contact-form-7/v1/contact-forms/544/feedback/schema HTTP/1.1" 499 0 "https://reocellclinic.com/contacts/?gad_source=2&gad_campaignid=23028410063&gclid=CjwKCAjwjffHBhBuEiwAKMb8pNARnyu4eGU7MNCTcpu3lY35GvdFTobUreNB_oKihYbe_XUuXNTqjxoCWkUQAvD_BwE" "Mozilla/5.0 (Linux; Android 10; K) AppleWebKit/537.36 (KHTML, like Gecko) SamsungBrowser/28.0 Chrome/130.0.0.0 Mobile Safari/537.36" "-"
193.26.3.139 - - [26/Oct/2025:09:23:57 +0200 - 0.520 - 0.520] "GET /wp-json/contact-form-7/v1/contact-forms/545/feedback/schema HTTP/1.1" 499 0 "https://reocellclinic.com/contacts/?gad_source=2&gad_campaignid=23028410063&gclid=CjwKCAjwjffHBhBuEiwAKMb8pNARnyu4eGU7MNCTcpu3lY35GvdFTobUreNB_oKihYbe_XUuXNTqjxoCWkUQAvD_BwE" "Mozilla/5.0 (Linux; Android 10; K) AppleWebKit/537.36 (KHTML, like Gecko) SamsungBrowser/28.0 Chrome/130.0.0.0 Mobile Safari/537.36" "-"
193.26.3.139 - - [26/Oct/2025:09:23:57 +0200 - 0.526 - 0.524] "GET /wp-json/contact-form-7/v1/contact-forms/546/feedback/schema HTTP/1.1" 499 0 "https://reocellclinic.com/contacts/?gad_source=2&gad_campaignid=23028410063&gclid=CjwKCAjwjffHBhBuEiwAKMb8pNARnyu4eGU7MNCTcpu3lY35GvdFTobUreNB_oKihYbe_XUuXNTqjxoCWkUQAvD_BwE" "Mozilla/5.0 (Linux; Android 10; K) AppleWebKit/537.36 (KHTML, like Gecko) SamsungBrowser/28.0 Chrome/130.0.0.0 Mobile Safari/537.36" "-"
193.26.3.139 - - [26/Oct/2025:09:23:57 +0200 - 0.576 - 0.576] "POST /wp-admin/admin-ajax.php HTTP/1.1" 499 0 "https://reocellclinic.com/contacts/?gad_source=2&gad_campaignid=23028410063&gclid=CjwKCAjwjffHBhBuEiwAKMb8pNARnyu4eGU7MNCTcpu3lY35GvdFTobUreNB_oKihYbe_XUuXNTqjxoCWkUQAvD_BwE" "Mozilla/5.0 (Linux; Android 10; K) AppleWebKit/537.36 (KHTML, like Gecko) SamsungBrowser/28.0 Chrome/130.0.0.0 Mobile Safari/537.36" "-"
178.151.17.12 - - [26/Oct/2025:09:23:58 +0200 - 0.000 - -] "GET /wp-content/webp-express/webp-images/uploads/2024/12/logo_mob.png.webp HTTP/1.1" 200 1146 "https://reocellclinic.com/contacts/?gad_source=2&gad_campaignid=23028410063&gclid=CjwKCAjwjffHBhBuEiwAKMb8pG7O7lJXgFydDw16HMVC6QsCUTUvr5ej2Z14-6Vu1_is5fMDL0zorhoC70YQAvD_BwE" "Mozilla/5.0 (Linux; Android 10; K) AppleWebKit/537.36 (KHTML, like Gecko) Chrome/141.0.0.0 Mobile Safari/537.36" "-"
178.151.17.12 - - [26/Oct/2025:09:23:58 +0200 - 0.000 - -] "GET /wp-content/webp-express/webp-images/uploads/2024/11/street-1.png.webp HTTP/1.1" 200 4646 "https://reocellclinic.com/contacts/?gad_source=2&gad_campaignid=23028410063&gclid=CjwKCAjwjffHBhBuEiwAKMb8pG7O7lJXgFydDw16HMVC6QsCUTUvr5ej2Z14-6Vu1_is5fMDL0zorhoC70YQAvD_BwE" "Mozilla/5.0 (Linux; Android 10; K) AppleWebKit/537.36 (KHTML, like Gecko) Chrome/141.0.0.0 Mobile Safari/537.36" "-"
178.151.17.12 - - [26/Oct/2025:09:24:03 +0200 - 1.429 - 1.428] "GET /wp-json/contact-form-7/v1/contact-forms/545/feedback/schema HTTP/1.1" 200 339 "https://reocellclinic.com/contacts/?gad_source=2&gad_campaignid=23028410063&gclid=CjwKCAjwjffHBhBuEiwAKMb8pG7O7lJXgFydDw16HMVC6QsCUTUvr5ej2Z14-6Vu1_is5fMDL0zorhoC70YQAvD_BwE" "Mozilla/5.0 (Linux; Android 10; K) AppleWebKit/537.36 (KHTML, like Gecko) Chrome/141.0.0.0 Mobile Safari/537.36" "-"
178.151.17.12 - - [26/Oct/2025:09:24:03 +0200 - 1.503 - 1.504] "GET /wp-json/contact-form-7/v1/contact-forms/1450/feedback/schema HTTP/1.1" 200 385 "https://reocellclinic.com/contacts/?gad_source=2&gad_campaignid=23028410063&gclid=CjwKCAjwjffHBhBuEiwAKMb8pG7O7lJXgFydDw16HMVC6QsCUTUvr5ej2Z14-6Vu1_is5fMDL0zorhoC70YQAvD_BwE" "Mozilla/5.0 (Linux; Android 10; K) AppleWebKit/537.36 (KHTML, like Gecko) Chrome/141.0.0.0 Mobile Safari/537.36" "-"
178.151.17.12 - - [26/Oct/2025:09:24:03 +0200 - 1.554 - 1.552] "GET /wp-json/contact-form-7/v1/contact-forms/546/feedback/schema HTTP/1.1" 200 308 "https://reocellclinic.com/contacts/?gad_source=2&gad_campaignid=23028410063&gclid=CjwKCAjwjffHBhBuEiwAKMb8pG7O7lJXgFydDw16HMVC6QsCUTUvr5ej2Z14-6Vu1_is5fMDL0zorhoC70YQAvD_BwE" "Mozilla/5.0 (Linux; Android 10; K) AppleWebKit/537.36 (KHTML, like Gecko) Chrome/141.0.0.0 Mobile Safari/537.36" "-"
178.151.17.12 - - [26/Oct/2025:09:24:03 +0200 - 1.708 - 1.708] "GET /wp-json/contact-form-7/v1/contact-forms/544/feedback/schema HTTP/1.1" 200 330 "https://reocellclinic.com/contacts/?gad_source=2&gad_campaignid=23028410063&gclid=CjwKCAjwjffHBhBuEiwAKMb8pG7O7lJXgFydDw16HMVC6QsCUTUvr5ej2Z14-6Vu1_is5fMDL0zorhoC70YQAvD_BwE" "Mozilla/5.0 (Linux; Android 10; K) AppleWebKit/537.36 (KHTML, like Gecko) Chrome/141.0.0.0 Mobile Safari/537.36" "-"
178.151.17.12 - - [26/Oct/2025:09:24:03 +0200 - 1.790 - 1.788] "POST /wp-admin/admin-ajax.php HTTP/1.1" 200 32 "https://reocellclinic.com/contacts/?gad_source=2&gad_campaignid=23028410063&gclid=CjwKCAjwjffHBhBuEiwAKMb8pG7O7lJXgFydDw16HMVC6QsCUTUvr5ej2Z14-6Vu1_is5fMDL0zorhoC70YQAvD_BwE" "Mozilla/5.0 (Linux; Android 10; K) AppleWebKit/537.36 (KHTML, like Gecko) Chrome/141.0.0.0 Mobile Safari/537.36" "-"
178.151.17.12 - - [26/Oct/2025:09:24:04 +0200 - 0.000 - -] "GET /wp-content/themes/reocell-clinic/favicon.ico HTTP/1.1" 200 1150 "https://reocellclinic.com/contacts/?gad_source=2&gad_campaignid=23028410063&gclid=CjwKCAjwjffHBhBuEiwAKMb8pG7O7lJXgFydDw16HMVC6QsCUTUvr5ej2Z14-6Vu1_is5fMDL0zorhoC70YQAvD_BwE" "Mozilla/5.0 (Linux; Android 10; K) AppleWebKit/537.36 (KHTML, like Gecko) Chrome/141.0.0.0 Mobile Safari/537.36" "-"
66.249.81.65 - - [26/Oct/2025:09:24:11 +0200 - 1.278 - 1.276] "GET /contacts/?gad_source=2&gad_campaignid=23028410063&gclid=CjwKCAjwjffHBhBuEiwAKMb8pG7O7lJXgFydDw16HMVC6QsCUTUvr5ej2Z14-6Vu1_is5fMDL0zorhoC70YQAvD_BwE HTTP/1.1" 200 18683 "-" "Mozilla/5.0 (Linux; Android 10; K) AppleWebKit/537.36 (KHTML, like Gecko) Chrome/138.0.0.0 Mobile Safari/537.36 (compatible; Google-Read-Aloud; +https://support.google.com/webmasters/answer/1061943)" "-"
31.131.20.181 - - [26/Oct/2025:09:24:33 +0200 - 0.000 - 0.000] "POST /wp-cron.php?doing_wp_cron=1761463473.8549659252166748046875 HTTP/1.1" 499 0 "-" "WordPress/6.8.3; https://reocellclinic.com" "-"
119.28.89.249 - - [26/Oct/2025:09:24:33 +0200 - 0.999 - 1.000] "GET //blog HTTP/1.1" 301 5 "-" "Mozilla/5.0 (iPhone; CPU iPhone OS 13_2_3 like Mac OS X) AppleWebKit/605.1.15 (KHTML, like Gecko) Version/13.0.3 Mobile/15E148 Safari/604.1" "-"
119.28.89.249 - - [26/Oct/2025:09:24:36 +0200 - 1.372 - 1.368] "GET /blog/ HTTP/1.1" 200 22271 "https://reocellclinic.com//blog" "Mozilla/5.0 (iPhone; CPU iPhone OS 13_2_3 like Mac OS X) AppleWebKit/605.1.15 (KHTML, like Gecko) Version/13.0.3 Mobile/15E148 Safari/604.1" "-"
142.132.180.39 - - [26/Oct/2025:09:24:59 +0200 - 1.049 - 1.048] "HEAD / HTTP/1.1" 200 0 "https://reocellclinic.com/" "Mozilla/5.0+(compatible; UptimeRobot/2.0; http://www.uptimerobot.com/)" "-"
46.211.43.144 - - [26/Oct/2025:09:25:09 +0200 - 1.302 - 1.304] "GET /contacts/?gad_source=2&gad_campaignid=23028410063&gclid=CjwKCAjwjffHBhBuEiwAKMb8pH1YN2Yu85M_0pfi-kbGB7EiOBX1o1D8jU84uNdJSZZNWxgN6yFxXhoC4lUQAvD_BwE HTTP/1.1" 200 18706 "-" "Mozilla/5.0 (Linux; Android 10; K) AppleWebKit/537.36 (KHTML, like Gecko) SamsungBrowser/28.0 Chrome/130.0.0.0 Mobile Safari/537.36" "-"
46.211.43.144 - - [26/Oct/2025:09:25:10 +0200 - 0.000 - -] "GET /wp-content/webp-express/webp-images/uploads/2024/12/logo_mob.png.webp HTTP/1.1" 200 1146 "https://reocellclinic.com/contacts/?gad_source=2&gad_campaignid=23028410063&gclid=CjwKCAjwjffHBhBuEiwAKMb8pH1YN2Yu85M_0pfi-kbGB7EiOBX1o1D8jU84uNdJSZZNWxgN6yFxXhoC4lUQAvD_BwE" "Mozilla/5.0 (Linux; Android 10; K) AppleWebKit/537.36 (KHTML, like Gecko) SamsungBrowser/28.0 Chrome/130.0.0.0 Mobile Safari/537.36" "-"
46.211.43.144 - - [26/Oct/2025:09:25:10 +0200 - 0.000 - -] "GET /wp-content/webp-express/webp-images/uploads/2024/11/street-1.png.webp HTTP/1.1" 200 4646 "https://reocellclinic.com/contacts/?gad_source=2&gad_campaignid=23028410063&gclid=CjwKCAjwjffHBhBuEiwAKMb8pH1YN2Yu85M_0pfi-kbGB7EiOBX1o1D8jU84uNdJSZZNWxgN6yFxXhoC4lUQAvD_BwE" "Mozilla/5.0 (Linux; Android 10; K) AppleWebKit/537.36 (KHTML, like Gecko) SamsungBrowser/28.0 Chrome/130.0.0.0 Mobile Safari/537.36" "-"
46.211.43.144 - - [26/Oct/2025:09:25:11 +0200 - 0.000 - -] "GET /wp-content/themes/reocell-clinic/favicon.ico HTTP/1.1" 200 1150 "https://reocellclinic.com/contacts/?gad_source=2&gad_campaignid=23028410063&gclid=CjwKCAjwjffHBhBuEiwAKMb8pH1YN2Yu85M_0pfi-kbGB7EiOBX1o1D8jU84uNdJSZZNWxgN6yFxXhoC4lUQAvD_BwE" "Mozilla/5.0 (Linux; Android 10; K) AppleWebKit/537.36 (KHTML, like Gecko) SamsungBrowser/28.0 Chrome/130.0.0.0 Mobile Safari/537.36" "-"
46.211.43.144 - - [26/Oct/2025:09:25:11 +0200 - 0.862 - 0.860] "POST /wp-admin/admin-ajax.php HTTP/1.1" 499 0 "https://reocellclinic.com/contacts/?gad_source=2&gad_campaignid=23028410063&gclid=CjwKCAjwjffHBhBuEiwAKMb8pH1YN2Yu85M_0pfi-kbGB7EiOBX1o1D8jU84uNdJSZZNWxgN6yFxXhoC4lUQAvD_BwE" "Mozilla/5.0 (Linux; Android 10; K) AppleWebKit/537.36 (KHTML, like Gecko) SamsungBrowser/28.0 Chrome/130.0.0.0 Mobile Safari/537.36" "-"
46.211.43.144 - - [26/Oct/2025:09:25:11 +0200 - 0.477 - 0.476] "GET /wp-json/contact-form-7/v1/contact-forms/1450/feedback/schema HTTP/1.1" 499 0 "https://reocellclinic.com/contacts/?gad_source=2&gad_campaignid=23028410063&gclid=CjwKCAjwjffHBhBuEiwAKMb8pH1YN2Yu85M_0pfi-kbGB7EiOBX1o1D8jU84uNdJSZZNWxgN6yFxXhoC4lUQAvD_BwE" "Mozilla/5.0 (Linux; Android 10; K) AppleWebKit/537.36 (KHTML, like Gecko) SamsungBrowser/28.0 Chrome/130.0.0.0 Mobile Safari/537.36" "-"
46.211.43.144 - - [26/Oct/2025:09:25:11 +0200 - 0.470 - 0.472] "GET /wp-json/contact-form-7/v1/contact-forms/546/feedback/schema HTTP/1.1" 499 0 "https://reocellclinic.com/contacts/?gad_source=2&gad_campaignid=23028410063&gclid=CjwKCAjwjffHBhBuEiwAKMb8pH1YN2Yu85M_0pfi-kbGB7EiOBX1o1D8jU84uNdJSZZNWxgN6yFxXhoC4lUQAvD_BwE" "Mozilla/5.0 (Linux; Android 10; K) AppleWebKit/537.36 (KHTML, like Gecko) SamsungBrowser/28.0 Chrome/130.0.0.0 Mobile Safari/537.36" "-"
46.211.43.144 - - [26/Oct/2025:09:25:11 +0200 - 0.480 - 0.480] "GET /wp-json/contact-form-7/v1/contact-forms/545/feedback/schema HTTP/1.1" 499 0 "https://reocellclinic.com/contacts/?gad_source=2&gad_campaignid=23028410063&gclid=CjwKCAjwjffHBhBuEiwAKMb8pH1YN2Yu85M_0pfi-kbGB7EiOBX1o1D8jU84uNdJSZZNWxgN6yFxXhoC4lUQAvD_BwE" "Mozilla/5.0 (Linux; Android 10; K) AppleWebKit/537.36 (KHTML, like Gecko) SamsungBrowser/28.0 Chrome/130.0.0.0 Mobile Safari/537.36" "-"
46.211.43.144 - - [26/Oct/2025:09:25:11 +0200 - 0.480 - 0.480] "GET /wp-json/contact-form-7/v1/contact-forms/544/feedback/schema HTTP/1.1" 499 0 "https://reocellclinic.com/contacts/?gad_source=2&gad_campaignid=23028410063&gclid=CjwKCAjwjffHBhBuEiwAKMb8pH1YN2Yu85M_0pfi-kbGB7EiOBX1o1D8jU84uNdJSZZNWxgN6yFxXhoC4lUQAvD_BwE" "Mozilla/5.0 (Linux; Android 10; K) AppleWebKit/537.36 (KHTML, like Gecko) SamsungBrowser/28.0 Chrome/130.0.0.0 Mobile Safari/537.36" "-"
31.131.20.181 - - [26/Oct/2025:09:25:51 +0200 - 0.000 - 0.004] "POST /wp-cron.php?doing_wp_cron=1761463551.6767530441284179687500 HTTP/1.1" 499 0 "-" "WordPress/6.8.3; https://reocellclinic.com" "-"
46.151.81.158 - - [26/Oct/2025:09:25:52 +0200 - 1.489 - 1.488] "GET /contacts/?gad_source=2&gad_campaignid=23028410063&gclid=CjwKCAjwjffHBhBuEiwAKMb8pEhxjtvAncN24W66kzM362XWCtKJUaiCreWlB4F-alCa6VCb5_hUGRoCbvoQAvD_BwE HTTP/1.1" 200 18708 "https://youtube.com/" "Mozilla/5.0 (Linux; Android 10; K) AppleWebKit/537.36 (KHTML, like Gecko) Chrome/141.0.0.0 Mobile Safari/537.36" "-"
46.151.81.158 - - [26/Oct/2025:09:25:52 +0200 - 0.000 - -] "GET /wp-content/webp-express/webp-images/uploads/2024/12/logo_mob.png.webp HTTP/1.1" 200 1146 "https://reocellclinic.com/contacts/?gad_source=2&gad_campaignid=23028410063&gclid=CjwKCAjwjffHBhBuEiwAKMb8pEhxjtvAncN24W66kzM362XWCtKJUaiCreWlB4F-alCa6VCb5_hUGRoCbvoQAvD_BwE" "Mozilla/5.0 (Linux; Android 10; K) AppleWebKit/537.36 (KHTML, like Gecko) Chrome/141.0.0.0 Mobile Safari/537.36" "-"
46.151.81.158 - - [26/Oct/2025:09:25:52 +0200 - 0.000 - -] "GET /wp-content/webp-express/webp-images/uploads/2024/11/street-1.png.webp HTTP/1.1" 200 4646 "https://reocellclinic.com/contacts/?gad_source=2&gad_campaignid=23028410063&gclid=CjwKCAjwjffHBhBuEiwAKMb8pEhxjtvAncN24W66kzM362XWCtKJUaiCreWlB4F-alCa6VCb5_hUGRoCbvoQAvD_BwE" "Mozilla/5.0 (Linux; Android 10; K) AppleWebKit/537.36 (KHTML, like Gecko) Chrome/141.0.0.0 Mobile Safari/537.36" "-"
31.131.20.181 - - [26/Oct/2025:09:25:54 +0200 - 0.000 - 0.000] "POST /wp-cron.php?doing_wp_cron=1761463554.5408539772033691406250 HTTP/1.1" 499 0 "-" "WordPress/6.8.3; https://reocellclinic.com" "-"
46.151.81.158 - - [26/Oct/2025:09:25:54 +0200 - 1.306 - 1.304] "POST /wp-admin/admin-ajax.php HTTP/1.1" 200 32 "https://reocellclinic.com/contacts/?gad_source=2&gad_campaignid=23028410063&gclid=CjwKCAjwjffHBhBuEiwAKMb8pEhxjtvAncN24W66kzM362XWCtKJUaiCreWlB4F-alCa6VCb5_hUGRoCbvoQAvD_BwE" "Mozilla/5.0 (Linux; Android 10; K) AppleWebKit/537.36 (KHTML, like Gecko) Chrome/141.0.0.0 Mobile Safari/537.36" "-"
46.151.81.158 - - [26/Oct/2025:09:25:54 +0200 - 1.275 - 1.276] "GET /wp-json/contact-form-7/v1/contact-forms/1450/feedback/schema HTTP/1.1" 200 385 "https://reocellclinic.com/contacts/?gad_source=2&gad_campaignid=23028410063&gclid=CjwKCAjwjffHBhBuEiwAKMb8pEhxjtvAncN24W66kzM362XWCtKJUaiCreWlB4F-alCa6VCb5_hUGRoCbvoQAvD_BwE" "Mozilla/5.0 (Linux; Android 10; K) AppleWebKit/537.36 (KHTML, like Gecko) Chrome/141.0.0.0 Mobile Safari/537.36" "-"
46.151.81.158 - - [26/Oct/2025:09:25:54 +0200 - 1.304 - 1.304] "GET /wp-json/contact-form-7/v1/contact-forms/544/feedback/schema HTTP/1.1" 200 330 "https://reocellclinic.com/contacts/?gad_source=2&gad_campaignid=23028410063&gclid=CjwKCAjwjffHBhBuEiwAKMb8pEhxjtvAncN24W66kzM362XWCtKJUaiCreWlB4F-alCa6VCb5_hUGRoCbvoQAvD_BwE" "Mozilla/5.0 (Linux; Android 10; K) AppleWebKit/537.36 (KHTML, like Gecko) Chrome/141.0.0.0 Mobile Safari/537.36" "-"
46.151.81.158 - - [26/Oct/2025:09:25:54 +0200 - 1.329 - 1.328] "GET /wp-json/contact-form-7/v1/contact-forms/546/feedback/schema HTTP/1.1" 200 308 "https://reocellclinic.com/contacts/?gad_source=2&gad_campaignid=23028410063&gclid=CjwKCAjwjffHBhBuEiwAKMb8pEhxjtvAncN24W66kzM362XWCtKJUaiCreWlB4F-alCa6VCb5_hUGRoCbvoQAvD_BwE" "Mozilla/5.0 (Linux; Android 10; K) AppleWebKit/537.36 (KHTML, like Gecko) Chrome/141.0.0.0 Mobile Safari/537.36" "-"
46.151.81.158 - - [26/Oct/2025:09:25:55 +0200 - 0.000 - -] "GET /wp-content/themes/reocell-clinic/favicon.ico HTTP/1.1" 200 1150 "https://reocellclinic.com/contacts/?gad_source=2&gad_campaignid=23028410063&gclid=CjwKCAjwjffHBhBuEiwAKMb8pEhxjtvAncN24W66kzM362XWCtKJUaiCreWlB4F-alCa6VCb5_hUGRoCbvoQAvD_BwE" "Mozilla/5.0 (Linux; Android 10; K) AppleWebKit/537.36 (KHTML, like Gecko) Chrome/141.0.0.0 Mobile Safari/537.36" "-"
46.151.81.158 - - [26/Oct/2025:09:25:55 +0200 - 2.205 - 2.204] "GET /wp-json/contact-form-7/v1/contact-forms/545/feedback/schema HTTP/1.1" 200 339 "https://reocellclinic.com/contacts/?gad_source=2&gad_campaignid=23028410063&gclid=CjwKCAjwjffHBhBuEiwAKMb8pEhxjtvAncN24W66kzM362XWCtKJUaiCreWlB4F-alCa6VCb5_hUGRoCbvoQAvD_BwE" "Mozilla/5.0 (Linux; Android 10; K) AppleWebKit/537.36 (KHTML, like Gecko) Chrome/141.0.0.0 Mobile Safari/537.36" "-"
82.193.105.37 - - [26/Oct/2025:09:25:57 +0200 - 1.263 - 1.260] "GET /contacts/?gad_source=2&gad_campaignid=23028410063&gclid=CjwKCAjwjffHBhBuEiwAKMb8pMTItN_8TlAOeQBPvpuyQY0W6ZWScBd9tgQj6HoTK7MzqLpYLTz7kBoCYB0QAvD_BwE HTTP/1.1" 200 18706 "https://youtube.com/" "Mozilla/5.0 (Linux; Android 10; K) AppleWebKit/537.36 (KHTML, like Gecko) Chrome/138.0.0.0 Mobile Safari/537.36" "-"
66.249.81.65 - - [26/Oct/2025:09:25:58 +0200 - 1.251 - 1.248] "GET /contacts/?gad_source=2&gad_campaignid=23028410063&gclid=CjwKCAjwjffHBhBuEiwAKMb8pEhxjtvAncN24W66kzM362XWCtKJUaiCreWlB4F-alCa6VCb5_hUGRoCbvoQAvD_BwE HTTP/1.1" 200 18686 "-" "Mozilla/5.0 (Linux; Android 10; K) AppleWebKit/537.36 (KHTML, like Gecko) Chrome/138.0.0.0 Mobile Safari/537.36 (compatible; Google-Read-Aloud; +https://support.google.com/webmasters/answer/1061943)" "-"
82.193.105.37 - - [26/Oct/2025:09:25:58 +0200 - 0.000 - -] "GET /wp-content/webp-express/webp-images/uploads/2024/12/logo_mob.png.webp HTTP/1.1" 200 1146 "https://reocellclinic.com/contacts/?gad_source=2&gad_campaignid=23028410063&gclid=CjwKCAjwjffHBhBuEiwAKMb8pMTItN_8TlAOeQBPvpuyQY0W6ZWScBd9tgQj6HoTK7MzqLpYLTz7kBoCYB0QAvD_BwE" "Mozilla/5.0 (Linux; Android 10; K) AppleWebKit/537.36 (KHTML, like Gecko) Chrome/138.0.0.0 Mobile Safari/537.36" "-"
82.193.105.37 - - [26/Oct/2025:09:25:58 +0200 - 0.000 - -] "GET /wp-content/webp-express/webp-images/uploads/2024/11/street-1.png.webp HTTP/1.1" 200 4646 "https://reocellclinic.com/contacts/?gad_source=2&gad_campaignid=23028410063&gclid=CjwKCAjwjffHBhBuEiwAKMb8pMTItN_8TlAOeQBPvpuyQY0W6ZWScBd9tgQj6HoTK7MzqLpYLTz7kBoCYB0QAvD_BwE" "Mozilla/5.0 (Linux; Android 10; K) AppleWebKit/537.36 (KHTML, like Gecko) Chrome/138.0.0.0 Mobile Safari/537.36" "-"
31.131.20.181 - - [26/Oct/2025:09:26:28 +0200 - 0.000 - 0.000] "POST /wp-cron.php?doing_wp_cron=1761463588.0169279575347900390625 HTTP/1.1" 499 0 "-" "WordPress/6.8.3; https://reocellclinic.com" "-"
91.210.248.224 - - [26/Oct/2025:09:26:28 +0200 - 1.793 - 1.792] "GET /contacts/?gad_source=2&gad_campaignid=23028410063&gclid=CjwKCAjwjffHBhBuEiwAKMb8pNlHhZKzu2S3nnHpy0cRvXkAEt-_P8dnrrl0pzxAdOMvkSULZCAL5BoCARUQAvD_BwE HTTP/1.1" 200 18709 "-" "Mozilla/5.0 (Linux; Android 10; Redmi Note 7 Build/QKQ1.190910.002) AppleWebKit/537.36 (KHTML, like Gecko) Chrome/123.0.6312.118 Mobile Safari/537.36 XiaoMi/MiuiBrowser/14.44.1-gn" "-"
91.210.248.224 - - [26/Oct/2025:09:26:31 +0200 - 0.000 - -] "GET /wp-content/webp-express/webp-images/uploads/2024/12/logo_mob.png.webp HTTP/1.1" 200 1146 "https://reocellclinic.com/contacts/?gad_source=2&gad_campaignid=23028410063&gclid=CjwKCAjwjffHBhBuEiwAKMb8pNlHhZKzu2S3nnHpy0cRvXkAEt-_P8dnrrl0pzxAdOMvkSULZCAL5BoCARUQAvD_BwE" "Mozilla/5.0 (Linux; Android 10; Redmi Note 7 Build/QKQ1.190910.002) AppleWebKit/537.36 (KHTML, like Gecko) Chrome/123.0.6312.118 Mobile Safari/537.36 XiaoMi/MiuiBrowser/14.44.1-gn" "-"
91.210.248.224 - - [26/Oct/2025:09:26:31 +0200 - 0.000 - -] "GET /wp-content/webp-express/webp-images/uploads/2024/11/street-1.png.webp HTTP/1.1" 200 4646 "https://reocellclinic.com/contacts/?gad_source=2&gad_campaignid=23028410063&gclid=CjwKCAjwjffHBhBuEiwAKMb8pNlHhZKzu2S3nnHpy0cRvXkAEt-_P8dnrrl0pzxAdOMvkSULZCAL5BoCARUQAvD_BwE" "Mozilla/5.0 (Linux; Android 10; Redmi Note 7 Build/QKQ1.190910.002) AppleWebKit/537.36 (KHTML, like Gecko) Chrome/123.0.6312.118 Mobile Safari/537.36 XiaoMi/MiuiBrowser/14.44.1-gn" "-"
46.211.7.101 - - [26/Oct/2025:09:26:33 +0200 - 1.386 - 1.388] "GET /contacts/?gad_source=2&gad_campaignid=23028410063&gclid=CjwKCAjwjffHBhBuEiwAKMb8pJh852-KN-7LpC3oUkQeeMoq4nDUo1-fX3Sqtpnw8J9UqLy9JzuFrxoC18YQAvD_BwE HTTP/1.1" 200 18706 "https://youtube.com/" "Mozilla/5.0 (Linux; Android 10; K) AppleWebKit/537.36 (KHTML, like Gecko) SamsungBrowser/28.0 Chrome/130.0.0.0 Mobile Safari/537.36" "-"
46.211.7.101 - - [26/Oct/2025:09:26:34 +0200 - 0.000 - -] "GET /wp-content/webp-express/webp-images/uploads/2024/12/logo_mob.png.webp HTTP/1.1" 200 1146 "https://reocellclinic.com/contacts/?gad_source=2&gad_campaignid=23028410063&gclid=CjwKCAjwjffHBhBuEiwAKMb8pJh852-KN-7LpC3oUkQeeMoq4nDUo1-fX3Sqtpnw8J9UqLy9JzuFrxoC18YQAvD_BwE" "Mozilla/5.0 (Linux; Android 10; K) AppleWebKit/537.36 (KHTML, like Gecko) SamsungBrowser/28.0 Chrome/130.0.0.0 Mobile Safari/537.36" "-"
46.211.7.101 - - [26/Oct/2025:09:26:34 +0200 - 0.000 - -] "GET /wp-content/webp-express/webp-images/uploads/2024/11/street-1.png.webp HTTP/1.1" 200 4646 "https://reocellclinic.com/contacts/?gad_source=2&gad_campaignid=23028410063&gclid=CjwKCAjwjffHBhBuEiwAKMb8pJh852-KN-7LpC3oUkQeeMoq4nDUo1-fX3Sqtpnw8J9UqLy9JzuFrxoC18YQAvD_BwE" "Mozilla/5.0 (Linux; Android 10; K) AppleWebKit/537.36 (KHTML, like Gecko) SamsungBrowser/28.0 Chrome/130.0.0.0 Mobile Safari/537.36" "-"
46.96.69.70 - - [26/Oct/2025:09:26:36 +0200 - 1.780 - 1.780] "GET /contacts/?gad_source=2&gad_campaignid=23028410063&gclid=CjwKCAjwjffHBhBuEiwAKMb8pHv_iR5QoqEDzidXgLDjzj_K3m8YQHGrRLgWyFUzZFPiMXbptLgIHxoCzmMQAvD_BwE HTTP/1.1" 200 18713 "-" "Mozilla/5.0 (Linux; Android 10; K) AppleWebKit/537.36 (KHTML, like Gecko) SamsungBrowser/28.0 Chrome/130.0.0.0 Mobile Safari/537.36" "-"
46.211.7.101 - - [26/Oct/2025:09:26:36 +0200 - 1.162 - 1.160] "GET /wp-json/contact-form-7/v1/contact-forms/1450/feedback/schema HTTP/1.1" 499 0 "https://reocellclinic.com/contacts/?gad_source=2&gad_campaignid=23028410063&gclid=CjwKCAjwjffHBhBuEiwAKMb8pJh852-KN-7LpC3oUkQeeMoq4nDUo1-fX3Sqtpnw8J9UqLy9JzuFrxoC18YQAvD_BwE" "Mozilla/5.0 (Linux; Android 10; K) AppleWebKit/537.36 (KHTML, like Gecko) SamsungBrowser/28.0 Chrome/130.0.0.0 Mobile Safari/537.36" "-"
46.211.7.101 - - [26/Oct/2025:09:26:36 +0200 - 1.114 - 1.116] "GET /wp-json/contact-form-7/v1/contact-forms/545/feedback/schema HTTP/1.1" 499 0 "https://reocellclinic.com/contacts/?gad_source=2&gad_campaignid=23028410063&gclid=CjwKCAjwjffHBhBuEiwAKMb8pJh852-KN-7LpC3oUkQeeMoq4nDUo1-fX3Sqtpnw8J9UqLy9JzuFrxoC18YQAvD_BwE" "Mozilla/5.0 (Linux; Android 10; K) AppleWebKit/537.36 (KHTML, like Gecko) SamsungBrowser/28.0 Chrome/130.0.0.0 Mobile Safari/537.36" "-"
46.211.7.101 - - [26/Oct/2025:09:26:36 +0200 - 1.239 - 1.240] "POST /wp-admin/admin-ajax.php HTTP/1.1" 499 0 "https://reocellclinic.com/contacts/?gad_source=2&gad_campaignid=23028410063&gclid=CjwKCAjwjffHBhBuEiwAKMb8pJh852-KN-7LpC3oUkQeeMoq4nDUo1-fX3Sqtpnw8J9UqLy9JzuFrxoC18YQAvD_BwE" "Mozilla/5.0 (Linux; Android 10; K) AppleWebKit/537.36 (KHTML, like Gecko) SamsungBrowser/28.0 Chrome/130.0.0.0 Mobile Safari/537.36" "-"
46.211.7.101 - - [26/Oct/2025:09:26:36 +0200 - 1.163 - 1.164] "GET /wp-json/contact-form-7/v1/contact-forms/546/feedback/schema HTTP/1.1" 499 0 "https://reocellclinic.com/contacts/?gad_source=2&gad_campaignid=23028410063&gclid=CjwKCAjwjffHBhBuEiwAKMb8pJh852-KN-7LpC3oUkQeeMoq4nDUo1-fX3Sqtpnw8J9UqLy9JzuFrxoC18YQAvD_BwE" "Mozilla/5.0 (Linux; Android 10; K) AppleWebKit/537.36 (KHTML, like Gecko) SamsungBrowser/28.0 Chrome/130.0.0.0 Mobile Safari/537.36" "-"
46.211.7.101 - - [26/Oct/2025:09:26:36 +0200 - 1.145 - 1.144] "GET /wp-json/contact-form-7/v1/contact-forms/544/feedback/schema HTTP/1.1" 499 0 "https://reocellclinic.com/contacts/?gad_source=2&gad_campaignid=23028410063&gclid=CjwKCAjwjffHBhBuEiwAKMb8pJh852-KN-7LpC3oUkQeeMoq4nDUo1-fX3Sqtpnw8J9UqLy9JzuFrxoC18YQAvD_BwE" "Mozilla/5.0 (Linux; Android 10; K) AppleWebKit/537.36 (KHTML, like Gecko) SamsungBrowser/28.0 Chrome/130.0.0.0 Mobile Safari/537.36" "-"
