88.155.5.129 - - [26/Oct/2025:12:16:47 +0200 - 1.879 - 1.880] "GET /wp-json/contact-form-7/v1/contact-forms/544/feedback/schema HTTP/1.1" 200 330 "https://reocellclinic.com/contacts/?gad_source=5&gad_campaignid=22823931488&gclid=EAIaIQobChMIubjqoNHBkAMVVf0NCR0DdR1uEAEYASAAEgJKxPD_BwE" "Mozilla/5.0 (iPhone; CPU iPhone OS 18_5_0 like Mac OS X) AppleWebKit/605.1.15 (KHTML, like Gecko) GSA/391.0.820341064 Mobile/15E148 Safari/604.1" "-"
88.155.5.129 - - [26/Oct/2025:12:16:48 +0200 - 1.955 - 1.956] "GET /wp-json/contact-form-7/v1/contact-forms/1450/feedback/schema HTTP/1.1" 200 385 "https://reocellclinic.com/contacts/?gad_source=5&gad_campaignid=22823931488&gclid=EAIaIQobChMIubjqoNHBkAMVVf0NCR0DdR1uEAEYASAAEgJKxPD_BwE" "Mozilla/5.0 (iPhone; CPU iPhone OS 18_5_0 like Mac OS X) AppleWebKit/605.1.15 (KHTML, like Gecko) GSA/391.0.820341064 Mobile/15E148 Safari/604.1" "-"
88.155.5.129 - - [26/Oct/2025:12:16:48 +0200 - 2.137 - 2.140] "GET /wp-json/contact-form-7/v1/contact-forms/546/feedback/schema HTTP/1.1" 200 308 "https://reocellclinic.com/contacts/?gad_source=5&gad_campaignid=22823931488&gclid=EAIaIQobChMIubjqoNHBkAMVVf0NCR0DdR1uEAEYASAAEgJKxPD_BwE" "Mozilla/5.0 (iPhone; CPU iPhone OS 18_5_0 like Mac OS X) AppleWebKit/605.1.15 (KHTML, like Gecko) GSA/391.0.820341064 Mobile/15E148 Safari/604.1" "-"
88.155.5.129 - - [26/Oct/2025:12:16:48 +0200 - 2.046 - 2.048] "GET /wp-json/contact-form-7/v1/contact-forms/545/feedback/schema HTTP/1.1" 200 339 "https://reocellclinic.com/contacts/?gad_source=5&gad_campaignid=22823931488&gclid=EAIaIQobChMIubjqoNHBkAMVVf0NCR0DdR1uEAEYASAAEgJKxPD_BwE" "Mozilla/5.0 (iPhone; CPU iPhone OS 18_5_0 like Mac OS X) AppleWebKit/605.1.15 (KHTML, like Gecko) GSA/391.0.820341064 Mobile/15E148 Safari/604.1" "-"
88.155.5.129 - - [26/Oct/2025:12:16:48 +0200 - 0.000 - -] "GET /wp-content/uploads/2024/12/logo_mob.png HTTP/1.1" 200 2522 "https://reocellclinic.com/contacts/?gad_source=5&gad_campaignid=22823931488&gclid=EAIaIQobChMIubjqoNHBkAMVVf0NCR0DdR1uEAEYASAAEgJKxPD_BwE" "Mozilla/5.0 (iPhone; CPU iPhone OS 18_5_0 like Mac OS X) AppleWebKit/605.1.15 (KHTML, like Gecko) GSA/391.0.820341064 Mobile/15E148 Safari/604.1" "-"
88.155.5.129 - - [26/Oct/2025:12:16:48 +0200 - 0.000 - -] "GET /wp-content/uploads/2024/11/street-1.png HTTP/1.1" 200 80609 "https://reocellclinic.com/contacts/?gad_source=5&gad_campaignid=22823931488&gclid=EAIaIQobChMIubjqoNHBkAMVVf0NCR0DdR1uEAEYASAAEgJKxPD_BwE" "Mozilla/5.0 (iPhone; CPU iPhone OS 18_5_0 like Mac OS X) AppleWebKit/605.1.15 (KHTML, like Gecko) GSA/391.0.820341064 Mobile/15E148 Safari/604.1" "-"
163.223.13.96 - - [26/Oct/2025:12:17:26 +0200 - 0.000 - -] "POST /xmlrpc.php HTTP/1.1" 404 194 "-" "Mozilla/5.0 (Windows NT 6.3; WOW64) AppleWebKit/537.36 (KHTML, like Gecko) Chrome/66.0.3359.181 Safari/537.36" "-"
31.131.20.181 - - [26/Oct/2025:12:18:03 +0200 - 0.001 - 0.000] "POST /wp-cron.php?doing_wp_cron=1761473883.9270160198211669921875 HTTP/1.1" 499 0 "-" "WordPress/6.8.3; https://reocellclinic.com" "-"
49.13.24.81 - - [26/Oct/2025:12:18:03 +0200 - 1.123 - 1.124] "HEAD / HTTP/1.1" 200 0 "https://reocellclinic.com/" "Mozilla/5.0+(compatible; UptimeRobot/2.0; http://www.uptimerobot.com/)" "-"
31.131.20.181 - - [26/Oct/2025:12:19:22 +0200 - 0.001 - 0.000] "POST /wp-cron.php?doing_wp_cron=1761473962.5052189826965332031250 HTTP/1.1" 499 0 "-" "WordPress/6.8.3; https://reocellclinic.com" "-"
37.53.97.86 - - [26/Oct/2025:12:19:23 +0200 - 1.637 - 1.640] "GET /doctors/?gad_source=1&gad_campaignid=22435247679&gclid=CjwKCAjwjffHBhBuEiwAKMb8pIslUgZITH5VqxDk8hWoX8xMLmpSCRxRyBzIt_7Ko4ITDkWgbTiQjBoCe5YQAvD_BwE HTTP/1.1" 200 26058 "https://www.google.com/" "Mozilla/5.0 (Linux; Android 10; K) AppleWebKit/537.36 (KHTML, like Gecko) Chrome/138.0.0.0 Mobile Safari/537.36" "-"
37.53.97.86 - - [26/Oct/2025:12:19:24 +0200 - 0.000 - -] "GET /wp-content/webp-express/webp-images/uploads/2024/12/logo_mob.png.webp HTTP/1.1" 200 1146 "https://reocellclinic.com/doctors/?gad_source=1&gad_campaignid=22435247679&gclid=CjwKCAjwjffHBhBuEiwAKMb8pIslUgZITH5VqxDk8hWoX8xMLmpSCRxRyBzIt_7Ko4ITDkWgbTiQjBoCe5YQAvD_BwE" "Mozilla/5.0 (Linux; Android 10; K) AppleWebKit/537.36 (KHTML, like Gecko) Chrome/138.0.0.0 Mobile Safari/537.36" "-"
37.53.97.86 - - [26/Oct/2025:12:19:24 +0200 - 0.000 - -] "GET /wp-content/plugins/wp-meta-data-filter-and-taxonomy-filter/images/tax_loader.gif HTTP/1.1" 200 958 "https://reocellclinic.com/doctors/?gad_source=1&gad_campaignid=22435247679&gclid=CjwKCAjwjffHBhBuEiwAKMb8pIslUgZITH5VqxDk8hWoX8xMLmpSCRxRyBzIt_7Ko4ITDkWgbTiQjBoCe5YQAvD_BwE" "Mozilla/5.0 (Linux; Android 10; K) AppleWebKit/537.36 (KHTML, like Gecko) Chrome/138.0.0.0 Mobile Safari/537.36" "-"
37.53.97.86 - - [26/Oct/2025:12:19:24 +0200 - 0.000 - -] "GET /wp-content/webp-express/webp-images/uploads/2025/01/horban-dmytro-andriovych-medychnyy-dyrektor_600x600.jpg.webp HTTP/1.1" 200 22636 "https://reocellclinic.com/doctors/?gad_source=1&gad_campaignid=22435247679&gclid=CjwKCAjwjffHBhBuEiwAKMb8pIslUgZITH5VqxDk8hWoX8xMLmpSCRxRyBzIt_7Ko4ITDkWgbTiQjBoCe5YQAvD_BwE" "Mozilla/5.0 (Linux; Android 10; K) AppleWebKit/537.36 (KHTML, like Gecko) Chrome/138.0.0.0 Mobile Safari/537.36" "-"
37.53.97.86 - - [26/Oct/2025:12:19:24 +0200 - 0.000 - -] "GET /wp-content/webp-express/webp-images/uploads/2025/01/karpenko-tetyana-vasylivna-likar-terapevt_600x600.jpg.webp HTTP/1.1" 200 24810 "https://reocellclinic.com/doctors/?gad_source=1&gad_campaignid=22435247679&gclid=CjwKCAjwjffHBhBuEiwAKMb8pIslUgZITH5VqxDk8hWoX8xMLmpSCRxRyBzIt_7Ko4ITDkWgbTiQjBoCe5YQAvD_BwE" "Mozilla/5.0 (Linux; Android 10; K) AppleWebKit/537.36 (KHTML, like Gecko) Chrome/138.0.0.0 Mobile Safari/537.36" "-"
37.53.97.86 - - [26/Oct/2025:12:19:25 +0200 - 0.000 - -] "GET /wp-content/webp-express/webp-images/uploads/2024/12/mykhalchuk-lidiya-mykolayivna-likar-endokrynoloh_600x600.jpg.webp HTTP/1.1" 200 28014 "https://reocellclinic.com/doctors/?gad_source=1&gad_campaignid=22435247679&gclid=CjwKCAjwjffHBhBuEiwAKMb8pIslUgZITH5VqxDk8hWoX8xMLmpSCRxRyBzIt_7Ko4ITDkWgbTiQjBoCe5YQAvD_BwE" "Mozilla/5.0 (Linux; Android 10; K) AppleWebKit/537.36 (KHTML, like Gecko) Chrome/138.0.0.0 Mobile Safari/537.36" "-"
37.53.97.86 - - [26/Oct/2025:12:19:25 +0200 - 0.000 - -] "GET /wp-content/webp-express/webp-images/uploads/2024/12/malanushenko-maryna-serhiyivna-likar-dermatoloh_600x600.jpg.webp HTTP/1.1" 200 29946 "https://reocellclinic.com/doctors/?gad_source=1&gad_campaignid=22435247679&gclid=CjwKCAjwjffHBhBuEiwAKMb8pIslUgZITH5VqxDk8hWoX8xMLmpSCRxRyBzIt_7Ko4ITDkWgbTiQjBoCe5YQAvD_BwE" "Mozilla/5.0 (Linux; Android 10; K) AppleWebKit/537.36 (KHTML, like Gecko) Chrome/138.0.0.0 Mobile Safari/537.36" "-"
37.53.97.86 - - [26/Oct/2025:12:19:25 +0200 - 0.000 - -] "GET /wp-content/webp-express/webp-images/uploads/2024/12/haydar-oleksandr-anatoliyovych-likar-anestezioloh2_600x600.jpg.webp HTTP/1.1" 200 15962 "https://reocellclinic.com/doctors/?gad_source=1&gad_campaignid=22435247679&gclid=CjwKCAjwjffHBhBuEiwAKMb8pIslUgZITH5VqxDk8hWoX8xMLmpSCRxRyBzIt_7Ko4ITDkWgbTiQjBoCe5YQAvD_BwE" "Mozilla/5.0 (Linux; Android 10; K) AppleWebKit/537.36 (KHTML, like Gecko) Chrome/138.0.0.0 Mobile Safari/537.36" "-"
37.53.97.86 - - [26/Oct/2025:12:19:25 +0200 - 0.000 - -] "GET /wp-content/webp-express/webp-images/uploads/2024/12/tsyhanenko-oleksandr-olehovych-likar-khirurh_600x600.jpg.webp HTTP/1.1" 200 25190 "https://reocellclinic.com/doctors/?gad_source=1&gad_campaignid=22435247679&gclid=CjwKCAjwjffHBhBuEiwAKMb8pIslUgZITH5VqxDk8hWoX8xMLmpSCRxRyBzIt_7Ko4ITDkWgbTiQjBoCe5YQAvD_BwE" "Mozilla/5.0 (Linux; Android 10; K) AppleWebKit/537.36 (KHTML, like Gecko) Chrome/138.0.0.0 Mobile Safari/537.36" "-"
37.53.97.86 - - [26/Oct/2025:12:19:27 +0200 - 1.313 - 1.312] "POST /wp-admin/admin-ajax.php HTTP/1.1" 200 72 "https://reocellclinic.com/doctors/?gad_source=1&gad_campaignid=22435247679&gclid=CjwKCAjwjffHBhBuEiwAKMb8pIslUgZITH5VqxDk8hWoX8xMLmpSCRxRyBzIt_7Ko4ITDkWgbTiQjBoCe5YQAvD_BwE" "Mozilla/5.0 (Linux; Android 10; K) AppleWebKit/537.36 (KHTML, like Gecko) Chrome/138.0.0.0 Mobile Safari/537.36" "-"
37.53.97.86 - - [26/Oct/2025:12:19:27 +0200 - 1.207 - 1.208] "GET /wp-json/contact-form-7/v1/contact-forms/546/feedback/schema HTTP/1.1" 200 308 "https://reocellclinic.com/doctors/?gad_source=1&gad_campaignid=22435247679&gclid=CjwKCAjwjffHBhBuEiwAKMb8pIslUgZITH5VqxDk8hWoX8xMLmpSCRxRyBzIt_7Ko4ITDkWgbTiQjBoCe5YQAvD_BwE" "Mozilla/5.0 (Linux; Android 10; K) AppleWebKit/537.36 (KHTML, like Gecko) Chrome/138.0.0.0 Mobile Safari/537.36" "-"
37.53.97.86 - - [26/Oct/2025:12:19:27 +0200 - 1.325 - 1.324] "GET /wp-json/contact-form-7/v1/contact-forms/544/feedback/schema HTTP/1.1" 200 330 "https://reocellclinic.com/doctors/?gad_source=1&gad_campaignid=22435247679&gclid=CjwKCAjwjffHBhBuEiwAKMb8pIslUgZITH5VqxDk8hWoX8xMLmpSCRxRyBzIt_7Ko4ITDkWgbTiQjBoCe5YQAvD_BwE" "Mozilla/5.0 (Linux; Android 10; K) AppleWebKit/537.36 (KHTML, like Gecko) Chrome/138.0.0.0 Mobile Safari/537.36" "-"
37.53.97.86 - - [26/Oct/2025:12:19:28 +0200 - 0.000 - -] "GET /wp-content/themes/reocell-clinic/favicon.ico HTTP/1.1" 200 1150 "https://reocellclinic.com/doctors/?gad_source=1&gad_campaignid=22435247679&gclid=CjwKCAjwjffHBhBuEiwAKMb8pIslUgZITH5VqxDk8hWoX8xMLmpSCRxRyBzIt_7Ko4ITDkWgbTiQjBoCe5YQAvD_BwE" "Mozilla/5.0 (Linux; Android 10; K) AppleWebKit/537.36 (KHTML, like Gecko) Chrome/138.0.0.0 Mobile Safari/537.36" "-"
37.53.97.86 - - [26/Oct/2025:12:19:29 +0200 - 2.647 - 2.644] "GET /wp-json/contact-form-7/v1/contact-forms/1450/feedback/schema HTTP/1.1" 200 385 "https://reocellclinic.com/doctors/?gad_source=1&gad_campaignid=22435247679&gclid=CjwKCAjwjffHBhBuEiwAKMb8pIslUgZITH5VqxDk8hWoX8xMLmpSCRxRyBzIt_7Ko4ITDkWgbTiQjBoCe5YQAvD_BwE" "Mozilla/5.0 (Linux; Android 10; K) AppleWebKit/537.36 (KHTML, like Gecko) Chrome/138.0.0.0 Mobile Safari/537.36" "-"
37.53.97.86 - - [26/Oct/2025:12:19:29 +0200 - 2.901 - 2.900] "GET /wp-json/contact-form-7/v1/contact-forms/545/feedback/schema HTTP/1.1" 200 339 "https://reocellclinic.com/doctors/?gad_source=1&gad_campaignid=22435247679&gclid=CjwKCAjwjffHBhBuEiwAKMb8pIslUgZITH5VqxDk8hWoX8xMLmpSCRxRyBzIt_7Ko4ITDkWgbTiQjBoCe5YQAvD_BwE" "Mozilla/5.0 (Linux; Android 10; K) AppleWebKit/537.36 (KHTML, like Gecko) Chrome/138.0.0.0 Mobile Safari/537.36" "-"
92.205.110.219 - - [26/Oct/2025:12:20:46 +0200 - 0.000 - -] "POST /xmlrpc.php HTTP/1.1" 404 133 "-" "Mozilla/5.0 (Windows NT 6.1; Trident/7.0; yie11; rv:11.0) like Gecko" "-"
31.131.20.181 - - [26/Oct/2025:12:20:58 +0200 - 0.002 - 0.004] "POST /wp-cron.php?doing_wp_cron=1761474058.0154860019683837890625 HTTP/1.1" 499 0 "-" "WordPress/6.8.3; https://reocellclinic.com" "-"
178.133.49.104 - - [26/Oct/2025:12:20:58 +0200 - 1.553 - 1.552] "GET /contacts/?gad_source=2&gad_campaignid=23028410063&gclid=CjwKCAjwjffHBhBuEiwAKMb8pOZ93axjP19AMZ1sq_B3TYJ4_RR65nN2jPkRhlZwd9o0pCA9NbRAzRoC_-YQAvD_BwE HTTP/1.1" 200 18571 "https://youtube.com/" "Mozilla/5.0 (X11; Linux x86_64) AppleWebKit/537.36 (KHTML, like Gecko) Chrome/141.0.0.0 Safari/537.36" "-"
178.133.49.104 - - [26/Oct/2025:12:20:59 +0200 - 0.000 - -] "GET /wp-content/webp-express/webp-images/uploads/2024/11/street-1.png.webp HTTP/1.1" 200 4646 "https://reocellclinic.com/contacts/?gad_source=2&gad_campaignid=23028410063&gclid=CjwKCAjwjffHBhBuEiwAKMb8pOZ93axjP19AMZ1sq_B3TYJ4_RR65nN2jPkRhlZwd9o0pCA9NbRAzRoC_-YQAvD_BwE" "Mozilla/5.0 (X11; Linux x86_64) AppleWebKit/537.36 (KHTML, like Gecko) Chrome/141.0.0.0 Safari/537.36" "-"
66.249.81.65 - - [26/Oct/2025:12:21:05 +0200 - 1.372 - 1.368] "GET /contacts/?gad_source=2&gad_campaignid=23028410063&gclid=CjwKCAjwjffHBhBuEiwAKMb8pOZ93axjP19AMZ1sq_B3TYJ4_RR65nN2jPkRhlZwd9o0pCA9NbRAzRoC_-YQAvD_BwE HTTP/1.1" 200 18686 "-" "Mozilla/5.0 (Linux; Android 10; K) AppleWebKit/537.36 (KHTML, like Gecko) Chrome/138.0.0.0 Mobile Safari/537.36 (compatible; Google-Read-Aloud; +https://support.google.com/webmasters/answer/1061943)" "-"
46.133.27.37 - - [26/Oct/2025:12:21:07 +0200 - 2.223 - 2.224] "GET /doctors/?gad_source=2&gad_campaignid=23028410063&gclid=CjwKCAjwjffHBhBuEiwAKMb8pAFfRwogZvlWyepV6nyWkvcnJZ9CKN5v6EXXF6C955pNc6a__KuY3hoC3nAQAvD_BwE HTTP/1.1" 200 26055 "https://youtube.com/" "Mozilla/5.0 (Linux; Android 10; K) AppleWebKit/537.36 (KHTML, like Gecko) Chrome/139.0.0.0 Mobile Safari/537.36" "-"
46.133.27.37 - - [26/Oct/2025:12:21:08 +0200 - 0.000 - -] "GET /wp-content/webp-express/webp-images/uploads/2024/12/logo_mob.png.webp HTTP/1.1" 200 1146 "https://reocellclinic.com/doctors/?gad_source=2&gad_campaignid=23028410063&gclid=CjwKCAjwjffHBhBuEiwAKMb8pAFfRwogZvlWyepV6nyWkvcnJZ9CKN5v6EXXF6C955pNc6a__KuY3hoC3nAQAvD_BwE" "Mozilla/5.0 (Linux; Android 10; K) AppleWebKit/537.36 (KHTML, like Gecko) Chrome/139.0.0.0 Mobile Safari/537.36" "-"
46.133.27.37 - - [26/Oct/2025:12:21:08 +0200 - 0.000 - -] "GET /wp-content/plugins/wp-meta-data-filter-and-taxonomy-filter/images/tax_loader.gif HTTP/1.1" 200 958 "https://reocellclinic.com/doctors/?gad_source=2&gad_campaignid=23028410063&gclid=CjwKCAjwjffHBhBuEiwAKMb8pAFfRwogZvlWyepV6nyWkvcnJZ9CKN5v6EXXF6C955pNc6a__KuY3hoC3nAQAvD_BwE" "Mozilla/5.0 (Linux; Android 10; K) AppleWebKit/537.36 (KHTML, like Gecko) Chrome/139.0.0.0 Mobile Safari/537.36" "-"
46.133.27.37 - - [26/Oct/2025:12:21:08 +0200 - 0.000 - -] "GET /wp-content/webp-express/webp-images/uploads/2025/01/horban-dmytro-andriovych-medychnyy-dyrektor_600x600.jpg.webp HTTP/1.1" 200 22636 "https://reocellclinic.com/doctors/?gad_source=2&gad_campaignid=23028410063&gclid=CjwKCAjwjffHBhBuEiwAKMb8pAFfRwogZvlWyepV6nyWkvcnJZ9CKN5v6EXXF6C955pNc6a__KuY3hoC3nAQAvD_BwE" "Mozilla/5.0 (Linux; Android 10; K) AppleWebKit/537.36 (KHTML, like Gecko) Chrome/139.0.0.0 Mobile Safari/537.36" "-"
46.133.27.37 - - [26/Oct/2025:12:21:08 +0200 - 0.000 - -] "GET /wp-content/webp-express/webp-images/uploads/2025/01/karpenko-tetyana-vasylivna-likar-terapevt_600x600.jpg.webp HTTP/1.1" 200 24810 "https://reocellclinic.com/doctors/?gad_source=2&gad_campaignid=23028410063&gclid=CjwKCAjwjffHBhBuEiwAKMb8pAFfRwogZvlWyepV6nyWkvcnJZ9CKN5v6EXXF6C955pNc6a__KuY3hoC3nAQAvD_BwE" "Mozilla/5.0 (Linux; Android 10; K) AppleWebKit/537.36 (KHTML, like Gecko) Chrome/139.0.0.0 Mobile Safari/537.36" "-"
66.102.9.1 - - [26/Oct/2025:12:21:08 +0200 - 2.050 - 2.048] "GET /contacts/ HTTP/1.1" 200 18527 "-" "Mozilla/5.0 (Linux; Android 10; K) AppleWebKit/537.36 (KHTML, like Gecko) Chrome/138.0.0.0 Mobile Safari/537.36 (compatible; Google-Read-Aloud; +https://support.google.com/webmasters/answer/1061943)" "-"
74.125.210.132 - - [26/Oct/2025:12:21:09 +0200 - 2.106 - 2.108] "GET /contacts/ HTTP/1.1" 200 18526 "-" "Mozilla/5.0 (Linux; Android 10; K) AppleWebKit/537.36 (KHTML, like Gecko) Chrome/138.0.0.0 Mobile Safari/537.36 (compatible; Google-Read-Aloud; +https://support.google.com/webmasters/answer/1061943)" "-"
46.133.27.37 - - [26/Oct/2025:12:21:09 +0200 - 0.000 - -] "GET /wp-content/webp-express/webp-images/uploads/2024/12/mykhalchuk-lidiya-mykolayivna-likar-endokrynoloh_600x600.jpg.webp HTTP/1.1" 200 28014 "https://reocellclinic.com/doctors/?gad_source=2&gad_campaignid=23028410063&gclid=CjwKCAjwjffHBhBuEiwAKMb8pAFfRwogZvlWyepV6nyWkvcnJZ9CKN5v6EXXF6C955pNc6a__KuY3hoC3nAQAvD_BwE" "Mozilla/5.0 (Linux; Android 10; K) AppleWebKit/537.36 (KHTML, like Gecko) Chrome/139.0.0.0 Mobile Safari/537.36" "-"
46.133.27.37 - - [26/Oct/2025:12:21:09 +0200 - 0.000 - -] "GET /wp-content/webp-express/webp-images/uploads/2024/12/malanushenko-maryna-serhiyivna-likar-dermatoloh_600x600.jpg.webp HTTP/1.1" 200 29946 "https://reocellclinic.com/doctors/?gad_source=2&gad_campaignid=23028410063&gclid=CjwKCAjwjffHBhBuEiwAKMb8pAFfRwogZvlWyepV6nyWkvcnJZ9CKN5v6EXXF6C955pNc6a__KuY3hoC3nAQAvD_BwE" "Mozilla/5.0 (Linux; Android 10; K) AppleWebKit/537.36 (KHTML, like Gecko) Chrome/139.0.0.0 Mobile Safari/537.36" "-"
46.133.27.37 - - [26/Oct/2025:12:21:09 +0200 - 0.000 - -] "GET /wp-content/webp-express/webp-images/uploads/2024/12/tsyhanenko-oleksandr-olehovych-likar-khirurh_600x600.jpg.webp HTTP/1.1" 200 25190 "https://reocellclinic.com/doctors/?gad_source=2&gad_campaignid=23028410063&gclid=CjwKCAjwjffHBhBuEiwAKMb8pAFfRwogZvlWyepV6nyWkvcnJZ9CKN5v6EXXF6C955pNc6a__KuY3hoC3nAQAvD_BwE" "Mozilla/5.0 (Linux; Android 10; K) AppleWebKit/537.36 (KHTML, like Gecko) Chrome/139.0.0.0 Mobile Safari/537.36" "-"
46.133.27.37 - - [26/Oct/2025:12:21:09 +0200 - 0.000 - -] "GET /wp-content/webp-express/webp-images/uploads/2024/12/haydar-oleksandr-anatoliyovych-likar-anestezioloh2_600x600.jpg.webp HTTP/1.1" 200 15962 "https://reocellclinic.com/doctors/?gad_source=2&gad_campaignid=23028410063&gclid=CjwKCAjwjffHBhBuEiwAKMb8pAFfRwogZvlWyepV6nyWkvcnJZ9CKN5v6EXXF6C955pNc6a__KuY3hoC3nAQAvD_BwE" "Mozilla/5.0 (Linux; Android 10; K) AppleWebKit/537.36 (KHTML, like Gecko) Chrome/139.0.0.0 Mobile Safari/537.36" "-"
74.125.210.132 - - [26/Oct/2025:12:21:11 +0200 - 1.745 - 1.744] "GET /wp-json/contact-form-7/v1/contact-forms/1450/feedback/schema HTTP/1.1" 200 385 "https://reocellclinic.com/contacts/" "Mozilla/5.0 (Linux; Android 10; K) AppleWebKit/537.36 (KHTML, like Gecko) Chrome/138.0.0.0 Mobile Safari/537.36 (compatible; Google-Read-Aloud; +https://support.google.com/webmasters/answer/1061943)" "-"
74.125.210.131 - - [26/Oct/2025:12:21:12 +0200 - 2.700 - 2.700] "POST /wp-admin/admin-ajax.php HTTP/1.1" 200 32 "https://reocellclinic.com/contacts/" "Mozilla/5.0 (Linux; Android 10; K) AppleWebKit/537.36 (KHTML, like Gecko) Chrome/138.0.0.0 Mobile Safari/537.36 (compatible; Google-Read-Aloud; +https://support.google.com/webmasters/answer/1061943)" "-"
46.133.27.37 - - [26/Oct/2025:12:21:12 +0200 - 0.000 - -] "GET /wp-content/themes/reocell-clinic/favicon.ico HTTP/1.1" 200 1150 "https://reocellclinic.com/doctors/?gad_source=2&gad_campaignid=23028410063&gclid=CjwKCAjwjffHBhBuEiwAKMb8pAFfRwogZvlWyepV6nyWkvcnJZ9CKN5v6EXXF6C955pNc6a__KuY3hoC3nAQAvD_BwE" "Mozilla/5.0 (Linux; Android 10; K) AppleWebKit/537.36 (KHTML, like Gecko) Chrome/139.0.0.0 Mobile Safari/537.36" "-"
74.125.210.131 - - [26/Oct/2025:12:21:12 +0200 - 2.661 - 2.660] "GET /wp-json/contact-form-7/v1/contact-forms/546/feedback/schema HTTP/1.1" 200 308 "https://reocellclinic.com/contacts/" "Mozilla/5.0 (Linux; Android 10; K) AppleWebKit/537.36 (KHTML, like Gecko) Chrome/138.0.0.0 Mobile Safari/537.36 (compatible; Google-Read-Aloud; +https://support.google.com/webmasters/answer/1061943)" "-"
46.133.27.37 - - [26/Oct/2025:12:21:13 +0200 - 2.559 - 2.557] "GET /wp-json/contact-form-7/v1/contact-forms/546/feedback/schema HTTP/1.1" 200 308 "https://reocellclinic.com/doctors/?gad_source=2&gad_campaignid=23028410063&gclid=CjwKCAjwjffHBhBuEiwAKMb8pAFfRwogZvlWyepV6nyWkvcnJZ9CKN5v6EXXF6C955pNc6a__KuY3hoC3nAQAvD_BwE" "Mozilla/5.0 (Linux; Android 10; K) AppleWebKit/537.36 (KHTML, like Gecko) Chrome/139.0.0.0 Mobile Safari/537.36" "-"
74.125.210.133 - - [26/Oct/2025:12:21:13 +0200 - 3.070 - 3.073] "GET /wp-json/contact-form-7/v1/contact-forms/545/feedback/schema HTTP/1.1" 200 339 "https://reocellclinic.com/contacts/" "Mozilla/5.0 (Linux; Android 10; K) AppleWebKit/537.36 (KHTML, like Gecko) Chrome/138.0.0.0 Mobile Safari/537.36 (compatible; Google-Read-Aloud; +https://support.google.com/webmasters/answer/1061943)" "-"
74.125.210.131 - - [26/Oct/2025:12:21:13 +0200 - 3.085 - 3.085] "GET /wp-json/contact-form-7/v1/contact-forms/544/feedback/schema HTTP/1.1" 200 330 "https://reocellclinic.com/contacts/" "Mozilla/5.0 (Linux; Android 10; K) AppleWebKit/537.36 (KHTML, like Gecko) Chrome/138.0.0.0 Mobile Safari/537.36 (compatible; Google-Read-Aloud; +https://support.google.com/webmasters/answer/1061943)" "-"
46.133.27.37 - - [26/Oct/2025:12:21:13 +0200 - 2.738 - 2.737] "GET /wp-json/contact-form-7/v1/contact-forms/544/feedback/schema HTTP/1.1" 200 330 "https://reocellclinic.com/doctors/?gad_source=2&gad_campaignid=23028410063&gclid=CjwKCAjwjffHBhBuEiwAKMb8pAFfRwogZvlWyepV6nyWkvcnJZ9CKN5v6EXXF6C955pNc6a__KuY3hoC3nAQAvD_BwE" "Mozilla/5.0 (Linux; Android 10; K) AppleWebKit/537.36 (KHTML, like Gecko) Chrome/139.0.0.0 Mobile Safari/537.36" "-"
46.133.27.37 - - [26/Oct/2025:12:21:13 +0200 - 3.054 - 3.053] "POST /wp-admin/admin-ajax.php HTTP/1.1" 200 72 "https://reocellclinic.com/doctors/?gad_source=2&gad_campaignid=23028410063&gclid=CjwKCAjwjffHBhBuEiwAKMb8pAFfRwogZvlWyepV6nyWkvcnJZ9CKN5v6EXXF6C955pNc6a__KuY3hoC3nAQAvD_BwE" "Mozilla/5.0 (Linux; Android 10; K) AppleWebKit/537.36 (KHTML, like Gecko) Chrome/139.0.0.0 Mobile Safari/537.36" "-"
46.133.27.37 - - [26/Oct/2025:12:21:13 +0200 - 2.931 - 2.929] "GET /wp-json/contact-form-7/v1/contact-forms/545/feedback/schema HTTP/1.1" 200 339 "https://reocellclinic.com/doctors/?gad_source=2&gad_campaignid=23028410063&gclid=CjwKCAjwjffHBhBuEiwAKMb8pAFfRwogZvlWyepV6nyWkvcnJZ9CKN5v6EXXF6C955pNc6a__KuY3hoC3nAQAvD_BwE" "Mozilla/5.0 (Linux; Android 10; K) AppleWebKit/537.36 (KHTML, like Gecko) Chrome/139.0.0.0 Mobile Safari/537.36" "-"
46.133.27.37 - - [26/Oct/2025:12:21:13 +0200 - 2.981 - 2.981] "GET /wp-json/contact-form-7/v1/contact-forms/1450/feedback/schema HTTP/1.1" 200 385 "https://reocellclinic.com/doctors/?gad_source=2&gad_campaignid=23028410063&gclid=CjwKCAjwjffHBhBuEiwAKMb8pAFfRwogZvlWyepV6nyWkvcnJZ9CKN5v6EXXF6C955pNc6a__KuY3hoC3nAQAvD_BwE" "Mozilla/5.0 (Linux; Android 10; K) AppleWebKit/537.36 (KHTML, like Gecko) Chrome/139.0.0.0 Mobile Safari/537.36" "-"
178.133.49.104 - - [26/Oct/2025:12:21:15 +0200 - 1.240 - 1.236] "GET /contacts/?gad_source=2&gad_campaignid=23028410063&gclid=CjwKCAjwjffHBhBuEiwAKMb8pOZ93axjP19AMZ1sq_B3TYJ4_RR65nN2jPkRhlZwd9o0pCA9NbRAzRoC_-YQAvD_BwE HTTP/1.1" 200 18572 "https://youtube.com/" "Mozilla/5.0 (X11; Linux x86_64) AppleWebKit/537.36 (KHTML, like Gecko) Chrome/141.0.0.0 Safari/537.36" "-"
178.133.49.104 - - [26/Oct/2025:12:21:18 +0200 - 1.943 - 1.944] "GET /wp-json/contact-form-7/v1/contact-forms/1450/feedback/schema HTTP/1.1" 200 385 "https://reocellclinic.com/contacts/?gad_source=2&gad_campaignid=23028410063&gclid=CjwKCAjwjffHBhBuEiwAKMb8pOZ93axjP19AMZ1sq_B3TYJ4_RR65nN2jPkRhlZwd9o0pCA9NbRAzRoC_-YQAvD_BwE" "Mozilla/5.0 (X11; Linux x86_64) AppleWebKit/537.36 (KHTML, like Gecko) Chrome/141.0.0.0 Safari/537.36" "-"
178.133.49.104 - - [26/Oct/2025:12:21:18 +0200 - 1.934 - 1.932] "GET /wp-json/contact-form-7/v1/contact-forms/545/feedback/schema HTTP/1.1" 200 339 "https://reocellclinic.com/contacts/?gad_source=2&gad_campaignid=23028410063&gclid=CjwKCAjwjffHBhBuEiwAKMb8pOZ93axjP19AMZ1sq_B3TYJ4_RR65nN2jPkRhlZwd9o0pCA9NbRAzRoC_-YQAvD_BwE" "Mozilla/5.0 (X11; Linux x86_64) AppleWebKit/537.36 (KHTML, like Gecko) Chrome/141.0.0.0 Safari/537.36" "-"
178.133.49.104 - - [26/Oct/2025:12:21:18 +0200 - 2.060 - 2.060] "POST /wp-admin/admin-ajax.php HTTP/1.1" 200 32 "https://reocellclinic.com/contacts/?gad_source=2&gad_campaignid=23028410063&gclid=CjwKCAjwjffHBhBuEiwAKMb8pOZ93axjP19AMZ1sq_B3TYJ4_RR65nN2jPkRhlZwd9o0pCA9NbRAzRoC_-YQAvD_BwE" "Mozilla/5.0 (X11; Linux x86_64) AppleWebKit/537.36 (KHTML, like Gecko) Chrome/141.0.0.0 Safari/537.36" "-"
178.133.49.104 - - [26/Oct/2025:12:21:18 +0200 - 2.016 - 2.016] "GET /wp-json/contact-form-7/v1/contact-forms/544/feedback/schema HTTP/1.1" 200 330 "https://reocellclinic.com/contacts/?gad_source=2&gad_campaignid=23028410063&gclid=CjwKCAjwjffHBhBuEiwAKMb8pOZ93axjP19AMZ1sq_B3TYJ4_RR65nN2jPkRhlZwd9o0pCA9NbRAzRoC_-YQAvD_BwE" "Mozilla/5.0 (X11; Linux x86_64) AppleWebKit/537.36 (KHTML, like Gecko) Chrome/141.0.0.0 Safari/537.36" "-"
178.133.49.104 - - [26/Oct/2025:12:21:18 +0200 - 2.060 - 2.060] "GET /wp-json/contact-form-7/v1/contact-forms/546/feedback/schema HTTP/1.1" 200 308 "https://reocellclinic.com/contacts/?gad_source=2&gad_campaignid=23028410063&gclid=CjwKCAjwjffHBhBuEiwAKMb8pOZ93axjP19AMZ1sq_B3TYJ4_RR65nN2jPkRhlZwd9o0pCA9NbRAzRoC_-YQAvD_BwE" "Mozilla/5.0 (X11; Linux x86_64) AppleWebKit/537.36 (KHTML, like Gecko) Chrome/141.0.0.0 Safari/537.36" "-"
178.133.49.104 - - [26/Oct/2025:12:21:19 +0200 - 0.000 - -] "GET /wp-content/themes/reocell-clinic/favicon.ico HTTP/1.1" 200 1150 "https://reocellclinic.com/contacts/?gad_source=2&gad_campaignid=23028410063&gclid=CjwKCAjwjffHBhBuEiwAKMb8pOZ93axjP19AMZ1sq_B3TYJ4_RR65nN2jPkRhlZwd9o0pCA9NbRAzRoC_-YQAvD_BwE" "Mozilla/5.0 (X11; Linux x86_64) AppleWebKit/537.36 (KHTML, like Gecko) Chrome/141.0.0.0 Safari/537.36" "-"
31.131.20.181 - - [26/Oct/2025:12:21:39 +0200 - 0.001 - 0.000] "POST /wp-cron.php?doing_wp_cron=1761474099.6012580394744873046875 HTTP/1.1" 499 0 "-" "WordPress/6.8.3; https://reocellclinic.com" "-"
88.155.24.94 - - [26/Oct/2025:12:21:40 +0200 - 1.579 - 1.576] "GET /contacts/?gad_source=2&gad_campaignid=23028410063&gclid=CjwKCAjwjffHBhBuEiwAKMb8pL8SOsCCqz-q6WjilRgBPXGJHroY76uGzUewGGa4VWze1wOsM4F-KBoC3oQQAvD_BwE HTTP/1.1" 200 18711 "https://youtube.com/" "Mozilla/5.0 (Linux; Android 10; K) AppleWebKit/537.36 (KHTML, like Gecko) Chrome/140.0.0.0 Mobile Safari/537.36" "-"
31.131.20.181 - - [26/Oct/2025:12:22:34 +0200 - 0.000 - 0.000] "POST /wp-cron.php?doing_wp_cron=1761474154.6829030513763427734375 HTTP/1.1" 499 0 "-" "WordPress/6.8.3; https://reocellclinic.com" "-"
46.96.86.193 - - [26/Oct/2025:12:22:35 +0200 - 1.482 - 1.480] "GET /contacts/?gad_source=2&gad_campaignid=23028410063&gclid=CjwKCAjwjffHBhBuEiwAKMb8pN4A0RmBKyxoLkOnY958leAMNIF8u07IRl1dxbXziPy6vHcxWOFfmBoCEOYQAvD_BwE HTTP/1.1" 200 18708 "https://youtube.com/" "Mozilla/5.0 (Linux; Android 10; K) AppleWebKit/537.36 (KHTML, like Gecko) Chrome/140.0.0.0 Mobile Safari/537.36" "-"
46.96.86.193 - - [26/Oct/2025:12:22:36 +0200 - 0.000 - -] "GET /wp-content/webp-express/webp-images/uploads/2024/12/logo_mob.png.webp HTTP/1.1" 200 1146 "https://reocellclinic.com/contacts/?gad_source=2&gad_campaignid=23028410063&gclid=CjwKCAjwjffHBhBuEiwAKMb8pN4A0RmBKyxoLkOnY958leAMNIF8u07IRl1dxbXziPy6vHcxWOFfmBoCEOYQAvD_BwE" "Mozilla/5.0 (Linux; Android 10; K) AppleWebKit/537.36 (KHTML, like Gecko) Chrome/140.0.0.0 Mobile Safari/537.36" "-"
46.96.86.193 - - [26/Oct/2025:12:22:36 +0200 - 0.000 - -] "GET /wp-content/webp-express/webp-images/uploads/2024/11/street-1.png.webp HTTP/1.1" 200 4646 "https://reocellclinic.com/contacts/?gad_source=2&gad_campaignid=23028410063&gclid=CjwKCAjwjffHBhBuEiwAKMb8pN4A0RmBKyxoLkOnY958leAMNIF8u07IRl1dxbXziPy6vHcxWOFfmBoCEOYQAvD_BwE" "Mozilla/5.0 (Linux; Android 10; K) AppleWebKit/537.36 (KHTML, like Gecko) Chrome/140.0.0.0 Mobile Safari/537.36" "-"
46.96.86.193 - - [26/Oct/2025:12:22:39 +0200 - 0.303 - 0.304] "POST /wp-admin/admin-ajax.php HTTP/1.1" 499 0 "https://reocellclinic.com/contacts/?gad_source=2&gad_campaignid=23028410063&gclid=CjwKCAjwjffHBhBuEiwAKMb8pN4A0RmBKyxoLkOnY958leAMNIF8u07IRl1dxbXziPy6vHcxWOFfmBoCEOYQAvD_BwE" "Mozilla/5.0 (Linux; Android 10; K) AppleWebKit/537.36 (KHTML, like Gecko) Chrome/140.0.0.0 Mobile Safari/537.36" "-"
168.119.96.239 - - [26/Oct/2025:12:23:10 +0200 - 1.155 - 1.156] "HEAD / HTTP/1.1" 200 0 "https://reocellclinic.com/" "Mozilla/5.0+(compatible; UptimeRobot/2.0; http://www.uptimerobot.com/)" "-"
31.131.20.181 - - [26/Oct/2025:12:25:41 +0200 - 0.000 - 0.004] "POST /wp-cron.php?doing_wp_cron=1761474341.0525720119476318359375 HTTP/1.1" 499 0 "-" "WordPress/6.8.3; https://reocellclinic.com" "-"
46.211.212.118 - - [26/Oct/2025:12:25:41 +0200 - 1.526 - 1.528] "GET /contacts/?gad_source=2&gad_campaignid=23028410063&gclid=CjwKCAjwjffHBhBuEiwAKMb8pHltJVKzBcqP96XV-oha3aPkbvGfBu0asCr_e2YNkIbM3wS9XGCcwBoCZ8IQAvD_BwE HTTP/1.1" 200 18709 "https://youtube.com/" "Mozilla/5.0 (Linux; Android 10; K) AppleWebKit/537.36 (KHTML, like Gecko) Chrome/136.0.0.0 Mobile Safari/537.36" "-"
46.211.212.118 - - [26/Oct/2025:12:25:41 +0200 - 0.000 - -] "GET /wp-content/webp-express/webp-images/uploads/2024/12/logo_mob.png.webp HTTP/1.1" 200 1146 "https://reocellclinic.com/contacts/?gad_source=2&gad_campaignid=23028410063&gclid=CjwKCAjwjffHBhBuEiwAKMb8pHltJVKzBcqP96XV-oha3aPkbvGfBu0asCr_e2YNkIbM3wS9XGCcwBoCZ8IQAvD_BwE" "Mozilla/5.0 (Linux; Android 10; K) AppleWebKit/537.36 (KHTML, like Gecko) Chrome/136.0.0.0 Mobile Safari/537.36" "-"
46.211.212.118 - - [26/Oct/2025:12:25:41 +0200 - 0.000 - -] "GET /wp-content/webp-express/webp-images/uploads/2024/11/street-1.png.webp HTTP/1.1" 200 4646 "https://reocellclinic.com/contacts/?gad_source=2&gad_campaignid=23028410063&gclid=CjwKCAjwjffHBhBuEiwAKMb8pHltJVKzBcqP96XV-oha3aPkbvGfBu0asCr_e2YNkIbM3wS9XGCcwBoCZ8IQAvD_BwE" "Mozilla/5.0 (Linux; Android 10; K) AppleWebKit/537.36 (KHTML, like Gecko) Chrome/136.0.0.0 Mobile Safari/537.36" "-"
46.96.55.10 - - [26/Oct/2025:12:25:43 +0200 - 1.645 - 1.648] "GET /contacts/?gad_source=2&gad_campaignid=23028410063&gclid=CjwKCAjwjffHBhBuEiwAKMb8pLxJ0DhpiLJ9PlNi0MdLa-x84o6dxilB49__NmPOQRwUPhMOUka25hoCXAIQAvD_BwE HTTP/1.1" 200 18705 "https://youtube.com/" "Mozilla/5.0 (Linux; Android 10; K) AppleWebKit/537.36 (KHTML, like Gecko) Chrome/141.0.0.0 Mobile Safari/537.36" "-"
46.211.212.118 - - [26/Oct/2025:12:25:43 +0200 - 0.000 - -] "GET /wp-content/themes/reocell-clinic/favicon.ico HTTP/1.1" 200 1150 "https://reocellclinic.com/contacts/?gad_source=2&gad_campaignid=23028410063&gclid=CjwKCAjwjffHBhBuEiwAKMb8pHltJVKzBcqP96XV-oha3aPkbvGfBu0asCr_e2YNkIbM3wS9XGCcwBoCZ8IQAvD_BwE" "Mozilla/5.0 (Linux; Android 10; K) AppleWebKit/537.36 (KHTML, like Gecko) Chrome/136.0.0.0 Mobile Safari/537.36" "-"
46.211.212.118 - - [26/Oct/2025:12:25:44 +0200 - 1.555 - 1.556] "POST /wp-admin/admin-ajax.php HTTP/1.1" 200 32 "https://reocellclinic.com/contacts/?gad_source=2&gad_campaignid=23028410063&gclid=CjwKCAjwjffHBhBuEiwAKMb8pHltJVKzBcqP96XV-oha3aPkbvGfBu0asCr_e2YNkIbM3wS9XGCcwBoCZ8IQAvD_BwE" "Mozilla/5.0 (Linux; Android 10; K) AppleWebKit/537.36 (KHTML, like Gecko) Chrome/136.0.0.0 Mobile Safari/537.36" "-"
46.96.55.10 - - [26/Oct/2025:12:25:44 +0200 - 0.000 - -] "GET /wp-content/webp-express/webp-images/uploads/2024/12/logo_mob.png.webp HTTP/1.1" 200 1146 "https://reocellclinic.com/contacts/?gad_source=2&gad_campaignid=23028410063&gclid=CjwKCAjwjffHBhBuEiwAKMb8pLxJ0DhpiLJ9PlNi0MdLa-x84o6dxilB49__NmPOQRwUPhMOUka25hoCXAIQAvD_BwE" "Mozilla/5.0 (Linux; Android 10; K) AppleWebKit/537.36 (KHTML, like Gecko) Chrome/141.0.0.0 Mobile Safari/537.36" "-"
46.211.212.118 - - [26/Oct/2025:12:25:44 +0200 - 1.790 - 1.788] "GET /wp-json/contact-form-7/v1/contact-forms/1450/feedback/schema HTTP/1.1" 200 385 "https://reocellclinic.com/contacts/?gad_source=2&gad_campaignid=23028410063&gclid=CjwKCAjwjffHBhBuEiwAKMb8pHltJVKzBcqP96XV-oha3aPkbvGfBu0asCr_e2YNkIbM3wS9XGCcwBoCZ8IQAvD_BwE" "Mozilla/5.0 (Linux; Android 10; K) AppleWebKit/537.36 (KHTML, like Gecko) Chrome/136.0.0.0 Mobile Safari/537.36" "-"
46.96.55.10 - - [26/Oct/2025:12:25:44 +0200 - 0.000 - -] "GET /wp-content/webp-express/webp-images/uploads/2024/11/street-1.png.webp HTTP/1.1" 200 4646 "https://reocellclinic.com/contacts/?gad_source=2&gad_campaignid=23028410063&gclid=CjwKCAjwjffHBhBuEiwAKMb8pLxJ0DhpiLJ9PlNi0MdLa-x84o6dxilB49__NmPOQRwUPhMOUka25hoCXAIQAvD_BwE" "Mozilla/5.0 (Linux; Android 10; K) AppleWebKit/537.36 (KHTML, like Gecko) Chrome/141.0.0.0 Mobile Safari/537.36" "-"
46.211.212.118 - - [26/Oct/2025:12:25:44 +0200 - 1.883 - 1.884] "GET /wp-json/contact-form-7/v1/contact-forms/546/feedback/schema HTTP/1.1" 200 308 "https://reocellclinic.com/contacts/?gad_source=2&gad_campaignid=23028410063&gclid=CjwKCAjwjffHBhBuEiwAKMb8pHltJVKzBcqP96XV-oha3aPkbvGfBu0asCr_e2YNkIbM3wS9XGCcwBoCZ8IQAvD_BwE" "Mozilla/5.0 (Linux; Android 10; K) AppleWebKit/537.36 (KHTML, like Gecko) Chrome/136.0.0.0 Mobile Safari/537.36" "-"
46.211.212.118 - - [26/Oct/2025:12:25:44 +0200 - 1.952 - 1.952] "GET /wp-json/contact-form-7/v1/contact-forms/545/feedback/schema HTTP/1.1" 200 339 "https://reocellclinic.com/contacts/?gad_source=2&gad_campaignid=23028410063&gclid=CjwKCAjwjffHBhBuEiwAKMb8pHltJVKzBcqP96XV-oha3aPkbvGfBu0asCr_e2YNkIbM3wS9XGCcwBoCZ8IQAvD_BwE" "Mozilla/5.0 (Linux; Android 10; K) AppleWebKit/537.36 (KHTML, like Gecko) Chrome/136.0.0.0 Mobile Safari/537.36" "-"
46.211.212.118 - - [26/Oct/2025:12:25:44 +0200 - 1.995 - 1.996] "GET /wp-json/contact-form-7/v1/contact-forms/544/feedback/schema HTTP/1.1" 200 330 "https://reocellclinic.com/contacts/?gad_source=2&gad_campaignid=23028410063&gclid=CjwKCAjwjffHBhBuEiwAKMb8pHltJVKzBcqP96XV-oha3aPkbvGfBu0asCr_e2YNkIbM3wS9XGCcwBoCZ8IQAvD_BwE" "Mozilla/5.0 (Linux; Android 10; K) AppleWebKit/537.36 (KHTML, like Gecko) Chrome/136.0.0.0 Mobile Safari/537.36" "-"
31.172.83.210 - - [26/Oct/2025:12:27:40 +0200 - 0.000 - -] "POST /xmlrpc.php HTTP/1.1" 404 194 "-" "Mozilla/5.0 (Windows NT 6.3; WOW64) AppleWebKit/537.36 (KHTML, like Gecko) Chrome/66.0.3359.139 Safari/537.36" "-"
31.131.20.181 - - [26/Oct/2025:12:27:49 +0200 - 0.001 - 0.000] "POST /wp-cron.php?doing_wp_cron=1761474469.0499019622802734375000 HTTP/1.1" 499 0 "-" "WordPress/6.8.3; https://reocellclinic.com" "-"
46.211.212.118 - - [26/Oct/2025:12:27:49 +0200 - 1.449 - 1.452] "GET /contacts/?gad_source=2&gad_campaignid=23028410063&gclid=CjwKCAjwjffHBhBuEiwAKMb8pHltJVKzBcqP96XV-oha3aPkbvGfBu0asCr_e2YNkIbM3wS9XGCcwBoCZ8IQAvD_BwE HTTP/1.1" 200 18708 "https://youtube.com/" "Mozilla/5.0 (Linux; Android 10; K) AppleWebKit/537.36 (KHTML, like Gecko) Chrome/136.0.0.0 Mobile Safari/537.36" "-"
46.211.212.118 - - [26/Oct/2025:12:27:51 +0200 - 1.425 - 1.428] "GET /wp-json/contact-form-7/v1/contact-forms/1450/feedback/schema HTTP/1.1" 200 385 "https://reocellclinic.com/contacts/?gad_source=2&gad_campaignid=23028410063&gclid=CjwKCAjwjffHBhBuEiwAKMb8pHltJVKzBcqP96XV-oha3aPkbvGfBu0asCr_e2YNkIbM3wS9XGCcwBoCZ8IQAvD_BwE" "Mozilla/5.0 (Linux; Android 10; K) AppleWebKit/537.36 (KHTML, like Gecko) Chrome/136.0.0.0 Mobile Safari/537.36" "-"
46.211.212.118 - - [26/Oct/2025:12:27:51 +0200 - 1.714 - 1.712] "POST /wp-admin/admin-ajax.php HTTP/1.1" 200 32 "https://reocellclinic.com/contacts/?gad_source=2&gad_campaignid=23028410063&gclid=CjwKCAjwjffHBhBuEiwAKMb8pHltJVKzBcqP96XV-oha3aPkbvGfBu0asCr_e2YNkIbM3wS9XGCcwBoCZ8IQAvD_BwE" "Mozilla/5.0 (Linux; Android 10; K) AppleWebKit/537.36 (KHTML, like Gecko) Chrome/136.0.0.0 Mobile Safari/537.36" "-"
46.211.212.118 - - [26/Oct/2025:12:27:52 +0200 - 1.607 - 1.608] "GET /wp-json/contact-form-7/v1/contact-forms/545/feedback/schema HTTP/1.1" 200 339 "https://reocellclinic.com/contacts/?gad_source=2&gad_campaignid=23028410063&gclid=CjwKCAjwjffHBhBuEiwAKMb8pHltJVKzBcqP96XV-oha3aPkbvGfBu0asCr_e2YNkIbM3wS9XGCcwBoCZ8IQAvD_BwE" "Mozilla/5.0 (Linux; Android 10; K) AppleWebKit/537.36 (KHTML, like Gecko) Chrome/136.0.0.0 Mobile Safari/537.36" "-"
46.211.212.118 - - [26/Oct/2025:12:27:52 +0200 - 1.656 - 1.656] "GET /wp-json/contact-form-7/v1/contact-forms/546/feedback/schema HTTP/1.1" 499 0 "https://reocellclinic.com/contacts/?gad_source=2&gad_campaignid=23028410063&gclid=CjwKCAjwjffHBhBuEiwAKMb8pHltJVKzBcqP96XV-oha3aPkbvGfBu0asCr_e2YNkIbM3wS9XGCcwBoCZ8IQAvD_BwE" "Mozilla/5.0 (Linux; Android 10; K) AppleWebKit/537.36 (KHTML, like Gecko) Chrome/136.0.0.0 Mobile Safari/537.36" "-"
46.211.212.118 - - [26/Oct/2025:12:27:52 +0200 - 1.619 - 1.620] "GET /wp-json/contact-form-7/v1/contact-forms/544/feedback/schema HTTP/1.1" 499 0 "https://reocellclinic.com/contacts/?gad_source=2&gad_campaignid=23028410063&gclid=CjwKCAjwjffHBhBuEiwAKMb8pHltJVKzBcqP96XV-oha3aPkbvGfBu0asCr_e2YNkIbM3wS9XGCcwBoCZ8IQAvD_BwE" "Mozilla/5.0 (Linux; Android 10; K) AppleWebKit/537.36 (KHTML, like Gecko) Chrome/136.0.0.0 Mobile Safari/537.36" "-"
52.59.43.236 - - [26/Oct/2025:12:28:15 +0200 - 1.112 - 1.112] "HEAD / HTTP/1.1" 200 0 "https://reocellclinic.com/" "Mozilla/5.0+(compatible; UptimeRobot/2.0; http://www.uptimerobot.com/)" "-"
31.131.20.181 - - [26/Oct/2025:12:33:20 +0200 - 0.001 - 0.000] "POST /wp-cron.php?doing_wp_cron=1761474800.7238678932189941406250 HTTP/1.1" 499 0 "-" "WordPress/6.8.3; https://reocellclinic.com" "-"
168.119.96.239 - - [26/Oct/2025:12:33:20 +0200 - 1.102 - 1.100] "HEAD / HTTP/1.1" 200 0 "https://reocellclinic.com/" "Mozilla/5.0+(compatible; UptimeRobot/2.0; http://www.uptimerobot.com/)" "-"
31.131.20.181 - - [26/Oct/2025:12:33:47 +0200 - 0.002 - 0.004] "POST /wp-cron.php?doing_wp_cron=1761474827.5434520244598388671875 HTTP/1.1" 499 0 "-" "WordPress/6.8.3; https://reocellclinic.com" "-"
46.211.223.228 - - [26/Oct/2025:12:33:47 +0200 - 1.410 - 1.408] "GET /contacts/?gad_source=2&gad_campaignid=23028410063&wbraid=CloKCQjw6vHHBhCVARJJAIa35nal3kwRj3wPZQaRbSbdjzhh1yaZ2e3gu_YZTFvZqVpJEtkPFO92HU2rsoz8LXO8RgPWXj34a4uZunrtv5LR-g62ypDAMBoCalE HTTP/1.1" 200 18723 "-" "Mozilla/5.0 (iPhone; CPU iPhone OS 16_7_10 like Mac OS X) AppleWebKit/605.1.15 (KHTML, like Gecko) Version/16.6 Mobile/15E148 Safari/604.1" "-"
46.211.223.228 - - [26/Oct/2025:12:33:50 +0200 - 1.355 - 1.357] "GET /wp-json/contact-form-7/v1/contact-forms/1450/feedback/schema HTTP/1.1" 200 385 "https://reocellclinic.com/contacts/?gad_source=2&gad_campaignid=23028410063&wbraid=CloKCQjw6vHHBhCVARJJAIa35nal3kwRj3wPZQaRbSbdjzhh1yaZ2e3gu_YZTFvZqVpJEtkPFO92HU2rsoz8LXO8RgPWXj34a4uZunrtv5LR-g62ypDAMBoCalE" "Mozilla/5.0 (iPhone; CPU iPhone OS 16_7_10 like Mac OS X) AppleWebKit/605.1.15 (KHTML, like Gecko) Version/16.6 Mobile/15E148 Safari/604.1" "-"
46.211.223.228 - - [26/Oct/2025:12:33:50 +0200 - 1.434 - 1.437] "POST /wp-admin/admin-ajax.php HTTP/1.1" 200 32 "https://reocellclinic.com/contacts/?gad_source=2&gad_campaignid=23028410063&wbraid=CloKCQjw6vHHBhCVARJJAIa35nal3kwRj3wPZQaRbSbdjzhh1yaZ2e3gu_YZTFvZqVpJEtkPFO92HU2rsoz8LXO8RgPWXj34a4uZunrtv5LR-g62ypDAMBoCalE" "Mozilla/5.0 (iPhone; CPU iPhone OS 16_7_10 like Mac OS X) AppleWebKit/605.1.15 (KHTML, like Gecko) Version/16.6 Mobile/15E148 Safari/604.1" "-"
46.211.223.228 - - [26/Oct/2025:12:33:50 +0200 - 1.515 - 1.517] "GET /wp-json/contact-form-7/v1/contact-forms/544/feedback/schema HTTP/1.1" 200 330 "https://reocellclinic.com/contacts/?gad_source=2&gad_campaignid=23028410063&wbraid=CloKCQjw6vHHBhCVARJJAIa35nal3kwRj3wPZQaRbSbdjzhh1yaZ2e3gu_YZTFvZqVpJEtkPFO92HU2rsoz8LXO8RgPWXj34a4uZunrtv5LR-g62ypDAMBoCalE" "Mozilla/5.0 (iPhone; CPU iPhone OS 16_7_10 like Mac OS X) AppleWebKit/605.1.15 (KHTML, like Gecko) Version/16.6 Mobile/15E148 Safari/604.1" "-"
46.211.223.228 - - [26/Oct/2025:12:33:50 +0200 - 1.458 - 1.457] "GET /wp-json/contact-form-7/v1/contact-forms/546/feedback/schema HTTP/1.1" 200 308 "https://reocellclinic.com/contacts/?gad_source=2&gad_campaignid=23028410063&wbraid=CloKCQjw6vHHBhCVARJJAIa35nal3kwRj3wPZQaRbSbdjzhh1yaZ2e3gu_YZTFvZqVpJEtkPFO92HU2rsoz8LXO8RgPWXj34a4uZunrtv5LR-g62ypDAMBoCalE" "Mozilla/5.0 (iPhone; CPU iPhone OS 16_7_10 like Mac OS X) AppleWebKit/605.1.15 (KHTML, like Gecko) Version/16.6 Mobile/15E148 Safari/604.1" "-"
46.211.223.228 - - [26/Oct/2025:12:33:50 +0200 - 1.513 - 1.513] "GET /wp-json/contact-form-7/v1/contact-forms/545/feedback/schema HTTP/1.1" 200 339 "https://reocellclinic.com/contacts/?gad_source=2&gad_campaignid=23028410063&wbraid=CloKCQjw6vHHBhCVARJJAIa35nal3kwRj3wPZQaRbSbdjzhh1yaZ2e3gu_YZTFvZqVpJEtkPFO92HU2rsoz8LXO8RgPWXj34a4uZunrtv5LR-g62ypDAMBoCalE" "Mozilla/5.0 (iPhone; CPU iPhone OS 16_7_10 like Mac OS X) AppleWebKit/605.1.15 (KHTML, like Gecko) Version/16.6 Mobile/15E148 Safari/604.1" "-"
46.211.223.228 - - [26/Oct/2025:12:33:50 +0200 - 0.000 - -] "GET /wp-content/uploads/2024/12/logo_mob.png HTTP/1.1" 200 2522 "https://reocellclinic.com/contacts/?gad_source=2&gad_campaignid=23028410063&wbraid=CloKCQjw6vHHBhCVARJJAIa35nal3kwRj3wPZQaRbSbdjzhh1yaZ2e3gu_YZTFvZqVpJEtkPFO92HU2rsoz8LXO8RgPWXj34a4uZunrtv5LR-g62ypDAMBoCalE" "Mozilla/5.0 (iPhone; CPU iPhone OS 16_7_10 like Mac OS X) AppleWebKit/605.1.15 (KHTML, like Gecko) Version/16.6 Mobile/15E148 Safari/604.1" "-"
46.211.223.228 - - [26/Oct/2025:12:33:50 +0200 - 0.124 - -] "GET /wp-content/uploads/2024/11/street-1.png HTTP/1.1" 200 80609 "https://reocellclinic.com/contacts/?gad_source=2&gad_campaignid=23028410063&wbraid=CloKCQjw6vHHBhCVARJJAIa35nal3kwRj3wPZQaRbSbdjzhh1yaZ2e3gu_YZTFvZqVpJEtkPFO92HU2rsoz8LXO8RgPWXj34a4uZunrtv5LR-g62ypDAMBoCalE" "Mozilla/5.0 (iPhone; CPU iPhone OS 16_7_10 like Mac OS X) AppleWebKit/605.1.15 (KHTML, like Gecko) Version/16.6 Mobile/15E148 Safari/604.1" "-"
31.131.20.181 - - [26/Oct/2025:12:35:21 +0200 - 0.000 - 0.000] "POST /wp-cron.php?doing_wp_cron=1761474921.9213969707489013671875 HTTP/1.1" 499 0 "-" "WordPress/6.8.3; https://reocellclinic.com" "-"
46.211.58.106 - - [26/Oct/2025:12:35:22 +0200 - 1.481 - 1.480] "GET /contacts/?gad_source=2&gad_campaignid=23028410063&gclid=CjwKCAjwjffHBhBuEiwAKMb8pMSBcLp2z4DMox0C7Gu38R0znkh4xw9jaZRUqL8eKTwQSAqFlp8T5BoCIqAQAvD_BwE HTTP/1.1" 200 18710 "https://youtube.com/" "Mozilla/5.0 (Linux; Android 10; K) AppleWebKit/537.36 (KHTML, like Gecko) Chrome/141.0.0.0 Mobile Safari/537.36" "-"
46.211.58.106 - - [26/Oct/2025:12:35:24 +0200 - 1.728 - 1.728] "POST /wp-admin/admin-ajax.php HTTP/1.1" 200 32 "https://reocellclinic.com/contacts/?gad_source=2&gad_campaignid=23028410063&gclid=CjwKCAjwjffHBhBuEiwAKMb8pMSBcLp2z4DMox0C7Gu38R0znkh4xw9jaZRUqL8eKTwQSAqFlp8T5BoCIqAQAvD_BwE" "Mozilla/5.0 (Linux; Android 10; K) AppleWebKit/537.36 (KHTML, like Gecko) Chrome/141.0.0.0 Mobile Safari/537.36" "-"
46.211.58.106 - - [26/Oct/2025:12:35:25 +0200 - 1.780 - 1.780] "GET /wp-json/contact-form-7/v1/contact-forms/1450/feedback/schema HTTP/1.1" 200 385 "https://reocellclinic.com/contacts/?gad_source=2&gad_campaignid=23028410063&gclid=CjwKCAjwjffHBhBuEiwAKMb8pMSBcLp2z4DMox0C7Gu38R0znkh4xw9jaZRUqL8eKTwQSAqFlp8T5BoCIqAQAvD_BwE" "Mozilla/5.0 (Linux; Android 10; K) AppleWebKit/537.36 (KHTML, like Gecko) Chrome/141.0.0.0 Mobile Safari/537.36" "-"
46.211.58.106 - - [26/Oct/2025:12:35:25 +0200 - 1.589 - 1.588] "GET /wp-json/contact-form-7/v1/contact-forms/545/feedback/schema HTTP/1.1" 200 339 "https://reocellclinic.com/contacts/?gad_source=2&gad_campaignid=23028410063&gclid=CjwKCAjwjffHBhBuEiwAKMb8pMSBcLp2z4DMox0C7Gu38R0znkh4xw9jaZRUqL8eKTwQSAqFlp8T5BoCIqAQAvD_BwE" "Mozilla/5.0 (Linux; Android 10; K) AppleWebKit/537.36 (KHTML, like Gecko) Chrome/141.0.0.0 Mobile Safari/537.36" "-"
46.211.58.106 - - [26/Oct/2025:12:35:25 +0200 - 1.596 - 1.592] "GET /wp-json/contact-form-7/v1/contact-forms/546/feedback/schema HTTP/1.1" 200 308 "https://reocellclinic.com/contacts/?gad_source=2&gad_campaignid=23028410063&gclid=CjwKCAjwjffHBhBuEiwAKMb8pMSBcLp2z4DMox0C7Gu38R0znkh4xw9jaZRUqL8eKTwQSAqFlp8T5BoCIqAQAvD_BwE" "Mozilla/5.0 (Linux; Android 10; K) AppleWebKit/537.36 (KHTML, like Gecko) Chrome/141.0.0.0 Mobile Safari/537.36" "-"
46.211.58.106 - - [26/Oct/2025:12:35:25 +0200 - 1.632 - 1.628] "GET /wp-json/contact-form-7/v1/contact-forms/544/feedback/schema HTTP/1.1" 200 330 "https://reocellclinic.com/contacts/?gad_source=2&gad_campaignid=23028410063&gclid=CjwKCAjwjffHBhBuEiwAKMb8pMSBcLp2z4DMox0C7Gu38R0znkh4xw9jaZRUqL8eKTwQSAqFlp8T5BoCIqAQAvD_BwE" "Mozilla/5.0 (Linux; Android 10; K) AppleWebKit/537.36 (KHTML, like Gecko) Chrome/141.0.0.0 Mobile Safari/537.36" "-"
198.244.168.168 - - [26/Oct/2025:12:35:39 +0200 - 1.528 - 1.528] "GET /en/endokrinologiya/ HTTP/1.1" 200 18494 "-" "Mozilla/5.0 (compatible; AhrefsBot/7.0; +http://ahrefs.com/robot/)" "-"
195.26.249.212 - - [26/Oct/2025:12:37:33 +0200 - 0.000 - -] "POST /xmlrpc.php HTTP/1.1" 404 194 "-" "Mozilla/5.0 (X11; Datanyze; Linux x86_64) AppleWebKit/537.36 (KHTML, like Gecko) Chrome/65.0.3325.181 Safari/537.36" "-"
31.131.20.181 - - [26/Oct/2025:12:38:25 +0200 - 0.001 - 0.000] "POST /wp-cron.php?doing_wp_cron=1761475105.7183640003204345703125 HTTP/1.1" 499 0 "-" "WordPress/6.8.3; https://reocellclinic.com" "-"
18.192.166.72 - - [26/Oct/2025:12:38:25 +0200 - 1.242 - 1.244] "HEAD / HTTP/1.1" 200 0 "https://reocellclinic.com/" "Mozilla/5.0+(compatible; UptimeRobot/2.0; http://www.uptimerobot.com/)" "-"
31.131.20.181 - - [26/Oct/2025:12:39:29 +0200 - 0.000 - 0.000] "POST /wp-cron.php?doing_wp_cron=1761475169.4877560138702392578125 HTTP/1.1" 499 0 "-" "WordPress/6.8.3; https://reocellclinic.com" "-"
88.155.28.143 - - [26/Oct/2025:12:39:29 +0200 - 1.333 - 1.332] "GET /contacts/?gad_source=2&gad_campaignid=23028410063&gclid=CjwKCAjwjffHBhBuEiwAKMb8pLbUb5PFzrCpw4-NWvLRax1ftKFlaU-ptwaPLporyVP3NSAgyryt7hoCN8UQAvD_BwE HTTP/1.1" 200 18703 "https://youtube.com/" "Mozilla/5.0 (Linux; Android 10; K) AppleWebKit/537.36 (KHTML, like Gecko) Chrome/131.0.0.0 Mobile Safari/537.36" "-"
31.131.20.181 - - [26/Oct/2025:12:40:52 +0200 - 0.003 - 0.004] "POST /wp-cron.php?doing_wp_cron=1761475252.7878448963165283203125 HTTP/1.1" 499 0 "-" "WordPress/6.8.3; https://reocellclinic.com" "-"
94.153.12.181 - - [26/Oct/2025:12:40:53 +0200 - 1.557 - 1.556] "GET /doctors/?gad_source=5&gad_campaignid=23028410063&gclid=CjwKCAjwjffHBhBuEiwAKMb8pEbobeU2H41PUQh6fMTzKzByaPTcN5NhvxX-2UVEM9dCYo4MeoO9RhoCZ5AQAvD_BwE HTTP/1.1" 200 26054 "https://imasdk.googleapis.com/" "Mozilla/5.0 (Linux; Android 10; K) AppleWebKit/537.36 (KHTML, like Gecko) Chrome/131.0.0.0 Mobile Safari/537.36" "-"
31.131.20.181 - - [26/Oct/2025:12:41:37 +0200 - 0.002 - 0.000] "POST /wp-cron.php?doing_wp_cron=1761475297.3621640205383300781250 HTTP/1.1" 499 0 "-" "WordPress/6.8.3; https://reocellclinic.com" "-"
159.224.217.94 - - [26/Oct/2025:12:41:37 +0200 - 1.490 - 1.488] "GET /contacts/?gad_source=2&gad_campaignid=23028410063&gclid=CjwKCAjwjffHBhBuEiwAKMb8pNkcilaztZK68Qx8dpwY7IentJf9UvVA_onlhalRTTOTi8ZAdYo1nRoCUmgQAvD_BwE HTTP/1.1" 200 18708 "https://youtube.com/" "Mozilla/5.0 (Linux; Android 10; K) AppleWebKit/537.36 (KHTML, like Gecko) Chrome/141.0.0.0 Mobile Safari/537.36" "-"
159.224.217.94 - - [26/Oct/2025:12:41:38 +0200 - 0.000 - -] "GET /wp-content/webp-express/webp-images/uploads/2024/12/logo_mob.png.webp HTTP/1.1" 200 1146 "https://reocellclinic.com/contacts/?gad_source=2&gad_campaignid=23028410063&gclid=CjwKCAjwjffHBhBuEiwAKMb8pNkcilaztZK68Qx8dpwY7IentJf9UvVA_onlhalRTTOTi8ZAdYo1nRoCUmgQAvD_BwE" "Mozilla/5.0 (Linux; Android 10; K) AppleWebKit/537.36 (KHTML, like Gecko) Chrome/141.0.0.0 Mobile Safari/537.36" "-"
159.224.217.94 - - [26/Oct/2025:12:41:38 +0200 - 0.000 - -] "GET /wp-content/webp-express/webp-images/uploads/2024/11/street-1.png.webp HTTP/1.1" 200 4646 "https://reocellclinic.com/contacts/?gad_source=2&gad_campaignid=23028410063&gclid=CjwKCAjwjffHBhBuEiwAKMb8pNkcilaztZK68Qx8dpwY7IentJf9UvVA_onlhalRTTOTi8ZAdYo1nRoCUmgQAvD_BwE" "Mozilla/5.0 (Linux; Android 10; K) AppleWebKit/537.36 (KHTML, like Gecko) Chrome/141.0.0.0 Mobile Safari/537.36" "-"
159.224.217.94 - - [26/Oct/2025:12:41:39 +0200 - 0.000 - -] "GET /wp-content/themes/reocell-clinic/favicon.ico HTTP/1.1" 200 1150 "https://reocellclinic.com/contacts/?gad_source=2&gad_campaignid=23028410063&gclid=CjwKCAjwjffHBhBuEiwAKMb8pNkcilaztZK68Qx8dpwY7IentJf9UvVA_onlhalRTTOTi8ZAdYo1nRoCUmgQAvD_BwE" "Mozilla/5.0 (Linux; Android 10; K) AppleWebKit/537.36 (KHTML, like Gecko) Chrome/141.0.0.0 Mobile Safari/537.36" "-"
159.224.217.94 - - [26/Oct/2025:12:41:40 +0200 - 1.537 - 1.536] "GET /wp-json/contact-form-7/v1/contact-forms/546/feedback/schema HTTP/1.1" 200 308 "https://reocellclinic.com/contacts/?gad_source=2&gad_campaignid=23028410063&gclid=CjwKCAjwjffHBhBuEiwAKMb8pNkcilaztZK68Qx8dpwY7IentJf9UvVA_onlhalRTTOTi8ZAdYo1nRoCUmgQAvD_BwE" "Mozilla/5.0 (Linux; Android 10; K) AppleWebKit/537.36 (KHTML, like Gecko) Chrome/141.0.0.0 Mobile Safari/537.36" "-"
159.224.217.94 - - [26/Oct/2025:12:41:40 +0200 - 1.633 - 1.632] "GET /wp-json/contact-form-7/v1/contact-forms/1450/feedback/schema HTTP/1.1" 200 385 "https://reocellclinic.com/contacts/?gad_source=2&gad_campaignid=23028410063&gclid=CjwKCAjwjffHBhBuEiwAKMb8pNkcilaztZK68Qx8dpwY7IentJf9UvVA_onlhalRTTOTi8ZAdYo1nRoCUmgQAvD_BwE" "Mozilla/5.0 (Linux; Android 10; K) AppleWebKit/537.36 (KHTML, like Gecko) Chrome/141.0.0.0 Mobile Safari/537.36" "-"
159.224.217.94 - - [26/Oct/2025:12:41:40 +0200 - 1.762 - 1.760] "POST /wp-admin/admin-ajax.php HTTP/1.1" 200 32 "https://reocellclinic.com/contacts/?gad_source=2&gad_campaignid=23028410063&gclid=CjwKCAjwjffHBhBuEiwAKMb8pNkcilaztZK68Qx8dpwY7IentJf9UvVA_onlhalRTTOTi8ZAdYo1nRoCUmgQAvD_BwE" "Mozilla/5.0 (Linux; Android 10; K) AppleWebKit/537.36 (KHTML, like Gecko) Chrome/141.0.0.0 Mobile Safari/537.36" "-"
159.224.217.94 - - [26/Oct/2025:12:41:40 +0200 - 1.680 - 1.680] "GET /wp-json/contact-form-7/v1/contact-forms/545/feedback/schema HTTP/1.1" 200 339 "https://reocellclinic.com/contacts/?gad_source=2&gad_campaignid=23028410063&gclid=CjwKCAjwjffHBhBuEiwAKMb8pNkcilaztZK68Qx8dpwY7IentJf9UvVA_onlhalRTTOTi8ZAdYo1nRoCUmgQAvD_BwE" "Mozilla/5.0 (Linux; Android 10; K) AppleWebKit/537.36 (KHTML, like Gecko) Chrome/141.0.0.0 Mobile Safari/537.36" "-"
159.224.217.94 - - [26/Oct/2025:12:41:40 +0200 - 1.692 - 1.692] "GET /wp-json/contact-form-7/v1/contact-forms/544/feedback/schema HTTP/1.1" 200 330 "https://reocellclinic.com/contacts/?gad_source=2&gad_campaignid=23028410063&gclid=CjwKCAjwjffHBhBuEiwAKMb8pNkcilaztZK68Qx8dpwY7IentJf9UvVA_onlhalRTTOTi8ZAdYo1nRoCUmgQAvD_BwE" "Mozilla/5.0 (Linux; Android 10; K) AppleWebKit/537.36 (KHTML, like Gecko) Chrome/141.0.0.0 Mobile Safari/537.36" "-"
66.249.81.65 - - [26/Oct/2025:12:41:43 +0200 - 1.379 - 1.380] "GET /contacts/?gad_source=2&gad_campaignid=23028410063&gclid=CjwKCAjwjffHBhBuEiwAKMb8pNkcilaztZK68Qx8dpwY7IentJf9UvVA_onlhalRTTOTi8ZAdYo1nRoCUmgQAvD_BwE HTTP/1.1" 200 18684 "-" "Mozilla/5.0 (Linux; Android 10; K) AppleWebKit/537.36 (KHTML, like Gecko) Chrome/138.0.0.0 Mobile Safari/537.36 (compatible; Google-Read-Aloud; +https://support.google.com/webmasters/answer/1061943)" "-"
46.96.47.223 - - [26/Oct/2025:12:41:58 +0200 - 1.459 - 1.460] "GET /contacts/?gad_source=2&gad_campaignid=23028410063&gclid=CjwKCAjwjffHBhBuEiwAKMb8pNF2xCqJgPZMmavwT1wzaxruAwGwpr8jGAGYW8Je_viWNbsenjDw3BoCZvIQAvD_BwE HTTP/1.1" 200 18709 "https://youtube.com/" "Mozilla/5.0 (Linux; Android 10; K) AppleWebKit/537.36 (KHTML, like Gecko) Chrome/141.0.0.0 Mobile Safari/537.36" "-"
46.96.47.223 - - [26/Oct/2025:12:41:59 +0200 - 0.000 - -] "GET /wp-content/webp-express/webp-images/uploads/2024/12/logo_mob.png.webp HTTP/1.1" 200 1146 "https://reocellclinic.com/contacts/?gad_source=2&gad_campaignid=23028410063&gclid=CjwKCAjwjffHBhBuEiwAKMb8pNF2xCqJgPZMmavwT1wzaxruAwGwpr8jGAGYW8Je_viWNbsenjDw3BoCZvIQAvD_BwE" "Mozilla/5.0 (Linux; Android 10; K) AppleWebKit/537.36 (KHTML, like Gecko) Chrome/141.0.0.0 Mobile Safari/537.36" "-"
