188.163.108.144 - - [26/Oct/2025:05:11:27 +0200 - 0.000 - -] "GET /wp-content/uploads/2024/12/haydar-oleksandr-anatoliyovych-likar-anestezioloh2_600x600.jpg HTTP/1.1" 200 36326 "https://reocellclinic.com/doctors/?gad_source=5&gad_campaignid=22621857751&gclid=EAIaIQobChMIg4vf0PHAkAMVtKD9Bx1SvB8VEAEYASAAEgKRpvD_BwE" "Mozilla/5.0 (iPhone; CPU iPhone OS 16_7_12 like Mac OS X) AppleWebKit/605.1.15 (KHTML, like Gecko) Mobile/20H364 Safari/604.1 [FBAN/FBIOS;FBAV/536.0.0.41.69;FBBV/810658357;FBDV/iPhone10,6;FBMD/iPhone;FBSN/iOS;FBSV/16.7.12;FBSS/3;FBID/phone;FBLC/uk_UA;FBOP/5;FBRV/812686217;IABMV/1]" "-"
188.163.108.144 - - [26/Oct/2025:05:11:28 +0200 - 1.697 - 1.696] "GET /wp-json/contact-form-7/v1/contact-forms/1450/feedback/schema HTTP/1.1" 200 385 "https://reocellclinic.com/doctors/?gad_source=5&gad_campaignid=22621857751&gclid=EAIaIQobChMIg4vf0PHAkAMVtKD9Bx1SvB8VEAEYASAAEgKRpvD_BwE" "Mozilla/5.0 (iPhone; CPU iPhone OS 16_7_12 like Mac OS X) AppleWebKit/605.1.15 (KHTML, like Gecko) Mobile/20H364 Safari/604.1 [FBAN/FBIOS;FBAV/536.0.0.41.69;FBBV/810658357;FBDV/iPhone10,6;FBMD/iPhone;FBSN/iOS;FBSV/16.7.12;FBSS/3;FBID/phone;FBLC/uk_UA;FBOP/5;FBRV/812686217;IABMV/1]" "-"
62.60.130.213 - - [26/Oct/2025:05:11:28 +0200 - 2.062 - 2.064] "GET /wp-admin/index.php HTTP/1.1" 302 5 "https://reocellclinic.com/wp-login.php" "Mozilla/5.0 (Macintosh; Intel Mac OS X 10_15_7) AppleWebKit/605.1.15 (KHTML, like Gecko) Version/17.2 Safari/605.1.15" "-"
188.163.108.144 - - [26/Oct/2025:05:11:28 +0200 - 1.835 - 1.836] "POST /wp-admin/admin-ajax.php HTTP/1.1" 200 72 "https://reocellclinic.com/doctors/?gad_source=5&gad_campaignid=22621857751&gclid=EAIaIQobChMIg4vf0PHAkAMVtKD9Bx1SvB8VEAEYASAAEgKRpvD_BwE" "Mozilla/5.0 (iPhone; CPU iPhone OS 16_7_12 like Mac OS X) AppleWebKit/605.1.15 (KHTML, like Gecko) Mobile/20H364 Safari/604.1 [FBAN/FBIOS;FBAV/536.0.0.41.69;FBBV/810658357;FBDV/iPhone10,6;FBMD/iPhone;FBSN/iOS;FBSV/16.7.12;FBSS/3;FBID/phone;FBLC/uk_UA;FBOP/5;FBRV/812686217;IABMV/1]" "-"
188.163.108.144 - - [26/Oct/2025:05:11:28 +0200 - 1.832 - 1.832] "GET /wp-json/contact-form-7/v1/contact-forms/545/feedback/schema HTTP/1.1" 200 339 "https://reocellclinic.com/doctors/?gad_source=5&gad_campaignid=22621857751&gclid=EAIaIQobChMIg4vf0PHAkAMVtKD9Bx1SvB8VEAEYASAAEgKRpvD_BwE" "Mozilla/5.0 (iPhone; CPU iPhone OS 16_7_12 like Mac OS X) AppleWebKit/605.1.15 (KHTML, like Gecko) Mobile/20H364 Safari/604.1 [FBAN/FBIOS;FBAV/536.0.0.41.69;FBBV/810658357;FBDV/iPhone10,6;FBMD/iPhone;FBSN/iOS;FBSV/16.7.12;FBSS/3;FBID/phone;FBLC/uk_UA;FBOP/5;FBRV/812686217;IABMV/1]" "-"
188.163.108.144 - - [26/Oct/2025:05:11:28 +0200 - 1.972 - 1.972] "GET /wp-json/contact-form-7/v1/contact-forms/546/feedback/schema HTTP/1.1" 200 308 "https://reocellclinic.com/doctors/?gad_source=5&gad_campaignid=22621857751&gclid=EAIaIQobChMIg4vf0PHAkAMVtKD9Bx1SvB8VEAEYASAAEgKRpvD_BwE" "Mozilla/5.0 (iPhone; CPU iPhone OS 16_7_12 like Mac OS X) AppleWebKit/605.1.15 (KHTML, like Gecko) Mobile/20H364 Safari/604.1 [FBAN/FBIOS;FBAV/536.0.0.41.69;FBBV/810658357;FBDV/iPhone10,6;FBMD/iPhone;FBSN/iOS;FBSV/16.7.12;FBSS/3;FBID/phone;FBLC/uk_UA;FBOP/5;FBRV/812686217;IABMV/1]" "-"
188.163.108.144 - - [26/Oct/2025:05:11:28 +0200 - 1.954 - 1.956] "GET /wp-json/contact-form-7/v1/contact-forms/544/feedback/schema HTTP/1.1" 200 330 "https://reocellclinic.com/doctors/?gad_source=5&gad_campaignid=22621857751&gclid=EAIaIQobChMIg4vf0PHAkAMVtKD9Bx1SvB8VEAEYASAAEgKRpvD_BwE" "Mozilla/5.0 (iPhone; CPU iPhone OS 16_7_12 like Mac OS X) AppleWebKit/605.1.15 (KHTML, like Gecko) Mobile/20H364 Safari/604.1 [FBAN/FBIOS;FBAV/536.0.0.41.69;FBBV/810658357;FBDV/iPhone10,6;FBMD/iPhone;FBSN/iOS;FBSV/16.7.12;FBSS/3;FBID/phone;FBLC/uk_UA;FBOP/5;FBRV/812686217;IABMV/1]" "-"
62.60.130.213 - - [26/Oct/2025:05:11:29 +0200 - 0.419 - 0.416] "GET /wp-login.php?redirect_to=https%3A%2F%2Freocellclinic.com%2Fwp-admin%2Findex.php&reauth=1 HTTP/1.1" 404 150 "https://reocellclinic.com/wp-login.php" "Mozilla/5.0 (Macintosh; Intel Mac OS X 10_15_7) AppleWebKit/605.1.15 (KHTML, like Gecko) Version/17.2 Safari/605.1.15" "-"
62.60.130.213 - - [26/Oct/2025:05:11:31 +0200 - 1.084 - 1.084] "GET /wp-admin/profile.php HTTP/1.1" 302 5 "https://reocellclinic.com/wp-login.php" "Mozilla/5.0 (Macintosh; Intel Mac OS X 10_15_7) AppleWebKit/605.1.15 (KHTML, like Gecko) Version/17.2 Safari/605.1.15" "-"
62.60.130.213 - - [26/Oct/2025:05:11:31 +0200 - 0.446 - 0.448] "GET /wp-login.php?redirect_to=https%3A%2F%2Freocellclinic.com%2Fwp-admin%2Fprofile.php&reauth=1 HTTP/1.1" 404 150 "https://reocellclinic.com/wp-login.php" "Mozilla/5.0 (Macintosh; Intel Mac OS X 10_15_7) AppleWebKit/605.1.15 (KHTML, like Gecko) Version/17.2 Safari/605.1.15" "-"
62.60.130.213 - - [26/Oct/2025:05:11:33 +0200 - 1.112 - 1.108] "GET /wp-admin/edit.php HTTP/1.1" 302 5 "https://reocellclinic.com/wp-login.php" "Mozilla/5.0 (Macintosh; Intel Mac OS X 10_15_7) AppleWebKit/605.1.15 (KHTML, like Gecko) Version/17.2 Safari/605.1.15" "-"
62.60.130.213 - - [26/Oct/2025:05:11:33 +0200 - 0.472 - 0.472] "GET /wp-login.php?redirect_to=https%3A%2F%2Freocellclinic.com%2Fwp-admin%2Fedit.php&reauth=1 HTTP/1.1" 404 150 "https://reocellclinic.com/wp-login.php" "Mozilla/5.0 (Macintosh; Intel Mac OS X 10_15_7) AppleWebKit/605.1.15 (KHTML, like Gecko) Version/17.2 Safari/605.1.15" "-"
62.60.130.213 - - [26/Oct/2025:05:11:35 +0200 - 1.136 - 1.136] "GET /wp-admin/plugins.php HTTP/1.1" 302 5 "https://reocellclinic.com/wp-login.php" "Mozilla/5.0 (Macintosh; Intel Mac OS X 10_15_7) AppleWebKit/605.1.15 (KHTML, like Gecko) Version/17.2 Safari/605.1.15" "-"
62.60.130.213 - - [26/Oct/2025:05:11:35 +0200 - 0.434 - 0.432] "GET /wp-login.php?redirect_to=https%3A%2F%2Freocellclinic.com%2Fwp-admin%2Fplugins.php&reauth=1 HTTP/1.1" 404 150 "https://reocellclinic.com/wp-login.php" "Mozilla/5.0 (Macintosh; Intel Mac OS X 10_15_7) AppleWebKit/605.1.15 (KHTML, like Gecko) Version/17.2 Safari/605.1.15" "-"
62.60.130.213 - - [26/Oct/2025:05:11:36 +0200 - 0.437 - 0.436] "POST /wp-login.php HTTP/1.1" 404 150 "https://reocellclinic.com/wp-login.php" "Mozilla/5.0 (X11; Linux x86_64) AppleWebKit/537.36 (KHTML, like Gecko) Chrome/118.0.0.0 Safari/537.36" "-"
62.60.130.213 - - [26/Oct/2025:05:11:37 +0200 - 1.143 - 1.144] "GET /wp-admin/index.php HTTP/1.1" 302 5 "https://reocellclinic.com/wp-login.php" "Mozilla/5.0 (Windows NT 10.0; Win64; x64; rv:120.0) Gecko/20100101 Firefox/120.0" "-"
62.60.130.213 - - [26/Oct/2025:05:11:38 +0200 - 0.431 - 0.432] "GET /wp-login.php?redirect_to=https%3A%2F%2Freocellclinic.com%2Fwp-admin%2Findex.php&reauth=1 HTTP/1.1" 404 150 "https://reocellclinic.com/wp-login.php" "Mozilla/5.0 (Windows NT 10.0; Win64; x64; rv:120.0) Gecko/20100101 Firefox/120.0" "-"
62.60.130.213 - - [26/Oct/2025:05:11:39 +0200 - 1.160 - 1.160] "GET /wp-admin/profile.php HTTP/1.1" 302 5 "https://reocellclinic.com/wp-login.php" "Mozilla/5.0 (Windows NT 10.0; Win64; x64; rv:120.0) Gecko/20100101 Firefox/120.0" "-"
62.60.130.213 - - [26/Oct/2025:05:11:40 +0200 - 0.500 - 0.500] "GET /wp-login.php?redirect_to=https%3A%2F%2Freocellclinic.com%2Fwp-admin%2Fprofile.php&reauth=1 HTTP/1.1" 404 150 "https://reocellclinic.com/wp-login.php" "Mozilla/5.0 (Windows NT 10.0; Win64; x64; rv:120.0) Gecko/20100101 Firefox/120.0" "-"
62.60.130.213 - - [26/Oct/2025:05:11:41 +0200 - 1.159 - 1.160] "GET /wp-admin/edit.php HTTP/1.1" 302 5 "https://reocellclinic.com/wp-login.php" "Mozilla/5.0 (Windows NT 10.0; Win64; x64; rv:120.0) Gecko/20100101 Firefox/120.0" "-"
62.60.130.213 - - [26/Oct/2025:05:11:42 +0200 - 0.444 - 0.444] "GET /wp-login.php?redirect_to=https%3A%2F%2Freocellclinic.com%2Fwp-admin%2Fedit.php&reauth=1 HTTP/1.1" 404 150 "https://reocellclinic.com/wp-login.php" "Mozilla/5.0 (Windows NT 10.0; Win64; x64; rv:120.0) Gecko/20100101 Firefox/120.0" "-"
62.60.130.213 - - [26/Oct/2025:05:11:43 +0200 - 1.150 - 1.152] "GET /wp-admin/plugins.php HTTP/1.1" 302 5 "https://reocellclinic.com/wp-login.php" "Mozilla/5.0 (Windows NT 10.0; Win64; x64; rv:120.0) Gecko/20100101 Firefox/120.0" "-"
62.60.130.213 - - [26/Oct/2025:05:11:43 +0200 - 0.414 - 0.412] "GET /wp-login.php?redirect_to=https%3A%2F%2Freocellclinic.com%2Fwp-admin%2Fplugins.php&reauth=1 HTTP/1.1" 404 150 "https://reocellclinic.com/wp-login.php" "Mozilla/5.0 (Windows NT 10.0; Win64; x64; rv:120.0) Gecko/20100101 Firefox/120.0" "-"
62.60.130.213 - - [26/Oct/2025:05:11:44 +0200 - 0.438 - 0.436] "POST /wp-login.php HTTP/1.1" 404 150 "https://reocellclinic.com/wp-login.php" "Mozilla/5.0 (X11; Ubuntu; Linux x86_64) AppleWebKit/537.36 (KHTML, like Gecko) Chrome/119.0.0.0 Safari/537.36" "-"
62.60.130.213 - - [26/Oct/2025:05:11:45 +0200 - 1.157 - 1.156] "GET /wp-admin/index.php HTTP/1.1" 302 5 "https://reocellclinic.com/wp-login.php" "Mozilla/5.0 (Macintosh; Intel Mac OS X 13_6_1) AppleWebKit/537.36 (KHTML, like Gecko) Chrome/120.0.0.0 Safari/537.36" "-"
62.60.130.213 - - [26/Oct/2025:05:11:46 +0200 - 0.457 - 0.456] "GET /wp-login.php?redirect_to=https%3A%2F%2Freocellclinic.com%2Fwp-admin%2Findex.php&reauth=1 HTTP/1.1" 404 150 "https://reocellclinic.com/wp-login.php" "Mozilla/5.0 (Macintosh; Intel Mac OS X 13_6_1) AppleWebKit/537.36 (KHTML, like Gecko) Chrome/120.0.0.0 Safari/537.36" "-"
62.60.130.213 - - [26/Oct/2025:05:11:47 +0200 - 1.280 - 1.276] "GET /wp-admin/profile.php HTTP/1.1" 302 5 "https://reocellclinic.com/wp-login.php" "Mozilla/5.0 (Macintosh; Intel Mac OS X 13_6_1) AppleWebKit/537.36 (KHTML, like Gecko) Chrome/120.0.0.0 Safari/537.36" "-"
62.60.130.213 - - [26/Oct/2025:05:11:48 +0200 - 0.442 - 0.444] "GET /wp-login.php?redirect_to=https%3A%2F%2Freocellclinic.com%2Fwp-admin%2Fprofile.php&reauth=1 HTTP/1.1" 404 150 "https://reocellclinic.com/wp-login.php" "Mozilla/5.0 (Macintosh; Intel Mac OS X 13_6_1) AppleWebKit/537.36 (KHTML, like Gecko) Chrome/120.0.0.0 Safari/537.36" "-"
5.248.30.115 - - [26/Oct/2025:05:11:49 +0200 - 1.513 - 1.512] "GET /doctors/?gad_source=5&gad_campaignid=22621857751&gclid=CjwKCAjw6vHHBhBwEiwAq4zvA8VlUm30cy-FwYaM31ZlbrK_KimHpiZVs1LERpFmPTcSd1cFudZA5xoCfaYQAvD_BwE HTTP/1.1" 200 26051 "https://www.russianfood.com/" "Mozilla/5.0 (Linux; Android 10; K) AppleWebKit/537.36 (KHTML, like Gecko) Chrome/141.0.0.0 Mobile Safari/537.36" "-"
62.60.130.213 - - [26/Oct/2025:05:11:49 +0200 - 1.201 - 1.200] "GET /wp-admin/edit.php HTTP/1.1" 302 5 "https://reocellclinic.com/wp-login.php" "Mozilla/5.0 (Macintosh; Intel Mac OS X 13_6_1) AppleWebKit/537.36 (KHTML, like Gecko) Chrome/120.0.0.0 Safari/537.36" "-"
5.248.30.115 - - [26/Oct/2025:05:11:50 +0200 - 0.000 - -] "GET /wp-content/webp-express/webp-images/uploads/2024/12/logo_mob.png.webp HTTP/1.1" 200 1146 "https://reocellclinic.com/doctors/?gad_source=5&gad_campaignid=22621857751&gclid=CjwKCAjw6vHHBhBwEiwAq4zvA8VlUm30cy-FwYaM31ZlbrK_KimHpiZVs1LERpFmPTcSd1cFudZA5xoCfaYQAvD_BwE" "Mozilla/5.0 (Linux; Android 10; K) AppleWebKit/537.36 (KHTML, like Gecko) Chrome/141.0.0.0 Mobile Safari/537.36" "-"
5.248.30.115 - - [26/Oct/2025:05:11:50 +0200 - 0.000 - -] "GET /wp-content/plugins/wp-meta-data-filter-and-taxonomy-filter/images/tax_loader.gif HTTP/1.1" 200 958 "https://reocellclinic.com/doctors/?gad_source=5&gad_campaignid=22621857751&gclid=CjwKCAjw6vHHBhBwEiwAq4zvA8VlUm30cy-FwYaM31ZlbrK_KimHpiZVs1LERpFmPTcSd1cFudZA5xoCfaYQAvD_BwE" "Mozilla/5.0 (Linux; Android 10; K) AppleWebKit/537.36 (KHTML, like Gecko) Chrome/141.0.0.0 Mobile Safari/537.36" "-"
5.248.30.115 - - [26/Oct/2025:05:11:50 +0200 - 0.000 - -] "GET /wp-content/webp-express/webp-images/uploads/2025/01/horban-dmytro-andriovych-medychnyy-dyrektor_600x600.jpg.webp HTTP/1.1" 200 22636 "https://reocellclinic.com/doctors/?gad_source=5&gad_campaignid=22621857751&gclid=CjwKCAjw6vHHBhBwEiwAq4zvA8VlUm30cy-FwYaM31ZlbrK_KimHpiZVs1LERpFmPTcSd1cFudZA5xoCfaYQAvD_BwE" "Mozilla/5.0 (Linux; Android 10; K) AppleWebKit/537.36 (KHTML, like Gecko) Chrome/141.0.0.0 Mobile Safari/537.36" "-"
5.248.30.115 - - [26/Oct/2025:05:11:50 +0200 - 0.000 - -] "GET /wp-content/webp-express/webp-images/uploads/2025/01/karpenko-tetyana-vasylivna-likar-terapevt_600x600.jpg.webp HTTP/1.1" 200 24810 "https://reocellclinic.com/doctors/?gad_source=5&gad_campaignid=22621857751&gclid=CjwKCAjw6vHHBhBwEiwAq4zvA8VlUm30cy-FwYaM31ZlbrK_KimHpiZVs1LERpFmPTcSd1cFudZA5xoCfaYQAvD_BwE" "Mozilla/5.0 (Linux; Android 10; K) AppleWebKit/537.36 (KHTML, like Gecko) Chrome/141.0.0.0 Mobile Safari/537.36" "-"
62.60.130.213 - - [26/Oct/2025:05:11:50 +0200 - 0.408 - 0.408] "GET /wp-login.php?redirect_to=https%3A%2F%2Freocellclinic.com%2Fwp-admin%2Fedit.php&reauth=1 HTTP/1.1" 404 150 "https://reocellclinic.com/wp-login.php" "Mozilla/5.0 (Macintosh; Intel Mac OS X 13_6_1) AppleWebKit/537.36 (KHTML, like Gecko) Chrome/120.0.0.0 Safari/537.36" "-"
5.248.30.115 - - [26/Oct/2025:05:11:50 +0200 - 0.000 - -] "GET /wp-content/webp-express/webp-images/uploads/2024/12/malanushenko-maryna-serhiyivna-likar-dermatoloh_600x600.jpg.webp HTTP/1.1" 200 29946 "https://reocellclinic.com/doctors/?gad_source=5&gad_campaignid=22621857751&gclid=CjwKCAjw6vHHBhBwEiwAq4zvA8VlUm30cy-FwYaM31ZlbrK_KimHpiZVs1LERpFmPTcSd1cFudZA5xoCfaYQAvD_BwE" "Mozilla/5.0 (Linux; Android 10; K) AppleWebKit/537.36 (KHTML, like Gecko) Chrome/141.0.0.0 Mobile Safari/537.36" "-"
5.248.30.115 - - [26/Oct/2025:05:11:50 +0200 - 0.000 - -] "GET /wp-content/webp-express/webp-images/uploads/2024/12/mykhalchuk-lidiya-mykolayivna-likar-endokrynoloh_600x600.jpg.webp HTTP/1.1" 200 28014 "https://reocellclinic.com/doctors/?gad_source=5&gad_campaignid=22621857751&gclid=CjwKCAjw6vHHBhBwEiwAq4zvA8VlUm30cy-FwYaM31ZlbrK_KimHpiZVs1LERpFmPTcSd1cFudZA5xoCfaYQAvD_BwE" "Mozilla/5.0 (Linux; Android 10; K) AppleWebKit/537.36 (KHTML, like Gecko) Chrome/141.0.0.0 Mobile Safari/537.36" "-"
5.248.30.115 - - [26/Oct/2025:05:11:50 +0200 - 0.000 - -] "GET /wp-content/webp-express/webp-images/uploads/2024/12/tsyhanenko-oleksandr-olehovych-likar-khirurh_600x600.jpg.webp HTTP/1.1" 200 25190 "https://reocellclinic.com/doctors/?gad_source=5&gad_campaignid=22621857751&gclid=CjwKCAjw6vHHBhBwEiwAq4zvA8VlUm30cy-FwYaM31ZlbrK_KimHpiZVs1LERpFmPTcSd1cFudZA5xoCfaYQAvD_BwE" "Mozilla/5.0 (Linux; Android 10; K) AppleWebKit/537.36 (KHTML, like Gecko) Chrome/141.0.0.0 Mobile Safari/537.36" "-"
5.248.30.115 - - [26/Oct/2025:05:11:50 +0200 - 0.000 - -] "GET /wp-content/webp-express/webp-images/uploads/2024/12/haydar-oleksandr-anatoliyovych-likar-anestezioloh2_600x600.jpg.webp HTTP/1.1" 200 15962 "https://reocellclinic.com/doctors/?gad_source=5&gad_campaignid=22621857751&gclid=CjwKCAjw6vHHBhBwEiwAq4zvA8VlUm30cy-FwYaM31ZlbrK_KimHpiZVs1LERpFmPTcSd1cFudZA5xoCfaYQAvD_BwE" "Mozilla/5.0 (Linux; Android 10; K) AppleWebKit/537.36 (KHTML, like Gecko) Chrome/141.0.0.0 Mobile Safari/537.36" "-"
62.60.130.213 - - [26/Oct/2025:05:11:51 +0200 - 1.213 - 1.212] "GET /wp-admin/plugins.php HTTP/1.1" 302 5 "https://reocellclinic.com/wp-login.php" "Mozilla/5.0 (Macintosh; Intel Mac OS X 13_6_1) AppleWebKit/537.36 (KHTML, like Gecko) Chrome/120.0.0.0 Safari/537.36" "-"
62.60.130.213 - - [26/Oct/2025:05:11:52 +0200 - 0.825 - 0.824] "GET /wp-login.php?redirect_to=https%3A%2F%2Freocellclinic.com%2Fwp-admin%2Fplugins.php&reauth=1 HTTP/1.1" 404 150 "https://reocellclinic.com/wp-login.php" "Mozilla/5.0 (Macintosh; Intel Mac OS X 13_6_1) AppleWebKit/537.36 (KHTML, like Gecko) Chrome/120.0.0.0 Safari/537.36" "-"
5.248.30.115 - - [26/Oct/2025:05:11:52 +0200 - 1.441 - 1.444] "POST /wp-admin/admin-ajax.php HTTP/1.1" 200 72 "https://reocellclinic.com/doctors/?gad_source=5&gad_campaignid=22621857751&gclid=CjwKCAjw6vHHBhBwEiwAq4zvA8VlUm30cy-FwYaM31ZlbrK_KimHpiZVs1LERpFmPTcSd1cFudZA5xoCfaYQAvD_BwE" "Mozilla/5.0 (Linux; Android 10; K) AppleWebKit/537.36 (KHTML, like Gecko) Chrome/141.0.0.0 Mobile Safari/537.36" "-"
5.248.30.115 - - [26/Oct/2025:05:11:52 +0200 - 1.525 - 1.524] "GET /wp-json/contact-form-7/v1/contact-forms/1450/feedback/schema HTTP/1.1" 200 385 "https://reocellclinic.com/doctors/?gad_source=5&gad_campaignid=22621857751&gclid=CjwKCAjw6vHHBhBwEiwAq4zvA8VlUm30cy-FwYaM31ZlbrK_KimHpiZVs1LERpFmPTcSd1cFudZA5xoCfaYQAvD_BwE" "Mozilla/5.0 (Linux; Android 10; K) AppleWebKit/537.36 (KHTML, like Gecko) Chrome/141.0.0.0 Mobile Safari/537.36" "-"
5.248.30.115 - - [26/Oct/2025:05:11:52 +0200 - 1.613 - 1.612] "GET /wp-json/contact-form-7/v1/contact-forms/546/feedback/schema HTTP/1.1" 200 308 "https://reocellclinic.com/doctors/?gad_source=5&gad_campaignid=22621857751&gclid=CjwKCAjw6vHHBhBwEiwAq4zvA8VlUm30cy-FwYaM31ZlbrK_KimHpiZVs1LERpFmPTcSd1cFudZA5xoCfaYQAvD_BwE" "Mozilla/5.0 (Linux; Android 10; K) AppleWebKit/537.36 (KHTML, like Gecko) Chrome/141.0.0.0 Mobile Safari/537.36" "-"
5.248.30.115 - - [26/Oct/2025:05:11:52 +0200 - 1.604 - 1.604] "GET /wp-json/contact-form-7/v1/contact-forms/544/feedback/schema HTTP/1.1" 200 330 "https://reocellclinic.com/doctors/?gad_source=5&gad_campaignid=22621857751&gclid=CjwKCAjw6vHHBhBwEiwAq4zvA8VlUm30cy-FwYaM31ZlbrK_KimHpiZVs1LERpFmPTcSd1cFudZA5xoCfaYQAvD_BwE" "Mozilla/5.0 (Linux; Android 10; K) AppleWebKit/537.36 (KHTML, like Gecko) Chrome/141.0.0.0 Mobile Safari/537.36" "-"
5.248.30.115 - - [26/Oct/2025:05:11:53 +0200 - 1.662 - 1.660] "GET /wp-json/contact-form-7/v1/contact-forms/545/feedback/schema HTTP/1.1" 200 339 "https://reocellclinic.com/doctors/?gad_source=5&gad_campaignid=22621857751&gclid=CjwKCAjw6vHHBhBwEiwAq4zvA8VlUm30cy-FwYaM31ZlbrK_KimHpiZVs1LERpFmPTcSd1cFudZA5xoCfaYQAvD_BwE" "Mozilla/5.0 (Linux; Android 10; K) AppleWebKit/537.36 (KHTML, like Gecko) Chrome/141.0.0.0 Mobile Safari/537.36" "-"
5.248.30.115 - - [26/Oct/2025:05:11:53 +0200 - 0.000 - -] "GET /wp-content/themes/reocell-clinic/favicon.ico HTTP/1.1" 200 1150 "https://reocellclinic.com/doctors/?gad_source=5&gad_campaignid=22621857751&gclid=CjwKCAjw6vHHBhBwEiwAq4zvA8VlUm30cy-FwYaM31ZlbrK_KimHpiZVs1LERpFmPTcSd1cFudZA5xoCfaYQAvD_BwE" "Mozilla/5.0 (Linux; Android 10; K) AppleWebKit/537.36 (KHTML, like Gecko) Chrome/141.0.0.0 Mobile Safari/537.36" "-"
62.60.130.213 - - [26/Oct/2025:05:11:53 +0200 - 0.483 - 0.480] "POST /wp-login.php HTTP/1.1" 404 150 "https://reocellclinic.com/wp-login.php" "Mozilla/5.0 (Macintosh; Intel Mac OS X 13_6_1; rv:119.0) Gecko/20100101 Firefox/119.0" "-"
62.60.130.213 - - [26/Oct/2025:05:11:54 +0200 - 1.124 - 1.124] "GET /wp-admin/index.php HTTP/1.1" 302 5 "https://reocellclinic.com/wp-login.php" "Mozilla/5.0 (Macintosh; Intel Mac OS X 13_6_1) AppleWebKit/605.1.15 (KHTML, like Gecko) Version/17.2 Safari/605.1.15" "-"
62.60.130.213 - - [26/Oct/2025:05:11:55 +0200 - 0.423 - 0.424] "GET /wp-login.php?redirect_to=https%3A%2F%2Freocellclinic.com%2Fwp-admin%2Findex.php&reauth=1 HTTP/1.1" 404 150 "https://reocellclinic.com/wp-login.php" "Mozilla/5.0 (Macintosh; Intel Mac OS X 13_6_1) AppleWebKit/605.1.15 (KHTML, like Gecko) Version/17.2 Safari/605.1.15" "-"
62.60.130.213 - - [26/Oct/2025:05:11:56 +0200 - 1.214 - 1.212] "GET /wp-admin/profile.php HTTP/1.1" 302 5 "https://reocellclinic.com/wp-login.php" "Mozilla/5.0 (Macintosh; Intel Mac OS X 13_6_1) AppleWebKit/605.1.15 (KHTML, like Gecko) Version/17.2 Safari/605.1.15" "-"
62.60.130.213 - - [26/Oct/2025:05:11:57 +0200 - 0.479 - 0.476] "GET /wp-login.php?redirect_to=https%3A%2F%2Freocellclinic.com%2Fwp-admin%2Fprofile.php&reauth=1 HTTP/1.1" 404 150 "https://reocellclinic.com/wp-login.php" "Mozilla/5.0 (Macintosh; Intel Mac OS X 13_6_1) AppleWebKit/605.1.15 (KHTML, like Gecko) Version/17.2 Safari/605.1.15" "-"
62.60.130.213 - - [26/Oct/2025:05:11:58 +0200 - 1.148 - 1.149] "GET /wp-admin/edit.php HTTP/1.1" 302 5 "https://reocellclinic.com/wp-login.php" "Mozilla/5.0 (Macintosh; Intel Mac OS X 13_6_1) AppleWebKit/605.1.15 (KHTML, like Gecko) Version/17.2 Safari/605.1.15" "-"
62.60.130.213 - - [26/Oct/2025:05:11:59 +0200 - 0.403 - 0.404] "GET /wp-login.php?redirect_to=https%3A%2F%2Freocellclinic.com%2Fwp-admin%2Fedit.php&reauth=1 HTTP/1.1" 404 150 "https://reocellclinic.com/wp-login.php" "Mozilla/5.0 (Macintosh; Intel Mac OS X 13_6_1) AppleWebKit/605.1.15 (KHTML, like Gecko) Version/17.2 Safari/605.1.15" "-"
62.60.130.213 - - [26/Oct/2025:05:12:00 +0200 - 1.168 - 1.168] "GET /wp-admin/plugins.php HTTP/1.1" 302 5 "https://reocellclinic.com/wp-login.php" "Mozilla/5.0 (Macintosh; Intel Mac OS X 13_6_1) AppleWebKit/605.1.15 (KHTML, like Gecko) Version/17.2 Safari/605.1.15" "-"
62.60.130.213 - - [26/Oct/2025:05:12:01 +0200 - 0.457 - 0.456] "GET /wp-login.php?redirect_to=https%3A%2F%2Freocellclinic.com%2Fwp-admin%2Fplugins.php&reauth=1 HTTP/1.1" 404 150 "https://reocellclinic.com/wp-login.php" "Mozilla/5.0 (Macintosh; Intel Mac OS X 13_6_1) AppleWebKit/605.1.15 (KHTML, like Gecko) Version/17.2 Safari/605.1.15" "-"
62.60.130.213 - - [26/Oct/2025:05:12:01 +0200 - 0.535 - 0.532] "POST /wp-login.php HTTP/1.1" 404 150 "https://reocellclinic.com/wp-login.php" "Mozilla/5.0 (Windows NT 11.0; Win64; x64) AppleWebKit/537.36 (KHTML, like Gecko) Chrome/121.0.0.0 Safari/537.36" "-"
104.41.213.192 - - [26/Oct/2025:05:12:02 +0200 - 0.000 - -] "POST /xmlrpc.php HTTP/1.1" 404 194 "-" "Mozilla/4.0 (compatible; MSIE 8.0; Windows NT 6.2; WOW64; Trident/7.0; .NET4.0C; .NET4.0E; .NET CLR 2.0.50727; .NET CLR 3.0.30729; .NET CLR 3.5.30729)" "-"
62.60.130.213 - - [26/Oct/2025:05:12:03 +0200 - 1.409 - 1.408] "GET /wp-admin/index.php HTTP/1.1" 302 5 "https://reocellclinic.com/wp-login.php" "Mozilla/5.0 (Macintosh; Intel Mac OS X 10_15_7) AppleWebKit/537.36 (KHTML, like Gecko) Chrome/121.0.0.0 Safari/537.36" "-"
62.60.130.213 - - [26/Oct/2025:05:12:04 +0200 - 0.443 - 0.440] "GET /wp-login.php?redirect_to=https%3A%2F%2Freocellclinic.com%2Fwp-admin%2Findex.php&reauth=1 HTTP/1.1" 404 150 "https://reocellclinic.com/wp-login.php" "Mozilla/5.0 (Macintosh; Intel Mac OS X 10_15_7) AppleWebKit/537.36 (KHTML, like Gecko) Chrome/121.0.0.0 Safari/537.36" "-"
62.60.130.213 - - [26/Oct/2025:05:12:05 +0200 - 1.282 - 1.284] "GET /wp-admin/profile.php HTTP/1.1" 302 5 "https://reocellclinic.com/wp-login.php" "Mozilla/5.0 (Macintosh; Intel Mac OS X 10_15_7) AppleWebKit/537.36 (KHTML, like Gecko) Chrome/121.0.0.0 Safari/537.36" "-"
62.60.130.213 - - [26/Oct/2025:05:12:06 +0200 - 0.424 - 0.420] "GET /wp-login.php?redirect_to=https%3A%2F%2Freocellclinic.com%2Fwp-admin%2Fprofile.php&reauth=1 HTTP/1.1" 404 150 "https://reocellclinic.com/wp-login.php" "Mozilla/5.0 (Macintosh; Intel Mac OS X 10_15_7) AppleWebKit/537.36 (KHTML, like Gecko) Chrome/121.0.0.0 Safari/537.36" "-"
62.60.130.213 - - [26/Oct/2025:05:12:07 +0200 - 1.183 - 1.180] "GET /wp-admin/edit.php HTTP/1.1" 302 5 "https://reocellclinic.com/wp-login.php" "Mozilla/5.0 (Macintosh; Intel Mac OS X 10_15_7) AppleWebKit/537.36 (KHTML, like Gecko) Chrome/121.0.0.0 Safari/537.36" "-"
62.60.130.213 - - [26/Oct/2025:05:12:07 +0200 - 0.407 - 0.408] "GET /wp-login.php?redirect_to=https%3A%2F%2Freocellclinic.com%2Fwp-admin%2Fedit.php&reauth=1 HTTP/1.1" 404 150 "https://reocellclinic.com/wp-login.php" "Mozilla/5.0 (Macintosh; Intel Mac OS X 10_15_7) AppleWebKit/537.36 (KHTML, like Gecko) Chrome/121.0.0.0 Safari/537.36" "-"
62.60.130.213 - - [26/Oct/2025:05:12:09 +0200 - 1.140 - 1.140] "GET /wp-admin/plugins.php HTTP/1.1" 302 5 "https://reocellclinic.com/wp-login.php" "Mozilla/5.0 (Macintosh; Intel Mac OS X 10_15_7) AppleWebKit/537.36 (KHTML, like Gecko) Chrome/121.0.0.0 Safari/537.36" "-"
62.60.130.213 - - [26/Oct/2025:05:12:09 +0200 - 0.456 - 0.456] "GET /wp-login.php?redirect_to=https%3A%2F%2Freocellclinic.com%2Fwp-admin%2Fplugins.php&reauth=1 HTTP/1.1" 404 150 "https://reocellclinic.com/wp-login.php" "Mozilla/5.0 (Macintosh; Intel Mac OS X 10_15_7) AppleWebKit/537.36 (KHTML, like Gecko) Chrome/121.0.0.0 Safari/537.36" "-"
62.60.130.213 - - [26/Oct/2025:05:12:10 +0200 - 0.481 - 0.480] "POST /wp-login.php HTTP/1.1" 404 150 "https://reocellclinic.com/wp-login.php" "Mozilla/5.0 (Macintosh; Intel Mac OS X 10_15_7) AppleWebKit/605.1.15 (KHTML, like Gecko) Version/17.1 Safari/605.1.15" "-"
62.60.130.213 - - [26/Oct/2025:05:12:11 +0200 - 1.146 - 1.148] "GET /wp-admin/index.php HTTP/1.1" 302 5 "https://reocellclinic.com/wp-login.php" "Mozilla/5.0 (X11; Linux x86_64) AppleWebKit/537.36 (KHTML, like Gecko) Chrome/119.0.0.0 Safari/537.36" "-"
62.60.130.213 - - [26/Oct/2025:05:12:12 +0200 - 0.431 - 0.428] "GET /wp-login.php?redirect_to=https%3A%2F%2Freocellclinic.com%2Fwp-admin%2Findex.php&reauth=1 HTTP/1.1" 404 150 "https://reocellclinic.com/wp-login.php" "Mozilla/5.0 (X11; Linux x86_64) AppleWebKit/537.36 (KHTML, like Gecko) Chrome/119.0.0.0 Safari/537.36" "-"
62.60.130.213 - - [26/Oct/2025:05:12:13 +0200 - 1.179 - 1.176] "GET /wp-admin/profile.php HTTP/1.1" 302 5 "https://reocellclinic.com/wp-login.php" "Mozilla/5.0 (X11; Linux x86_64) AppleWebKit/537.36 (KHTML, like Gecko) Chrome/119.0.0.0 Safari/537.36" "-"
62.60.130.213 - - [26/Oct/2025:05:12:14 +0200 - 0.426 - 0.424] "GET /wp-login.php?redirect_to=https%3A%2F%2Freocellclinic.com%2Fwp-admin%2Fprofile.php&reauth=1 HTTP/1.1" 404 150 "https://reocellclinic.com/wp-login.php" "Mozilla/5.0 (X11; Linux x86_64) AppleWebKit/537.36 (KHTML, like Gecko) Chrome/119.0.0.0 Safari/537.36" "-"
62.60.130.213 - - [26/Oct/2025:05:12:15 +0200 - 1.162 - 1.164] "GET /wp-admin/edit.php HTTP/1.1" 302 5 "https://reocellclinic.com/wp-login.php" "Mozilla/5.0 (X11; Linux x86_64) AppleWebKit/537.36 (KHTML, like Gecko) Chrome/119.0.0.0 Safari/537.36" "-"
62.60.130.213 - - [26/Oct/2025:05:12:16 +0200 - 0.420 - 0.420] "GET /wp-login.php?redirect_to=https%3A%2F%2Freocellclinic.com%2Fwp-admin%2Fedit.php&reauth=1 HTTP/1.1" 404 150 "https://reocellclinic.com/wp-login.php" "Mozilla/5.0 (X11; Linux x86_64) AppleWebKit/537.36 (KHTML, like Gecko) Chrome/119.0.0.0 Safari/537.36" "-"
178.137.190.113 - - [26/Oct/2025:05:12:17 +0200 - 1.372 - 1.376] "GET /doctors/?gad_source=5&gad_campaignid=22621857751&gclid=EAIaIQobChMI6ZWgpvLAkAMVLaODBx3hfhLDEAEYASAAEgJ5-_D_BwE HTTP/1.1" 200 25981 "-" "Mozilla/5.0 (Linux; Android 10; K) AppleWebKit/537.36 (KHTML, like Gecko) Chrome/141.0.0.0 Mobile Safari/537.36" "-"
62.60.130.213 - - [26/Oct/2025:05:12:18 +0200 - 1.173 - 1.176] "GET /wp-admin/plugins.php HTTP/1.1" 302 5 "https://reocellclinic.com/wp-login.php" "Mozilla/5.0 (X11; Linux x86_64) AppleWebKit/537.36 (KHTML, like Gecko) Chrome/119.0.0.0 Safari/537.36" "-"
178.137.190.113 - - [26/Oct/2025:05:12:18 +0200 - 0.000 - -] "GET /wp-content/webp-express/webp-images/uploads/2024/12/logo_mob.png.webp HTTP/1.1" 200 1146 "https://reocellclinic.com/doctors/?gad_source=5&gad_campaignid=22621857751&gclid=EAIaIQobChMI6ZWgpvLAkAMVLaODBx3hfhLDEAEYASAAEgJ5-_D_BwE" "Mozilla/5.0 (Linux; Android 10; K) AppleWebKit/537.36 (KHTML, like Gecko) Chrome/141.0.0.0 Mobile Safari/537.36" "-"
178.137.190.113 - - [26/Oct/2025:05:12:18 +0200 - 0.000 - -] "GET /wp-content/plugins/wp-meta-data-filter-and-taxonomy-filter/images/tax_loader.gif HTTP/1.1" 200 958 "https://reocellclinic.com/doctors/?gad_source=5&gad_campaignid=22621857751&gclid=EAIaIQobChMI6ZWgpvLAkAMVLaODBx3hfhLDEAEYASAAEgJ5-_D_BwE" "Mozilla/5.0 (Linux; Android 10; K) AppleWebKit/537.36 (KHTML, like Gecko) Chrome/141.0.0.0 Mobile Safari/537.36" "-"
178.137.190.113 - - [26/Oct/2025:05:12:18 +0200 - 0.000 - -] "GET /wp-content/webp-express/webp-images/uploads/2025/01/horban-dmytro-andriovych-medychnyy-dyrektor_600x600.jpg.webp HTTP/1.1" 200 22636 "https://reocellclinic.com/doctors/?gad_source=5&gad_campaignid=22621857751&gclid=EAIaIQobChMI6ZWgpvLAkAMVLaODBx3hfhLDEAEYASAAEgJ5-_D_BwE" "Mozilla/5.0 (Linux; Android 10; K) AppleWebKit/537.36 (KHTML, like Gecko) Chrome/141.0.0.0 Mobile Safari/537.36" "-"
178.137.190.113 - - [26/Oct/2025:05:12:18 +0200 - 0.000 - -] "GET /wp-content/webp-express/webp-images/uploads/2025/01/karpenko-tetyana-vasylivna-likar-terapevt_600x600.jpg.webp HTTP/1.1" 200 24810 "https://reocellclinic.com/doctors/?gad_source=5&gad_campaignid=22621857751&gclid=EAIaIQobChMI6ZWgpvLAkAMVLaODBx3hfhLDEAEYASAAEgJ5-_D_BwE" "Mozilla/5.0 (Linux; Android 10; K) AppleWebKit/537.36 (KHTML, like Gecko) Chrome/141.0.0.0 Mobile Safari/537.36" "-"
62.60.130.213 - - [26/Oct/2025:05:12:18 +0200 - 0.422 - 0.424] "GET /wp-login.php?redirect_to=https%3A%2F%2Freocellclinic.com%2Fwp-admin%2Fplugins.php&reauth=1 HTTP/1.1" 404 150 "https://reocellclinic.com/wp-login.php" "Mozilla/5.0 (X11; Linux x86_64) AppleWebKit/537.36 (KHTML, like Gecko) Chrome/119.0.0.0 Safari/537.36" "-"
62.60.130.213 - - [26/Oct/2025:05:12:19 +0200 - 0.449 - 0.448] "POST /wp-login.php HTTP/1.1" 404 150 "https://reocellclinic.com/wp-login.php" "Mozilla/5.0 (X11; Ubuntu; Linux x86_64) AppleWebKit/537.36 (KHTML, like Gecko) Chrome/120.0.0.0 Safari/537.36" "-"
46.98.128.95 - - [26/Oct/2025:05:12:19 +0200 - 1.351 - 1.352] "GET /doctors/?gad_source=5&gad_campaignid=22621857751&gclid=EAIaIQobChMInvWokvLAkAMVZDtVCB17EDQvEAEYASAAEgKaRvD_BwE HTTP/1.1" 200 25981 "https://googleads.g.doubleclick.net/" "Mozilla/5.0 (Linux; Android 13; CPH2333 Build/TP1A.220905.001; wv) AppleWebKit/537.36 (KHTML, like Gecko) Version/4.0 Chrome/141.0.7390.119 Mobile Safari/537.36 [FB_IAB/FB4A;FBAV/536.0.0.46.77;IABMV/1;]" "-"
46.98.128.95 - - [26/Oct/2025:05:12:19 +0200 - 0.000 - -] "GET /wp-content/webp-express/webp-images/uploads/2024/12/logo_mob.png.webp HTTP/1.1" 200 1146 "https://reocellclinic.com/doctors/?gad_source=5&gad_campaignid=22621857751&gclid=EAIaIQobChMInvWokvLAkAMVZDtVCB17EDQvEAEYASAAEgKaRvD_BwE" "Mozilla/5.0 (Linux; Android 13; CPH2333 Build/TP1A.220905.001; wv) AppleWebKit/537.36 (KHTML, like Gecko) Version/4.0 Chrome/141.0.7390.119 Mobile Safari/537.36 [FB_IAB/FB4A;FBAV/536.0.0.46.77;IABMV/1;]" "-"
46.98.128.95 - - [26/Oct/2025:05:12:19 +0200 - 0.000 - -] "GET /wp-content/plugins/wp-meta-data-filter-and-taxonomy-filter/images/tax_loader.gif HTTP/1.1" 200 958 "https://reocellclinic.com/doctors/?gad_source=5&gad_campaignid=22621857751&gclid=EAIaIQobChMInvWokvLAkAMVZDtVCB17EDQvEAEYASAAEgKaRvD_BwE" "Mozilla/5.0 (Linux; Android 13; CPH2333 Build/TP1A.220905.001; wv) AppleWebKit/537.36 (KHTML, like Gecko) Version/4.0 Chrome/141.0.7390.119 Mobile Safari/537.36 [FB_IAB/FB4A;FBAV/536.0.0.46.77;IABMV/1;]" "-"
46.98.128.95 - - [26/Oct/2025:05:12:19 +0200 - 0.000 - -] "GET /wp-content/webp-express/webp-images/uploads/2025/01/karpenko-tetyana-vasylivna-likar-terapevt_600x600.jpg.webp HTTP/1.1" 200 24810 "https://reocellclinic.com/doctors/?gad_source=5&gad_campaignid=22621857751&gclid=EAIaIQobChMInvWokvLAkAMVZDtVCB17EDQvEAEYASAAEgKaRvD_BwE" "Mozilla/5.0 (Linux; Android 13; CPH2333 Build/TP1A.220905.001; wv) AppleWebKit/537.36 (KHTML, like Gecko) Version/4.0 Chrome/141.0.7390.119 Mobile Safari/537.36 [FB_IAB/FB4A;FBAV/536.0.0.46.77;IABMV/1;]" "-"
46.98.128.95 - - [26/Oct/2025:05:12:20 +0200 - 0.000 - -] "GET /wp-content/webp-express/webp-images/uploads/2025/01/horban-dmytro-andriovych-medychnyy-dyrektor_600x600.jpg.webp HTTP/1.1" 200 22636 "https://reocellclinic.com/doctors/?gad_source=5&gad_campaignid=22621857751&gclid=EAIaIQobChMInvWokvLAkAMVZDtVCB17EDQvEAEYASAAEgKaRvD_BwE" "Mozilla/5.0 (Linux; Android 13; CPH2333 Build/TP1A.220905.001; wv) AppleWebKit/537.36 (KHTML, like Gecko) Version/4.0 Chrome/141.0.7390.119 Mobile Safari/537.36 [FB_IAB/FB4A;FBAV/536.0.0.46.77;IABMV/1;]" "-"
46.98.128.95 - - [26/Oct/2025:05:12:20 +0200 - 0.000 - -] "GET /wp-content/webp-express/webp-images/uploads/2024/12/mykhalchuk-lidiya-mykolayivna-likar-endokrynoloh_600x600.jpg.webp HTTP/1.1" 200 28014 "https://reocellclinic.com/doctors/?gad_source=5&gad_campaignid=22621857751&gclid=EAIaIQobChMInvWokvLAkAMVZDtVCB17EDQvEAEYASAAEgKaRvD_BwE" "Mozilla/5.0 (Linux; Android 13; CPH2333 Build/TP1A.220905.001; wv) AppleWebKit/537.36 (KHTML, like Gecko) Version/4.0 Chrome/141.0.7390.119 Mobile Safari/537.36 [FB_IAB/FB4A;FBAV/536.0.0.46.77;IABMV/1;]" "-"
46.98.128.95 - - [26/Oct/2025:05:12:20 +0200 - 0.000 - -] "GET /wp-content/webp-express/webp-images/uploads/2024/12/malanushenko-maryna-serhiyivna-likar-dermatoloh_600x600.jpg.webp HTTP/1.1" 200 29946 "https://reocellclinic.com/doctors/?gad_source=5&gad_campaignid=22621857751&gclid=EAIaIQobChMInvWokvLAkAMVZDtVCB17EDQvEAEYASAAEgKaRvD_BwE" "Mozilla/5.0 (Linux; Android 13; CPH2333 Build/TP1A.220905.001; wv) AppleWebKit/537.36 (KHTML, like Gecko) Version/4.0 Chrome/141.0.7390.119 Mobile Safari/537.36 [FB_IAB/FB4A;FBAV/536.0.0.46.77;IABMV/1;]" "-"
46.98.128.95 - - [26/Oct/2025:05:12:20 +0200 - 0.000 - -] "GET /wp-content/webp-express/webp-images/uploads/2024/12/tsyhanenko-oleksandr-olehovych-likar-khirurh_600x600.jpg.webp HTTP/1.1" 200 25190 "https://reocellclinic.com/doctors/?gad_source=5&gad_campaignid=22621857751&gclid=EAIaIQobChMInvWokvLAkAMVZDtVCB17EDQvEAEYASAAEgKaRvD_BwE" "Mozilla/5.0 (Linux; Android 13; CPH2333 Build/TP1A.220905.001; wv) AppleWebKit/537.36 (KHTML, like Gecko) Version/4.0 Chrome/141.0.7390.119 Mobile Safari/537.36 [FB_IAB/FB4A;FBAV/536.0.0.46.77;IABMV/1;]" "-"
46.98.128.95 - - [26/Oct/2025:05:12:20 +0200 - 0.000 - -] "GET /wp-content/webp-express/webp-images/uploads/2024/12/haydar-oleksandr-anatoliyovych-likar-anestezioloh2_600x600.jpg.webp HTTP/1.1" 200 15962 "https://reocellclinic.com/doctors/?gad_source=5&gad_campaignid=22621857751&gclid=EAIaIQobChMInvWokvLAkAMVZDtVCB17EDQvEAEYASAAEgKaRvD_BwE" "Mozilla/5.0 (Linux; Android 13; CPH2333 Build/TP1A.220905.001; wv) AppleWebKit/537.36 (KHTML, like Gecko) Version/4.0 Chrome/141.0.7390.119 Mobile Safari/537.36 [FB_IAB/FB4A;FBAV/536.0.0.46.77;IABMV/1;]" "-"
62.60.130.213 - - [26/Oct/2025:05:12:20 +0200 - 1.156 - 1.156] "GET /wp-admin/index.php HTTP/1.1" 302 5 "https://reocellclinic.com/wp-login.php" "Mozilla/5.0 (Macintosh; Intel Mac OS X 10_15_7; rv:119.0) Gecko/20100101 Firefox/119.0" "-"
46.98.128.95 - - [26/Oct/2025:05:12:21 +0200 - 0.000 - -] "GET /wp-content/themes/reocell-clinic/favicon.ico HTTP/1.1" 200 1150 "https://reocellclinic.com/doctors/?gad_source=5&gad_campaignid=22621857751&gclid=EAIaIQobChMInvWokvLAkAMVZDtVCB17EDQvEAEYASAAEgKaRvD_BwE" "Mozilla/5.0 (Linux; Android 13; CPH2333 Build/TP1A.220905.001; wv) AppleWebKit/537.36 (KHTML, like Gecko) Version/4.0 Chrome/141.0.7390.119 Mobile Safari/537.36 [FB_IAB/FB4A;FBAV/536.0.0.46.77;IABMV/1;]" "-"
62.60.130.213 - - [26/Oct/2025:05:12:21 +0200 - 0.626 - 0.628] "GET /wp-login.php?redirect_to=https%3A%2F%2Freocellclinic.com%2Fwp-admin%2Findex.php&reauth=1 HTTP/1.1" 404 150 "https://reocellclinic.com/wp-login.php" "Mozilla/5.0 (Macintosh; Intel Mac OS X 10_15_7; rv:119.0) Gecko/20100101 Firefox/119.0" "-"
46.98.128.95 - - [26/Oct/2025:05:12:21 +0200 - 1.191 - 1.192] "GET /wp-json/contact-form-7/v1/contact-forms/544/feedback/schema HTTP/1.1" 200 330 "https://reocellclinic.com/doctors/?gad_source=5&gad_campaignid=22621857751&gclid=EAIaIQobChMInvWokvLAkAMVZDtVCB17EDQvEAEYASAAEgKaRvD_BwE" "Mozilla/5.0 (Linux; Android 13; CPH2333 Build/TP1A.220905.001; wv) AppleWebKit/537.36 (KHTML, like Gecko) Version/4.0 Chrome/141.0.7390.119 Mobile Safari/537.36 [FB_IAB/FB4A;FBAV/536.0.0.46.77;IABMV/1;]" "-"
31.131.20.181 - - [26/Oct/2025:05:12:22 +0200 - 0.001 - 0.000] "POST /wp-cron.php?doing_wp_cron=1761448342.0537559986114501953125 HTTP/1.1" 499 0 "-" "WordPress/6.8.3; https://reocellclinic.com" "-"
46.98.128.95 - - [26/Oct/2025:05:12:22 +0200 - 1.530 - 1.528] "GET /wp-json/contact-form-7/v1/contact-forms/546/feedback/schema HTTP/1.1" 200 308 "https://reocellclinic.com/doctors/?gad_source=5&gad_campaignid=22621857751&gclid=EAIaIQobChMInvWokvLAkAMVZDtVCB17EDQvEAEYASAAEgKaRvD_BwE" "Mozilla/5.0 (Linux; Android 13; CPH2333 Build/TP1A.220905.001; wv) AppleWebKit/537.36 (KHTML, like Gecko) Version/4.0 Chrome/141.0.7390.119 Mobile Safari/537.36 [FB_IAB/FB4A;FBAV/536.0.0.46.77;IABMV/1;]" "-"
46.98.128.95 - - [26/Oct/2025:05:12:22 +0200 - 1.671 - 1.672] "POST /wp-admin/admin-ajax.php HTTP/1.1" 200 72 "https://reocellclinic.com/doctors/?gad_source=5&gad_campaignid=22621857751&gclid=EAIaIQobChMInvWokvLAkAMVZDtVCB17EDQvEAEYASAAEgKaRvD_BwE" "Mozilla/5.0 (Linux; Android 13; CPH2333 Build/TP1A.220905.001; wv) AppleWebKit/537.36 (KHTML, like Gecko) Version/4.0 Chrome/141.0.7390.119 Mobile Safari/537.36 [FB_IAB/FB4A;FBAV/536.0.0.46.77;IABMV/1;]" "-"
46.98.128.95 - - [26/Oct/2025:05:12:22 +0200 - 1.621 - 1.620] "GET /wp-json/contact-form-7/v1/contact-forms/545/feedback/schema HTTP/1.1" 200 339 "https://reocellclinic.com/doctors/?gad_source=5&gad_campaignid=22621857751&gclid=EAIaIQobChMInvWokvLAkAMVZDtVCB17EDQvEAEYASAAEgKaRvD_BwE" "Mozilla/5.0 (Linux; Android 13; CPH2333 Build/TP1A.220905.001; wv) AppleWebKit/537.36 (KHTML, like Gecko) Version/4.0 Chrome/141.0.7390.119 Mobile Safari/537.36 [FB_IAB/FB4A;FBAV/536.0.0.46.77;IABMV/1;]" "-"
46.98.128.95 - - [26/Oct/2025:05:12:22 +0200 - 1.781 - 1.780] "GET /wp-json/contact-form-7/v1/contact-forms/1450/feedback/schema HTTP/1.1" 200 385 "https://reocellclinic.com/doctors/?gad_source=5&gad_campaignid=22621857751&gclid=EAIaIQobChMInvWokvLAkAMVZDtVCB17EDQvEAEYASAAEgKaRvD_BwE" "Mozilla/5.0 (Linux; Android 13; CPH2333 Build/TP1A.220905.001; wv) AppleWebKit/537.36 (KHTML, like Gecko) Version/4.0 Chrome/141.0.7390.119 Mobile Safari/537.36 [FB_IAB/FB4A;FBAV/536.0.0.46.77;IABMV/1;]" "-"
31.131.20.181 - - [26/Oct/2025:05:12:23 +0200 - 0.000 - 0.000] "POST /wp-cron.php?doing_wp_cron=1761448343.1464309692382812500000 HTTP/1.1" 499 0 "-" "WordPress/6.8.3; https://reocellclinic.com" "-"
62.60.130.213 - - [26/Oct/2025:05:12:23 +0200 - 1.280 - 1.280] "GET /wp-admin/profile.php HTTP/1.1" 302 5 "https://reocellclinic.com/wp-login.php" "Mozilla/5.0 (Macintosh; Intel Mac OS X 10_15_7; rv:119.0) Gecko/20100101 Firefox/119.0" "-"
62.60.130.213 - - [26/Oct/2025:05:12:23 +0200 - 0.429 - 0.428] "GET /wp-login.php?redirect_to=https%3A%2F%2Freocellclinic.com%2Fwp-admin%2Fprofile.php&reauth=1 HTTP/1.1" 404 150 "https://reocellclinic.com/wp-login.php" "Mozilla/5.0 (Macintosh; Intel Mac OS X 10_15_7; rv:119.0) Gecko/20100101 Firefox/119.0" "-"
62.60.130.213 - - [26/Oct/2025:05:12:25 +0200 - 1.128 - 1.128] "GET /wp-admin/edit.php HTTP/1.1" 302 5 "https://reocellclinic.com/wp-login.php" "Mozilla/5.0 (Macintosh; Intel Mac OS X 10_15_7; rv:119.0) Gecko/20100101 Firefox/119.0" "-"
46.98.128.95 - - [26/Oct/2025:05:12:25 +0200 - 0.000 - -] "GET /wp-content/webp-express/webp-images/uploads/2024/12/tsyhanenko-oleksandr-olehovych-likar-khirurh_600x600.jpg.webp HTTP/1.1" 200 25190 "fbapp://350685531728/unknown" "[FBAN/FB4A;FBAV/536.0.0.46.77;FBBV/810162901;FBDM/{density=3.375,width=1080,height=2145};FBLC/uk_UA;FBRV/0;FBCR/UA-KYIVSTAR;FBMF/OPPO;FBBD/OPPO;FBPN/com.facebook.katana;FBDV/CPH2333;FBSV/13;FBOP/1;FBCA/arm64-v8a:;]" "-"
46.98.128.95 - - [26/Oct/2025:05:12:25 +0200 - 0.000 - -] "GET /wp-content/webp-express/webp-images/uploads/2025/01/karpenko-tetyana-vasylivna-likar-terapevt_600x600.jpg.webp HTTP/1.1" 200 24810 "fbapp://350685531728/unknown" "[FBAN/FB4A;FBAV/536.0.0.46.77;FBBV/810162901;FBDM/{density=3.375,width=1080,height=2145};FBLC/uk_UA;FBRV/0;FBCR/UA-KYIVSTAR;FBMF/OPPO;FBBD/OPPO;FBPN/com.facebook.katana;FBDV/CPH2333;FBSV/13;FBOP/1;FBCA/arm64-v8a:;]" "-"
46.98.128.95 - - [26/Oct/2025:05:12:25 +0200 - 0.000 - -] "GET /wp-content/webp-express/webp-images/uploads/2024/12/haydar-oleksandr-anatoliyovych-likar-anestezioloh2_600x600.jpg.webp HTTP/1.1" 200 15962 "fbapp://350685531728/unknown" "[FBAN/FB4A;FBAV/536.0.0.46.77;FBBV/810162901;FBDM/{density=3.375,width=1080,height=2145};FBLC/uk_UA;FBRV/0;FBCR/UA-KYIVSTAR;FBMF/OPPO;FBBD/OPPO;FBPN/com.facebook.katana;FBDV/CPH2333;FBSV/13;FBOP/1;FBCA/arm64-v8a:;]" "-"
46.98.128.95 - - [26/Oct/2025:05:12:25 +0200 - 0.000 - -] "GET /wp-content/webp-express/webp-images/uploads/2024/12/mykhalchuk-lidiya-mykolayivna-likar-endokrynoloh_600x600.jpg.webp HTTP/1.1" 200 28014 "fbapp://350685531728/unknown" "[FBAN/FB4A;FBAV/536.0.0.46.77;FBBV/810162901;FBDM/{density=3.375,width=1080,height=2145};FBLC/uk_UA;FBRV/0;FBCR/UA-KYIVSTAR;FBMF/OPPO;FBBD/OPPO;FBPN/com.facebook.katana;FBDV/CPH2333;FBSV/13;FBOP/1;FBCA/arm64-v8a:;]" "-"
46.98.128.95 - - [26/Oct/2025:05:12:25 +0200 - 0.000 - -] "GET /wp-content/webp-express/webp-images/uploads/2024/12/malanushenko-maryna-serhiyivna-likar-dermatoloh_600x600.jpg.webp HTTP/1.1" 200 29946 "fbapp://350685531728/unknown" "[FBAN/FB4A;FBAV/536.0.0.46.77;FBBV/810162901;FBDM/{density=3.375,width=1080,height=2145};FBLC/uk_UA;FBRV/0;FBCR/UA-KYIVSTAR;FBMF/OPPO;FBBD/OPPO;FBPN/com.facebook.katana;FBDV/CPH2333;FBSV/13;FBOP/1;FBCA/arm64-v8a:;]" "-"
46.98.128.95 - - [26/Oct/2025:05:12:25 +0200 - 0.000 - -] "GET /wp-content/webp-express/webp-images/uploads/2025/01/horban-dmytro-andriovych-medychnyy-dyrektor_600x600.jpg.webp HTTP/1.1" 200 22636 "fbapp://350685531728/unknown" "[FBAN/FB4A;FBAV/536.0.0.46.77;FBBV/810162901;FBDM/{density=3.375,width=1080,height=2145};FBLC/uk_UA;FBRV/0;FBCR/UA-KYIVSTAR;FBMF/OPPO;FBBD/OPPO;FBPN/com.facebook.katana;FBDV/CPH2333;FBSV/13;FBOP/1;FBCA/arm64-v8a:;]" "-"
46.98.128.95 - - [26/Oct/2025:05:12:25 +0200 - 0.000 - -] "GET /wp-content/webp-express/webp-images/uploads/2024/12/logo_mob.png.webp HTTP/1.1" 200 1146 "fbapp://350685531728/unknown" "[FBAN/FB4A;FBAV/536.0.0.46.77;FBBV/810162901;FBDM/{density=3.375,width=1080,height=2145};FBLC/uk_UA;FBRV/0;FBCR/UA-KYIVSTAR;FBMF/OPPO;FBBD/OPPO;FBPN/com.facebook.katana;FBDV/CPH2333;FBSV/13;FBOP/1;FBCA/arm64-v8a:;]" "-"
62.60.130.213 - - [26/Oct/2025:05:12:25 +0200 - 0.481 - 0.480] "GET /wp-login.php?redirect_to=https%3A%2F%2Freocellclinic.com%2Fwp-admin%2Fedit.php&reauth=1 HTTP/1.1" 404 150 "https://reocellclinic.com/wp-login.php" "Mozilla/5.0 (Macintosh; Intel Mac OS X 10_15_7; rv:119.0) Gecko/20100101 Firefox/119.0" "-"
178.137.190.113 - - [26/Oct/2025:05:12:28 +0200 - 0.000 - -] "GET /wp-content/webp-express/webp-images/uploads/2024/12/mykhalchuk-lidiya-mykolayivna-likar-endokrynoloh_600x600.jpg.webp HTTP/1.1" 200 28014 "https://reocellclinic.com/doctors/?gad_source=5&gad_campaignid=22621857751&gclid=EAIaIQobChMI6ZWgpvLAkAMVLaODBx3hfhLDEAEYASAAEgJ5-_D_BwE" "Mozilla/5.0 (Linux; Android 10; K) AppleWebKit/537.36 (KHTML, like Gecko) Chrome/141.0.0.0 Mobile Safari/537.36" "-"
178.137.190.113 - - [26/Oct/2025:05:12:28 +0200 - 0.000 - -] "GET /wp-content/webp-express/webp-images/uploads/2024/12/malanushenko-maryna-serhiyivna-likar-dermatoloh_600x600.jpg.webp HTTP/1.1" 200 29946 "https://reocellclinic.com/doctors/?gad_source=5&gad_campaignid=22621857751&gclid=EAIaIQobChMI6ZWgpvLAkAMVLaODBx3hfhLDEAEYASAAEgJ5-_D_BwE" "Mozilla/5.0 (Linux; Android 10; K) AppleWebKit/537.36 (KHTML, like Gecko) Chrome/141.0.0.0 Mobile Safari/537.36" "-"
62.60.130.213 - - [26/Oct/2025:05:12:33 +0200 - 7.406 - 7.404] "GET /wp-admin/plugins.php HTTP/1.1" 302 5 "https://reocellclinic.com/wp-login.php" "Mozilla/5.0 (Macintosh; Intel Mac OS X 10_15_7; rv:119.0) Gecko/20100101 Firefox/119.0" "-"
178.137.190.113 - - [26/Oct/2025:05:12:34 +0200 - 5.447 - 5.448] "GET /wp-json/contact-form-7/v1/contact-forms/546/feedback/schema HTTP/1.1" 200 308 "https://reocellclinic.com/doctors/?gad_source=5&gad_campaignid=22621857751&gclid=EAIaIQobChMI6ZWgpvLAkAMVLaODBx3hfhLDEAEYASAAEgJ5-_D_BwE" "Mozilla/5.0 (Linux; Android 10; K) AppleWebKit/537.36 (KHTML, like Gecko) Chrome/141.0.0.0 Mobile Safari/537.36" "-"
178.137.190.113 - - [26/Oct/2025:05:12:34 +0200 - 0.000 - -] "GET /wp-content/webp-express/webp-images/uploads/2024/12/tsyhanenko-oleksandr-olehovych-likar-khirurh_600x600.jpg.webp HTTP/1.1" 200 25190 "https://reocellclinic.com/doctors/?gad_source=5&gad_campaignid=22621857751&gclid=EAIaIQobChMI6ZWgpvLAkAMVLaODBx3hfhLDEAEYASAAEgJ5-_D_BwE" "Mozilla/5.0 (Linux; Android 10; K) AppleWebKit/537.36 (KHTML, like Gecko) Chrome/141.0.0.0 Mobile Safari/537.36" "-"
178.137.190.113 - - [26/Oct/2025:05:12:34 +0200 - 0.000 - -] "GET /wp-content/webp-express/webp-images/uploads/2024/12/haydar-oleksandr-anatoliyovych-likar-anestezioloh2_600x600.jpg.webp HTTP/1.1" 200 15962 "https://reocellclinic.com/doctors/?gad_source=5&gad_campaignid=22621857751&gclid=EAIaIQobChMI6ZWgpvLAkAMVLaODBx3hfhLDEAEYASAAEgJ5-_D_BwE" "Mozilla/5.0 (Linux; Android 10; K) AppleWebKit/537.36 (KHTML, like Gecko) Chrome/141.0.0.0 Mobile Safari/537.36" "-"
178.137.190.113 - - [26/Oct/2025:05:12:34 +0200 - 5.380 - 5.380] "GET /wp-json/contact-form-7/v1/contact-forms/545/feedback/schema HTTP/1.1" 200 339 "https://reocellclinic.com/doctors/?gad_source=5&gad_campaignid=22621857751&gclid=EAIaIQobChMI6ZWgpvLAkAMVLaODBx3hfhLDEAEYASAAEgJ5-_D_BwE" "Mozilla/5.0 (Linux; Android 10; K) AppleWebKit/537.36 (KHTML, like Gecko) Chrome/141.0.0.0 Mobile Safari/537.36" "-"
178.137.190.113 - - [26/Oct/2025:05:12:34 +0200 - 5.678 - 5.680] "POST /wp-admin/admin-ajax.php HTTP/1.1" 200 72 "https://reocellclinic.com/doctors/?gad_source=5&gad_campaignid=22621857751&gclid=EAIaIQobChMI6ZWgpvLAkAMVLaODBx3hfhLDEAEYASAAEgJ5-_D_BwE" "Mozilla/5.0 (Linux; Android 10; K) AppleWebKit/537.36 (KHTML, like Gecko) Chrome/141.0.0.0 Mobile Safari/537.36" "-"
178.137.190.113 - - [26/Oct/2025:05:12:34 +0200 - 5.179 - 5.180] "GET /wp-json/contact-form-7/v1/contact-forms/544/feedback/schema HTTP/1.1" 200 330 "https://reocellclinic.com/doctors/?gad_source=5&gad_campaignid=22621857751&gclid=EAIaIQobChMI6ZWgpvLAkAMVLaODBx3hfhLDEAEYASAAEgJ5-_D_BwE" "Mozilla/5.0 (Linux; Android 10; K) AppleWebKit/537.36 (KHTML, like Gecko) Chrome/141.0.0.0 Mobile Safari/537.36" "-"
178.137.190.113 - - [26/Oct/2025:05:12:34 +0200 - 4.833 - 4.836] "GET /wp-json/contact-form-7/v1/contact-forms/1450/feedback/schema HTTP/1.1" 200 385 "https://reocellclinic.com/doctors/?gad_source=5&gad_campaignid=22621857751&gclid=EAIaIQobChMI6ZWgpvLAkAMVLaODBx3hfhLDEAEYASAAEgJ5-_D_BwE" "Mozilla/5.0 (Linux; Android 10; K) AppleWebKit/537.36 (KHTML, like Gecko) Chrome/141.0.0.0 Mobile Safari/537.36" "-"
62.60.130.213 - - [26/Oct/2025:05:12:34 +0200 - 1.188 - 1.188] "GET /wp-login.php?redirect_to=https%3A%2F%2Freocellclinic.com%2Fwp-admin%2Fplugins.php&reauth=1 HTTP/1.1" 404 150 "https://reocellclinic.com/wp-login.php" "Mozilla/5.0 (Macintosh; Intel Mac OS X 10_15_7; rv:119.0) Gecko/20100101 Firefox/119.0" "-"
62.60.130.213 - - [26/Oct/2025:05:12:35 +0200 - 1.023 - 1.024] "POST /wp-login.php HTTP/1.1" 404 150 "https://reocellclinic.com/wp-login.php" "Mozilla/5.0 (X11; Linux x86_64) AppleWebKit/537.36 (KHTML, like Gecko) Chrome/120.0.0.0 Safari/537.36" "-"
178.137.190.113 - - [26/Oct/2025:05:12:36 +0200 - 0.000 - -] "GET /wp-content/themes/reocell-clinic/favicon.ico HTTP/1.1" 200 1150 "https://reocellclinic.com/doctors/?gad_source=5&gad_campaignid=22621857751&gclid=EAIaIQobChMI6ZWgpvLAkAMVLaODBx3hfhLDEAEYASAAEgJ5-_D_BwE" "Mozilla/5.0 (Linux; Android 10; K) AppleWebKit/537.36 (KHTML, like Gecko) Chrome/141.0.0.0 Mobile Safari/537.36" "-"
62.60.130.213 - - [26/Oct/2025:05:12:37 +0200 - 1.369 - 1.368] "GET /wp-admin/index.php HTTP/1.1" 302 5 "https://reocellclinic.com/wp-login.php" "Mozilla/5.0 (Macintosh; Intel Mac OS X 10_15_7) AppleWebKit/537.36 (KHTML, like Gecko) Chrome/118.0.0.0 Safari/537.36" "-"
62.60.130.213 - - [26/Oct/2025:05:12:38 +0200 - 0.425 - 0.428] "GET /wp-login.php?redirect_to=https%3A%2F%2Freocellclinic.com%2Fwp-admin%2Findex.php&reauth=1 HTTP/1.1" 404 150 "https://reocellclinic.com/wp-login.php" "Mozilla/5.0 (Macintosh; Intel Mac OS X 10_15_7) AppleWebKit/537.36 (KHTML, like Gecko) Chrome/118.0.0.0 Safari/537.36" "-"
62.60.130.213 - - [26/Oct/2025:05:12:39 +0200 - 1.208 - 1.208] "GET /wp-admin/profile.php HTTP/1.1" 302 5 "https://reocellclinic.com/wp-login.php" "Mozilla/5.0 (Macintosh; Intel Mac OS X 10_15_7) AppleWebKit/537.36 (KHTML, like Gecko) Chrome/118.0.0.0 Safari/537.36" "-"
62.60.130.213 - - [26/Oct/2025:05:12:40 +0200 - 0.431 - 0.429] "GET /wp-login.php?redirect_to=https%3A%2F%2Freocellclinic.com%2Fwp-admin%2Fprofile.php&reauth=1 HTTP/1.1" 404 150 "https://reocellclinic.com/wp-login.php" "Mozilla/5.0 (Macintosh; Intel Mac OS X 10_15_7) AppleWebKit/537.36 (KHTML, like Gecko) Chrome/118.0.0.0 Safari/537.36" "-"
62.60.130.213 - - [26/Oct/2025:05:12:41 +0200 - 1.149 - 1.152] "GET /wp-admin/edit.php HTTP/1.1" 302 5 "https://reocellclinic.com/wp-login.php" "Mozilla/5.0 (Macintosh; Intel Mac OS X 10_15_7) AppleWebKit/537.36 (KHTML, like Gecko) Chrome/118.0.0.0 Safari/537.36" "-"
62.60.130.213 - - [26/Oct/2025:05:12:42 +0200 - 0.425 - 0.424] "GET /wp-login.php?redirect_to=https%3A%2F%2Freocellclinic.com%2Fwp-admin%2Fedit.php&reauth=1 HTTP/1.1" 404 150 "https://reocellclinic.com/wp-login.php" "Mozilla/5.0 (Macintosh; Intel Mac OS X 10_15_7) AppleWebKit/537.36 (KHTML, like Gecko) Chrome/118.0.0.0 Safari/537.36" "-"
62.60.130.213 - - [26/Oct/2025:05:12:43 +0200 - 1.233 - 1.232] "GET /wp-admin/plugins.php HTTP/1.1" 302 5 "https://reocellclinic.com/wp-login.php" "Mozilla/5.0 (Macintosh; Intel Mac OS X 10_15_7) AppleWebKit/537.36 (KHTML, like Gecko) Chrome/118.0.0.0 Safari/537.36" "-"
62.60.130.213 - - [26/Oct/2025:05:12:43 +0200 - 0.432 - 0.432] "GET /wp-login.php?redirect_to=https%3A%2F%2Freocellclinic.com%2Fwp-admin%2Fplugins.php&reauth=1 HTTP/1.1" 404 150 "https://reocellclinic.com/wp-login.php" "Mozilla/5.0 (Macintosh; Intel Mac OS X 10_15_7) AppleWebKit/537.36 (KHTML, like Gecko) Chrome/118.0.0.0 Safari/537.36" "-"
62.60.130.213 - - [26/Oct/2025:05:12:44 +0200 - 0.446 - 0.448] "POST /wp-login.php HTTP/1.1" 404 150 "https://reocellclinic.com/wp-login.php" "Mozilla/5.0 (Macintosh; Intel Mac OS X 10_15_7) AppleWebKit/605.1.15 (KHTML, like Gecko) Version/17.2 Safari/605.1.15" "-"
62.60.130.213 - - [26/Oct/2025:05:12:46 +0200 - 1.149 - 1.148] "GET /wp-admin/index.php HTTP/1.1" 302 5 "https://reocellclinic.com/wp-login.php" "Mozilla/5.0 (Macintosh; Intel Mac OS X 10_15_7; rv:120.0) Gecko/20100101 Firefox/120.0" "-"
62.60.130.213 - - [26/Oct/2025:05:12:46 +0200 - 0.457 - 0.456] "GET /wp-login.php?redirect_to=https%3A%2F%2Freocellclinic.com%2Fwp-admin%2Findex.php&reauth=1 HTTP/1.1" 404 150 "https://reocellclinic.com/wp-login.php" "Mozilla/5.0 (Macintosh; Intel Mac OS X 10_15_7; rv:120.0) Gecko/20100101 Firefox/120.0" "-"
62.60.130.213 - - [26/Oct/2025:05:12:48 +0200 - 1.233 - 1.232] "GET /wp-admin/profile.php HTTP/1.1" 302 5 "https://reocellclinic.com/wp-login.php" "Mozilla/5.0 (Macintosh; Intel Mac OS X 10_15_7; rv:120.0) Gecko/20100101 Firefox/120.0" "-"
