78.157.49.100 - - [26/Oct/2025:14:45:00 +0200 - 0.962 - 0.960] "POST /wp-login.php HTTP/1.1" 403 4156 "https://reocell.com/wp-login.php" "Mozilla/5.0 (Windows NT 10.0; Win64; x64) AppleWebKit/537.36 (KHTML, like Gecko) Chrome/130.0.0.0 Safari/537.36" "-"
195.238.119.100 - - [26/Oct/2025:14:45:02 +0200 - 1.921 - 1.925] "POST /wp-admin/admin-ajax.php HTTP/1.1" 200 112 "https://reocell.com/wp-admin/post.php?post=845&action=edit&lang=en" "Mozilla/5.0 (Windows NT 10.0; Win64; x64) AppleWebKit/537.36 (KHTML, like Gecko) Chrome/141.0.0.0 Safari/537.36" "-"
129.150.46.7 - - [26/Oct/2025:14:45:10 +0200 - 0.005 - 0.004] "GET /wp-login.php HTTP/1.1" 200 4069 "-" "Mozilla/5.0 (Windows NT 10.0; Win64; x64) AppleWebKit/537.36 (KHTML, like Gecko) Chrome/130.0.0.0 Safari/537.36" "-"
129.150.46.7 - - [26/Oct/2025:14:45:14 +0200 - 0.973 - 0.976] "POST /wp-login.php HTTP/1.1" 403 4156 "https://reocell.com/wp-login.php" "Mozilla/5.0 (Windows NT 10.0; Win64; x64) AppleWebKit/537.36 (KHTML, like Gecko) Chrome/130.0.0.0 Safari/537.36" "-"
92.205.110.219 - - [26/Oct/2025:14:45:22 +0200 - 0.004 - 0.004] "GET /wp-login.php HTTP/1.1" 200 4069 "-" "Mozilla/5.0 (Windows NT 10.0; Win64; x64) AppleWebKit/537.36 (KHTML, like Gecko) Chrome/130.0.0.0 Safari/537.36" "-"
92.205.110.219 - - [26/Oct/2025:14:45:23 +0200 - 0.863 - 0.864] "POST /wp-login.php HTTP/1.1" 403 4214 "https://reocell.com/wp-login.php" "Mozilla/5.0 (Windows NT 10.0; Win64; x64) AppleWebKit/537.36 (KHTML, like Gecko) Chrome/130.0.0.0 Safari/537.36" "-"
23.111.75.37 - - [26/Oct/2025:14:45:30 +0200 - 0.004 - 0.000] "GET /wp-login.php HTTP/1.1" 200 4069 "-" "Mozilla/5.0 (Windows NT 10.0; Win64; x64) AppleWebKit/537.36 (KHTML, like Gecko) Chrome/130.0.0.0 Safari/537.36" "-"
23.111.75.37 - - [26/Oct/2025:14:45:33 +0200 - 0.785 - 0.784] "POST /wp-login.php HTTP/1.1" 403 4204 "https://reocell.com/wp-login.php" "Mozilla/5.0 (Windows NT 10.0; Win64; x64) AppleWebKit/537.36 (KHTML, like Gecko) Chrome/130.0.0.0 Safari/537.36" "-"
57.141.0.29 - - [26/Oct/2025:14:45:39 +0200 - 1.067 - 1.064] "GET /en/products/fibrocell-derma/ HTTP/1.1" 200 69682 "-" "meta-externalagent/1.1 (+https://developers.facebook.com/docs/sharing/webmasters/crawler)" "-"
103.26.10.125 - - [26/Oct/2025:14:45:42 +0200 - 0.004 - 0.004] "GET /wp-login.php HTTP/1.1" 200 4069 "-" "Mozilla/5.0 (Windows NT 10.0; Win64; x64) AppleWebKit/537.36 (KHTML, like Gecko) Chrome/130.0.0.0 Safari/537.36" "-"
103.26.10.125 - - [26/Oct/2025:14:45:45 +0200 - 0.807 - 0.800] "POST /wp-login.php HTTP/1.1" 403 4199 "https://reocell.com/wp-login.php" "Mozilla/5.0 (Windows NT 10.0; Win64; x64) AppleWebKit/537.36 (KHTML, like Gecko) Chrome/130.0.0.0 Safari/537.36" "-"
181.215.178.254 - - [26/Oct/2025:14:45:53 +0200 - 0.004 - 0.000] "GET /wp-login.php HTTP/1.1" 200 4069 "-" "Mozilla/5.0 (Windows NT 10.0; Win64; x64) AppleWebKit/537.36 (KHTML, like Gecko) Chrome/130.0.0.0 Safari/537.36" "-"
31.131.20.181 - - [26/Oct/2025:14:45:55 +0200 - 0.001 - 0.000] "POST /wp-cron.php?doing_wp_cron=1761482755.9633860588073730468750 HTTP/1.1" 499 0 "-" "WordPress/6.8.3; https://reocell.com" "-"
181.215.178.254 - - [26/Oct/2025:14:45:56 +0200 - 0.827 - 0.828] "POST /wp-login.php HTTP/1.1" 403 4199 "https://reocell.com/wp-login.php" "Mozilla/5.0 (Windows NT 10.0; Win64; x64) AppleWebKit/537.36 (KHTML, like Gecko) Chrome/130.0.0.0 Safari/537.36" "-"
103.175.163.22 - - [26/Oct/2025:14:46:07 +0200 - 0.005 - 0.000] "GET /wp-login.php HTTP/1.1" 200 4069 "-" "Mozilla/5.0 (Windows NT 10.0; Win64; x64) AppleWebKit/537.36 (KHTML, like Gecko) Chrome/130.0.0.0 Safari/537.36" "-"
103.175.163.22 - - [26/Oct/2025:14:46:10 +0200 - 0.825 - 0.820] "POST /wp-login.php HTTP/1.1" 403 4202 "https://reocell.com/wp-login.php" "Mozilla/5.0 (Windows NT 10.0; Win64; x64) AppleWebKit/537.36 (KHTML, like Gecko) Chrome/130.0.0.0 Safari/537.36" "-"
195.238.119.100 - - [26/Oct/2025:14:46:28 +0200 - 0.999 - 1.000] "POST /wp-admin/admin-ajax.php HTTP/1.1" 200 78 "https://reocell.com/wp-admin/admin.php?page=wpml-string-translation%2Fmenu%2Fstring-translation.php" "Mozilla/5.0 (Windows NT 10.0; Win64; x64) AppleWebKit/537.36 (KHTML, like Gecko) Chrome/141.0.0.0 Safari/537.36" "-"
51.195.244.7 - - [26/Oct/2025:14:46:30 +0200 - 0.790 - 0.792] "GET /sitemap_index.xml HTTP/1.1" 200 384 "-" "Mozilla/5.0 (compatible; AhrefsBot/7.0; +http://ahrefs.com/robot/)" "-"
54.38.147.18 - - [26/Oct/2025:14:46:34 +0200 - 0.763 - 0.760] "GET /post-sitemap.xml HTTP/1.1" 200 639 "-" "Mozilla/5.0 (compatible; AhrefsBot/7.0; +http://ahrefs.com/robot/)" "-"
74.208.46.181 - - [26/Oct/2025:14:46:37 +0200 - 0.013 - 0.016] "GET /wp-login.php HTTP/1.1" 200 4069 "-" "Mozilla/5.0 (Windows NT 10.0; Win64; x64) AppleWebKit/537.36 (KHTML, like Gecko) Chrome/130.0.0.0 Safari/537.36" "-"
54.38.147.17 - - [26/Oct/2025:14:46:37 +0200 - 0.832 - 0.832] "GET /page-sitemap.xml HTTP/1.1" 200 889 "-" "Mozilla/5.0 (compatible; AhrefsBot/7.0; +http://ahrefs.com/robot/)" "-"
74.208.46.181 - - [26/Oct/2025:14:46:39 +0200 - 0.810 - 0.808] "POST /wp-login.php HTTP/1.1" 403 4201 "https://reocell.com/wp-login.php" "Mozilla/5.0 (Windows NT 10.0; Win64; x64) AppleWebKit/537.36 (KHTML, like Gecko) Chrome/130.0.0.0 Safari/537.36" "-"
198.244.168.92 - - [26/Oct/2025:14:46:41 +0200 - 0.772 - 0.772] "GET /products-sitemap.xml HTTP/1.1" 200 814 "-" "Mozilla/5.0 (compatible; AhrefsBot/7.0; +http://ahrefs.com/robot/)" "-"
198.244.168.119 - - [26/Oct/2025:14:46:45 +0200 - 0.907 - 0.908] "GET /category-sitemap.xml HTTP/1.1" 200 429 "-" "Mozilla/5.0 (compatible; AhrefsBot/7.0; +http://ahrefs.com/robot/)" "-"
31.131.20.181 - - [26/Oct/2025:14:46:49 +0200 - 0.001 - 0.000] "POST /wp-cron.php?doing_wp_cron=1761482809.5531730651855468750000 HTTP/1.1" 499 0 "-" "WordPress/6.8.3; https://reocell.com" "-"
198.244.242.141 - - [26/Oct/2025:14:46:49 +0200 - 0.850 - 0.848] "GET /product-category-sitemap.xml HTTP/1.1" 200 955 "-" "Mozilla/5.0 (compatible; AhrefsBot/7.0; +http://ahrefs.com/robot/)" "-"
198.244.168.11 - - [26/Oct/2025:14:46:53 +0200 - 0.758 - 0.756] "GET /post-type-sitemap.xml HTTP/1.1" 200 477 "-" "Mozilla/5.0 (compatible; AhrefsBot/7.0; +http://ahrefs.com/robot/)" "-"
198.244.226.0 - - [26/Oct/2025:14:46:57 +0200 - 0.750 - 0.748] "GET /post-whom-sitemap.xml HTTP/1.1" 200 559 "-" "Mozilla/5.0 (compatible; AhrefsBot/7.0; +http://ahrefs.com/robot/)" "-"
195.238.119.100 - - [26/Oct/2025:14:47:02 +0200 - 1.273 - 1.276] "POST /wp-admin/admin-ajax.php HTTP/1.1" 200 112 "https://reocell.com/wp-admin/post.php?post=845&action=edit&lang=en" "Mozilla/5.0 (Windows NT 10.0; Win64; x64) AppleWebKit/537.36 (KHTML, like Gecko) Chrome/141.0.0.0 Safari/537.36" "-"
23.111.75.37 - - [26/Oct/2025:14:48:02 +0200 - 0.016 - 0.016] "GET /wp-login.php HTTP/1.1" 200 4069 "-" "Mozilla/5.0 (Windows NT 10.0; Win64; x64) AppleWebKit/537.36 (KHTML, like Gecko) Chrome/130.0.0.0 Safari/537.36" "-"
31.131.20.181 - - [26/Oct/2025:14:48:05 +0200 - 0.000 - 0.000] "POST /wp-cron.php?doing_wp_cron=1761482885.3949060440063476562500 HTTP/1.1" 499 0 "-" "WordPress/6.8.3; https://reocell.com" "-"
23.111.75.37 - - [26/Oct/2025:14:48:05 +0200 - 0.979 - 0.976] "POST /wp-login.php HTTP/1.1" 403 4156 "https://reocell.com/wp-login.php" "Mozilla/5.0 (Windows NT 10.0; Win64; x64) AppleWebKit/537.36 (KHTML, like Gecko) Chrome/130.0.0.0 Safari/537.36" "-"
199.192.27.11 - - [26/Oct/2025:14:48:26 +0200 - 0.014 - 0.016] "GET /wp-login.php HTTP/1.1" 200 4069 "-" "Mozilla/5.0 (Windows NT 10.0; Win64; x64) AppleWebKit/537.36 (KHTML, like Gecko) Chrome/130.0.0.0 Safari/537.36" "-"
199.192.27.11 - - [26/Oct/2025:14:48:29 +0200 - 0.903 - 0.904] "POST /wp-login.php HTTP/1.1" 403 4156 "https://reocell.com/wp-login.php" "Mozilla/5.0 (Windows NT 10.0; Win64; x64) AppleWebKit/537.36 (KHTML, like Gecko) Chrome/130.0.0.0 Safari/537.36" "-"
195.238.119.100 - - [26/Oct/2025:14:48:29 +0200 - 1.037 - 1.040] "POST /wp-admin/admin-ajax.php HTTP/1.1" 200 78 "https://reocell.com/wp-admin/admin.php?page=wpml-string-translation%2Fmenu%2Fstring-translation.php" "Mozilla/5.0 (Windows NT 10.0; Win64; x64) AppleWebKit/537.36 (KHTML, like Gecko) Chrome/141.0.0.0 Safari/537.36" "-"
89.117.74.114 - - [26/Oct/2025:14:48:47 +0200 - 0.014 - 0.016] "GET /wp-login.php HTTP/1.1" 200 4069 "-" "Mozilla/5.0 (Windows NT 10.0; Win64; x64) AppleWebKit/537.36 (KHTML, like Gecko) Chrome/130.0.0.0 Safari/537.36" "-"
89.117.74.114 - - [26/Oct/2025:14:48:51 +0200 - 0.448 - 0.448] "POST /wp-login.php HTTP/1.1" 404 150 "https://reocell.com/wp-login.php" "Mozilla/5.0 (Windows NT 10.0; Win64; x64) AppleWebKit/537.36 (KHTML, like Gecko) Chrome/130.0.0.0 Safari/537.36" "-"
31.131.20.181 - - [26/Oct/2025:14:48:57 +0200 - 0.001 - 0.000] "POST /wp-cron.php?doing_wp_cron=1761482937.5087521076202392578125 HTTP/1.1" 499 0 "-" "WordPress/6.8.3; https://reocell.com" "-"
78.47.98.55 - - [26/Oct/2025:14:48:57 +0200 - 0.909 - 0.908] "HEAD / HTTP/1.1" 200 0 "https://reocell.com/" "Mozilla/5.0+(compatible; UptimeRobot/2.0; http://www.uptimerobot.com/)" "-"
195.238.119.100 - - [26/Oct/2025:14:49:03 +0200 - 1.107 - 1.108] "POST /wp-admin/admin-ajax.php HTTP/1.1" 200 112 "https://reocell.com/wp-admin/post.php?post=845&action=edit&lang=en" "Mozilla/5.0 (Windows NT 10.0; Win64; x64) AppleWebKit/537.36 (KHTML, like Gecko) Chrome/141.0.0.0 Safari/537.36" "-"
62.219.106.108 - - [26/Oct/2025:14:49:16 +0200 - 0.000 - -] "POST /xmlrpc.php HTTP/1.1" 404 133 "-" "Mozilla/5.0 (Macintosh; Intel Mac OS X 10_12_4) AppleWebKit/603.1.30 (KHTML, like Gecko) Version/10.1 Safari/603.1.30" "-"
89.117.74.114 - - [26/Oct/2025:14:49:17 +0200 - 0.014 - 0.012] "GET /wp-login.php HTTP/1.1" 200 4069 "-" "Mozilla/5.0 (Windows NT 10.0; Win64; x64) AppleWebKit/537.36 (KHTML, like Gecko) Chrome/130.0.0.0 Safari/537.36" "-"
89.117.74.114 - - [26/Oct/2025:14:49:19 +0200 - 0.402 - 0.400] "POST /wp-login.php HTTP/1.1" 404 150 "https://reocell.com/wp-login.php" "Mozilla/5.0 (Windows NT 10.0; Win64; x64) AppleWebKit/537.36 (KHTML, like Gecko) Chrome/130.0.0.0 Safari/537.36" "-"
92.205.110.219 - - [26/Oct/2025:14:49:31 +0200 - 0.014 - 0.012] "GET /wp-login.php HTTP/1.1" 200 4069 "-" "Mozilla/5.0 (Windows NT 10.0; Win64; x64) AppleWebKit/537.36 (KHTML, like Gecko) Chrome/130.0.0.0 Safari/537.36" "-"
92.205.110.219 - - [26/Oct/2025:14:49:32 +0200 - 0.466 - 0.468] "POST /wp-login.php HTTP/1.1" 404 150 "https://reocell.com/wp-login.php" "Mozilla/5.0 (Windows NT 10.0; Win64; x64) AppleWebKit/537.36 (KHTML, like Gecko) Chrome/130.0.0.0 Safari/537.36" "-"
194.164.126.55 - - [26/Oct/2025:14:49:45 +0200 - 0.013 - 0.012] "GET /wp-login.php HTTP/1.1" 200 4069 "-" "Mozilla/5.0 (Windows NT 10.0; Win64; x64) AppleWebKit/537.36 (KHTML, like Gecko) Chrome/130.0.0.0 Safari/537.36" "-"
31.131.20.181 - - [26/Oct/2025:14:49:50 +0200 - 0.001 - 0.000] "POST /wp-cron.php?doing_wp_cron=1761482990.4260199069976806640625 HTTP/1.1" 499 0 "-" "WordPress/6.8.3; https://reocell.com" "-"
194.164.126.55 - - [26/Oct/2025:14:49:50 +0200 - 0.928 - 0.928] "POST /wp-login.php HTTP/1.1" 403 4156 "https://reocell.com/wp-login.php" "Mozilla/5.0 (Windows NT 10.0; Win64; x64) AppleWebKit/537.36 (KHTML, like Gecko) Chrome/130.0.0.0 Safari/537.36" "-"
5.175.42.26 - - [26/Oct/2025:14:50:20 +0200 - 0.014 - 0.012] "GET /wp-login.php HTTP/1.1" 200 4069 "-" "Mozilla/5.0 (Windows NT 10.0; Win64; x64) AppleWebKit/537.36 (KHTML, like Gecko) Chrome/130.0.0.0 Safari/537.36" "-"
5.175.42.26 - - [26/Oct/2025:14:50:23 +0200 - 0.891 - 0.888] "POST /wp-login.php HTTP/1.1" 403 4156 "https://reocell.com/wp-login.php" "Mozilla/5.0 (Windows NT 10.0; Win64; x64) AppleWebKit/537.36 (KHTML, like Gecko) Chrome/130.0.0.0 Safari/537.36" "-"
195.238.119.100 - - [26/Oct/2025:14:50:30 +0200 - 0.998 - 0.996] "POST /wp-admin/admin-ajax.php HTTP/1.1" 200 78 "https://reocell.com/wp-admin/admin.php?page=wpml-string-translation%2Fmenu%2Fstring-translation.php" "Mozilla/5.0 (Windows NT 10.0; Win64; x64) AppleWebKit/537.36 (KHTML, like Gecko) Chrome/141.0.0.0 Safari/537.36" "-"
151.80.33.134 - - [26/Oct/2025:14:50:43 +0200 - 0.014 - 0.012] "GET /wp-login.php HTTP/1.1" 200 4069 "-" "Mozilla/5.0 (Windows NT 10.0; Win64; x64) AppleWebKit/537.36 (KHTML, like Gecko) Chrome/130.0.0.0 Safari/537.36" "-"
31.131.20.181 - - [26/Oct/2025:14:50:48 +0200 - 0.000 - 0.000] "POST /wp-cron.php?doing_wp_cron=1761483048.1860849857330322265625 HTTP/1.1" 499 0 "-" "WordPress/6.8.3; https://reocell.com" "-"
151.80.33.134 - - [26/Oct/2025:14:50:48 +0200 - 1.013 - 1.012] "POST /wp-login.php HTTP/1.1" 403 4156 "https://reocell.com/wp-login.php" "Mozilla/5.0 (Windows NT 10.0; Win64; x64) AppleWebKit/537.36 (KHTML, like Gecko) Chrome/130.0.0.0 Safari/537.36" "-"
103.175.163.182 - - [26/Oct/2025:14:51:03 +0200 - 0.020 - 0.020] "GET /wp-login.php HTTP/1.1" 200 4069 "-" "Mozilla/5.0 (Windows NT 10.0; Win64; x64) AppleWebKit/537.36 (KHTML, like Gecko) Chrome/130.0.0.0 Safari/537.36" "-"
195.238.119.100 - - [26/Oct/2025:14:51:04 +0200 - 1.124 - 1.124] "POST /wp-admin/admin-ajax.php HTTP/1.1" 200 112 "https://reocell.com/wp-admin/post.php?post=845&action=edit&lang=en" "Mozilla/5.0 (Windows NT 10.0; Win64; x64) AppleWebKit/537.36 (KHTML, like Gecko) Chrome/141.0.0.0 Safari/537.36" "-"
103.175.163.182 - - [26/Oct/2025:14:51:07 +0200 - 0.881 - 0.880] "POST /wp-login.php HTTP/1.1" 403 4199 "https://reocell.com/wp-login.php" "Mozilla/5.0 (Windows NT 10.0; Win64; x64) AppleWebKit/537.36 (KHTML, like Gecko) Chrome/130.0.0.0 Safari/537.36" "-"
15.235.140.141 - - [26/Oct/2025:14:51:22 +0200 - 0.018 - 0.020] "GET /wp-login.php HTTP/1.1" 200 4069 "-" "Mozilla/5.0 (Windows NT 10.0; Win64; x64) AppleWebKit/537.36 (KHTML, like Gecko) Chrome/130.0.0.0 Safari/537.36" "-"
15.235.140.141 - - [26/Oct/2025:14:51:24 +0200 - 0.923 - 0.921] "POST /wp-login.php HTTP/1.1" 403 4156 "https://reocell.com/wp-login.php" "Mozilla/5.0 (Windows NT 10.0; Win64; x64) AppleWebKit/537.36 (KHTML, like Gecko) Chrome/130.0.0.0 Safari/537.36" "-"
65.254.81.138 - - [26/Oct/2025:14:51:45 +0200 - 0.015 - 0.016] "GET /wp-login.php HTTP/1.1" 200 4069 "-" "Mozilla/5.0 (Windows NT 10.0; Win64; x64) AppleWebKit/537.36 (KHTML, like Gecko) Chrome/130.0.0.0 Safari/537.36" "-"
65.254.81.138 - - [26/Oct/2025:14:51:47 +0200 - 0.961 - 0.960] "POST /wp-login.php HTTP/1.1" 403 4156 "https://reocell.com/wp-login.php" "Mozilla/5.0 (Windows NT 10.0; Win64; x64) AppleWebKit/537.36 (KHTML, like Gecko) Chrome/130.0.0.0 Safari/537.36" "-"
132.148.78.150 - - [26/Oct/2025:14:52:00 +0200 - 0.014 - 0.016] "GET /wp-login.php HTTP/1.1" 200 4069 "-" "Mozilla/5.0 (Windows NT 10.0; Win64; x64) AppleWebKit/537.36 (KHTML, like Gecko) Chrome/130.0.0.0 Safari/537.36" "-"
31.131.20.181 - - [26/Oct/2025:14:52:02 +0200 - 0.001 - 0.004] "POST /wp-cron.php?doing_wp_cron=1761483122.5507850646972656250000 HTTP/1.1" 499 0 "-" "WordPress/6.8.3; https://reocell.com" "-"
132.148.78.150 - - [26/Oct/2025:14:52:02 +0200 - 1.190 - 1.188] "POST /wp-login.php HTTP/1.1" 403 4156 "https://reocell.com/wp-login.php" "Mozilla/5.0 (Windows NT 10.0; Win64; x64) AppleWebKit/537.36 (KHTML, like Gecko) Chrome/130.0.0.0 Safari/537.36" "-"
35.195.201.3 - - [26/Oct/2025:14:52:19 +0200 - 0.014 - 0.016] "GET /wp-login.php HTTP/1.1" 200 4069 "-" "Mozilla/5.0 (Windows NT 10.0; Win64; x64) AppleWebKit/537.36 (KHTML, like Gecko) Chrome/130.0.0.0 Safari/537.36" "-"
35.195.201.3 - - [26/Oct/2025:14:52:21 +0200 - 0.948 - 0.948] "POST /wp-login.php HTTP/1.1" 403 4156 "https://reocell.com/wp-login.php" "Mozilla/5.0 (Windows NT 10.0; Win64; x64) AppleWebKit/537.36 (KHTML, like Gecko) Chrome/130.0.0.0 Safari/537.36" "-"
195.238.119.100 - - [26/Oct/2025:14:52:31 +0200 - 1.049 - 1.048] "POST /wp-admin/admin-ajax.php HTTP/1.1" 200 78 "https://reocell.com/wp-admin/admin.php?page=wpml-string-translation%2Fmenu%2Fstring-translation.php" "Mozilla/5.0 (Windows NT 10.0; Win64; x64) AppleWebKit/537.36 (KHTML, like Gecko) Chrome/141.0.0.0 Safari/537.36" "-"
85.10.206.80 - - [26/Oct/2025:14:52:35 +0200 - 0.003 - 0.004] "GET /wp-login.php HTTP/1.1" 200 4069 "-" "Mozilla/5.0 (Windows NT 10.0; Win64; x64) AppleWebKit/537.36 (KHTML, like Gecko) Chrome/130.0.0.0 Safari/537.36" "-"
85.10.206.80 - - [26/Oct/2025:14:52:38 +0200 - 0.893 - 0.892] "POST /wp-login.php HTTP/1.1" 403 4156 "https://reocell.com/wp-login.php" "Mozilla/5.0 (Windows NT 10.0; Win64; x64) AppleWebKit/537.36 (KHTML, like Gecko) Chrome/130.0.0.0 Safari/537.36" "-"
31.131.20.181 - - [26/Oct/2025:14:53:05 +0200 - 0.001 - 0.000] "POST /wp-cron.php?doing_wp_cron=1761483185.7484440803527832031250 HTTP/1.1" 499 0 "-" "WordPress/6.8.3; https://reocell.com" "-"
195.238.119.100 - - [26/Oct/2025:14:53:05 +0200 - 1.168 - 1.168] "POST /wp-admin/admin-ajax.php HTTP/1.1" 200 112 "https://reocell.com/wp-admin/post.php?post=845&action=edit&lang=en" "Mozilla/5.0 (Windows NT 10.0; Win64; x64) AppleWebKit/537.36 (KHTML, like Gecko) Chrome/141.0.0.0 Safari/537.36" "-"
89.117.74.114 - - [26/Oct/2025:14:53:13 +0200 - 0.004 - 0.004] "GET /wp-login.php HTTP/1.1" 200 4069 "-" "Mozilla/5.0 (Windows NT 10.0; Win64; x64) AppleWebKit/537.36 (KHTML, like Gecko) Chrome/130.0.0.0 Safari/537.36" "-"
89.117.74.114 - - [26/Oct/2025:14:53:15 +0200 - 0.376 - 0.376] "POST /wp-login.php HTTP/1.1" 404 150 "https://reocell.com/wp-login.php" "Mozilla/5.0 (Windows NT 10.0; Win64; x64) AppleWebKit/537.36 (KHTML, like Gecko) Chrome/130.0.0.0 Safari/537.36" "-"
103.74.116.73 - - [26/Oct/2025:14:53:42 +0200 - 0.015 - 0.016] "GET /wp-login.php HTTP/1.1" 200 4069 "-" "Mozilla/5.0 (Windows NT 10.0; Win64; x64) AppleWebKit/537.36 (KHTML, like Gecko) Chrome/130.0.0.0 Safari/537.36" "-"
103.74.116.73 - - [26/Oct/2025:14:53:44 +0200 - 1.011 - 1.012] "POST /wp-login.php HTTP/1.1" 403 4156 "https://reocell.com/wp-login.php" "Mozilla/5.0 (Windows NT 10.0; Win64; x64) AppleWebKit/537.36 (KHTML, like Gecko) Chrome/130.0.0.0 Safari/537.36" "-"
31.131.20.181 - - [26/Oct/2025:14:54:02 +0200 - 0.000 - 0.004] "POST /wp-cron.php?doing_wp_cron=1761483242.7185089588165283203125 HTTP/1.1" 499 0 "-" "WordPress/6.8.3; https://reocell.com" "-"
88.99.80.227 - - [26/Oct/2025:14:54:02 +0200 - 1.038 - 1.036] "HEAD / HTTP/1.1" 200 0 "https://reocell.com/" "Mozilla/5.0+(compatible; UptimeRobot/2.0; http://www.uptimerobot.com/)" "-"
180.93.137.9 - - [26/Oct/2025:14:54:06 +0200 - 0.004 - 0.004] "GET /wp-login.php HTTP/1.1" 200 4069 "-" "Mozilla/5.0 (Windows NT 10.0; Win64; x64) AppleWebKit/537.36 (KHTML, like Gecko) Chrome/130.0.0.0 Safari/537.36" "-"
31.131.20.181 - - [26/Oct/2025:14:54:10 +0200 - 0.001 - 0.000] "POST /wp-cron.php?doing_wp_cron=1761483250.4238359928131103515625 HTTP/1.1" 499 0 "-" "WordPress/6.8.3; https://reocell.com" "-"
180.93.137.9 - - [26/Oct/2025:14:54:10 +0200 - 0.984 - 0.984] "POST /wp-login.php HTTP/1.1" 403 4156 "https://reocell.com/wp-login.php" "Mozilla/5.0 (Windows NT 10.0; Win64; x64) AppleWebKit/537.36 (KHTML, like Gecko) Chrome/130.0.0.0 Safari/537.36" "-"
79.133.56.252 - - [26/Oct/2025:14:54:24 +0200 - 0.023 - 0.024] "GET /wp-login.php HTTP/1.1" 200 4069 "-" "Mozilla/4.0 (compatible; MSIE 7.0; Windows NT 6.1; WOW64; Trident/7.0; SLCC2; .NET CLR 2.0.50727; .NET CLR 3.5.30729; .NET CLR 3.0.30729; Media Center PC 6.0; .NET4.0C; .NET4.0E; GWX:QUALIFIED)" "-"
195.238.119.100 - - [26/Oct/2025:14:54:32 +0200 - 1.007 - 1.008] "POST /wp-admin/admin-ajax.php HTTP/1.1" 200 78 "https://reocell.com/wp-admin/admin.php?page=wpml-string-translation%2Fmenu%2Fstring-translation.php" "Mozilla/5.0 (Windows NT 10.0; Win64; x64) AppleWebKit/537.36 (KHTML, like Gecko) Chrome/141.0.0.0 Safari/537.36" "-"
66.33.212.6 - - [26/Oct/2025:14:54:33 +0200 - 0.003 - 0.004] "GET /wp-login.php HTTP/1.1" 200 4069 "-" "Mozilla/5.0 (Windows NT 10.0; Win64; x64) AppleWebKit/537.36 (KHTML, like Gecko) Chrome/130.0.0.0 Safari/537.36" "-"
66.33.212.6 - - [26/Oct/2025:14:54:36 +0200 - 0.913 - 0.908] "POST /wp-login.php HTTP/1.1" 403 4156 "https://reocell.com/wp-login.php" "Mozilla/5.0 (Windows NT 10.0; Win64; x64) AppleWebKit/537.36 (KHTML, like Gecko) Chrome/130.0.0.0 Safari/537.36" "-"
79.133.56.252 - - [26/Oct/2025:14:54:48 +0200 - 0.014 - 0.012] "GET /wp-login.php HTTP/1.1" 200 4069 "-" "Mozilla/4.0 (compatible; MSIE 7.0; Windows NT 6.1; WOW64; Trident/7.0; SLCC2; .NET CLR 2.0.50727; .NET CLR 3.5.30729; .NET CLR 3.0.30729; Media Center PC 6.0; .NET4.0C; .NET4.0E; GWX:QUALIFIED)" "-"
180.93.137.9 - - [26/Oct/2025:14:54:53 +0200 - 0.003 - 0.004] "GET /wp-login.php HTTP/1.1" 200 4069 "-" "Mozilla/5.0 (Windows NT 10.0; Win64; x64) AppleWebKit/537.36 (KHTML, like Gecko) Chrome/130.0.0.0 Safari/537.36" "-"
31.131.20.181 - - [26/Oct/2025:14:54:56 +0200 - 0.000 - 0.000] "POST /wp-cron.php?doing_wp_cron=1761483296.3721239566802978515625 HTTP/1.1" 499 0 "-" "WordPress/6.8.3; https://reocell.com" "-"
180.93.137.9 - - [26/Oct/2025:14:54:56 +0200 - 1.002 - 1.004] "POST /wp-login.php HTTP/1.1" 403 4156 "https://reocell.com/wp-login.php" "Mozilla/5.0 (Windows NT 10.0; Win64; x64) AppleWebKit/537.36 (KHTML, like Gecko) Chrome/130.0.0.0 Safari/537.36" "-"
79.133.56.252 - - [26/Oct/2025:14:54:57 +0200 - 0.939 - 0.940] "POST /wp-login.php HTTP/1.1" 403 4163 "https://reocell.com/wp-login.php" "Mozilla/4.0 (compatible; MSIE 7.0; Windows NT 6.1; WOW64; Trident/7.0; SLCC2; .NET CLR 2.0.50727; .NET CLR 3.5.30729; .NET CLR 3.0.30729; Media Center PC 6.0; .NET4.0C; .NET4.0E; GWX:QUALIFIED)" "-"
195.238.119.100 - - [26/Oct/2025:14:55:06 +0200 - 1.042 - 1.040] "POST /wp-admin/admin-ajax.php HTTP/1.1" 200 112 "https://reocell.com/wp-admin/post.php?post=845&action=edit&lang=en" "Mozilla/5.0 (Windows NT 10.0; Win64; x64) AppleWebKit/537.36 (KHTML, like Gecko) Chrome/141.0.0.0 Safari/537.36" "-"
154.0.167.216 - - [26/Oct/2025:14:55:10 +0200 - 0.004 - 0.004] "GET /wp-login.php HTTP/1.1" 200 4069 "-" "Mozilla/5.0 (Windows NT 10.0; Win64; x64) AppleWebKit/537.36 (KHTML, like Gecko) Chrome/130.0.0.0 Safari/537.36" "-"
154.0.167.216 - - [26/Oct/2025:14:55:13 +0200 - 0.915 - 0.916] "POST /wp-login.php HTTP/1.1" 403 4156 "https://reocell.com/wp-login.php" "Mozilla/5.0 (Windows NT 10.0; Win64; x64) AppleWebKit/537.36 (KHTML, like Gecko) Chrome/130.0.0.0 Safari/537.36" "-"
5.180.252.164 - - [26/Oct/2025:14:55:33 +0200 - 0.024 - 0.020] "GET /wp-login.php HTTP/1.1" 200 4069 "-" "Mozilla/5.0 (Windows NT 10.0; Win64; x64) AppleWebKit/537.36 (KHTML, like Gecko) Chrome/130.0.0.0 Safari/537.36" "-"
5.180.252.164 - - [26/Oct/2025:14:55:37 +0200 - 0.930 - 0.928] "POST /wp-login.php HTTP/1.1" 403 4156 "https://reocell.com/wp-login.php" "Mozilla/5.0 (Windows NT 10.0; Win64; x64) AppleWebKit/537.36 (KHTML, like Gecko) Chrome/130.0.0.0 Safari/537.36" "-"
47.251.67.217 - - [26/Oct/2025:14:56:08 +0200 - 0.014 - 0.012] "GET /wp-login.php HTTP/1.1" 200 4069 "-" "Mozilla/5.0 (Windows NT 10.0; Win64; x64) AppleWebKit/537.36 (KHTML, like Gecko) Chrome/130.0.0.0 Safari/537.36" "-"
31.131.20.181 - - [26/Oct/2025:14:56:10 +0200 - 0.000 - 0.000] "POST /wp-cron.php?doing_wp_cron=1761483370.7950549125671386718750 HTTP/1.1" 499 0 "-" "WordPress/6.8.3; https://reocell.com" "-"
47.251.67.217 - - [26/Oct/2025:14:56:10 +0200 - 0.936 - 0.936] "POST /wp-login.php HTTP/1.1" 403 4200 "https://reocell.com/wp-login.php" "Mozilla/5.0 (Windows NT 10.0; Win64; x64) AppleWebKit/537.36 (KHTML, like Gecko) Chrome/130.0.0.0 Safari/537.36" "-"
132.148.78.150 - - [26/Oct/2025:14:56:19 +0200 - 0.000 - -] "POST /xmlrpc.php HTTP/1.1" 404 194 "-" "Mozilla/5.0 (Windows NT 10.0; Win64; x64; WebView/3.0) AppleWebKit/537.36 (KHTML, like Gecko) Chrome/58.0.3029.110 Safari/537.36 Edge/16.16299" "-"
195.238.119.100 - - [26/Oct/2025:14:56:33 +0200 - 1.089 - 1.088] "POST /wp-admin/admin-ajax.php HTTP/1.1" 200 78 "https://reocell.com/wp-admin/admin.php?page=wpml-string-translation%2Fmenu%2Fstring-translation.php" "Mozilla/5.0 (Windows NT 10.0; Win64; x64) AppleWebKit/537.36 (KHTML, like Gecko) Chrome/141.0.0.0 Safari/537.36" "-"
187.115.88.131 - - [26/Oct/2025:14:56:36 +0200 - 0.004 - 0.004] "GET /wp-login.php HTTP/1.1" 200 4069 "-" "Mozilla/5.0 (Windows NT 10.0; Win64; x64) AppleWebKit/537.36 (KHTML, like Gecko) Chrome/130.0.0.0 Safari/537.36" "-"
187.115.88.131 - - [26/Oct/2025:14:56:40 +0200 - 0.821 - 0.820] "POST /wp-login.php HTTP/1.1" 403 4200 "https://reocell.com/wp-login.php" "Mozilla/5.0 (Windows NT 10.0; Win64; x64) AppleWebKit/537.36 (KHTML, like Gecko) Chrome/130.0.0.0 Safari/537.36" "-"
162.144.236.138 - - [26/Oct/2025:14:56:52 +0200 - 0.018 - 0.016] "GET /wp-login.php HTTP/1.1" 200 4069 "-" "Mozilla/5.0 (Windows NT 10.0; Win64; x64) AppleWebKit/537.36 (KHTML, like Gecko) Chrome/130.0.0.0 Safari/537.36" "-"
31.131.20.181 - - [26/Oct/2025:14:56:55 +0200 - 0.000 - 0.000] "POST /wp-cron.php?doing_wp_cron=1761483415.4680631160736083984375 HTTP/1.1" 499 0 "-" "WordPress/6.8.3; https://reocell.com" "-"
162.144.236.138 - - [26/Oct/2025:14:56:55 +0200 - 0.865 - 0.860] "POST /wp-login.php HTTP/1.1" 403 4201 "https://reocell.com/wp-login.php" "Mozilla/5.0 (Windows NT 10.0; Win64; x64) AppleWebKit/537.36 (KHTML, like Gecko) Chrome/130.0.0.0 Safari/537.36" "-"
195.238.119.100 - - [26/Oct/2025:14:57:07 +0200 - 1.015 - 1.012] "POST /wp-admin/admin-ajax.php HTTP/1.1" 200 112 "https://reocell.com/wp-admin/post.php?post=845&action=edit&lang=en" "Mozilla/5.0 (Windows NT 10.0; Win64; x64) AppleWebKit/537.36 (KHTML, like Gecko) Chrome/141.0.0.0 Safari/537.36" "-"
210.5.164.50 - - [26/Oct/2025:14:57:42 +0200 - 0.018 - 0.020] "GET /wp-login.php HTTP/1.1" 200 4069 "-" "Mozilla/5.0 (Windows NT 10.0; Win64; x64) AppleWebKit/537.36 (KHTML, like Gecko) Chrome/130.0.0.0 Safari/537.36" "-"
210.5.164.50 - - [26/Oct/2025:14:57:47 +0200 - 0.885 - 0.884] "POST /wp-login.php HTTP/1.1" 403 4199 "https://reocell.com/wp-login.php" "Mozilla/5.0 (Windows NT 10.0; Win64; x64) AppleWebKit/537.36 (KHTML, like Gecko) Chrome/130.0.0.0 Safari/537.36" "-"
45.64.185.141 - - [26/Oct/2025:14:58:09 +0200 - 0.014 - 0.012] "GET /wp-login.php HTTP/1.1" 200 4069 "-" "Mozilla/5.0 (Windows NT 10.0; Win64; x64) AppleWebKit/537.36 (KHTML, like Gecko) Chrome/130.0.0.0 Safari/537.36" "-"
31.131.20.181 - - [26/Oct/2025:14:58:12 +0200 - 0.000 - 0.000] "POST /wp-cron.php?doing_wp_cron=1761483492.2486441135406494140625 HTTP/1.1" 499 0 "-" "WordPress/6.8.3; https://reocell.com" "-"
45.64.185.141 - - [26/Oct/2025:14:58:12 +0200 - 0.888 - 0.888] "POST /wp-login.php HTTP/1.1" 403 4201 "https://reocell.com/wp-login.php" "Mozilla/5.0 (Windows NT 10.0; Win64; x64) AppleWebKit/537.36 (KHTML, like Gecko) Chrome/130.0.0.0 Safari/537.36" "-"
195.238.119.100 - - [26/Oct/2025:14:58:34 +0200 - 1.180 - 1.180] "POST /wp-admin/admin-ajax.php HTTP/1.1" 200 78 "https://reocell.com/wp-admin/admin.php?page=wpml-string-translation%2Fmenu%2Fstring-translation.php" "Mozilla/5.0 (Windows NT 10.0; Win64; x64) AppleWebKit/537.36 (KHTML, like Gecko) Chrome/141.0.0.0 Safari/537.36" "-"
195.26.249.212 - - [26/Oct/2025:14:58:35 +0200 - 0.003 - 0.004] "GET /wp-login.php HTTP/1.1" 200 4069 "-" "Mozilla/5.0 (Windows NT 10.0; Win64; x64) AppleWebKit/537.36 (KHTML, like Gecko) Chrome/130.0.0.0 Safari/537.36" "-"
195.26.249.212 - - [26/Oct/2025:14:58:38 +0200 - 0.846 - 0.844] "POST /wp-login.php HTTP/1.1" 403 4201 "https://reocell.com/wp-login.php" "Mozilla/5.0 (Windows NT 10.0; Win64; x64) AppleWebKit/537.36 (KHTML, like Gecko) Chrome/130.0.0.0 Safari/537.36" "-"
92.205.110.219 - - [26/Oct/2025:14:58:48 +0200 - 0.004 - 0.004] "GET /wp-login.php HTTP/1.1" 200 4069 "-" "Mozilla/5.0 (Windows NT 10.0; Win64; x64) AppleWebKit/537.36 (KHTML, like Gecko) Chrome/130.0.0.0 Safari/537.36" "-"
92.205.110.219 - - [26/Oct/2025:14:58:54 +0200 - 0.395 - 0.392] "POST /wp-login.php HTTP/1.1" 404 150 "https://reocell.com/wp-login.php" "Mozilla/5.0 (Windows NT 10.0; Win64; x64) AppleWebKit/537.36 (KHTML, like Gecko) Chrome/130.0.0.0 Safari/537.36" "-"
31.131.20.181 - - [26/Oct/2025:14:59:07 +0200 - 0.000 - 0.000] "POST /wp-cron.php?doing_wp_cron=1761483547.5425329208374023437500 HTTP/1.1" 499 0 "-" "WordPress/6.8.3; https://reocell.com" "-"
18.192.166.72 - - [26/Oct/2025:14:59:07 +0200 - 0.907 - 0.904] "HEAD / HTTP/1.1" 200 0 "https://reocell.com/" "Mozilla/5.0+(compatible; UptimeRobot/2.0; http://www.uptimerobot.com/)" "-"
195.238.119.100 - - [26/Oct/2025:14:59:08 +0200 - 0.987 - 0.988] "POST /wp-admin/admin-ajax.php HTTP/1.1" 200 112 "https://reocell.com/wp-admin/post.php?post=845&action=edit&lang=en" "Mozilla/5.0 (Windows NT 10.0; Win64; x64) AppleWebKit/537.36 (KHTML, like Gecko) Chrome/141.0.0.0 Safari/537.36" "-"
104.41.213.192 - - [26/Oct/2025:14:59:13 +0200 - 0.004 - 0.004] "GET /wp-login.php HTTP/1.1" 200 4069 "-" "Mozilla/5.0 (Windows NT 10.0; Win64; x64) AppleWebKit/537.36 (KHTML, like Gecko) Chrome/130.0.0.0 Safari/537.36" "-"
104.41.213.192 - - [26/Oct/2025:14:59:15 +0200 - 0.809 - 0.808] "POST /wp-login.php HTTP/1.1" 403 4203 "https://reocell.com/wp-login.php" "Mozilla/5.0 (Windows NT 10.0; Win64; x64) AppleWebKit/537.36 (KHTML, like Gecko) Chrome/130.0.0.0 Safari/537.36" "-"
18.158.108.185 - - [26/Oct/2025:14:59:29 +0200 - 0.015 - 0.016] "GET /wp-login.php HTTP/1.1" 200 4069 "-" "Mozilla/5.0 (Windows NT 10.0; Win64; x64) AppleWebKit/537.36 (KHTML, like Gecko) Chrome/130.0.0.0 Safari/537.36" "-"
18.158.108.185 - - [26/Oct/2025:14:59:32 +0200 - 0.831 - 0.832] "POST /wp-login.php HTTP/1.1" 403 4199 "https://reocell.com/wp-login.php" "Mozilla/5.0 (Windows NT 10.0; Win64; x64) AppleWebKit/537.36 (KHTML, like Gecko) Chrome/130.0.0.0 Safari/537.36" "-"
92.205.110.219 - - [26/Oct/2025:14:59:46 +0200 - 0.029 - 0.028] "GET /wp-login.php HTTP/1.1" 200 4069 "-" "Mozilla/5.0 (Windows NT 10.0; Win64; x64) AppleWebKit/537.36 (KHTML, like Gecko) Chrome/130.0.0.0 Safari/537.36" "-"
92.205.110.219 - - [26/Oct/2025:14:59:47 +0200 - 0.378 - 0.376] "POST /wp-login.php HTTP/1.1" 404 150 "https://reocell.com/wp-login.php" "Mozilla/5.0 (Windows NT 10.0; Win64; x64) AppleWebKit/537.36 (KHTML, like Gecko) Chrome/130.0.0.0 Safari/537.36" "-"
31.131.20.181 - - [26/Oct/2025:15:00:35 +0200 - 0.001 - 0.000] "POST /wp-cron.php?doing_wp_cron=1761483635.7876789569854736328125 HTTP/1.1" 499 0 "-" "WordPress/6.8.3; https://reocell.com" "-"
195.238.119.100 - - [26/Oct/2025:15:00:35 +0200 - 1.239 - 1.240] "POST /wp-admin/admin-ajax.php HTTP/1.1" 200 78 "https://reocell.com/wp-admin/admin.php?page=wpml-string-translation%2Fmenu%2Fstring-translation.php" "Mozilla/5.0 (Windows NT 10.0; Win64; x64) AppleWebKit/537.36 (KHTML, like Gecko) Chrome/141.0.0.0 Safari/537.36" "-"
92.205.20.105 - - [26/Oct/2025:15:00:56 +0200 - 0.036 - 0.036] "GET /wp-login.php HTTP/1.1" 200 4069 "-" "Mozilla/5.0 (Windows NT 10.0; Win64; x64) AppleWebKit/537.36 (KHTML, like Gecko) Chrome/130.0.0.0 Safari/537.36" "-"
31.131.20.181 - - [26/Oct/2025:15:01:00 +0200 - 0.000 - 0.004] "POST /wp-cron.php?doing_wp_cron=1761483660.0966598987579345703125 HTTP/1.1" 499 0 "-" "WordPress/6.8.3; https://reocell.com" "-"
92.205.20.105 - - [26/Oct/2025:15:01:00 +0200 - 1.483 - 1.480] "POST /wp-login.php HTTP/1.1" 403 4201 "https://reocell.com/wp-login.php" "Mozilla/5.0 (Windows NT 10.0; Win64; x64) AppleWebKit/537.36 (KHTML, like Gecko) Chrome/130.0.0.0 Safari/537.36" "-"
195.238.119.100 - - [26/Oct/2025:15:01:09 +0200 - 1.318 - 1.316] "POST /wp-admin/admin-ajax.php HTTP/1.1" 200 112 "https://reocell.com/wp-admin/post.php?post=845&action=edit&lang=en" "Mozilla/5.0 (Windows NT 10.0; Win64; x64) AppleWebKit/537.36 (KHTML, like Gecko) Chrome/141.0.0.0 Safari/537.36" "-"
151.80.33.134 - - [26/Oct/2025:15:01:11 +0200 - 0.004 - 0.004] "GET /wp-login.php HTTP/1.1" 200 4069 "-" "Mozilla/5.0 (Windows NT 10.0; Win64; x64) AppleWebKit/537.36 (KHTML, like Gecko) Chrome/130.0.0.0 Safari/537.36" "-"
151.80.33.134 - - [26/Oct/2025:15:01:14 +0200 - 0.986 - 0.984] "POST /wp-login.php HTTP/1.1" 403 4203 "https://reocell.com/wp-login.php" "Mozilla/5.0 (Windows NT 10.0; Win64; x64) AppleWebKit/537.36 (KHTML, like Gecko) Chrome/130.0.0.0 Safari/537.36" "-"
23.111.75.37 - - [26/Oct/2025:15:01:31 +0200 - 0.020 - 0.020] "GET /wp-login.php HTTP/1.1" 200 4069 "-" "Mozilla/5.0 (Windows NT 10.0; Win64; x64) AppleWebKit/537.36 (KHTML, like Gecko) Chrome/130.0.0.0 Safari/537.36" "-"
23.111.75.37 - - [26/Oct/2025:15:01:33 +0200 - 0.870 - 0.868] "POST /wp-login.php HTTP/1.1" 403 4198 "https://reocell.com/wp-login.php" "Mozilla/5.0 (Windows NT 10.0; Win64; x64) AppleWebKit/537.36 (KHTML, like Gecko) Chrome/130.0.0.0 Safari/537.36" "-"
173.252.87.28 - - [26/Oct/2025:15:01:38 +0200 - 0.840 - 0.836] "GET /robots.txt HTTP/1.1" 200 258 "-" "facebookexternalhit/1.1 (+http://www.facebook.com/externalhit_uatext.php)" "-"
181.215.178.254 - - [26/Oct/2025:15:01:46 +0200 - 0.006 - 0.008] "GET /wp-login.php HTTP/1.1" 200 4069 "-" "Mozilla/5.0 (Windows NT 10.0; Win64; x64) AppleWebKit/537.36 (KHTML, like Gecko) Chrome/130.0.0.0 Safari/537.36" "-"
31.131.20.181 - - [26/Oct/2025:15:01:48 +0200 - 0.001 - 0.000] "POST /wp-cron.php?doing_wp_cron=1761483708.2333850860595703125000 HTTP/1.1" 499 0 "-" "WordPress/6.8.3; https://reocell.com" "-"
181.215.178.254 - - [26/Oct/2025:15:01:48 +0200 - 0.838 - 0.840] "POST /wp-login.php HTTP/1.1" 403 4199 "https://reocell.com/wp-login.php" "Mozilla/5.0 (Windows NT 10.0; Win64; x64) AppleWebKit/537.36 (KHTML, like Gecko) Chrome/130.0.0.0 Safari/537.36" "-"
64.227.67.47 - - [26/Oct/2025:15:01:55 +0200 - 0.004 - 0.004] "GET / HTTP/1.1" 200 118706 "-" "Mozilla/5.0 (Windows NT 10.0; Win64; x64) AppleWebKit/537.36 (KHTML, like Gecko) Chrome/78.0.3904.108 Safari/537.36" "-"
64.227.67.47 - - [26/Oct/2025:15:01:56 +0200 - 0.856 - 0.836] "GET //wp-includes/wlwmanifest.xml HTTP/1.1" 301 5 "-" "Mozilla/5.0 (Windows NT 10.0; Win64; x64) AppleWebKit/537.36 (KHTML, like Gecko) Chrome/78.0.3904.108 Safari/537.36" "-"
64.227.67.47 - - [26/Oct/2025:15:01:56 +0200 - 0.002 - -] "GET //xmlrpc.php?rsd HTTP/1.1" 404 576 "-" "Mozilla/5.0 (Windows NT 10.0; Win64; x64) AppleWebKit/537.36 (KHTML, like Gecko) Chrome/78.0.3904.108 Safari/537.36" "-"
64.227.67.47 - - [26/Oct/2025:15:01:56 +0200 - 0.005 - 0.004] "GET / HTTP/1.1" 200 118706 "-" "Mozilla/5.0 (Windows NT 10.0; Win64; x64) AppleWebKit/537.36 (KHTML, like Gecko) Chrome/78.0.3904.108 Safari/537.36" "-"
64.227.67.47 - - [26/Oct/2025:15:01:57 +0200 - 0.756 - 0.728] "GET //?author=1 HTTP/1.1" 404 164 "-" "Mozilla/5.0 (Windows NT 10.0; Win64; x64) AppleWebKit/537.36 (KHTML, like Gecko) Chrome/78.0.3904.108 Safari/537.36" "-"
64.227.67.47 - - [26/Oct/2025:15:01:58 +0200 - 0.795 - 0.796] "GET //?author=2 HTTP/1.1" 404 164 "-" "Mozilla/5.0 (Windows NT 10.0; Win64; x64) AppleWebKit/537.36 (KHTML, like Gecko) Chrome/78.0.3904.108 Safari/537.36" "-"
64.227.67.47 - - [26/Oct/2025:15:01:58 +0200 - 0.710 - 0.708] "GET //wp-json/wp/v2/users/ HTTP/1.1" 403 2267 "-" "Mozilla/5.0 (Windows NT 10.0; Win64; x64) AppleWebKit/537.36 (KHTML, like Gecko) Chrome/78.0.3904.108 Safari/537.36" "-"
64.227.67.47 - - [26/Oct/2025:15:01:59 +0200 - 0.936 - 0.936] "GET //wp-json/oembed/1.0/embed?url=https://reocell.com/ HTTP/1.1" 200 3128 "-" "Mozilla/5.0 (Windows NT 10.0; Win64; x64) AppleWebKit/537.36 (KHTML, like Gecko) Chrome/78.0.3904.108 Safari/537.36" "-"
64.227.67.47 - - [26/Oct/2025:15:01:59 +0200 - 0.000 - -] "POST //xmlrpc.php HTTP/1.1" 404 576 "-" "Mozilla/5.0 (Windows NT 10.0; Win64; x64) AppleWebKit/537.36 (KHTML, like Gecko) Chrome/78.0.3904.108 Safari/537.36" "-"
92.205.110.219 - - [26/Oct/2025:15:02:27 +0200 - 0.014 - 0.016] "GET /wp-login.php HTTP/1.1" 200 4069 "-" "Mozilla/5.0 (Windows NT 10.0; Win64; x64) AppleWebKit/537.36 (KHTML, like Gecko) Chrome/130.0.0.0 Safari/537.36" "-"
92.205.110.219 - - [26/Oct/2025:15:02:29 +0200 - 0.408 - 0.408] "POST /wp-login.php HTTP/1.1" 404 150 "https://reocell.com/wp-login.php" "Mozilla/5.0 (Windows NT 10.0; Win64; x64) AppleWebKit/537.36 (KHTML, like Gecko) Chrome/130.0.0.0 Safari/537.36" "-"
31.131.20.181 - - [26/Oct/2025:15:02:37 +0200 - 1.035 - 1.036] "GET /en/wp-json/ HTTP/1.1" 200 18039 "-" "WordPress/6.8.3; https://reocell.com" "-"
195.238.119.100 - - [26/Oct/2025:15:02:37 +0200 - 2.097 - 2.092] "POST /wp-admin/admin-ajax.php HTTP/1.1" 200 78 "https://reocell.com/wp-admin/admin.php?page=wpml-string-translation%2Fmenu%2Fstring-translation.php" "Mozilla/5.0 (Windows NT 10.0; Win64; x64) AppleWebKit/537.36 (KHTML, like Gecko) Chrome/141.0.0.0 Safari/537.36" "-"
180.93.137.9 - - [26/Oct/2025:15:02:42 +0200 - 0.003 - 0.004] "GET /wp-login.php HTTP/1.1" 200 4069 "-" "Mozilla/5.0 (Windows NT 10.0; Win64; x64) AppleWebKit/537.36 (KHTML, like Gecko) Chrome/130.0.0.0 Safari/537.36" "-"
180.93.137.9 - - [26/Oct/2025:15:02:45 +0200 - 0.872 - 0.868] "POST /wp-login.php HTTP/1.1" 403 4199 "https://reocell.com/wp-login.php" "Mozilla/5.0 (Windows NT 10.0; Win64; x64) AppleWebKit/537.36 (KHTML, like Gecko) Chrome/130.0.0.0 Safari/537.36" "-"
23.111.75.37 - - [26/Oct/2025:15:03:05 +0200 - 0.016 - 0.012] "GET /wp-login.php HTTP/1.1" 200 4069 "-" "Mozilla/5.0 (Windows NT 10.0; Win64; x64) AppleWebKit/537.36 (KHTML, like Gecko) Chrome/130.0.0.0 Safari/537.36" "-"
31.131.20.181 - - [26/Oct/2025:15:03:10 +0200 - 0.001 - 0.000] "POST /wp-cron.php?doing_wp_cron=1761483790.2997820377349853515625 HTTP/1.1" 499 0 "-" "WordPress/6.8.3; https://reocell.com" "-"
23.111.75.37 - - [26/Oct/2025:15:03:10 +0200 - 0.975 - 0.972] "POST /wp-login.php HTTP/1.1" 403 4156 "https://reocell.com/wp-login.php" "Mozilla/5.0 (Windows NT 10.0; Win64; x64) AppleWebKit/537.36 (KHTML, like Gecko) Chrome/130.0.0.0 Safari/537.36" "-"
195.238.119.100 - - [26/Oct/2025:15:03:10 +0200 - 1.073 - 1.072] "POST /wp-admin/admin-ajax.php HTTP/1.1" 200 112 "https://reocell.com/wp-admin/post.php?post=845&action=edit&lang=en" "Mozilla/5.0 (Windows NT 10.0; Win64; x64) AppleWebKit/537.36 (KHTML, like Gecko) Chrome/141.0.0.0 Safari/537.36" "-"
178.33.109.193 - - [26/Oct/2025:15:03:23 +0200 - 0.005 - 0.004] "GET /wp-login.php HTTP/1.1" 200 4069 "-" "Mozilla/5.0 (Windows NT 10.0; Win64; x64) AppleWebKit/537.36 (KHTML, like Gecko) Chrome/130.0.0.0 Safari/537.36" "-"
178.33.109.193 - - [26/Oct/2025:15:03:26 +0200 - 0.938 - 0.940] "POST /wp-login.php HTTP/1.1" 403 4156 "https://reocell.com/wp-login.php" "Mozilla/5.0 (Windows NT 10.0; Win64; x64) AppleWebKit/537.36 (KHTML, like Gecko) Chrome/130.0.0.0 Safari/537.36" "-"
180.93.137.9 - - [26/Oct/2025:15:03:43 +0200 - 0.020 - 0.020] "GET /wp-login.php HTTP/1.1" 200 4069 "-" "Mozilla/5.0 (Windows NT 10.0; Win64; x64) AppleWebKit/537.36 (KHTML, like Gecko) Chrome/130.0.0.0 Safari/537.36" "-"
180.93.137.9 - - [26/Oct/2025:15:03:47 +0200 - 0.945 - 0.944] "POST /wp-login.php HTTP/1.1" 403 4156 "https://reocell.com/wp-login.php" "Mozilla/5.0 (Windows NT 10.0; Win64; x64) AppleWebKit/537.36 (KHTML, like Gecko) Chrome/130.0.0.0 Safari/537.36" "-"
173.46.80.161 - - [26/Oct/2025:15:03:56 +0200 - 0.004 - 0.004] "GET /wp-login.php HTTP/1.1" 200 4069 "-" "Mozilla/5.0 (Windows NT 10.0; Win64; x64) AppleWebKit/537.36 (KHTML, like Gecko) Chrome/130.0.0.0 Safari/537.36" "-"
31.131.20.181 - - [26/Oct/2025:15:03:59 +0200 - 0.004 - 0.004] "POST /wp-cron.php?doing_wp_cron=1761483838.9977080821990966796875 HTTP/1.1" 499 0 "-" "WordPress/6.8.3; https://reocell.com" "-"
173.46.80.161 - - [26/Oct/2025:15:03:59 +0200 - 1.031 - 1.032] "POST /wp-login.php HTTP/1.1" 403 4156 "https://reocell.com/wp-login.php" "Mozilla/5.0 (Windows NT 10.0; Win64; x64) AppleWebKit/537.36 (KHTML, like Gecko) Chrome/130.0.0.0 Safari/537.36" "-"
31.131.20.181 - - [26/Oct/2025:15:04:12 +0200 - 0.000 - 0.000] "POST /wp-cron.php?doing_wp_cron=1761483852.2751410007476806640625 HTTP/1.1" 499 0 "-" "WordPress/6.8.3; https://reocell.com" "-"
3.79.134.69 - - [26/Oct/2025:15:04:12 +0200 - 0.853 - 0.852] "HEAD / HTTP/1.1" 200 0 "https://reocell.com/" "Mozilla/5.0+(compatible; UptimeRobot/2.0; http://www.uptimerobot.com/)" "-"
132.148.78.150 - - [26/Oct/2025:15:04:27 +0200 - 0.019 - 0.016] "GET /wp-login.php HTTP/1.1" 200 4069 "-" "Mozilla/5.0 (Windows NT 10.0; Win64; x64) AppleWebKit/537.36 (KHTML, like Gecko) Chrome/130.0.0.0 Safari/537.36" "-"
132.148.78.150 - - [26/Oct/2025:15:04:29 +0200 - 0.910 - 0.912] "POST /wp-login.php HTTP/1.1" 403 4156 "https://reocell.com/wp-login.php" "Mozilla/5.0 (Windows NT 10.0; Win64; x64) AppleWebKit/537.36 (KHTML, like Gecko) Chrome/130.0.0.0 Safari/537.36" "-"
195.238.119.100 - - [26/Oct/2025:15:04:37 +0200 - 1.000 - 1.000] "POST /wp-admin/admin-ajax.php HTTP/1.1" 200 78 "https://reocell.com/wp-admin/admin.php?page=wpml-string-translation%2Fmenu%2Fstring-translation.php" "Mozilla/5.0 (Windows NT 10.0; Win64; x64) AppleWebKit/537.36 (KHTML, like Gecko) Chrome/141.0.0.0 Safari/537.36" "-"
85.215.242.6 - - [26/Oct/2025:15:04:41 +0200 - 0.003 - 0.004] "GET /wp-login.php HTTP/1.1" 200 4069 "-" "Mozilla/5.0 (Windows NT 10.0; Win64; x64) AppleWebKit/537.36 (KHTML, like Gecko) Chrome/130.0.0.0 Safari/537.36" "-"
85.215.242.6 - - [26/Oct/2025:15:04:46 +0200 - 0.915 - 0.912] "POST /wp-login.php HTTP/1.1" 403 4156 "https://reocell.com/wp-login.php" "Mozilla/5.0 (Windows NT 10.0; Win64; x64) AppleWebKit/537.36 (KHTML, like Gecko) Chrome/130.0.0.0 Safari/537.36" "-"
163.61.112.5 - - [26/Oct/2025:15:05:06 +0200 - 0.013 - 0.012] "GET /wp-login.php HTTP/1.1" 200 4069 "-" "Mozilla/5.0 (Windows NT 10.0; Win64; x64) AppleWebKit/537.36 (KHTML, like Gecko) Chrome/130.0.0.0 Safari/537.36" "-"
31.131.20.181 - - [26/Oct/2025:15:05:11 +0200 - 0.001 - 0.000] "POST /wp-cron.php?doing_wp_cron=1761483911.6191620826721191406250 HTTP/1.1" 499 0 "-" "WordPress/6.8.3; https://reocell.com" "-"
195.238.119.100 - - [26/Oct/2025:15:05:11 +0200 - 1.086 - 1.084] "POST /wp-admin/admin-ajax.php HTTP/1.1" 200 112 "https://reocell.com/wp-admin/post.php?post=845&action=edit&lang=en" "Mozilla/5.0 (Windows NT 10.0; Win64; x64) AppleWebKit/537.36 (KHTML, like Gecko) Chrome/141.0.0.0 Safari/537.36" "-"
163.61.112.5 - - [26/Oct/2025:15:05:12 +0200 - 0.842 - 0.844] "POST /wp-login.php HTTP/1.1" 403 4156 "https://reocell.com/wp-login.php" "Mozilla/5.0 (Windows NT 10.0; Win64; x64) AppleWebKit/537.36 (KHTML, like Gecko) Chrome/130.0.0.0 Safari/537.36" "-"
46.211.219.228 - - [26/Oct/2025:15:05:25 +0200 - 1.003 - 0.980] "POST /AutoDiscover/autodiscover.xml HTTP/1.1" 404 11638 "-" "Microsoft Office Word/2.102.1018 (iOS/18.6.2; Phone; uk-UA; AppStore; Apple/iPhone14,5)" "-"
209.127.12.94 - - [26/Oct/2025:15:05:49 +0200 - 0.024 - 0.024] "GET /wp-login.php HTTP/1.1" 200 4069 "-" "Mozilla/5.0 (Windows NT 10.0; Win64; x64) AppleWebKit/537.36 (KHTML, like Gecko) Chrome/130.0.0.0 Safari/537.36" "-"
31.131.20.181 - - [26/Oct/2025:15:05:54 +0200 - 0.000 - 0.000] "POST /wp-cron.php?doing_wp_cron=1761483954.3757150173187255859375 HTTP/1.1" 499 0 "-" "WordPress/6.8.3; https://reocell.com" "-"
209.127.12.94 - - [26/Oct/2025:15:05:54 +0200 - 0.969 - 0.972] "POST /wp-login.php HTTP/1.1" 403 4156 "https://reocell.com/wp-login.php" "Mozilla/5.0 (Windows NT 10.0; Win64; x64) AppleWebKit/537.36 (KHTML, like Gecko) Chrome/130.0.0.0 Safari/537.36" "-"
78.157.49.100 - - [26/Oct/2025:15:06:05 +0200 - 0.004 - 0.000] "GET /wp-login.php HTTP/1.1" 200 4069 "-" "Mozilla/5.0 (Windows NT 10.0; Win64; x64) AppleWebKit/537.36 (KHTML, like Gecko) Chrome/130.0.0.0 Safari/537.36" "-"
78.157.49.100 - - [26/Oct/2025:15:06:08 +0200 - 0.932 - 0.932] "POST /wp-login.php HTTP/1.1" 403 4156 "https://reocell.com/wp-login.php" "Mozilla/5.0 (Windows NT 10.0; Win64; x64) AppleWebKit/537.36 (KHTML, like Gecko) Chrome/130.0.0.0 Safari/537.36" "-"
195.238.119.100 - - [26/Oct/2025:15:06:38 +0200 - 1.034 - 1.036] "POST /wp-admin/admin-ajax.php HTTP/1.1" 200 78 "https://reocell.com/wp-admin/admin.php?page=wpml-string-translation%2Fmenu%2Fstring-translation.php" "Mozilla/5.0 (Windows NT 10.0; Win64; x64) AppleWebKit/537.36 (KHTML, like Gecko) Chrome/141.0.0.0 Safari/537.36" "-"
31.131.20.181 - - [26/Oct/2025:15:07:12 +0200 - 0.000 - 0.004] "POST /wp-cron.php?doing_wp_cron=1761484032.7215778827667236328125 HTTP/1.1" 499 0 "-" "WordPress/6.8.3; https://reocell.com" "-"
195.238.119.100 - - [26/Oct/2025:15:07:12 +0200 - 1.214 - 1.212] "POST /wp-admin/admin-ajax.php HTTP/1.1" 200 112 "https://reocell.com/wp-admin/post.php?post=845&action=edit&lang=en" "Mozilla/5.0 (Windows NT 10.0; Win64; x64) AppleWebKit/537.36 (KHTML, like Gecko) Chrome/141.0.0.0 Safari/537.36" "-"
23.111.75.37 - - [26/Oct/2025:15:07:26 +0200 - 0.014 - 0.016] "GET /wp-login.php HTTP/1.1" 200 4069 "-" "Mozilla/5.0 (Windows NT 10.0; Win64; x64) AppleWebKit/537.36 (KHTML, like Gecko) Chrome/130.0.0.0 Safari/537.36" "-"
23.111.75.37 - - [26/Oct/2025:15:07:30 +0200 - 0.986 - 0.984] "POST /wp-login.php HTTP/1.1" 403 4214 "https://reocell.com/wp-login.php" "Mozilla/5.0 (Windows NT 10.0; Win64; x64) AppleWebKit/537.36 (KHTML, like Gecko) Chrome/130.0.0.0 Safari/537.36" "-"
31.131.20.181 - - [26/Oct/2025:15:08:39 +0200 - 0.001 - 0.000] "POST /wp-cron.php?doing_wp_cron=1761484119.6912360191345214843750 HTTP/1.1" 499 0 "-" "WordPress/6.8.3; https://reocell.com" "-"
195.238.119.100 - - [26/Oct/2025:15:08:39 +0200 - 1.136 - 1.136] "POST /wp-admin/admin-ajax.php HTTP/1.1" 200 78 "https://reocell.com/wp-admin/admin.php?page=wpml-string-translation%2Fmenu%2Fstring-translation.php" "Mozilla/5.0 (Windows NT 10.0; Win64; x64) AppleWebKit/537.36 (KHTML, like Gecko) Chrome/141.0.0.0 Safari/537.36" "-"
162.241.70.178 - - [26/Oct/2025:15:08:46 +0200 - 0.006 - 0.004] "GET /wp-login.php HTTP/1.1" 200 4069 "-" "Mozilla/5.0 (Windows NT 10.0; Win64; x64) AppleWebKit/537.36 (KHTML, like Gecko) Chrome/130.0.0.0 Safari/537.36" "-"
31.131.20.181 - - [26/Oct/2025:15:08:51 +0200 - 0.001 - 0.000] "POST /wp-cron.php?doing_wp_cron=1761484131.9748721122741699218750 HTTP/1.1" 499 0 "-" "WordPress/6.8.3; https://reocell.com" "-"
162.241.70.178 - - [26/Oct/2025:15:08:52 +0200 - 0.882 - 0.880] "POST /wp-login.php HTTP/1.1" 403 4156 "https://reocell.com/wp-login.php" "Mozilla/5.0 (Windows NT 10.0; Win64; x64) AppleWebKit/537.36 (KHTML, like Gecko) Chrome/130.0.0.0 Safari/537.36" "-"
92.205.110.219 - - [26/Oct/2025:15:09:00 +0200 - 0.003 - 0.000] "GET /wp-login.php HTTP/1.1" 200 4069 "-" "Mozilla/5.0 (Windows NT 10.0; Win64; x64) AppleWebKit/537.36 (KHTML, like Gecko) Chrome/130.0.0.0 Safari/537.36" "-"
92.205.110.219 - - [26/Oct/2025:15:09:01 +0200 - 0.413 - 0.408] "POST /wp-login.php HTTP/1.1" 404 150 "https://reocell.com/wp-login.php" "Mozilla/5.0 (Windows NT 10.0; Win64; x64) AppleWebKit/537.36 (KHTML, like Gecko) Chrome/130.0.0.0 Safari/537.36" "-"
31.131.20.181 - - [26/Oct/2025:15:09:13 +0200 - 0.000 - 0.000] "POST /wp-cron.php?doing_wp_cron=1761484153.6172850131988525390625 HTTP/1.1" 499 0 "-" "WordPress/6.8.3; https://reocell.com" "-"
195.238.119.100 - - [26/Oct/2025:15:09:13 +0200 - 1.019 - 1.020] "POST /wp-admin/admin-ajax.php HTTP/1.1" 200 112 "https://reocell.com/wp-admin/post.php?post=845&action=edit&lang=en" "Mozilla/5.0 (Windows NT 10.0; Win64; x64) AppleWebKit/537.36 (KHTML, like Gecko) Chrome/141.0.0.0 Safari/537.36" "-"
49.13.24.81 - - [26/Oct/2025:15:09:16 +0200 - 0.775 - 0.772] "HEAD / HTTP/1.1" 200 0 "https://reocell.com/" "Mozilla/5.0+(compatible; UptimeRobot/2.0; http://www.uptimerobot.com/)" "-"
97.74.90.22 - - [26/Oct/2025:15:09:23 +0200 - 0.003 - 0.004] "GET /wp-login.php HTTP/1.1" 200 4069 "-" "Mozilla/5.0 (Windows NT 10.0; Win64; x64) AppleWebKit/537.36 (KHTML, like Gecko) Chrome/130.0.0.0 Safari/537.36" "-"
97.74.90.22 - - [26/Oct/2025:15:09:27 +0200 - 0.938 - 0.936] "POST /wp-login.php HTTP/1.1" 403 4156 "https://reocell.com/wp-login.php" "Mozilla/5.0 (Windows NT 10.0; Win64; x64) AppleWebKit/537.36 (KHTML, like Gecko) Chrome/130.0.0.0 Safari/537.36" "-"
20.253.155.235 - - [26/Oct/2025:15:09:39 +0200 - 0.003 - 0.004] "GET /wp-login.php HTTP/1.1" 200 4069 "-" "Mozilla/5.0 (Windows NT 10.0; Win64; x64) AppleWebKit/537.36 (KHTML, like Gecko) Chrome/130.0.0.0 Safari/537.36" "-"
20.253.155.235 - - [26/Oct/2025:15:09:41 +0200 - 0.833 - 0.832] "POST /wp-login.php HTTP/1.1" 403 4199 "https://reocell.com/wp-login.php" "Mozilla/5.0 (Windows NT 10.0; Win64; x64) AppleWebKit/537.36 (KHTML, like Gecko) Chrome/130.0.0.0 Safari/537.36" "-"
46.182.4.125 - - [26/Oct/2025:15:09:51 +0200 - 0.005 - 0.004] "GET /wp-login.php HTTP/1.1" 200 4069 "-" "Mozilla/5.0 (Windows NT 10.0; Win64; x64) AppleWebKit/537.36 (KHTML, like Gecko) Chrome/130.0.0.0 Safari/537.36" "-"
31.131.20.181 - - [26/Oct/2025:15:09:56 +0200 - 0.000 - 0.000] "POST /wp-cron.php?doing_wp_cron=1761484196.0944519042968750000000 HTTP/1.1" 499 0 "-" "WordPress/6.8.3; https://reocell.com" "-"
46.182.4.125 - - [26/Oct/2025:15:09:56 +0200 - 0.824 - 0.820] "POST /wp-login.php HTTP/1.1" 403 4200 "https://reocell.com/wp-login.php" "Mozilla/5.0 (Windows NT 10.0; Win64; x64) AppleWebKit/537.36 (KHTML, like Gecko) Chrome/130.0.0.0 Safari/537.36" "-"
92.205.110.219 - - [26/Oct/2025:15:10:07 +0200 - 0.005 - 0.008] "GET /wp-login.php HTTP/1.1" 200 4069 "-" "Mozilla/5.0 (Windows NT 10.0; Win64; x64) AppleWebKit/537.36 (KHTML, like Gecko) Chrome/130.0.0.0 Safari/537.36" "-"
92.205.110.219 - - [26/Oct/2025:15:10:08 +0200 - 0.385 - 0.384] "POST /wp-login.php HTTP/1.1" 404 150 "https://reocell.com/wp-login.php" "Mozilla/5.0 (Windows NT 10.0; Win64; x64) AppleWebKit/537.36 (KHTML, like Gecko) Chrome/130.0.0.0 Safari/537.36" "-"
31.131.20.181 - - [26/Oct/2025:15:10:40 +0200 - 0.003 - 0.000] "POST /wp-cron.php?doing_wp_cron=1761484240.6922500133514404296875 HTTP/1.1" 499 0 "-" "WordPress/6.8.3; https://reocell.com" "-"
195.238.119.100 - - [26/Oct/2025:15:10:40 +0200 - 1.149 - 1.148] "POST /wp-admin/admin-ajax.php HTTP/1.1" 200 78 "https://reocell.com/wp-admin/admin.php?page=wpml-string-translation%2Fmenu%2Fstring-translation.php" "Mozilla/5.0 (Windows NT 10.0; Win64; x64) AppleWebKit/537.36 (KHTML, like Gecko) Chrome/141.0.0.0 Safari/537.36" "-"
180.93.137.9 - - [26/Oct/2025:15:10:44 +0200 - 0.004 - 0.004] "GET /wp-login.php HTTP/1.1" 200 4069 "-" "Mozilla/5.0 (Windows NT 10.0; Win64; x64) AppleWebKit/537.36 (KHTML, like Gecko) Chrome/130.0.0.0 Safari/537.36" "-"
180.93.137.9 - - [26/Oct/2025:15:10:48 +0200 - 0.932 - 0.932] "POST /wp-login.php HTTP/1.1" 403 4214 "https://reocell.com/wp-login.php" "Mozilla/5.0 (Windows NT 10.0; Win64; x64) AppleWebKit/537.36 (KHTML, like Gecko) Chrome/130.0.0.0 Safari/537.36" "-"
