31.131.20.181 - - [26/Oct/2025:09:16:19 +0200 - 0.000 - 0.000] "POST /wp-cron.php?doing_wp_cron=1761462979.1766459941864013671875 HTTP/1.1" 499 0 "-" "WordPress/6.8.3; https://reocell.com" "-"
195.238.119.100 - - [26/Oct/2025:09:16:19 +0200 - 1.527 - 1.524] "POST /wp-admin/admin-ajax.php HTTP/1.1" 200 112 "https://reocell.com/wp-admin/post.php?post=845&action=edit&lang=en" "Mozilla/5.0 (Windows NT 10.0; Win64; x64) AppleWebKit/537.36 (KHTML, like Gecko) Chrome/141.0.0.0 Safari/537.36" "-"
31.131.20.181 - - [26/Oct/2025:09:17:45 +0200 - 0.000 - 0.004] "POST /wp-cron.php?doing_wp_cron=1761463065.9048240184783935546875 HTTP/1.1" 499 0 "-" "WordPress/6.8.3; https://reocell.com" "-"
195.238.119.100 - - [26/Oct/2025:09:17:45 +0200 - 1.186 - 1.188] "POST /wp-admin/admin-ajax.php HTTP/1.1" 200 78 "https://reocell.com/wp-admin/admin.php?page=wpml-string-translation%2Fmenu%2Fstring-translation.php" "Mozilla/5.0 (Windows NT 10.0; Win64; x64) AppleWebKit/537.36 (KHTML, like Gecko) Chrome/141.0.0.0 Safari/537.36" "-"
43.130.57.46 - - [26/Oct/2025:09:17:52 +0200 - 0.000 - -] "GET /wp-content/webp-express/webp-images/uploads/2023/07/akt-sanitarno-epidemiolohichnoho-obstezhennya_1190x1680-340x477.jpg.webp HTTP/1.1" 200 20824 "-" "Mozilla/5.0 (iPhone; CPU iPhone OS 13_2_3 like Mac OS X) AppleWebKit/605.1.15 (KHTML, like Gecko) Version/13.0.3 Mobile/15E148 Safari/604.1" "-"
31.131.20.181 - - [26/Oct/2025:09:18:19 +0200 - 0.000 - 0.000] "POST /wp-cron.php?doing_wp_cron=1761463099.9711060523986816406250 HTTP/1.1" 499 0 "-" "WordPress/6.8.3; https://reocell.com" "-"
195.238.119.100 - - [26/Oct/2025:09:18:20 +0200 - 1.281 - 1.280] "POST /wp-admin/admin-ajax.php HTTP/1.1" 200 112 "https://reocell.com/wp-admin/post.php?post=845&action=edit&lang=en" "Mozilla/5.0 (Windows NT 10.0; Win64; x64) AppleWebKit/537.36 (KHTML, like Gecko) Chrome/141.0.0.0 Safari/537.36" "-"
212.227.171.141 - - [26/Oct/2025:09:19:27 +0200 - 0.028 - 0.024] "GET /wp-login.php HTTP/1.1" 200 4069 "-" "Mozilla/5.0 (Windows NT 6.2; Win64; x64) AppleWebKit/537.36 (KHTML, like Gecko) Chrome/52.0.2743.116 Safari/537.36 Edge/15.15063" "-"
31.131.20.181 - - [26/Oct/2025:09:19:28 +0200 - 0.001 - 0.000] "POST /wp-cron.php?doing_wp_cron=1761463168.5589919090270996093750 HTTP/1.1" 499 0 "-" "WordPress/6.8.3; https://reocell.com" "-"
212.227.171.141 - - [26/Oct/2025:09:19:28 +0200 - 1.038 - 1.028] "POST /wp-login.php HTTP/1.1" 403 4162 "https://reocell.com/wp-login.php" "Mozilla/5.0 (Windows NT 6.2; Win64; x64) AppleWebKit/537.36 (KHTML, like Gecko) Chrome/52.0.2743.116 Safari/537.36 Edge/15.15063" "-"
195.238.119.100 - - [26/Oct/2025:09:19:46 +0200 - 1.057 - 1.056] "POST /wp-admin/admin-ajax.php HTTP/1.1" 200 78 "https://reocell.com/wp-admin/admin.php?page=wpml-string-translation%2Fmenu%2Fstring-translation.php" "Mozilla/5.0 (Windows NT 10.0; Win64; x64) AppleWebKit/537.36 (KHTML, like Gecko) Chrome/141.0.0.0 Safari/537.36" "-"
31.131.20.181 - - [26/Oct/2025:09:20:14 +0200 - 0.000 - 0.000] "POST /wp-cron.php?doing_wp_cron=1761463214.3871250152587890625000 HTTP/1.1" 499 0 "-" "WordPress/6.8.3; https://reocell.com/en/" "-"
195.238.119.100 - - [26/Oct/2025:09:20:14 +0200 - 1.262 - 1.260] "GET /en/blog/ HTTP/1.1" 200 12056 "https://reocell.com/en/blog/" "Mozilla/5.0 (Windows NT 10.0; Win64; x64) AppleWebKit/537.36 (KHTML, like Gecko) Chrome/141.0.0.0 Safari/537.36" "-"
18.193.252.127 - - [26/Oct/2025:09:20:15 +0200 - 0.887 - 0.884] "HEAD / HTTP/1.1" 200 0 "https://reocell.com/" "Mozilla/5.0+(compatible; UptimeRobot/2.0; http://www.uptimerobot.com/)" "-"
195.238.119.100 - - [26/Oct/2025:09:20:16 +0200 - 0.991 - 0.992] "POST /wp-admin/admin-ajax.php HTTP/1.1" 200 471 "https://reocell.com/en/blog/" "Mozilla/5.0 (Windows NT 10.0; Win64; x64) AppleWebKit/537.36 (KHTML, like Gecko) Chrome/141.0.0.0 Safari/537.36" "-"
195.238.119.100 - - [26/Oct/2025:09:20:16 +0200 - 1.070 - 1.072] "POST /wp-admin/admin-ajax.php HTTP/1.1" 200 810 "https://reocell.com/en/blog/" "Mozilla/5.0 (Windows NT 10.0; Win64; x64) AppleWebKit/537.36 (KHTML, like Gecko) Chrome/141.0.0.0 Safari/537.36" "-"
195.238.119.100 - - [26/Oct/2025:09:20:16 +0200 - 0.000 - -] "GET /wp-content/uploads/2025/08/main-page-clinic-585x357-sm.jpg HTTP/1.1" 200 95483 "https://reocell.com/en/blog/" "Mozilla/5.0 (Windows NT 10.0; Win64; x64) AppleWebKit/537.36 (KHTML, like Gecko) Chrome/141.0.0.0 Safari/537.36" "-"
195.238.119.100 - - [26/Oct/2025:09:20:20 +0200 - 1.185 - 1.180] "POST /wp-admin/admin-ajax.php HTTP/1.1" 200 112 "https://reocell.com/wp-admin/post.php?post=845&action=edit&lang=en" "Mozilla/5.0 (Windows NT 10.0; Win64; x64) AppleWebKit/537.36 (KHTML, like Gecko) Chrome/141.0.0.0 Safari/537.36" "-"
31.131.20.181 - - [26/Oct/2025:09:21:24 +0200 - 0.003 - 0.000] "POST /wp-cron.php?doing_wp_cron=1761463284.2961189746856689453125 HTTP/1.1" 499 0 "-" "WordPress/6.8.3; https://reocell.com/en/" "-"
51.195.183.157 - - [26/Oct/2025:09:21:24 +0200 - 1.001 - 1.000] "GET /en/reocell-clinic-is-now-open/ HTTP/1.1" 200 16213 "-" "Mozilla/5.0 (compatible; AhrefsBot/7.0; +http://ahrefs.com/robot/)" "-"
195.238.119.100 - - [26/Oct/2025:09:21:47 +0200 - 1.049 - 1.052] "POST /wp-admin/admin-ajax.php HTTP/1.1" 200 78 "https://reocell.com/wp-admin/admin.php?page=wpml-string-translation%2Fmenu%2Fstring-translation.php" "Mozilla/5.0 (Windows NT 10.0; Win64; x64) AppleWebKit/537.36 (KHTML, like Gecko) Chrome/141.0.0.0 Safari/537.36" "-"
31.131.20.181 - - [26/Oct/2025:09:22:21 +0200 - 0.000 - 0.000] "POST /wp-cron.php?doing_wp_cron=1761463341.7843539714813232421875 HTTP/1.1" 499 0 "-" "WordPress/6.8.3; https://reocell.com" "-"
195.238.119.100 - - [26/Oct/2025:09:22:21 +0200 - 1.114 - 1.112] "POST /wp-admin/admin-ajax.php HTTP/1.1" 200 112 "https://reocell.com/wp-admin/post.php?post=845&action=edit&lang=en" "Mozilla/5.0 (Windows NT 10.0; Win64; x64) AppleWebKit/537.36 (KHTML, like Gecko) Chrome/141.0.0.0 Safari/537.36" "-"
31.131.20.181 - - [26/Oct/2025:09:23:48 +0200 - 0.003 - 0.000] "POST /wp-cron.php?doing_wp_cron=1761463428.7998769283294677734375 HTTP/1.1" 499 0 "-" "WordPress/6.8.3; https://reocell.com" "-"
195.238.119.100 - - [26/Oct/2025:09:23:48 +0200 - 1.139 - 1.140] "POST /wp-admin/admin-ajax.php HTTP/1.1" 200 78 "https://reocell.com/wp-admin/admin.php?page=wpml-string-translation%2Fmenu%2Fstring-translation.php" "Mozilla/5.0 (Windows NT 10.0; Win64; x64) AppleWebKit/537.36 (KHTML, like Gecko) Chrome/141.0.0.0 Safari/537.36" "-"
31.131.20.181 - - [26/Oct/2025:09:24:22 +0200 - 0.000 - 0.000] "POST /wp-cron.php?doing_wp_cron=1761463462.8647439479827880859375 HTTP/1.1" 499 0 "-" "WordPress/6.8.3; https://reocell.com" "-"
195.238.119.100 - - [26/Oct/2025:09:24:22 +0200 - 1.174 - 1.172] "POST /wp-admin/admin-ajax.php HTTP/1.1" 200 112 "https://reocell.com/wp-admin/post.php?post=845&action=edit&lang=en" "Mozilla/5.0 (Windows NT 10.0; Win64; x64) AppleWebKit/537.36 (KHTML, like Gecko) Chrome/141.0.0.0 Safari/537.36" "-"
31.131.20.181 - - [26/Oct/2025:09:25:20 +0200 - 0.001 - 0.000] "POST /wp-cron.php?doing_wp_cron=1761463520.4904189109802246093750 HTTP/1.1" 499 0 "-" "WordPress/6.8.3; https://reocell.com" "-"
168.119.96.239 - - [26/Oct/2025:09:25:20 +0200 - 0.893 - 0.892] "HEAD / HTTP/1.1" 200 0 "https://reocell.com/" "Mozilla/5.0+(compatible; UptimeRobot/2.0; http://www.uptimerobot.com/)" "-"
31.131.20.181 - - [26/Oct/2025:09:25:49 +0200 - 0.001 - 0.000] "POST /wp-cron.php?doing_wp_cron=1761463549.8609941005706787109375 HTTP/1.1" 499 0 "-" "WordPress/6.8.3; https://reocell.com" "-"
195.238.119.100 - - [26/Oct/2025:09:25:49 +0200 - 1.147 - 1.144] "POST /wp-admin/admin-ajax.php HTTP/1.1" 200 78 "https://reocell.com/wp-admin/admin.php?page=wpml-string-translation%2Fmenu%2Fstring-translation.php" "Mozilla/5.0 (Windows NT 10.0; Win64; x64) AppleWebKit/537.36 (KHTML, like Gecko) Chrome/141.0.0.0 Safari/537.36" "-"
103.109.180.104 - - [26/Oct/2025:09:26:15 +0200 - 0.000 - -] "POST /xmlrpc.php HTTP/1.1" 404 133 "-" "Mozilla/5.0 (Windows NT 10.0; WOW64; Trident/7.0; yie11; rv:11.0) like Gecko" "-"
167.172.159.207 - - [26/Oct/2025:09:26:23 +0200 - 0.014 - 0.016] "GET /wp-login.php HTTP/1.1" 200 4069 "-" "Mozilla/5.0 (Windows NT 10.0; WOW64) AppleWebKit/537.36 (KHTML, like Gecko) Chrome/65.0.3325.146 Safari/537.36" "-"
195.238.119.100 - - [26/Oct/2025:09:26:23 +0200 - 1.028 - 1.028] "POST /wp-admin/admin-ajax.php HTTP/1.1" 200 112 "https://reocell.com/wp-admin/post.php?post=845&action=edit&lang=en" "Mozilla/5.0 (Windows NT 10.0; Win64; x64) AppleWebKit/537.36 (KHTML, like Gecko) Chrome/141.0.0.0 Safari/537.36" "-"
167.172.159.207 - - [26/Oct/2025:09:26:59 +0200 - 0.021 - 0.024] "GET /wp-login.php HTTP/1.1" 200 4069 "-" "Mozilla/5.0 (Windows NT 10.0; WOW64) AppleWebKit/537.36 (KHTML, like Gecko) Chrome/65.0.3325.146 Safari/537.36" "-"
167.172.159.207 - - [26/Oct/2025:09:27:15 +0200 - 0.019 - 0.016] "GET /wp-login.php HTTP/1.1" 200 4069 "-" "Mozilla/5.0 (Windows NT 10.0; WOW64) AppleWebKit/537.36 (KHTML, like Gecko) Chrome/65.0.3325.146 Safari/537.36" "-"
31.131.20.181 - - [26/Oct/2025:09:27:24 +0200 - 0.000 - 0.000] "POST /wp-cron.php?doing_wp_cron=1761463644.8086900711059570312500 HTTP/1.1" 499 0 "-" "WordPress/6.8.3; https://reocell.com" "-"
167.172.159.207 - - [26/Oct/2025:09:27:24 +0200 - 0.982 - 0.980] "POST /wp-login.php HTTP/1.1" 403 4162 "https://reocell.com/wp-login.php" "Mozilla/5.0 (Windows NT 10.0; WOW64) AppleWebKit/537.36 (KHTML, like Gecko) Chrome/65.0.3325.146 Safari/537.36" "-"
31.131.20.181 - - [26/Oct/2025:09:27:50 +0200 - 0.000 - 0.000] "POST /wp-cron.php?doing_wp_cron=1761463670.7679998874664306640625 HTTP/1.1" 499 0 "-" "WordPress/6.8.3; https://reocell.com" "-"
195.238.119.100 - - [26/Oct/2025:09:27:50 +0200 - 1.073 - 1.072] "POST /wp-admin/admin-ajax.php HTTP/1.1" 200 78 "https://reocell.com/wp-admin/admin.php?page=wpml-string-translation%2Fmenu%2Fstring-translation.php" "Mozilla/5.0 (Windows NT 10.0; Win64; x64) AppleWebKit/537.36 (KHTML, like Gecko) Chrome/141.0.0.0 Safari/537.36" "-"
43.153.73.200 - - [26/Oct/2025:09:28:16 +0200 - 0.000 - -] "GET /wp-content/webp-express/webp-images/uploads/2023/07/may_8020_chopchik-anatoly-dmytrovych_1996x3000-1.png.webp HTTP/1.1" 200 5868 "-" "Mozilla/5.0 (iPhone; CPU iPhone OS 13_2_3 like Mac OS X) AppleWebKit/605.1.15 (KHTML, like Gecko) Version/13.0.3 Mobile/15E148 Safari/604.1" "-"
195.238.119.100 - - [26/Oct/2025:09:28:25 +0200 - 1.253 - 1.252] "POST /wp-admin/admin-ajax.php HTTP/1.1" 200 112 "https://reocell.com/wp-admin/post.php?post=845&action=edit&lang=en" "Mozilla/5.0 (Windows NT 10.0; Win64; x64) AppleWebKit/537.36 (KHTML, like Gecko) Chrome/141.0.0.0 Safari/537.36" "-"
31.131.20.181 - - [26/Oct/2025:09:29:51 +0200 - 0.001 - 0.000] "POST /wp-cron.php?doing_wp_cron=1761463791.8038771152496337890625 HTTP/1.1" 499 0 "-" "WordPress/6.8.3; https://reocell.com" "-"
195.238.119.100 - - [26/Oct/2025:09:29:51 +0200 - 1.157 - 1.156] "POST /wp-admin/admin-ajax.php HTTP/1.1" 200 78 "https://reocell.com/wp-admin/admin.php?page=wpml-string-translation%2Fmenu%2Fstring-translation.php" "Mozilla/5.0 (Windows NT 10.0; Win64; x64) AppleWebKit/537.36 (KHTML, like Gecko) Chrome/141.0.0.0 Safari/537.36" "-"
45.239.216.2 - - [26/Oct/2025:09:30:20 +0200 - 0.000 - -] "POST /xmlrpc.php HTTP/1.1" 404 133 "-" "Mozilla/5.0 (Windows NT 10.0; WOW64; Trident/7.0; MATMJS; rv:11.0) like Gecko" "-"
195.238.119.100 - - [26/Oct/2025:09:30:25 +0200 - 1.135 - 1.136] "POST /wp-admin/admin-ajax.php HTTP/1.1" 200 112 "https://reocell.com/wp-admin/post.php?post=845&action=edit&lang=en" "Mozilla/5.0 (Windows NT 10.0; Win64; x64) AppleWebKit/537.36 (KHTML, like Gecko) Chrome/141.0.0.0 Safari/537.36" "-"
49.13.167.123 - - [26/Oct/2025:09:30:26 +0200 - 0.892 - 0.892] "HEAD / HTTP/1.1" 200 0 "https://reocell.com/" "Mozilla/5.0+(compatible; UptimeRobot/2.0; http://www.uptimerobot.com/)" "-"
31.131.20.181 - - [26/Oct/2025:09:31:19 +0200 - 0.000 - 0.000] "POST /wp-cron.php?doing_wp_cron=1761463879.1608180999755859375000 HTTP/1.1" 499 0 "-" "WordPress/6.8.3; https://reocell.com" "-"
20.171.207.238 - - [26/Oct/2025:09:31:19 +0200 - 0.997 - 0.996] "GET /sitemap_index.xml HTTP/1.1" 200 384 "-" "Mozilla/5.0 AppleWebKit/537.36 (KHTML, like Gecko; compatible; GPTBot/1.2; +https://openai.com/gptbot)" "-"
31.131.20.181 - - [26/Oct/2025:09:31:52 +0200 - 0.001 - 0.000] "POST /wp-cron.php?doing_wp_cron=1761463912.7821009159088134765625 HTTP/1.1" 499 0 "-" "WordPress/6.8.3; https://reocell.com" "-"
195.238.119.100 - - [26/Oct/2025:09:31:52 +0200 - 1.073 - 1.076] "POST /wp-admin/admin-ajax.php HTTP/1.1" 200 78 "https://reocell.com/wp-admin/admin.php?page=wpml-string-translation%2Fmenu%2Fstring-translation.php" "Mozilla/5.0 (Windows NT 10.0; Win64; x64) AppleWebKit/537.36 (KHTML, like Gecko) Chrome/141.0.0.0 Safari/537.36" "-"
101.100.194.71 - - [26/Oct/2025:09:32:05 +0200 - 0.020 - 0.020] "GET /wp-login.php HTTP/1.1" 200 4069 "-" "Mozilla/5.0 (Windows NT 10.0; WOW64; Trident/7.0; FSJB; rv:11.0) like Gecko" "-"
101.100.194.71 - - [26/Oct/2025:09:32:08 +0200 - 0.968 - 0.972] "POST /wp-login.php HTTP/1.1" 403 4162 "https://reocell.com/wp-login.php" "Mozilla/5.0 (Windows NT 10.0; WOW64; Trident/7.0; FSJB; rv:11.0) like Gecko" "-"
195.238.119.100 - - [26/Oct/2025:09:32:27 +0200 - 1.280 - 1.280] "POST /wp-admin/admin-ajax.php HTTP/1.1" 200 112 "https://reocell.com/wp-admin/post.php?post=845&action=edit&lang=en" "Mozilla/5.0 (Windows NT 10.0; Win64; x64) AppleWebKit/537.36 (KHTML, like Gecko) Chrome/141.0.0.0 Safari/537.36" "-"
31.131.20.181 - - [26/Oct/2025:09:33:53 +0200 - 0.001 - 0.000] "POST /wp-cron.php?doing_wp_cron=1761464033.8834469318389892578125 HTTP/1.1" 499 0 "-" "WordPress/6.8.3; https://reocell.com" "-"
195.238.119.100 - - [26/Oct/2025:09:33:53 +0200 - 1.217 - 1.216] "POST /wp-admin/admin-ajax.php HTTP/1.1" 200 78 "https://reocell.com/wp-admin/admin.php?page=wpml-string-translation%2Fmenu%2Fstring-translation.php" "Mozilla/5.0 (Windows NT 10.0; Win64; x64) AppleWebKit/537.36 (KHTML, like Gecko) Chrome/141.0.0.0 Safari/537.36" "-"
31.131.20.181 - - [26/Oct/2025:09:34:27 +0200 - 0.002 - 0.004] "POST /wp-cron.php?doing_wp_cron=1761464067.9759120941162109375000 HTTP/1.1" 499 0 "-" "WordPress/6.8.3; https://reocell.com" "-"
195.238.119.100 - - [26/Oct/2025:09:34:28 +0200 - 1.311 - 1.308] "POST /wp-admin/admin-ajax.php HTTP/1.1" 200 112 "https://reocell.com/wp-admin/post.php?post=845&action=edit&lang=en" "Mozilla/5.0 (Windows NT 10.0; Win64; x64) AppleWebKit/537.36 (KHTML, like Gecko) Chrome/141.0.0.0 Safari/537.36" "-"
31.131.20.181 - - [26/Oct/2025:09:35:31 +0200 - 0.003 - 0.004] "POST /wp-cron.php?doing_wp_cron=1761464131.4393470287322998046875 HTTP/1.1" 499 0 "-" "WordPress/6.8.3; https://reocell.com" "-"
18.192.166.72 - - [26/Oct/2025:09:35:31 +0200 - 0.870 - 0.872] "HEAD / HTTP/1.1" 200 0 "https://reocell.com/" "Mozilla/5.0+(compatible; UptimeRobot/2.0; http://www.uptimerobot.com/)" "-"
31.131.20.181 - - [26/Oct/2025:09:35:54 +0200 - 0.001 - 0.004] "POST /wp-cron.php?doing_wp_cron=1761464154.7972209453582763671875 HTTP/1.1" 499 0 "-" "WordPress/6.8.3; https://reocell.com" "-"
195.238.119.100 - - [26/Oct/2025:09:35:54 +0200 - 1.082 - 1.080] "POST /wp-admin/admin-ajax.php HTTP/1.1" 200 78 "https://reocell.com/wp-admin/admin.php?page=wpml-string-translation%2Fmenu%2Fstring-translation.php" "Mozilla/5.0 (Windows NT 10.0; Win64; x64) AppleWebKit/537.36 (KHTML, like Gecko) Chrome/141.0.0.0 Safari/537.36" "-"
195.238.119.100 - - [26/Oct/2025:09:36:28 +0200 - 1.058 - 1.060] "POST /wp-admin/admin-ajax.php HTTP/1.1" 200 112 "https://reocell.com/wp-admin/post.php?post=845&action=edit&lang=en" "Mozilla/5.0 (Windows NT 10.0; Win64; x64) AppleWebKit/537.36 (KHTML, like Gecko) Chrome/141.0.0.0 Safari/537.36" "-"
43.131.32.36 - - [26/Oct/2025:09:36:58 +0200 - 0.000 - -] "GET /wp-content/webp-express/webp-images/uploads/2023/08/reocell-main-page-1_1.jpg.webp HTTP/1.1" 200 18158 "-" "Mozilla/5.0 (iPhone; CPU iPhone OS 13_2_3 like Mac OS X) AppleWebKit/605.1.15 (KHTML, like Gecko) Version/13.0.3 Mobile/15E148 Safari/604.1" "-"
31.131.20.181 - - [26/Oct/2025:09:37:55 +0200 - 0.001 - 0.000] "POST /wp-cron.php?doing_wp_cron=1761464275.8240420818328857421875 HTTP/1.1" 499 0 "-" "WordPress/6.8.3; https://reocell.com" "-"
195.238.119.100 - - [26/Oct/2025:09:37:55 +0200 - 1.139 - 1.140] "POST /wp-admin/admin-ajax.php HTTP/1.1" 200 78 "https://reocell.com/wp-admin/admin.php?page=wpml-string-translation%2Fmenu%2Fstring-translation.php" "Mozilla/5.0 (Windows NT 10.0; Win64; x64) AppleWebKit/537.36 (KHTML, like Gecko) Chrome/141.0.0.0 Safari/537.36" "-"
195.238.119.100 - - [26/Oct/2025:09:38:29 +0200 - 1.105 - 1.104] "POST /wp-admin/admin-ajax.php HTTP/1.1" 200 112 "https://reocell.com/wp-admin/post.php?post=845&action=edit&lang=en" "Mozilla/5.0 (Windows NT 10.0; Win64; x64) AppleWebKit/537.36 (KHTML, like Gecko) Chrome/141.0.0.0 Safari/537.36" "-"
31.131.20.181 - - [26/Oct/2025:09:39:56 +0200 - 0.000 - 0.000] "POST /wp-cron.php?doing_wp_cron=1761464396.7882509231567382812500 HTTP/1.1" 499 0 "-" "WordPress/6.8.3; https://reocell.com" "-"
195.238.119.100 - - [26/Oct/2025:09:39:56 +0200 - 1.086 - 1.088] "POST /wp-admin/admin-ajax.php HTTP/1.1" 200 78 "https://reocell.com/wp-admin/admin.php?page=wpml-string-translation%2Fmenu%2Fstring-translation.php" "Mozilla/5.0 (Windows NT 10.0; Win64; x64) AppleWebKit/537.36 (KHTML, like Gecko) Chrome/141.0.0.0 Safari/537.36" "-"
195.238.119.100 - - [26/Oct/2025:09:40:30 +0200 - 1.117 - 1.116] "POST /wp-admin/admin-ajax.php HTTP/1.1" 200 112 "https://reocell.com/wp-admin/post.php?post=845&action=edit&lang=en" "Mozilla/5.0 (Windows NT 10.0; Win64; x64) AppleWebKit/537.36 (KHTML, like Gecko) Chrome/141.0.0.0 Safari/537.36" "-"
3.79.134.69 - - [26/Oct/2025:09:40:36 +0200 - 0.800 - 0.800] "HEAD / HTTP/1.1" 200 0 "https://reocell.com/" "Mozilla/5.0+(compatible; UptimeRobot/2.0; http://www.uptimerobot.com/)" "-"
31.131.20.181 - - [26/Oct/2025:09:41:57 +0200 - 0.000 - 0.000] "POST /wp-cron.php?doing_wp_cron=1761464517.9233529567718505859375 HTTP/1.1" 499 0 "-" "WordPress/6.8.3; https://reocell.com" "-"
195.238.119.100 - - [26/Oct/2025:09:41:58 +0200 - 1.323 - 1.324] "POST /wp-admin/admin-ajax.php HTTP/1.1" 200 78 "https://reocell.com/wp-admin/admin.php?page=wpml-string-translation%2Fmenu%2Fstring-translation.php" "Mozilla/5.0 (Windows NT 10.0; Win64; x64) AppleWebKit/537.36 (KHTML, like Gecko) Chrome/141.0.0.0 Safari/537.36" "-"
195.238.119.100 - - [26/Oct/2025:09:42:31 +0200 - 1.093 - 1.092] "POST /wp-admin/admin-ajax.php HTTP/1.1" 200 112 "https://reocell.com/wp-admin/post.php?post=845&action=edit&lang=en" "Mozilla/5.0 (Windows NT 10.0; Win64; x64) AppleWebKit/537.36 (KHTML, like Gecko) Chrome/141.0.0.0 Safari/537.36" "-"
31.131.20.181 - - [26/Oct/2025:09:43:58 +0200 - 0.001 - 0.000] "POST /wp-cron.php?doing_wp_cron=1761464638.8492779731750488281250 HTTP/1.1" 499 0 "-" "WordPress/6.8.3; https://reocell.com" "-"
195.238.119.100 - - [26/Oct/2025:09:43:58 +0200 - 1.160 - 1.160] "POST /wp-admin/admin-ajax.php HTTP/1.1" 200 78 "https://reocell.com/wp-admin/admin.php?page=wpml-string-translation%2Fmenu%2Fstring-translation.php" "Mozilla/5.0 (Windows NT 10.0; Win64; x64) AppleWebKit/537.36 (KHTML, like Gecko) Chrome/141.0.0.0 Safari/537.36" "-"
92.205.110.219 - - [26/Oct/2025:09:44:03 +0200 - 0.006 - 0.004] "GET /wp-login.php HTTP/1.1" 200 4069 "-" "Mozilla/5.0 (Windows NT 6.1; rv:61.0) Gecko/20100101 Firefox/61.0" "-"
92.205.110.219 - - [26/Oct/2025:09:44:04 +0200 - 0.923 - 0.924] "POST /wp-login.php HTTP/1.1" 403 4162 "https://reocell.com/wp-login.php" "Mozilla/5.0 (Windows NT 6.1; rv:61.0) Gecko/20100101 Firefox/61.0" "-"
31.131.20.181 - - [26/Oct/2025:09:44:32 +0200 - 0.000 - 0.000] "POST /wp-cron.php?doing_wp_cron=1761464672.8062670230865478515625 HTTP/1.1" 499 0 "-" "WordPress/6.8.3; https://reocell.com" "-"
195.238.119.100 - - [26/Oct/2025:09:44:32 +0200 - 1.123 - 1.124] "POST /wp-admin/admin-ajax.php HTTP/1.1" 200 112 "https://reocell.com/wp-admin/post.php?post=845&action=edit&lang=en" "Mozilla/5.0 (Windows NT 10.0; Win64; x64) AppleWebKit/537.36 (KHTML, like Gecko) Chrome/141.0.0.0 Safari/537.36" "-"
31.131.20.181 - - [26/Oct/2025:09:45:16 +0200 - 0.000 - 0.004] "POST /wp-cron.php?doing_wp_cron=1761464716.5902459621429443359375 HTTP/1.1" 499 0 "-" "WordPress/6.8.3; https://reocell.com" "-"
87.250.224.126 - - [26/Oct/2025:09:45:16 +0200 - 0.947 - 0.948] "GET /robots.txt HTTP/1.1" 200 258 "-" "Mozilla/5.0 (compatible; YandexBot/3.0; +http://yandex.com/bots)" "-"
63.178.84.147 - - [26/Oct/2025:09:45:41 +0200 - 0.851 - 0.852] "HEAD / HTTP/1.1" 200 0 "https://reocell.com/" "Mozilla/5.0+(compatible; UptimeRobot/2.0; http://www.uptimerobot.com/)" "-"
31.131.20.181 - - [26/Oct/2025:09:45:59 +0200 - 0.000 - 0.000] "POST /wp-cron.php?doing_wp_cron=1761464759.7466158866882324218750 HTTP/1.1" 499 0 "-" "WordPress/6.8.3; https://reocell.com" "-"
195.238.119.100 - - [26/Oct/2025:09:45:59 +0200 - 1.057 - 1.056] "POST /wp-admin/admin-ajax.php HTTP/1.1" 200 78 "https://reocell.com/wp-admin/admin.php?page=wpml-string-translation%2Fmenu%2Fstring-translation.php" "Mozilla/5.0 (Windows NT 10.0; Win64; x64) AppleWebKit/537.36 (KHTML, like Gecko) Chrome/141.0.0.0 Safari/537.36" "-"
195.238.119.100 - - [26/Oct/2025:09:46:33 +0200 - 1.100 - 1.100] "POST /wp-admin/admin-ajax.php HTTP/1.1" 200 112 "https://reocell.com/wp-admin/post.php?post=845&action=edit&lang=en" "Mozilla/5.0 (Windows NT 10.0; Win64; x64) AppleWebKit/537.36 (KHTML, like Gecko) Chrome/141.0.0.0 Safari/537.36" "-"
107.189.5.4 - - [26/Oct/2025:09:47:59 +0200 - 0.014 - 0.012] "GET /wp-login.php HTTP/1.1" 200 4069 "-" "Mozilla/5.0 (compatible; MSIE 10.0; Windows NT 6.1; WOW64; Trident/6.0)" "-"
107.189.5.4 - - [26/Oct/2025:09:47:59 +0200 - 0.004 - 0.004] "GET /wp-login.php HTTP/1.1" 200 4069 "-" "Mozilla/5.0 (compatible; MSIE 10.0; Windows NT 6.1; WOW64; Trident/6.0)" "-"
31.131.20.181 - - [26/Oct/2025:09:48:00 +0200 - 0.001 - 0.000] "POST /wp-cron.php?doing_wp_cron=1761464880.5863280296325683593750 HTTP/1.1" 499 0 "-" "WordPress/6.8.3; https://reocell.com" "-"
107.189.5.4 - - [26/Oct/2025:09:48:00 +0200 - 1.204 - 1.204] "GET /wp-admin/themes.php HTTP/1.1" 302 5 "-" "python-requests/2.27.1" "-"
195.238.119.100 - - [26/Oct/2025:09:48:00 +0200 - 1.083 - 1.084] "POST /wp-admin/admin-ajax.php HTTP/1.1" 200 78 "https://reocell.com/wp-admin/admin.php?page=wpml-string-translation%2Fmenu%2Fstring-translation.php" "Mozilla/5.0 (Windows NT 10.0; Win64; x64) AppleWebKit/537.36 (KHTML, like Gecko) Chrome/141.0.0.0 Safari/537.36" "-"
107.189.5.4 - - [26/Oct/2025:09:48:01 +0200 - 0.844 - 0.844] "GET /wp-login.php?redirect_to=https%3A%2F%2Freocell.com%2Fwp-admin%2Fthemes.php&reauth=1 HTTP/1.1" 200 3291 "-" "python-requests/2.27.1" "-"
107.189.5.4 - - [26/Oct/2025:09:48:02 +0200 - 1.140 - 1.140] "GET /wp-admin/plugin-install.php?tab=upload HTTP/1.1" 302 5 "-" "python-requests/2.27.1" "-"
107.189.5.4 - - [26/Oct/2025:09:48:03 +0200 - 0.866 - 0.864] "GET /wp-login.php?redirect_to=https%3A%2F%2Freocell.com%2Fwp-admin%2Fplugin-install.php%3Ftab%3Dupload&reauth=1 HTTP/1.1" 200 3305 "-" "python-requests/2.27.1" "-"
195.238.119.100 - - [26/Oct/2025:09:48:34 +0200 - 1.097 - 1.096] "POST /wp-admin/admin-ajax.php HTTP/1.1" 200 112 "https://reocell.com/wp-admin/post.php?post=845&action=edit&lang=en" "Mozilla/5.0 (Windows NT 10.0; Win64; x64) AppleWebKit/537.36 (KHTML, like Gecko) Chrome/141.0.0.0 Safari/537.36" "-"
31.131.20.181 - - [26/Oct/2025:09:50:02 +0200 - 0.001 - 0.000] "POST /wp-cron.php?doing_wp_cron=1761465002.3792090415954589843750 HTTP/1.1" 499 0 "-" "WordPress/6.8.3; https://reocell.com" "-"
195.238.119.100 - - [26/Oct/2025:09:50:02 +0200 - 1.770 - 1.768] "POST /wp-admin/admin-ajax.php HTTP/1.1" 200 78 "https://reocell.com/wp-admin/admin.php?page=wpml-string-translation%2Fmenu%2Fstring-translation.php" "Mozilla/5.0 (Windows NT 10.0; Win64; x64) AppleWebKit/537.36 (KHTML, like Gecko) Chrome/141.0.0.0 Safari/537.36" "-"
195.238.119.100 - - [26/Oct/2025:09:50:35 +0200 - 1.129 - 1.132] "POST /wp-admin/admin-ajax.php HTTP/1.1" 200 112 "https://reocell.com/wp-admin/post.php?post=845&action=edit&lang=en" "Mozilla/5.0 (Windows NT 10.0; Win64; x64) AppleWebKit/537.36 (KHTML, like Gecko) Chrome/141.0.0.0 Safari/537.36" "-"
52.28.162.93 - - [26/Oct/2025:09:50:46 +0200 - 0.756 - 0.757] "HEAD / HTTP/1.1" 200 0 "https://reocell.com/" "Mozilla/5.0+(compatible; UptimeRobot/2.0; http://www.uptimerobot.com/)" "-"
18.158.108.185 - - [26/Oct/2025:09:51:33 +0200 - 0.016 - 0.016] "GET /wp-login.php HTTP/1.1" 200 4069 "-" "Mozilla/5.0+(Windows+NT+6.3;+WOW64;+Trident/7.0;+rv:11.0)+like+Gecko" "-"
31.131.20.181 - - [26/Oct/2025:09:51:42 +0200 - 0.000 - 0.000] "POST /wp-cron.php?doing_wp_cron=1761465102.2919299602508544921875 HTTP/1.1" 499 0 "-" "WordPress/6.8.3; https://reocell.com" "-"
18.158.108.185 - - [26/Oct/2025:09:51:42 +0200 - 0.968 - 0.968] "POST /wp-login.php HTTP/1.1" 403 4162 "https://reocell.com/wp-login.php" "Mozilla/5.0+(Windows+NT+6.3;+WOW64;+Trident/7.0;+rv:11.0)+like+Gecko" "-"
31.131.20.181 - - [26/Oct/2025:09:52:02 +0200 - 0.003 - 0.004] "POST /wp-cron.php?doing_wp_cron=1761465122.9353320598602294921875 HTTP/1.1" 499 0 "-" "WordPress/6.8.3; https://reocell.com" "-"
195.238.119.100 - - [26/Oct/2025:09:52:03 +0200 - 1.246 - 1.244] "POST /wp-admin/admin-ajax.php HTTP/1.1" 200 78 "https://reocell.com/wp-admin/admin.php?page=wpml-string-translation%2Fmenu%2Fstring-translation.php" "Mozilla/5.0 (Windows NT 10.0; Win64; x64) AppleWebKit/537.36 (KHTML, like Gecko) Chrome/141.0.0.0 Safari/537.36" "-"
159.100.9.209 - - [26/Oct/2025:09:52:07 +0200 - 0.000 - -] "POST /xmlrpc.php HTTP/1.1" 404 194 "-" "Mozilla/4.0 (compatible; MSIE 7.0; Windows NT 6.2; WOW64; Trident/7.0; .NET4.0E; .NET4.0C; InfoPath.3; .NET CLR 3.5.30729; .NET CLR 2.0.50727; .NET CLR 3.0.30729)" "-"
196.251.86.154 - - [26/Oct/2025:09:52:07 +0200 - 1.005 - 1.004] "GET /.env HTTP/1.1" 404 12254 "-" "Mozilla/5.0 (X11; Ubuntu; Linux; rv:67.0) Gecko/20100101 Firefox/67.0" "-"
195.238.119.100 - - [26/Oct/2025:09:52:36 +0200 - 1.056 - 1.056] "POST /wp-admin/admin-ajax.php HTTP/1.1" 200 112 "https://reocell.com/wp-admin/post.php?post=845&action=edit&lang=en" "Mozilla/5.0 (Windows NT 10.0; Win64; x64) AppleWebKit/537.36 (KHTML, like Gecko) Chrome/141.0.0.0 Safari/537.36" "-"
31.131.20.181 - - [26/Oct/2025:09:54:03 +0200 - 0.000 - 0.000] "POST /wp-cron.php?doing_wp_cron=1761465243.9310970306396484375000 HTTP/1.1" 499 0 "-" "WordPress/6.8.3; https://reocell.com" "-"
195.238.119.100 - - [26/Oct/2025:09:54:03 +0200 - 1.189 - 1.188] "POST /wp-admin/admin-ajax.php HTTP/1.1" 200 78 "https://reocell.com/wp-admin/admin.php?page=wpml-string-translation%2Fmenu%2Fstring-translation.php" "Mozilla/5.0 (Windows NT 10.0; Win64; x64) AppleWebKit/537.36 (KHTML, like Gecko) Chrome/141.0.0.0 Safari/537.36" "-"
31.131.20.181 - - [26/Oct/2025:09:54:37 +0200 - 0.000 - 0.004] "POST /wp-cron.php?doing_wp_cron=1761465277.7963769435882568359375 HTTP/1.1" 499 0 "-" "WordPress/6.8.3; https://reocell.com" "-"
195.238.119.100 - - [26/Oct/2025:09:54:37 +0200 - 1.143 - 1.144] "POST /wp-admin/admin-ajax.php HTTP/1.1" 200 112 "https://reocell.com/wp-admin/post.php?post=845&action=edit&lang=en" "Mozilla/5.0 (Windows NT 10.0; Win64; x64) AppleWebKit/537.36 (KHTML, like Gecko) Chrome/141.0.0.0 Safari/537.36" "-"
31.131.20.181 - - [26/Oct/2025:09:55:48 +0200 - 0.000 - 0.004] "POST /wp-cron.php?doing_wp_cron=1761465348.6494579315185546875000 HTTP/1.1" 499 0 "-" "WordPress/6.8.3; https://reocell.com" "-"
51.195.244.163 - - [26/Oct/2025:09:55:49 +0200 - 1.252 - 1.252] "GET / HTTP/1.1" 200 23525 "-" "Mozilla/5.0 (compatible; AhrefsBot/7.0; +http://ahrefs.com/robot/)" "-"
195.238.119.100 - - [26/Oct/2025:09:56:04 +0200 - 1.144 - 1.144] "POST /wp-admin/admin-ajax.php HTTP/1.1" 200 78 "https://reocell.com/wp-admin/admin.php?page=wpml-string-translation%2Fmenu%2Fstring-translation.php" "Mozilla/5.0 (Windows NT 10.0; Win64; x64) AppleWebKit/537.36 (KHTML, like Gecko) Chrome/141.0.0.0 Safari/537.36" "-"
49.13.24.81 - - [26/Oct/2025:09:56:23 +0200 - 0.873 - 0.872] "HEAD / HTTP/1.1" 200 0 "https://reocell.com/" "Mozilla/5.0+(compatible; UptimeRobot/2.0; http://www.uptimerobot.com/)" "-"
195.238.119.100 - - [26/Oct/2025:09:56:38 +0200 - 1.075 - 1.076] "POST /wp-admin/admin-ajax.php HTTP/1.1" 200 112 "https://reocell.com/wp-admin/post.php?post=845&action=edit&lang=en" "Mozilla/5.0 (Windows NT 10.0; Win64; x64) AppleWebKit/537.36 (KHTML, like Gecko) Chrome/141.0.0.0 Safari/537.36" "-"
20.41.74.116 - - [26/Oct/2025:09:57:10 +0200 - 0.000 - -] "GET /wp-content/themes/seotheme/db.php?u HTTP/1.1" 404 576 "www.google.com" "Mozlila/5.0 (Linux; Android 7.0; SM-G892A Bulid/NRD90M; wv) AppleWebKit/537.36 (KHTML, like Gecko) Version/4.0 Chrome/60.0.3112.107 Moblie Safari/537.36" "-"
20.41.74.116 - - [26/Oct/2025:09:57:10 +0200 - 0.023 - -] "POST /wp-plain.php HTTP/1.1" 404 576 "www.google.com" "Mozilla/5.0 (Linux; Android 7.0; SM-G892A Bulid/NRD90M; wv) AppleWebKit/537.36 (KHTML, like Gecko) Version/4.0 Chrome/60.0.3112.107 Moblie Safari/537.36" "-"
20.41.74.116 - - [26/Oct/2025:09:57:10 +0200 - 0.000 - -] "GET /wp-content/themes/seotheme/db.php?u HTTP/1.1" 404 576 "www.google.com" "Mozlila/5.0 (Linux; Android 7.0; SM-G892A Bulid/NRD90M; wv) AppleWebKit/537.36 (KHTML, like Gecko) Version/4.0 Chrome/60.0.3112.107 Moblie Safari/537.36" "-"
20.41.74.116 - - [26/Oct/2025:09:57:10 +0200 - 0.269 - 0.028] "GET / HTTP/1.1" 200 118706 "-" "Mozlila/5.0 (Linux; Android 7.0; SM-G892A Bulid/NRD90M; wv) AppleWebKit/537.36 (KHTML, like Gecko) Version/4.0 Chrome/60.0.3112.107 Moblie Safari/537.36" "-"
20.41.74.116 - - [26/Oct/2025:09:57:10 +0200 - 0.000 - -] "GET /zcmoexba.php?Fox=d3wL7 HTTP/1.1" 404 576 "www.google.com" "Mozilla/5.0 (Linux; Android 7.0; SM-G892A Bulid/NRD90M; wv) AppleWebKit/537.36 (KHTML, like Gecko) Version/4.0 Chrome/60.0.3112.107 Moblie Safari/537.36" "-"
20.41.74.116 - - [26/Oct/2025:09:57:11 +0200 - 0.000 - -] "GET /wp-content/plugins/apikey/apikey.php?test=hello HTTP/1.1" 404 576 "-" "Mozlila/5.0 (Linux; Android 7.0; SM-G892A Bulid/NRD90M; wv) AppleWebKit/537.36 (KHTML, like Gecko) Version/4.0 Chrome/60.0.3112.107 Moblie Safari/537.36" "-"
31.131.20.181 - - [26/Oct/2025:09:57:11 +0200 - 0.001 - 0.000] "POST /wp-cron.php?doing_wp_cron=1761465431.4011070728302001953125 HTTP/1.1" 499 0 "-" "WordPress/6.8.3; https://reocell.com" "-"
20.41.74.116 - - [26/Oct/2025:09:57:11 +0200 - 0.000 - -] "GET /plugins/content/apismtp/apismtp.php?test=hello HTTP/1.1" 404 576 "-" "Mozlila/5.0 (Linux; Android 7.0; SM-G892A Bulid/NRD90M; wv) AppleWebKit/537.36 (KHTML, like Gecko) Version/4.0 Chrome/60.0.3112.107 Moblie Safari/537.36" "-"
20.41.74.116 - - [26/Oct/2025:09:57:11 +0200 - 1.584 - 1.584] "POST /ALFA_DATA/alfacgiapi/perl.alfa HTTP/1.1" 404 53385 "www.google.com" "Mozlila/5.0 (Linux; Android 7.0; SM-G892A Bulid/NRD90M; wv) AppleWebKit/537.36 (KHTML, like Gecko) Version/4.0 Chrome/60.0.3112.107 Moblie Safari/537.36" "-"
20.41.74.116 - - [26/Oct/2025:09:57:11 +0200 - 0.000 - -] "GET /wp-content/plugins/apikey/apikey.php.suspected?test=hello HTTP/1.1" 404 576 "-" "Mozlila/5.0 (Linux; Android 7.0; SM-G892A Bulid/NRD90M; wv) AppleWebKit/537.36 (KHTML, like Gecko) Version/4.0 Chrome/60.0.3112.107 Moblie Safari/537.36" "-"
20.41.74.116 - - [26/Oct/2025:09:57:13 +0200 - 1.055 - 1.052] "GET /plugins/content/apismtp/apismtp.php.suspected?test=hello HTTP/1.1" 403 2023 "-" "Mozlila/5.0 (Linux; Android 7.0; SM-G892A Bulid/NRD90M; wv) AppleWebKit/537.36 (KHTML, like Gecko) Version/4.0 Chrome/60.0.3112.107 Moblie Safari/537.36" "-"
20.41.74.116 - - [26/Oct/2025:09:57:14 +0200 - 2.153 - 2.152] "POST /alfacgiapi/perl.alfa HTTP/1.1" 404 52099 "www.google.com" "Mozlila/5.0 (Linux; Android 7.0; SM-G892A Bulid/NRD90M; wv) AppleWebKit/537.36 (KHTML, like Gecko) Version/4.0 Chrome/60.0.3112.107 Moblie Safari/537.36" "-"
31.131.20.181 - - [26/Oct/2025:09:58:05 +0200 - 0.001 - 0.000] "POST /wp-cron.php?doing_wp_cron=1761465485.7616100311279296875000 HTTP/1.1" 499 0 "-" "WordPress/6.8.3; https://reocell.com" "-"
195.238.119.100 - - [26/Oct/2025:09:58:05 +0200 - 1.050 - 1.052] "POST /wp-admin/admin-ajax.php HTTP/1.1" 200 78 "https://reocell.com/wp-admin/admin.php?page=wpml-string-translation%2Fmenu%2Fstring-translation.php" "Mozilla/5.0 (Windows NT 10.0; Win64; x64) AppleWebKit/537.36 (KHTML, like Gecko) Chrome/141.0.0.0 Safari/537.36" "-"
51.210.194.145 - - [26/Oct/2025:09:58:35 +0200 - 0.013 - 0.012] "GET /wp-login.php HTTP/1.1" 200 4069 "-" "Mozilla/5.0 (Windows NT 6.1; WOW64; Trident/7.0; EIE10;ENUSMCM; rv:11.0) like Gecko" "-"
51.210.194.145 - - [26/Oct/2025:09:58:36 +0200 - 0.943 - 0.944] "POST /wp-login.php HTTP/1.1" 403 4162 "https://reocell.com/wp-login.php" "Mozilla/5.0 (Windows NT 6.1; WOW64; Trident/7.0; EIE10;ENUSMCM; rv:11.0) like Gecko" "-"
195.238.119.100 - - [26/Oct/2025:09:58:39 +0200 - 1.019 - 1.020] "POST /wp-admin/admin-ajax.php HTTP/1.1" 200 112 "https://reocell.com/wp-admin/post.php?post=845&action=edit&lang=en" "Mozilla/5.0 (Windows NT 10.0; Win64; x64) AppleWebKit/537.36 (KHTML, like Gecko) Chrome/141.0.0.0 Safari/537.36" "-"
31.131.20.181 - - [26/Oct/2025:10:00:08 +0200 - 0.004 - 0.004] "POST /wp-cron.php?doing_wp_cron=1761465608.6986410617828369140625 HTTP/1.1" 499 0 "-" "WordPress/6.8.3; https://reocell.com/en/" "-"
31.131.20.181 - - [26/Oct/2025:10:00:08 +0200 - 1.518 - 1.516] "GET /en/wp-json/ HTTP/1.1" 200 18039 "-" "WordPress/6.8.3; https://reocell.com" "-"
195.238.119.100 - - [26/Oct/2025:10:00:09 +0200 - 3.237 - 3.236] "POST /wp-admin/admin-ajax.php HTTP/1.1" 200 78 "https://reocell.com/wp-admin/admin.php?page=wpml-string-translation%2Fmenu%2Fstring-translation.php" "Mozilla/5.0 (Windows NT 10.0; Win64; x64) AppleWebKit/537.36 (KHTML, like Gecko) Chrome/141.0.0.0 Safari/537.36" "-"
195.238.119.100 - - [26/Oct/2025:10:00:40 +0200 - 1.150 - 1.152] "POST /wp-admin/admin-ajax.php HTTP/1.1" 200 112 "https://reocell.com/wp-admin/post.php?post=845&action=edit&lang=en" "Mozilla/5.0 (Windows NT 10.0; Win64; x64) AppleWebKit/537.36 (KHTML, like Gecko) Chrome/141.0.0.0 Safari/537.36" "-"
31.131.20.181 - - [26/Oct/2025:10:01:28 +0200 - 0.001 - 0.000] "POST /wp-cron.php?doing_wp_cron=1761465688.4812960624694824218750 HTTP/1.1" 499 0 "-" "WordPress/6.8.3; https://reocell.com" "-"
3.77.67.4 - - [26/Oct/2025:10:01:28 +0200 - 0.968 - 0.968] "HEAD / HTTP/1.1" 200 0 "https://reocell.com/" "Mozilla/5.0+(compatible; UptimeRobot/2.0; http://www.uptimerobot.com/)" "-"
31.131.20.181 - - [26/Oct/2025:10:02:07 +0200 - 0.001 - 0.000] "POST /wp-cron.php?doing_wp_cron=1761465727.8593559265136718750000 HTTP/1.1" 499 0 "-" "WordPress/6.8.3; https://reocell.com" "-"
195.238.119.100 - - [26/Oct/2025:10:02:07 +0200 - 1.159 - 1.160] "POST /wp-admin/admin-ajax.php HTTP/1.1" 200 78 "https://reocell.com/wp-admin/admin.php?page=wpml-string-translation%2Fmenu%2Fstring-translation.php" "Mozilla/5.0 (Windows NT 10.0; Win64; x64) AppleWebKit/537.36 (KHTML, like Gecko) Chrome/141.0.0.0 Safari/537.36" "-"
195.238.119.100 - - [26/Oct/2025:10:02:41 +0200 - 1.106 - 1.104] "POST /wp-admin/admin-ajax.php HTTP/1.1" 200 111 "https://reocell.com/wp-admin/post.php?post=845&action=edit&lang=en" "Mozilla/5.0 (Windows NT 10.0; Win64; x64) AppleWebKit/537.36 (KHTML, like Gecko) Chrome/141.0.0.0 Safari/537.36" "-"
31.131.20.181 - - [26/Oct/2025:10:04:08 +0200 - 0.001 - 0.000] "POST /wp-cron.php?doing_wp_cron=1761465848.7628118991851806640625 HTTP/1.1" 499 0 "-" "WordPress/6.8.3; https://reocell.com" "-"
195.238.119.100 - - [26/Oct/2025:10:04:08 +0200 - 1.097 - 1.096] "POST /wp-admin/admin-ajax.php HTTP/1.1" 200 78 "https://reocell.com/wp-admin/admin.php?page=wpml-string-translation%2Fmenu%2Fstring-translation.php" "Mozilla/5.0 (Windows NT 10.0; Win64; x64) AppleWebKit/537.36 (KHTML, like Gecko) Chrome/141.0.0.0 Safari/537.36" "-"
195.238.119.100 - - [26/Oct/2025:10:04:42 +0200 - 1.046 - 1.048] "POST /wp-admin/admin-ajax.php HTTP/1.1" 200 112 "https://reocell.com/wp-admin/post.php?post=845&action=edit&lang=en" "Mozilla/5.0 (Windows NT 10.0; Win64; x64) AppleWebKit/537.36 (KHTML, like Gecko) Chrome/141.0.0.0 Safari/537.36" "-"
31.131.20.181 - - [26/Oct/2025:10:05:39 +0200 - 0.000 - 0.000] "POST /wp-cron.php?doing_wp_cron=1761465939.4315850734710693359375 HTTP/1.1" 499 0 "-" "WordPress/6.8.3; https://reocell.com" "-"
216.73.216.110 - - [26/Oct/2025:10:05:39 +0200 - 0.909 - 0.908] "GET /robots.txt HTTP/1.1" 200 179 "-" "Mozilla/5.0 AppleWebKit/537.36 (KHTML, like Gecko; compatible; ClaudeBot/1.0; +claudebot@anthropic.com)" "-"
216.73.216.110 - - [26/Oct/2025:10:05:40 +0200 - 0.763 - 0.764] "GET /?p=736 HTTP/1.1" 301 5 "-" "Mozilla/5.0 AppleWebKit/537.36 (KHTML, like Gecko; compatible; ClaudeBot/1.0; +claudebot@anthropic.com)" "-"
216.73.216.110 - - [26/Oct/2025:10:05:41 +0200 - 0.993 - 0.992] "GET /products/alocell-endo/ HTTP/1.1" 200 17199 "https://reocell.com/?p=736" "Mozilla/5.0 AppleWebKit/537.36 (KHTML, like Gecko; compatible; ClaudeBot/1.0; +claudebot@anthropic.com)" "-"
31.131.20.181 - - [26/Oct/2025:10:06:09 +0200 - 0.001 - 0.000] "POST /wp-cron.php?doing_wp_cron=1761465969.7777960300445556640625 HTTP/1.1" 499 0 "-" "WordPress/6.8.3; https://reocell.com" "-"
195.238.119.100 - - [26/Oct/2025:10:06:09 +0200 - 1.128 - 1.128] "POST /wp-admin/admin-ajax.php HTTP/1.1" 200 78 "https://reocell.com/wp-admin/admin.php?page=wpml-string-translation%2Fmenu%2Fstring-translation.php" "Mozilla/5.0 (Windows NT 10.0; Win64; x64) AppleWebKit/537.36 (KHTML, like Gecko) Chrome/141.0.0.0 Safari/537.36" "-"
49.13.164.148 - - [26/Oct/2025:10:06:33 +0200 - 0.874 - 0.872] "HEAD / HTTP/1.1" 200 0 "https://reocell.com/" "Mozilla/5.0+(compatible; UptimeRobot/2.0; http://www.uptimerobot.com/)" "-"
195.238.119.100 - - [26/Oct/2025:10:06:43 +0200 - 1.021 - 1.020] "POST /wp-admin/admin-ajax.php HTTP/1.1" 200 112 "https://reocell.com/wp-admin/post.php?post=845&action=edit&lang=en" "Mozilla/5.0 (Windows NT 10.0; Win64; x64) AppleWebKit/537.36 (KHTML, like Gecko) Chrome/141.0.0.0 Safari/537.36" "-"
31.131.20.181 - - [26/Oct/2025:10:08:10 +0200 - 0.003 - 0.004] "POST /wp-cron.php?doing_wp_cron=1761466090.9302430152893066406250 HTTP/1.1" 499 0 "-" "WordPress/6.8.3; https://reocell.com" "-"
195.238.119.100 - - [26/Oct/2025:10:08:11 +0200 - 1.261 - 1.260] "POST /wp-admin/admin-ajax.php HTTP/1.1" 200 78 "https://reocell.com/wp-admin/admin.php?page=wpml-string-translation%2Fmenu%2Fstring-translation.php" "Mozilla/5.0 (Windows NT 10.0; Win64; x64) AppleWebKit/537.36 (KHTML, like Gecko) Chrome/141.0.0.0 Safari/537.36" "-"
78.157.49.100 - - [26/Oct/2025:10:08:12 +0200 - 0.000 - -] "POST /xmlrpc.php HTTP/1.1" 404 133 "-" "Mozilla/5.0 (Windows NT 6.3; rv:60.0) Gecko/20100101 Firefox/60.0" "-"
195.238.119.100 - - [26/Oct/2025:10:08:44 +0200 - 1.090 - 1.092] "POST /wp-admin/admin-ajax.php HTTP/1.1" 200 112 "https://reocell.com/wp-admin/post.php?post=845&action=edit&lang=en" "Mozilla/5.0 (Windows NT 10.0; Win64; x64) AppleWebKit/537.36 (KHTML, like Gecko) Chrome/141.0.0.0 Safari/537.36" "-"
31.131.20.181 - - [26/Oct/2025:10:10:12 +0200 - 0.001 - 0.000] "POST /wp-cron.php?doing_wp_cron=1761466212.0447990894317626953125 HTTP/1.1" 499 0 "-" "WordPress/6.8.3; https://reocell.com" "-"
195.238.119.100 - - [26/Oct/2025:10:10:12 +0200 - 1.407 - 1.404] "POST /wp-admin/admin-ajax.php HTTP/1.1" 200 78 "https://reocell.com/wp-admin/admin.php?page=wpml-string-translation%2Fmenu%2Fstring-translation.php" "Mozilla/5.0 (Windows NT 10.0; Win64; x64) AppleWebKit/537.36 (KHTML, like Gecko) Chrome/141.0.0.0 Safari/537.36" "-"
195.238.119.100 - - [26/Oct/2025:10:10:45 +0200 - 1.154 - 1.152] "POST /wp-admin/admin-ajax.php HTTP/1.1" 200 112 "https://reocell.com/wp-admin/post.php?post=845&action=edit&lang=en" "Mozilla/5.0 (Windows NT 10.0; Win64; x64) AppleWebKit/537.36 (KHTML, like Gecko) Chrome/141.0.0.0 Safari/537.36" "-"
185.252.234.215 - - [26/Oct/2025:10:11:52 +0200 - 0.015 - 0.012] "GET /wp-login.php HTTP/1.1" 200 4069 "-" "Mozilla/5.0 (Windows NT 6.1; WOW64; Trident/7.0; EIE10;ENGBWOL; rv:11.0) like Gecko" "-"
31.131.20.181 - - [26/Oct/2025:10:11:57 +0200 - 0.001 - 0.000] "POST /wp-cron.php?doing_wp_cron=1761466317.3261530399322509765625 HTTP/1.1" 499 0 "-" "WordPress/6.8.3; https://reocell.com" "-"
185.252.234.215 - - [26/Oct/2025:10:11:57 +0200 - 1.040 - 1.040] "POST /wp-login.php HTTP/1.1" 403 4162 "https://reocell.com/wp-login.php" "Mozilla/5.0 (Windows NT 6.1; WOW64; Trident/7.0; EIE10;ENGBWOL; rv:11.0) like Gecko" "-"
195.238.119.100 - - [26/Oct/2025:10:12:12 +0200 - 1.126 - 1.124] "POST /wp-admin/admin-ajax.php HTTP/1.1" 200 78 "https://reocell.com/wp-admin/admin.php?page=wpml-string-translation%2Fmenu%2Fstring-translation.php" "Mozilla/5.0 (Windows NT 10.0; Win64; x64) AppleWebKit/537.36 (KHTML, like Gecko) Chrome/141.0.0.0 Safari/537.36" "-"
18.193.252.127 - - [26/Oct/2025:10:12:40 +0200 - 0.885 - 0.888] "HEAD / HTTP/1.1" 200 0 "https://reocell.com/" "Mozilla/5.0+(compatible; UptimeRobot/2.0; http://www.uptimerobot.com/)" "-"
195.238.119.100 - - [26/Oct/2025:10:12:46 +0200 - 1.021 - 0.996] "POST /wp-admin/admin-ajax.php HTTP/1.1" 200 112 "https://reocell.com/wp-admin/post.php?post=845&action=edit&lang=en" "Mozilla/5.0 (Windows NT 10.0; Win64; x64) AppleWebKit/537.36 (KHTML, like Gecko) Chrome/141.0.0.0 Safari/537.36" "-"
31.131.20.181 - - [26/Oct/2025:10:14:13 +0200 - 0.000 - 0.000] "POST /wp-cron.php?doing_wp_cron=1761466453.8889169692993164062500 HTTP/1.1" 499 0 "-" "WordPress/6.8.3; https://reocell.com" "-"
195.238.119.100 - - [26/Oct/2025:10:14:13 +0200 - 1.212 - 1.212] "POST /wp-admin/admin-ajax.php HTTP/1.1" 200 78 "https://reocell.com/wp-admin/admin.php?page=wpml-string-translation%2Fmenu%2Fstring-translation.php" "Mozilla/5.0 (Windows NT 10.0; Win64; x64) AppleWebKit/537.36 (KHTML, like Gecko) Chrome/141.0.0.0 Safari/537.36" "-"
195.238.119.100 - - [26/Oct/2025:10:14:47 +0200 - 1.156 - 1.156] "POST /wp-admin/admin-ajax.php HTTP/1.1" 200 112 "https://reocell.com/wp-admin/post.php?post=845&action=edit&lang=en" "Mozilla/5.0 (Windows NT 10.0; Win64; x64) AppleWebKit/537.36 (KHTML, like Gecko) Chrome/141.0.0.0 Safari/537.36" "-"
31.131.20.181 - - [26/Oct/2025:10:16:14 +0200 - 0.000 - 0.000] "POST /wp-cron.php?doing_wp_cron=1761466574.8099091053009033203125 HTTP/1.1" 499 0 "-" "WordPress/6.8.3; https://reocell.com" "-"
195.238.119.100 - - [26/Oct/2025:10:16:14 +0200 - 1.120 - 1.120] "POST /wp-admin/admin-ajax.php HTTP/1.1" 200 78 "https://reocell.com/wp-admin/admin.php?page=wpml-string-translation%2Fmenu%2Fstring-translation.php" "Mozilla/5.0 (Windows NT 10.0; Win64; x64) AppleWebKit/537.36 (KHTML, like Gecko) Chrome/141.0.0.0 Safari/537.36" "-"
31.131.20.181 - - [26/Oct/2025:10:16:48 +0200 - 0.000 - 0.000] "POST /wp-cron.php?doing_wp_cron=1761466608.7346799373626708984375 HTTP/1.1" 499 0 "-" "WordPress/6.8.3; https://reocell.com" "-"
195.238.119.100 - - [26/Oct/2025:10:16:48 +0200 - 1.073 - 1.068] "POST /wp-admin/admin-ajax.php HTTP/1.1" 200 112 "https://reocell.com/wp-admin/post.php?post=845&action=edit&lang=en" "Mozilla/5.0 (Windows NT 10.0; Win64; x64) AppleWebKit/537.36 (KHTML, like Gecko) Chrome/141.0.0.0 Safari/537.36" "-"
159.69.158.189 - - [26/Oct/2025:10:17:46 +0200 - 0.980 - 0.980] "HEAD / HTTP/1.1" 200 0 "https://reocell.com/" "Mozilla/5.0+(compatible; UptimeRobot/2.0; http://www.uptimerobot.com/)" "-"
143.198.202.82 - - [26/Oct/2025:10:17:53 +0200 - 0.006 - 0.008] "GET /wp-login.php HTTP/1.1" 200 4069 "-" "Mozilla/5.0 (Windows NT 10.0; WOW64; Trident/7.0; MDDCJS; rv:11.0) like Gecko" "-"
31.131.20.181 - - [26/Oct/2025:10:17:57 +0200 - 0.001 - 0.000] "POST /wp-cron.php?doing_wp_cron=1761466677.6010389328002929687500 HTTP/1.1" 499 0 "-" "WordPress/6.8.3; https://reocell.com" "-"
143.198.202.82 - - [26/Oct/2025:10:17:57 +0200 - 1.004 - 1.004] "POST /wp-login.php HTTP/1.1" 403 4162 "https://reocell.com/wp-login.php" "Mozilla/5.0 (Windows NT 10.0; WOW64; Trident/7.0; MDDCJS; rv:11.0) like Gecko" "-"
195.238.119.100 - - [26/Oct/2025:10:18:15 +0200 - 1.087 - 1.085] "POST /wp-admin/admin-ajax.php HTTP/1.1" 200 78 "https://reocell.com/wp-admin/admin.php?page=wpml-string-translation%2Fmenu%2Fstring-translation.php" "Mozilla/5.0 (Windows NT 10.0; Win64; x64) AppleWebKit/537.36 (KHTML, like Gecko) Chrome/141.0.0.0 Safari/537.36" "-"
45.64.185.141 - - [26/Oct/2025:10:18:18 +0200 - 0.000 - -] "POST /xmlrpc.php HTTP/1.1" 404 194 "-" "Mozilla/5.0 (compatible; MSIE 9.0; Windows NT 6.2; Win64; x64; Trident/7.0)" "-"
31.131.20.181 - - [26/Oct/2025:10:18:49 +0200 - 0.000 - 0.000] "POST /wp-cron.php?doing_wp_cron=1761466729.8054809570312500000000 HTTP/1.1" 499 0 "-" "WordPress/6.8.3; https://reocell.com" "-"
195.238.119.100 - - [26/Oct/2025:10:18:49 +0200 - 1.131 - 1.132] "POST /wp-admin/admin-ajax.php HTTP/1.1" 200 112 "https://reocell.com/wp-admin/post.php?post=845&action=edit&lang=en" "Mozilla/5.0 (Windows NT 10.0; Win64; x64) AppleWebKit/537.36 (KHTML, like Gecko) Chrome/141.0.0.0 Safari/537.36" "-"
31.131.20.181 - - [26/Oct/2025:10:19:34 +0200 - 0.001 - 0.000] "POST /wp-cron.php?doing_wp_cron=1761466774.3595080375671386718750 HTTP/1.1" 499 0 "-" "WordPress/6.8.3; https://reocell.com/en/" "-"
114.250.50.130 - - [26/Oct/2025:10:19:34 +0200 - 0.970 - 0.964] "GET /en/privacy-policy/%20https:/uf.ua%20 HTTP/1.1" 301 5 "-" "Mozilla/5.0 (Windows NT 10.0; Win64; x64) AppleWebKit/537.36 (KHTML, like Gecko) Chrome/122.0.0.0 Safari/537.36" "-"
114.250.50.130 - - [26/Oct/2025:10:19:36 +0200 - 0.968 - 0.968] "GET /en/privacy-policy/%20https:/uf.ua HTTP/1.1" 404 11586 "-" "Mozilla/5.0 (Windows NT 10.0; Win64; x64) AppleWebKit/537.36 (KHTML, like Gecko) Chrome/122.0.0.0 Safari/537.36" "-"
31.131.20.181 - - [26/Oct/2025:10:20:15 +0200 - 0.000 - 0.000] "POST /wp-cron.php?doing_wp_cron=1761466815.2691569328308105468750 HTTP/1.1" 499 0 "-" "WordPress/6.8.3; https://reocell.com" "-"
111.13.118.232 - - [26/Oct/2025:10:20:15 +0200 - 1.124 - 1.124] "GET /about-the-laboratory/ HTTP/1.1" 200 19577 "-" "Mozilla/5.0 (Linux; Android 10; K) AppleWebKit/537.36 (KHTML, like Gecko) Chrome/122.0.0.0 Mobile Safari/537.36" "-"
195.238.119.100 - - [26/Oct/2025:10:20:16 +0200 - 1.013 - 1.012] "POST /wp-admin/admin-ajax.php HTTP/1.1" 200 78 "https://reocell.com/wp-admin/admin.php?page=wpml-string-translation%2Fmenu%2Fstring-translation.php" "Mozilla/5.0 (Windows NT 10.0; Win64; x64) AppleWebKit/537.36 (KHTML, like Gecko) Chrome/141.0.0.0 Safari/537.36" "-"
106.38.188.33 - - [26/Oct/2025:10:20:26 +0200 - 0.940 - 0.940] "GET /en/privacy-policy/ HTTP/1.1" 200 20714 "-" "Mozilla/5.0 (Windows NT 10.0; Win64; x64) AppleWebKit/537.36 (KHTML, like Gecko) Chrome/122.0.0.0 Safari/537.36" "-"
49.7.240.111 - - [26/Oct/2025:10:20:38 +0200 - 0.916 - 0.916] "GET /blog/ HTTP/1.1" 200 13344 "-" "Mozilla/5.0 (Windows NT 10.0; Win64; x64) AppleWebKit/537.36 (KHTML, like Gecko) Chrome/121.0.0.0 Safari/537.36 Edg/121.0.0.0" "-"
31.131.20.181 - - [26/Oct/2025:10:20:49 +0200 - 0.000 - 0.000] "POST /wp-cron.php?doing_wp_cron=1761466849.8122448921203613281250 HTTP/1.1" 499 0 "-" "WordPress/6.8.3; https://reocell.com" "-"
114.250.50.209 - - [26/Oct/2025:10:20:50 +0200 - 1.013 - 1.012] "GET /products/ HTTP/1.1" 200 16392 "-" "Mozilla/5.0 (Windows NT 10.0; Win64; x64) AppleWebKit/537.36 (KHTML, like Gecko) Chrome/122.0.0.0 Safari/537.36" "-"
31.131.20.181 - - [26/Oct/2025:10:20:50 +0200 - 0.001 - 0.000] "POST /wp-cron.php?doing_wp_cron=1761466850.7430610656738281250000 HTTP/1.1" 499 0 "-" "WordPress/6.8.3; https://reocell.com" "-"
195.238.119.100 - - [26/Oct/2025:10:20:50 +0200 - 1.058 - 1.060] "POST /wp-admin/admin-ajax.php HTTP/1.1" 200 112 "https://reocell.com/wp-admin/post.php?post=845&action=edit&lang=en" "Mozilla/5.0 (Windows NT 10.0; Win64; x64) AppleWebKit/537.36 (KHTML, like Gecko) Chrome/141.0.0.0 Safari/537.36" "-"
49.7.150.239 - - [26/Oct/2025:10:20:58 +0200 - 0.004 - 0.004] "GET / HTTP/1.1" 200 23609 "-" "Mozilla/5.0 (Windows NT 10.0; Win64; x64) AppleWebKit/537.36 (KHTML, like Gecko) Chrome/122.0.0.0 Safari/537.36" "-"
114.250.44.159 - - [26/Oct/2025:10:21:10 +0200 - 1.046 - 1.048] "GET /offer-contract/ HTTP/1.1" 200 30491 "-" "Mozilla/5.0 (Linux; Android 10; K) AppleWebKit/537.36 (KHTML, like Gecko) Chrome/122.0.0.0 Mobile Safari/537.36" "-"
34.1.27.33 - - [26/Oct/2025:10:21:50 +0200 - 0.011 - 0.012] "GET / HTTP/1.1" 200 23609 "https://www.reocell.com/" "Mozilla/5.0 (Macintosh; Intel Mac OS X 10_15_7) AppleWebKit/537.36 (KHTML, like Gecko) Chrome/135.0.0.0 Safari/537.36" "-"
31.131.20.181 - - [26/Oct/2025:10:21:52 +0200 - 0.002 - 0.000] "POST /wp-cron.php?doing_wp_cron=1761466911.9796590805053710937500 HTTP/1.1" 499 0 "-" "WordPress/6.8.3; https://reocell.com" "-"
34.1.27.33 - - [26/Oct/2025:10:21:52 +0200 - 0.972 - 0.968] "GET /app/ HTTP/1.1" 404 12254 "-" "Mozilla/5.0 (Macintosh; Intel Mac OS X 10_15_7) AppleWebKit/537.36 (KHTML, like Gecko) Chrome/135.0.0.0 Safari/537.36" "-"
34.1.27.33 - - [26/Oct/2025:10:21:53 +0200 - 0.814 - 0.812] "GET /login/ HTTP/1.1" 302 5 "-" "Mozilla/5.0 (Macintosh; Intel Mac OS X 10_15_7) AppleWebKit/537.36 (KHTML, like Gecko) Chrome/135.0.0.0 Safari/537.36" "-"
34.1.27.33 - - [26/Oct/2025:10:21:53 +0200 - 0.003 - 0.004] "GET /wp-login.php HTTP/1.1" 200 4069 "https://reocell.com/login/" "Mozilla/5.0 (Macintosh; Intel Mac OS X 10_15_7) AppleWebKit/537.36 (KHTML, like Gecko) Chrome/135.0.0.0 Safari/537.36" "-"
34.1.27.33 - - [26/Oct/2025:10:21:55 +0200 - 0.743 - 0.744] "GET /login/wp-admin//js//user-profile.js HTTP/1.1" 301 5 "-" "Mozilla/5.0 (Macintosh; Intel Mac OS X 10_15_7) AppleWebKit/537.36 (KHTML, like Gecko) Chrome/135.0.0.0 Safari/537.36" "-"
34.1.27.33 - - [26/Oct/2025:10:21:56 +0200 - 0.962 - 0.960] "GET /login/wp-admin/js/user-profile.js HTTP/1.1" 404 12659 "https://reocell.com/login/wp-admin//js//user-profile.js" "Mozilla/5.0 (Macintosh; Intel Mac OS X 10_15_7) AppleWebKit/537.36 (KHTML, like Gecko) Chrome/135.0.0.0 Safari/537.36" "-"
34.1.27.33 - - [26/Oct/2025:10:21:57 +0200 - 0.742 - 0.740] "GET /includes//js//index.js HTTP/1.1" 301 5 "-" "Mozilla/5.0 (Macintosh; Intel Mac OS X 10_15_7) AppleWebKit/537.36 (KHTML, like Gecko) Chrome/135.0.0.0 Safari/537.36" "-"
