125.212.243.142 - - [26/Oct/2025:16:30:12 +0200 - 0.020 - 0.020] "GET /wp-login.php HTTP/1.1" 200 4069 "-" "Mozilla/5.0 (Windows NT 10.0; Win64; x64) AppleWebKit/537.36 (KHTML, like Gecko) Chrome/130.0.0.0 Safari/537.36" "-"
125.212.243.142 - - [26/Oct/2025:16:30:14 +0200 - 1.000 - 1.000] "POST /wp-login.php HTTP/1.1" 403 4156 "https://reocell.com/wp-login.php" "Mozilla/5.0 (Windows NT 10.0; Win64; x64) AppleWebKit/537.36 (KHTML, like Gecko) Chrome/130.0.0.0 Safari/537.36" "-"
89.68.189.109 - - [26/Oct/2025:16:31:06 +0200 - 0.013 - 0.012] "GET / HTTP/1.1" 200 23609 "https://www.google.com/" "Mozilla/5.0 (Windows NT 10.0; Win64; x64) AppleWebKit/537.36 (KHTML, like Gecko) Chrome/141.0.0.0 Safari/537.36" "-"
31.131.20.181 - - [26/Oct/2025:16:31:08 +0200 - 0.001 - 0.000] "POST /wp-cron.php?doing_wp_cron=1761489068.3091180324554443359375 HTTP/1.1" 499 0 "-" "WordPress/6.8.3; https://reocell.com" "-"
89.68.189.109 - - [26/Oct/2025:16:31:08 +0200 - 1.284 - 1.284] "GET /wp-json/contact-form-7/v1/contact-forms/233/feedback/schema HTTP/1.1" 200 308 "https://reocell.com/" "Mozilla/5.0 (Windows NT 10.0; Win64; x64) AppleWebKit/537.36 (KHTML, like Gecko) Chrome/141.0.0.0 Safari/537.36" "-"
89.68.189.109 - - [26/Oct/2025:16:31:08 +0200 - 1.367 - 1.364] "GET /wp-json/contact-form-7/v1/contact-forms/206/feedback/schema HTTP/1.1" 200 339 "https://reocell.com/" "Mozilla/5.0 (Windows NT 10.0; Win64; x64) AppleWebKit/537.36 (KHTML, like Gecko) Chrome/141.0.0.0 Safari/537.36" "-"
89.68.189.109 - - [26/Oct/2025:16:31:08 +0200 - 1.365 - 1.364] "GET /wp-json/contact-form-7/v1/contact-forms/235/feedback/schema HTTP/1.1" 200 376 "https://reocell.com/" "Mozilla/5.0 (Windows NT 10.0; Win64; x64) AppleWebKit/537.36 (KHTML, like Gecko) Chrome/141.0.0.0 Safari/537.36" "-"
89.68.189.109 - - [26/Oct/2025:16:31:08 +0200 - 1.582 - 1.580] "POST /wp-admin/admin-ajax.php HTTP/1.1" 200 688 "https://reocell.com/" "Mozilla/5.0 (Windows NT 10.0; Win64; x64) AppleWebKit/537.36 (KHTML, like Gecko) Chrome/141.0.0.0 Safari/537.36" "-"
89.68.189.109 - - [26/Oct/2025:16:31:08 +0200 - 1.595 - 1.596] "GET /wp-json/contact-form-7/v1/contact-forms/234/feedback/schema HTTP/1.1" 200 324 "https://reocell.com/" "Mozilla/5.0 (Windows NT 10.0; Win64; x64) AppleWebKit/537.36 (KHTML, like Gecko) Chrome/141.0.0.0 Safari/537.36" "-"
89.68.189.109 - - [26/Oct/2025:16:31:09 +0200 - 2.083 - 2.080] "POST /wp-admin/admin-ajax.php HTTP/1.1" 200 1066 "https://reocell.com/" "Mozilla/5.0 (Windows NT 10.0; Win64; x64) AppleWebKit/537.36 (KHTML, like Gecko) Chrome/141.0.0.0 Safari/537.36" "-"
89.68.189.109 - - [26/Oct/2025:16:31:10 +0200 - 1.831 - 1.832] "GET /wp-json/contact-form-7/v1/contact-forms/766/feedback/schema HTTP/1.1" 200 396 "https://reocell.com/" "Mozilla/5.0 (Windows NT 10.0; Win64; x64) AppleWebKit/537.36 (KHTML, like Gecko) Chrome/141.0.0.0 Safari/537.36" "-"
89.68.189.109 - - [26/Oct/2025:16:31:10 +0200 - 1.748 - 1.748] "GET /wp-json/contact-form-7/v1/contact-forms/234/refill HTTP/1.1" 200 33 "https://reocell.com/" "Mozilla/5.0 (Windows NT 10.0; Win64; x64) AppleWebKit/537.36 (KHTML, like Gecko) Chrome/141.0.0.0 Safari/537.36" "-"
89.68.189.109 - - [26/Oct/2025:16:31:10 +0200 - 1.795 - 1.796] "GET /wp-json/contact-form-7/v1/contact-forms/233/refill HTTP/1.1" 200 33 "https://reocell.com/" "Mozilla/5.0 (Windows NT 10.0; Win64; x64) AppleWebKit/537.36 (KHTML, like Gecko) Chrome/141.0.0.0 Safari/537.36" "-"
89.68.189.109 - - [26/Oct/2025:16:31:10 +0200 - 1.752 - 1.752] "GET /wp-json/contact-form-7/v1/contact-forms/206/refill HTTP/1.1" 200 33 "https://reocell.com/" "Mozilla/5.0 (Windows NT 10.0; Win64; x64) AppleWebKit/537.36 (KHTML, like Gecko) Chrome/141.0.0.0 Safari/537.36" "-"
89.68.189.109 - - [26/Oct/2025:16:31:10 +0200 - 1.703 - 1.700] "GET /wp-json/contact-form-7/v1/contact-forms/235/refill HTTP/1.1" 200 33 "https://reocell.com/" "Mozilla/5.0 (Windows NT 10.0; Win64; x64) AppleWebKit/537.36 (KHTML, like Gecko) Chrome/141.0.0.0 Safari/537.36" "-"
142.132.180.39 - - [26/Oct/2025:16:31:10 +0200 - 1.582 - 1.584] "HEAD / HTTP/1.1" 200 0 "https://reocell.com/" "Mozilla/5.0+(compatible; UptimeRobot/2.0; http://www.uptimerobot.com/)" "-"
89.68.189.109 - - [26/Oct/2025:16:31:10 +0200 - 1.450 - 1.452] "GET /wp-json/contact-form-7/v1/contact-forms/766/refill HTTP/1.1" 200 33 "https://reocell.com/" "Mozilla/5.0 (Windows NT 10.0; Win64; x64) AppleWebKit/537.36 (KHTML, like Gecko) Chrome/141.0.0.0 Safari/537.36" "-"
195.238.119.100 - - [26/Oct/2025:16:31:20 +0200 - 0.978 - 0.976] "POST /wp-admin/admin-ajax.php HTTP/1.1" 200 78 "https://reocell.com/wp-admin/admin.php?page=wpml-string-translation%2Fmenu%2Fstring-translation.php" "Mozilla/5.0 (Windows NT 10.0; Win64; x64) AppleWebKit/537.36 (KHTML, like Gecko) Chrome/141.0.0.0 Safari/537.36" "-"
31.131.20.181 - - [26/Oct/2025:16:31:54 +0200 - 0.001 - 0.000] "POST /wp-cron.php?doing_wp_cron=1761489114.7009079456329345703125 HTTP/1.1" 499 0 "-" "WordPress/6.8.3; https://reocell.com" "-"
195.238.119.100 - - [26/Oct/2025:16:31:54 +0200 - 1.150 - 1.152] "POST /wp-admin/admin-ajax.php HTTP/1.1" 200 112 "https://reocell.com/wp-admin/post.php?post=845&action=edit&lang=en" "Mozilla/5.0 (Windows NT 10.0; Win64; x64) AppleWebKit/537.36 (KHTML, like Gecko) Chrome/141.0.0.0 Safari/537.36" "-"
31.131.20.181 - - [26/Oct/2025:16:33:21 +0200 - 0.000 - 0.000] "POST /wp-cron.php?doing_wp_cron=1761489201.5910511016845703125000 HTTP/1.1" 499 0 "-" "WordPress/6.8.3; https://reocell.com" "-"
195.238.119.100 - - [26/Oct/2025:16:33:21 +0200 - 1.080 - 1.084] "POST /wp-admin/admin-ajax.php HTTP/1.1" 200 78 "https://reocell.com/wp-admin/admin.php?page=wpml-string-translation%2Fmenu%2Fstring-translation.php" "Mozilla/5.0 (Windows NT 10.0; Win64; x64) AppleWebKit/537.36 (KHTML, like Gecko) Chrome/141.0.0.0 Safari/537.36" "-"
112.213.85.55 - - [26/Oct/2025:16:33:29 +0200 - 0.005 - 0.004] "GET /wp-login.php HTTP/1.1" 200 4069 "-" "Mozilla/5.0 (Windows NT 10.0; Win64; x64) AppleWebKit/537.36 (KHTML, like Gecko) Chrome/130.0.0.0 Safari/537.36" "-"
112.213.85.55 - - [26/Oct/2025:16:33:34 +0200 - 0.799 - 0.796] "POST /wp-login.php HTTP/1.1" 403 4199 "https://reocell.com/wp-login.php" "Mozilla/5.0 (Windows NT 10.0; Win64; x64) AppleWebKit/537.36 (KHTML, like Gecko) Chrome/130.0.0.0 Safari/537.36" "-"
31.131.20.181 - - [26/Oct/2025:16:33:55 +0200 - 0.000 - 0.000] "POST /wp-cron.php?doing_wp_cron=1761489235.5757899284362792968750 HTTP/1.1" 499 0 "-" "WordPress/6.8.3; https://reocell.com" "-"
195.238.119.100 - - [26/Oct/2025:16:33:55 +0200 - 1.061 - 1.060] "POST /wp-admin/admin-ajax.php HTTP/1.1" 200 112 "https://reocell.com/wp-admin/post.php?post=845&action=edit&lang=en" "Mozilla/5.0 (Windows NT 10.0; Win64; x64) AppleWebKit/537.36 (KHTML, like Gecko) Chrome/141.0.0.0 Safari/537.36" "-"
31.131.20.181 - - [26/Oct/2025:16:35:22 +0200 - 0.001 - 0.000] "POST /wp-cron.php?doing_wp_cron=1761489322.6570808887481689453125 HTTP/1.1" 499 0 "-" "WordPress/6.8.3; https://reocell.com" "-"
195.238.119.100 - - [26/Oct/2025:16:35:22 +0200 - 1.126 - 1.124] "POST /wp-admin/admin-ajax.php HTTP/1.1" 200 79 "https://reocell.com/wp-admin/admin.php?page=wpml-string-translation%2Fmenu%2Fstring-translation.php" "Mozilla/5.0 (Windows NT 10.0; Win64; x64) AppleWebKit/537.36 (KHTML, like Gecko) Chrome/141.0.0.0 Safari/537.36" "-"
195.238.119.100 - - [26/Oct/2025:16:35:23 +0200 - 0.760 - 0.756] "GET /wp-login.php?interim-login=1&wp_lang=uk HTTP/1.1" 200 3496 "https://reocell.com/wp-admin/admin.php?page=wpml-string-translation%2Fmenu%2Fstring-translation.php" "Mozilla/5.0 (Windows NT 10.0; Win64; x64) AppleWebKit/537.36 (KHTML, like Gecko) Chrome/141.0.0.0 Safari/537.36" "-"
31.131.20.181 - - [26/Oct/2025:16:35:56 +0200 - 0.001 - 0.000] "POST /wp-cron.php?doing_wp_cron=1761489356.5448980331420898437500 HTTP/1.1" 499 0 "-" "WordPress/6.8.3; https://reocell.com" "-"
195.238.119.100 - - [26/Oct/2025:16:35:56 +0200 - 1.151 - 1.148] "POST /wp-admin/admin-ajax.php HTTP/1.1" 200 79 "https://reocell.com/wp-admin/post.php?post=845&action=edit&lang=en" "Mozilla/5.0 (Windows NT 10.0; Win64; x64) AppleWebKit/537.36 (KHTML, like Gecko) Chrome/141.0.0.0 Safari/537.36" "-"
195.238.119.100 - - [26/Oct/2025:16:35:57 +0200 - 0.893 - 0.892] "GET /wp-login.php?lang=en&interim-login=1&wp_lang=uk HTTP/1.1" 200 3510 "https://reocell.com/wp-admin/post.php?post=845&action=edit&lang=en" "Mozilla/5.0 (Windows NT 10.0; Win64; x64) AppleWebKit/537.36 (KHTML, like Gecko) Chrome/141.0.0.0 Safari/537.36" "-"
220.158.233.198 - - [26/Oct/2025:16:36:00 +0200 - 0.004 - 0.004] "GET /wp-login.php HTTP/1.1" 200 4069 "-" "Mozilla/5.0 (Windows NT 10.0; Win64; x64) AppleWebKit/537.36 (KHTML, like Gecko) Chrome/130.0.0.0 Safari/537.36" "-"
220.158.233.198 - - [26/Oct/2025:16:36:04 +0200 - 1.013 - 1.012] "POST /wp-login.php HTTP/1.1" 403 4156 "https://reocell.com/wp-login.php" "Mozilla/5.0 (Windows NT 10.0; Win64; x64) AppleWebKit/537.36 (KHTML, like Gecko) Chrome/130.0.0.0 Safari/537.36" "-"
49.13.164.148 - - [26/Oct/2025:16:36:16 +0200 - 0.779 - 0.780] "HEAD / HTTP/1.1" 200 0 "https://reocell.com/" "Mozilla/5.0+(compatible; UptimeRobot/2.0; http://www.uptimerobot.com/)" "-"
31.131.20.181 - - [26/Oct/2025:16:37:23 +0200 - 0.001 - 0.000] "POST /wp-cron.php?doing_wp_cron=1761489443.6755859851837158203125 HTTP/1.1" 499 0 "-" "WordPress/6.8.3; https://reocell.com" "-"
195.238.119.100 - - [26/Oct/2025:16:37:23 +0200 - 1.187 - 1.188] "POST /wp-admin/admin-ajax.php HTTP/1.1" 200 79 "https://reocell.com/wp-admin/admin.php?page=wpml-string-translation%2Fmenu%2Fstring-translation.php" "Mozilla/5.0 (Windows NT 10.0; Win64; x64) AppleWebKit/537.36 (KHTML, like Gecko) Chrome/141.0.0.0 Safari/537.36" "-"
31.131.20.181 - - [26/Oct/2025:16:37:57 +0200 - 0.002 - 0.004] "POST /wp-cron.php?doing_wp_cron=1761489477.9438650608062744140625 HTTP/1.1" 499 0 "-" "WordPress/6.8.3; https://reocell.com" "-"
195.238.119.100 - - [26/Oct/2025:16:37:58 +0200 - 1.402 - 1.404] "POST /wp-admin/admin-ajax.php HTTP/1.1" 200 79 "https://reocell.com/wp-admin/post.php?post=845&action=edit&lang=en" "Mozilla/5.0 (Windows NT 10.0; Win64; x64) AppleWebKit/537.36 (KHTML, like Gecko) Chrome/141.0.0.0 Safari/537.36" "-"
31.131.20.181 - - [26/Oct/2025:16:39:24 +0200 - 0.000 - 0.000] "POST /wp-cron.php?doing_wp_cron=1761489564.6804249286651611328125 HTTP/1.1" 499 0 "-" "WordPress/6.8.3; https://reocell.com" "-"
195.238.119.100 - - [26/Oct/2025:16:39:24 +0200 - 1.155 - 1.156] "POST /wp-admin/admin-ajax.php HTTP/1.1" 200 79 "https://reocell.com/wp-admin/admin.php?page=wpml-string-translation%2Fmenu%2Fstring-translation.php" "Mozilla/5.0 (Windows NT 10.0; Win64; x64) AppleWebKit/537.36 (KHTML, like Gecko) Chrome/141.0.0.0 Safari/537.36" "-"
31.131.20.181 - - [26/Oct/2025:16:39:58 +0200 - 0.001 - 0.000] "POST /wp-cron.php?doing_wp_cron=1761489598.6474540233612060546875 HTTP/1.1" 499 0 "-" "WordPress/6.8.3; https://reocell.com" "-"
195.238.119.100 - - [26/Oct/2025:16:39:58 +0200 - 1.162 - 1.160] "POST /wp-admin/admin-ajax.php HTTP/1.1" 200 79 "https://reocell.com/wp-admin/post.php?post=845&action=edit&lang=en" "Mozilla/5.0 (Windows NT 10.0; Win64; x64) AppleWebKit/537.36 (KHTML, like Gecko) Chrome/141.0.0.0 Safari/537.36" "-"
31.131.20.181 - - [26/Oct/2025:16:41:22 +0200 - 0.001 - 0.000] "POST /wp-cron.php?doing_wp_cron=1761489682.4860699176788330078125 HTTP/1.1" 499 0 "-" "WordPress/6.8.3; https://reocell.com" "-"
157.90.155.240 - - [26/Oct/2025:16:41:22 +0200 - 0.872 - 0.872] "HEAD / HTTP/1.1" 200 0 "https://reocell.com/" "Mozilla/5.0+(compatible; UptimeRobot/2.0; http://www.uptimerobot.com/)" "-"
195.238.119.100 - - [26/Oct/2025:16:41:25 +0200 - 0.951 - 0.952] "POST /wp-admin/admin-ajax.php HTTP/1.1" 200 79 "https://reocell.com/wp-admin/admin.php?page=wpml-string-translation%2Fmenu%2Fstring-translation.php" "Mozilla/5.0 (Windows NT 10.0; Win64; x64) AppleWebKit/537.36 (KHTML, like Gecko) Chrome/141.0.0.0 Safari/537.36" "-"
57.130.20.252 - - [26/Oct/2025:16:41:33 +0200 - 0.000 - -] "POST /xmlrpc.php HTTP/1.1" 404 133 "-" "Mozilla/5.0 (Windows NT 6.1; WOW64; Trident/7.0; NISSC; rv:11.0) like Gecko" "-"
31.131.20.181 - - [26/Oct/2025:16:41:59 +0200 - 0.003 - 0.004] "POST /wp-cron.php?doing_wp_cron=1761489719.8111059665679931640625 HTTP/1.1" 499 0 "-" "WordPress/6.8.3; https://reocell.com" "-"
195.238.119.100 - - [26/Oct/2025:16:41:59 +0200 - 1.255 - 1.252] "POST /wp-admin/admin-ajax.php HTTP/1.1" 200 79 "https://reocell.com/wp-admin/post.php?post=845&action=edit&lang=en" "Mozilla/5.0 (Windows NT 10.0; Win64; x64) AppleWebKit/537.36 (KHTML, like Gecko) Chrome/141.0.0.0 Safari/537.36" "-"
31.131.20.181 - - [26/Oct/2025:16:43:26 +0200 - 0.001 - 0.000] "POST /wp-cron.php?doing_wp_cron=1761489806.6930649280548095703125 HTTP/1.1" 499 0 "-" "WordPress/6.8.3; https://reocell.com" "-"
195.238.119.100 - - [26/Oct/2025:16:43:26 +0200 - 1.174 - 1.176] "POST /wp-admin/admin-ajax.php HTTP/1.1" 200 79 "https://reocell.com/wp-admin/admin.php?page=wpml-string-translation%2Fmenu%2Fstring-translation.php" "Mozilla/5.0 (Windows NT 10.0; Win64; x64) AppleWebKit/537.36 (KHTML, like Gecko) Chrome/141.0.0.0 Safari/537.36" "-"
114.119.132.146 - - [26/Oct/2025:16:43:27 +0200 - 1.043 - 1.044] "GET /reocell-clinic-my-vzhe-praczyuyemo HTTP/1.1" 301 5 "https://reocell.com/en/reocell-clinic-is-now-open" "Mozilla/5.0 (Linux; Android 7.0;) AppleWebKit/537.36 (KHTML, like Gecko) Mobile Safari/537.36 (compatible; PetalBot;+https://webmaster.petalsearch.com/site/petalbot)" "-"
114.119.132.146 - - [26/Oct/2025:16:43:29 +0200 - 0.942 - 0.944] "GET /reocell-clinic-my-vzhe-praczyuyemo/ HTTP/1.1" 200 17488 "https://reocell.com/en/reocell-clinic-is-now-open" "Mozilla/5.0 (Linux; Android 7.0;) AppleWebKit/537.36 (KHTML, like Gecko) Mobile Safari/537.36 (compatible; PetalBot;+https://webmaster.petalsearch.com/site/petalbot)" "-"
31.131.20.181 - - [26/Oct/2025:16:44:00 +0200 - 0.002 - 0.004] "POST /wp-cron.php?doing_wp_cron=1761489840.5450050830841064453125 HTTP/1.1" 499 0 "-" "WordPress/6.8.3; https://reocell.com" "-"
195.238.119.100 - - [26/Oct/2025:16:44:00 +0200 - 1.021 - 1.020] "POST /wp-admin/admin-ajax.php HTTP/1.1" 200 79 "https://reocell.com/wp-admin/post.php?post=845&action=edit&lang=en" "Mozilla/5.0 (Windows NT 10.0; Win64; x64) AppleWebKit/537.36 (KHTML, like Gecko) Chrome/141.0.0.0 Safari/537.36" "-"
149.233.139.79 - - [26/Oct/2025:16:44:03 +0200 - 1.293 - 1.296] "GET /en/ HTTP/1.1" 200 21399 "https://www.google.com/" "Mozilla/5.0 (iPhone; CPU iPhone OS 18_6_2 like Mac OS X) AppleWebKit/605.1.15 (KHTML, like Gecko) Version/18.6 Mobile/15E148 Safari/604.1" "-"
149.233.139.79 - - [26/Oct/2025:16:44:03 +0200 - 0.000 - -] "GET /wp-content/uploads/2023/08/final-en.mp4 HTTP/1.1" 206 2 "https://reocell.com/en/" "Mozilla/5.0 (iPhone; CPU iPhone OS 18_6_2 like Mac OS X) AppleWebKit/605.1.15 (KHTML, like Gecko) Version/18.6 Mobile/15E148 Safari/604.1" "-"
149.233.139.79 - - [26/Oct/2025:16:44:04 +0200 - 1.178 - 1.176] "POST /wp-admin/admin-ajax.php HTTP/1.1" 200 471 "https://reocell.com/en/" "Mozilla/5.0 (iPhone; CPU iPhone OS 18_6_2 like Mac OS X) AppleWebKit/605.1.15 (KHTML, like Gecko) Version/18.6 Mobile/15E148 Safari/604.1" "-"
149.233.139.79 - - [26/Oct/2025:16:44:04 +0200 - 1.221 - 1.220] "GET /en/wp-json/contact-form-7/v1/contact-forms/294/feedback/schema HTTP/1.1" 200 286 "https://reocell.com/en/" "Mozilla/5.0 (iPhone; CPU iPhone OS 18_6_2 like Mac OS X) AppleWebKit/605.1.15 (KHTML, like Gecko) Version/18.6 Mobile/15E148 Safari/604.1" "-"
149.233.139.79 - - [26/Oct/2025:16:44:04 +0200 - 1.241 - 1.240] "GET /en/wp-json/contact-form-7/v1/contact-forms/292/feedback/schema HTTP/1.1" 200 309 "https://reocell.com/en/" "Mozilla/5.0 (iPhone; CPU iPhone OS 18_6_2 like Mac OS X) AppleWebKit/605.1.15 (KHTML, like Gecko) Version/18.6 Mobile/15E148 Safari/604.1" "-"
149.233.139.79 - - [26/Oct/2025:16:44:05 +0200 - 0.000 - -] "GET /wp-content/webp-express/webp-images/uploads/2023/07/slide1.png.webp HTTP/1.1" 200 26840 "https://reocell.com/en/" "Mozilla/5.0 (iPhone; CPU iPhone OS 18_6_2 like Mac OS X) AppleWebKit/605.1.15 (KHTML, like Gecko) Version/18.6 Mobile/15E148 Safari/604.1" "-"
149.233.139.79 - - [26/Oct/2025:16:44:05 +0200 - 1.307 - 1.304] "GET /en/wp-json/contact-form-7/v1/contact-forms/293/feedback/schema HTTP/1.1" 200 280 "https://reocell.com/en/" "Mozilla/5.0 (iPhone; CPU iPhone OS 18_6_2 like Mac OS X) AppleWebKit/605.1.15 (KHTML, like Gecko) Version/18.6 Mobile/15E148 Safari/604.1" "-"
149.233.139.79 - - [26/Oct/2025:16:44:05 +0200 - 0.165 - -] "GET /wp-content/uploads/2023/08/final-en.mp4 HTTP/1.1" 206 3178207 "https://reocell.com/en/" "Mozilla/5.0 (iPhone; CPU iPhone OS 18_6_2 like Mac OS X) AppleWebKit/605.1.15 (KHTML, like Gecko) Version/18.6 Mobile/15E148 Safari/604.1" "-"
149.233.139.79 - - [26/Oct/2025:16:44:05 +0200 - 1.466 - 1.464] "POST /wp-admin/admin-ajax.php HTTP/1.1" 200 810 "https://reocell.com/en/" "Mozilla/5.0 (iPhone; CPU iPhone OS 18_6_2 like Mac OS X) AppleWebKit/605.1.15 (KHTML, like Gecko) Version/18.6 Mobile/15E148 Safari/604.1" "-"
149.233.139.79 - - [26/Oct/2025:16:44:05 +0200 - 2.142 - 2.141] "GET /en/wp-json/contact-form-7/v1/contact-forms/295/feedback/schema HTTP/1.1" 200 303 "https://reocell.com/en/" "Mozilla/5.0 (iPhone; CPU iPhone OS 18_6_2 like Mac OS X) AppleWebKit/605.1.15 (KHTML, like Gecko) Version/18.6 Mobile/15E148 Safari/604.1" "-"
149.233.139.79 - - [26/Oct/2025:16:44:06 +0200 - 1.151 - 1.153] "GET /en/wp-json/contact-form-7/v1/contact-forms/767/feedback/schema HTTP/1.1" 200 318 "https://reocell.com/en/" "Mozilla/5.0 (iPhone; CPU iPhone OS 18_6_2 like Mac OS X) AppleWebKit/605.1.15 (KHTML, like Gecko) Version/18.6 Mobile/15E148 Safari/604.1" "-"
149.233.139.79 - - [26/Oct/2025:16:44:06 +0200 - 0.000 - -] "GET /wp-content/themes/reocell/favicon.ico HTTP/1.1" 200 1150 "https://reocell.com/en/" "Mozilla/5.0 (iPhone; CPU iPhone OS 18_6_2 like Mac OS X) AppleWebKit/605.1.15 (KHTML, like Gecko) Version/18.6 Mobile/15E148 Safari/604.1" "-"
149.233.139.79 - - [26/Oct/2025:16:44:06 +0200 - 1.256 - 1.257] "GET /en/wp-json/contact-form-7/v1/contact-forms/293/refill HTTP/1.1" 200 33 "https://reocell.com/en/" "Mozilla/5.0 (iPhone; CPU iPhone OS 18_6_2 like Mac OS X) AppleWebKit/605.1.15 (KHTML, like Gecko) Version/18.6 Mobile/15E148 Safari/604.1" "-"
149.233.139.79 - - [26/Oct/2025:16:44:06 +0200 - 1.316 - 1.320] "GET /en/wp-json/contact-form-7/v1/contact-forms/294/refill HTTP/1.1" 200 33 "https://reocell.com/en/" "Mozilla/5.0 (iPhone; CPU iPhone OS 18_6_2 like Mac OS X) AppleWebKit/605.1.15 (KHTML, like Gecko) Version/18.6 Mobile/15E148 Safari/604.1" "-"
149.233.139.79 - - [26/Oct/2025:16:44:06 +0200 - 1.416 - 1.417] "GET /en/wp-json/contact-form-7/v1/contact-forms/295/refill HTTP/1.1" 200 33 "https://reocell.com/en/" "Mozilla/5.0 (iPhone; CPU iPhone OS 18_6_2 like Mac OS X) AppleWebKit/605.1.15 (KHTML, like Gecko) Version/18.6 Mobile/15E148 Safari/604.1" "-"
149.233.139.79 - - [26/Oct/2025:16:44:06 +0200 - 1.496 - 1.497] "GET /en/wp-json/contact-form-7/v1/contact-forms/292/refill HTTP/1.1" 200 33 "https://reocell.com/en/" "Mozilla/5.0 (iPhone; CPU iPhone OS 18_6_2 like Mac OS X) AppleWebKit/605.1.15 (KHTML, like Gecko) Version/18.6 Mobile/15E148 Safari/604.1" "-"
149.233.139.79 - - [26/Oct/2025:16:44:06 +0200 - 1.048 - 1.048] "GET /en/wp-json/contact-form-7/v1/contact-forms/767/refill HTTP/1.1" 200 33 "https://reocell.com/en/" "Mozilla/5.0 (iPhone; CPU iPhone OS 18_6_2 like Mac OS X) AppleWebKit/605.1.15 (KHTML, like Gecko) Version/18.6 Mobile/15E148 Safari/604.1" "-"
149.233.139.79 - - [26/Oct/2025:16:44:07 +0200 - 0.000 - -] "GET /wp-content/webp-express/webp-images/uploads/2023/08/azot1.jpg.webp HTTP/1.1" 200 10188 "https://reocell.com/en/" "Mozilla/5.0 (iPhone; CPU iPhone OS 18_6_2 like Mac OS X) AppleWebKit/605.1.15 (KHTML, like Gecko) Version/18.6 Mobile/15E148 Safari/604.1" "-"
149.233.139.79 - - [26/Oct/2025:16:44:08 +0200 - 0.000 - -] "GET /wp-content/webp-express/webp-images/uploads/2023/08/reocell-main-page-1_1.jpg.webp HTTP/1.1" 200 18158 "https://reocell.com/en/" "Mozilla/5.0 (iPhone; CPU iPhone OS 18_6_2 like Mac OS X) AppleWebKit/605.1.15 (KHTML, like Gecko) Version/18.6 Mobile/15E148 Safari/604.1" "-"
149.233.139.79 - - [26/Oct/2025:16:44:12 +0200 - 0.000 - -] "GET /wp-content/webp-express/webp-images/uploads/2023/08/reocell-main-page-22.jpg.webp HTTP/1.1" 200 19942 "https://reocell.com/en/" "Mozilla/5.0 (iPhone; CPU iPhone OS 18_6_2 like Mac OS X) AppleWebKit/605.1.15 (KHTML, like Gecko) Version/18.6 Mobile/15E148 Safari/604.1" "-"
149.233.139.79 - - [26/Oct/2025:16:44:13 +0200 - 0.000 - -] "GET /wp-content/webp-express/webp-images/uploads/2025/08/main-page-clinic-585x357-sm.jpg.webp HTTP/1.1" 200 20774 "https://reocell.com/en/" "Mozilla/5.0 (iPhone; CPU iPhone OS 18_6_2 like Mac OS X) AppleWebKit/605.1.15 (KHTML, like Gecko) Version/18.6 Mobile/15E148 Safari/604.1" "-"
149.233.139.79 - - [26/Oct/2025:16:44:14 +0200 - 0.000 - -] "GET /wp-content/webp-express/webp-images/uploads/2023/08/azot2.jpg.webp HTTP/1.1" 200 13608 "https://reocell.com/en/" "Mozilla/5.0 (iPhone; CPU iPhone OS 18_6_2 like Mac OS X) AppleWebKit/605.1.15 (KHTML, like Gecko) Version/18.6 Mobile/15E148 Safari/604.1" "-"
149.233.139.79 - - [26/Oct/2025:16:44:14 +0200 - 0.000 - -] "GET /wp-content/webp-express/webp-images/uploads/2023/07/background_services_2.png.webp HTTP/1.1" 200 25294 "https://reocell.com/en/" "Mozilla/5.0 (iPhone; CPU iPhone OS 18_6_2 like Mac OS X) AppleWebKit/605.1.15 (KHTML, like Gecko) Version/18.6 Mobile/15E148 Safari/604.1" "-"
149.233.139.79 - - [26/Oct/2025:16:44:20 +0200 - 0.000 - -] "GET /wp-content/webp-express/webp-images/uploads/2025/08/background_services_3_clinic_944x448-sm.jpg.webp HTTP/1.1" 200 24078 "https://reocell.com/en/" "Mozilla/5.0 (iPhone; CPU iPhone OS 18_6_2 like Mac OS X) AppleWebKit/605.1.15 (KHTML, like Gecko) Version/18.6 Mobile/15E148 Safari/604.1" "-"
149.233.139.79 - - [26/Oct/2025:16:44:38 +0200 - 0.000 - -] "GET /wp-content/webp-express/webp-images/uploads/2023/07/dodatok-do-nakazu-moz-ukrayiny-%E2%84%96144-vid-28.01.2021_1190x1680-340x477.jpg.webp HTTP/1.1" 200 10994 "https://reocell.com/en/" "Mozilla/5.0 (iPhone; CPU iPhone OS 18_6_2 like Mac OS X) AppleWebKit/605.1.15 (KHTML, like Gecko) Version/18.6 Mobile/15E148 Safari/604.1" "-"
149.233.139.79 - - [26/Oct/2025:16:44:38 +0200 - 0.000 - -] "GET /wp-content/webp-express/webp-images/uploads/2023/07/pidtverdzhennya-provedennya-ekspertyzy-prymishchen_1190x1680-340x477.jpg.webp HTTP/1.1" 200 13768 "https://reocell.com/en/" "Mozilla/5.0 (iPhone; CPU iPhone OS 18_6_2 like Mac OS X) AppleWebKit/605.1.15 (KHTML, like Gecko) Version/18.6 Mobile/15E148 Safari/604.1" "-"
149.233.139.79 - - [26/Oct/2025:16:44:38 +0200 - 0.000 - -] "GET /wp-content/webp-express/webp-images/uploads/2023/07/akt-sanitarno-epidemiolohichnoho-obstezhennya_1190x1680-340x477.jpg.webp HTTP/1.1" 200 20824 "https://reocell.com/en/" "Mozilla/5.0 (iPhone; CPU iPhone OS 18_6_2 like Mac OS X) AppleWebKit/605.1.15 (KHTML, like Gecko) Version/18.6 Mobile/15E148 Safari/604.1" "-"
149.233.139.79 - - [26/Oct/2025:16:44:39 +0200 - 0.000 - -] "GET /wp-content/webp-express/webp-images/uploads/2023/07/may_8020_chopchik-anatoly-dmytrovych_1996x3000-1.png.webp HTTP/1.1" 200 5868 "https://reocell.com/en/" "Mozilla/5.0 (iPhone; CPU iPhone OS 18_6_2 like Mac OS X) AppleWebKit/605.1.15 (KHTML, like Gecko) Version/18.6 Mobile/15E148 Safari/604.1" "-"
149.233.139.79 - - [26/Oct/2025:16:44:39 +0200 - 0.000 - -] "GET /wp-content/webp-express/webp-images/uploads/2023/07/may_7812_pykhteev-dmytro-mykhailovych_1996x3000-1.png.webp HTTP/1.1" 200 8170 "https://reocell.com/en/" "Mozilla/5.0 (iPhone; CPU iPhone OS 18_6_2 like Mac OS X) AppleWebKit/605.1.15 (KHTML, like Gecko) Version/18.6 Mobile/15E148 Safari/604.1" "-"
149.233.139.79 - - [26/Oct/2025:16:44:39 +0200 - 0.000 - -] "GET /wp-content/webp-express/webp-images/uploads/2023/07/may_7765_khmelnytska-julia_1996x3000-1.png.webp HTTP/1.1" 200 8528 "https://reocell.com/en/" "Mozilla/5.0 (iPhone; CPU iPhone OS 18_6_2 like Mac OS X) AppleWebKit/605.1.15 (KHTML, like Gecko) Version/18.6 Mobile/15E148 Safari/604.1" "-"
31.131.20.181 - - [26/Oct/2025:16:44:51 +0200 - 0.002 - 0.000] "POST /wp-cron.php?doing_wp_cron=1761489891.3657379150390625000000 HTTP/1.1" 499 0 "-" "WordPress/6.8.3; https://reocell.com/en/" "-"
114.119.132.146 - - [26/Oct/2025:16:44:51 +0200 - 0.885 - 0.884] "GET /en/products/alocell-cli HTTP/1.1" 301 5 "https://reocell.com/en/products" "Mozilla/5.0 (Linux; Android 7.0;) AppleWebKit/537.36 (KHTML, like Gecko) Mobile Safari/537.36 (compatible; PetalBot;+https://webmaster.petalsearch.com/site/petalbot)" "-"
114.119.132.146 - - [26/Oct/2025:16:44:54 +0200 - 0.947 - 0.948] "GET /en/products/alocell-cli/ HTTP/1.1" 200 15633 "https://reocell.com/en/products" "Mozilla/5.0 (Linux; Android 7.0;) AppleWebKit/537.36 (KHTML, like Gecko) Mobile Safari/537.36 (compatible; PetalBot;+https://webmaster.petalsearch.com/site/petalbot)" "-"
195.238.119.100 - - [26/Oct/2025:16:45:27 +0200 - 1.090 - 1.092] "POST /wp-admin/admin-ajax.php HTTP/1.1" 200 79 "https://reocell.com/wp-admin/admin.php?page=wpml-string-translation%2Fmenu%2Fstring-translation.php" "Mozilla/5.0 (Windows NT 10.0; Win64; x64) AppleWebKit/537.36 (KHTML, like Gecko) Chrome/141.0.0.0 Safari/537.36" "-"
31.131.20.181 - - [26/Oct/2025:16:46:01 +0200 - 0.001 - 0.000] "POST /wp-cron.php?doing_wp_cron=1761489961.6175870895385742187500 HTTP/1.1" 499 0 "-" "WordPress/6.8.3; https://reocell.com" "-"
195.238.119.100 - - [26/Oct/2025:16:46:01 +0200 - 1.099 - 1.096] "POST /wp-admin/admin-ajax.php HTTP/1.1" 200 79 "https://reocell.com/wp-admin/post.php?post=845&action=edit&lang=en" "Mozilla/5.0 (Windows NT 10.0; Win64; x64) AppleWebKit/537.36 (KHTML, like Gecko) Chrome/141.0.0.0 Safari/537.36" "-"
114.119.136.238 - - [26/Oct/2025:16:46:11 +0200 - 0.726 - 0.728] "GET /en/blog HTTP/1.1" 301 5 "https://reocell.com/en/products/fibrocell-derma" "Mozilla/5.0 (Linux; Android 7.0;) AppleWebKit/537.36 (KHTML, like Gecko) Mobile Safari/537.36 (compatible; PetalBot;+https://webmaster.petalsearch.com/site/petalbot)" "-"
114.119.136.238 - - [26/Oct/2025:16:46:13 +0200 - 0.883 - 0.885] "GET /en/blog/ HTTP/1.1" 200 12216 "https://reocell.com/en/products/fibrocell-derma" "Mozilla/5.0 (Linux; Android 7.0;) AppleWebKit/537.36 (KHTML, like Gecko) Mobile Safari/537.36 (compatible; PetalBot;+https://webmaster.petalsearch.com/site/petalbot)" "-"
142.132.180.39 - - [26/Oct/2025:16:46:28 +0200 - 0.789 - 0.792] "HEAD / HTTP/1.1" 200 0 "https://reocell.com/" "Mozilla/5.0+(compatible; UptimeRobot/2.0; http://www.uptimerobot.com/)" "-"
31.220.92.9 - - [26/Oct/2025:16:46:45 +0200 - 0.000 - -] "POST /xmlrpc.php HTTP/1.1" 404 194 "-" "Mozilla/5.0 (Macintosh; Intel Mac OS X 10_12_6) AppleWebKit/537.36 (KHTML, like Gecko) Chrome/65.0.3325.146 Safari/537.36" "-"
31.131.20.181 - - [26/Oct/2025:16:47:28 +0200 - 0.000 - 0.000] "POST /wp-cron.php?doing_wp_cron=1761490048.6229879856109619140625 HTTP/1.1" 499 0 "-" "WordPress/6.8.3; https://reocell.com" "-"
195.238.119.100 - - [26/Oct/2025:16:47:28 +0200 - 1.060 - 1.060] "POST /wp-admin/admin-ajax.php HTTP/1.1" 200 79 "https://reocell.com/wp-admin/admin.php?page=wpml-string-translation%2Fmenu%2Fstring-translation.php" "Mozilla/5.0 (Windows NT 10.0; Win64; x64) AppleWebKit/537.36 (KHTML, like Gecko) Chrome/141.0.0.0 Safari/537.36" "-"
31.131.20.181 - - [26/Oct/2025:16:48:02 +0200 - 0.000 - 0.000] "POST /wp-cron.php?doing_wp_cron=1761490082.9006469249725341796875 HTTP/1.1" 499 0 "-" "WordPress/6.8.3; https://reocell.com" "-"
195.238.119.100 - - [26/Oct/2025:16:48:02 +0200 - 1.369 - 1.368] "POST /wp-admin/admin-ajax.php HTTP/1.1" 200 79 "https://reocell.com/wp-admin/post.php?post=845&action=edit&lang=en" "Mozilla/5.0 (Windows NT 10.0; Win64; x64) AppleWebKit/537.36 (KHTML, like Gecko) Chrome/141.0.0.0 Safari/537.36" "-"
31.131.20.181 - - [26/Oct/2025:16:49:29 +0200 - 0.000 - 0.000] "POST /wp-cron.php?doing_wp_cron=1761490169.6056220531463623046875 HTTP/1.1" 499 0 "-" "WordPress/6.8.3; https://reocell.com" "-"
195.238.119.100 - - [26/Oct/2025:16:49:29 +0200 - 1.069 - 1.068] "POST /wp-admin/admin-ajax.php HTTP/1.1" 200 79 "https://reocell.com/wp-admin/admin.php?page=wpml-string-translation%2Fmenu%2Fstring-translation.php" "Mozilla/5.0 (Windows NT 10.0; Win64; x64) AppleWebKit/537.36 (KHTML, like Gecko) Chrome/141.0.0.0 Safari/537.36" "-"
31.131.20.181 - - [26/Oct/2025:16:50:04 +0200 - 0.001 - 0.000] "POST /wp-cron.php?doing_wp_cron=1761490204.2134010791778564453125 HTTP/1.1" 499 0 "-" "WordPress/6.8.3; https://reocell.com" "-"
195.238.119.100 - - [26/Oct/2025:16:50:04 +0200 - 1.721 - 1.720] "POST /wp-admin/admin-ajax.php HTTP/1.1" 200 79 "https://reocell.com/wp-admin/post.php?post=845&action=edit&lang=en" "Mozilla/5.0 (Windows NT 10.0; Win64; x64) AppleWebKit/537.36 (KHTML, like Gecko) Chrome/141.0.0.0 Safari/537.36" "-"
205.196.221.238 - - [26/Oct/2025:16:50:17 +0200 - 0.022 - 0.020] "GET /wp-login.php HTTP/1.1" 200 4069 "-" "Mozilla/5.0 (Windows NT 10.0; Win64; x64) AppleWebKit/537.36 (KHTML, like Gecko) Chrome/130.0.0.0 Safari/537.36" "-"
205.196.221.238 - - [26/Oct/2025:16:50:23 +0200 - 0.976 - 0.976] "POST /wp-login.php HTTP/1.1" 403 4156 "https://reocell.com/wp-login.php" "Mozilla/5.0 (Windows NT 10.0; Win64; x64) AppleWebKit/537.36 (KHTML, like Gecko) Chrome/130.0.0.0 Safari/537.36" "-"
31.131.20.181 - - [26/Oct/2025:16:51:30 +0200 - 0.000 - 0.000] "POST /wp-cron.php?doing_wp_cron=1761490290.6667599678039550781250 HTTP/1.1" 499 0 "-" "WordPress/6.8.3; https://reocell.com" "-"
195.238.119.100 - - [26/Oct/2025:16:51:30 +0200 - 1.139 - 1.140] "POST /wp-admin/admin-ajax.php HTTP/1.1" 200 79 "https://reocell.com/wp-admin/admin.php?page=wpml-string-translation%2Fmenu%2Fstring-translation.php" "Mozilla/5.0 (Windows NT 10.0; Win64; x64) AppleWebKit/537.36 (KHTML, like Gecko) Chrome/141.0.0.0 Safari/537.36" "-"
157.90.155.240 - - [26/Oct/2025:16:51:33 +0200 - 0.826 - 0.824] "HEAD / HTTP/1.1" 200 0 "https://reocell.com/" "Mozilla/5.0+(compatible; UptimeRobot/2.0; http://www.uptimerobot.com/)" "-"
103.133.214.209 - - [26/Oct/2025:16:51:57 +0200 - 0.014 - 0.012] "GET /wp-login.php HTTP/1.1" 200 4069 "-" "Mozilla/5.0 (Windows NT 10.0; WOW64; Trident/7.0; yie10; rv:11.0) like Gecko" "-"
31.131.20.181 - - [26/Oct/2025:16:52:04 +0200 - 0.000 - 0.000] "POST /wp-cron.php?doing_wp_cron=1761490323.9893400669097900390625 HTTP/1.1" 499 0 "-" "WordPress/6.8.3; https://reocell.com" "-"
103.133.214.209 - - [26/Oct/2025:16:52:04 +0200 - 1.756 - 1.756] "POST /wp-login.php HTTP/1.1" 403 4163 "https://reocell.com/wp-login.php" "Mozilla/5.0 (Windows NT 10.0; WOW64; Trident/7.0; yie10; rv:11.0) like Gecko" "-"
195.238.119.100 - - [26/Oct/2025:16:52:05 +0200 - 1.490 - 1.492] "POST /wp-admin/admin-ajax.php HTTP/1.1" 200 79 "https://reocell.com/wp-admin/post.php?post=845&action=edit&lang=en" "Mozilla/5.0 (Windows NT 10.0; Win64; x64) AppleWebKit/537.36 (KHTML, like Gecko) Chrome/141.0.0.0 Safari/537.36" "-"
31.131.20.181 - - [26/Oct/2025:16:53:31 +0200 - 0.001 - 0.000] "POST /wp-cron.php?doing_wp_cron=1761490411.7175290584564208984375 HTTP/1.1" 499 0 "-" "WordPress/6.8.3; https://reocell.com" "-"
195.238.119.100 - - [26/Oct/2025:16:53:31 +0200 - 1.210 - 1.208] "POST /wp-admin/admin-ajax.php HTTP/1.1" 200 79 "https://reocell.com/wp-admin/admin.php?page=wpml-string-translation%2Fmenu%2Fstring-translation.php" "Mozilla/5.0 (Windows NT 10.0; Win64; x64) AppleWebKit/537.36 (KHTML, like Gecko) Chrome/141.0.0.0 Safari/537.36" "-"
31.131.20.181 - - [26/Oct/2025:16:54:05 +0200 - 0.000 - 0.000] "POST /wp-cron.php?doing_wp_cron=1761490445.6347661018371582031250 HTTP/1.1" 499 0 "-" "WordPress/6.8.3; https://reocell.com" "-"
195.238.119.100 - - [26/Oct/2025:16:54:05 +0200 - 1.080 - 1.080] "POST /wp-admin/admin-ajax.php HTTP/1.1" 200 79 "https://reocell.com/wp-admin/post.php?post=845&action=edit&lang=en" "Mozilla/5.0 (Windows NT 10.0; Win64; x64) AppleWebKit/537.36 (KHTML, like Gecko) Chrome/141.0.0.0 Safari/537.36" "-"
31.131.20.181 - - [26/Oct/2025:16:55:32 +0200 - 0.001 - 0.000] "POST /wp-cron.php?doing_wp_cron=1761490532.6595559120178222656250 HTTP/1.1" 499 0 "-" "WordPress/6.8.3; https://reocell.com" "-"
195.238.119.100 - - [26/Oct/2025:16:55:32 +0200 - 1.137 - 1.136] "POST /wp-admin/admin-ajax.php HTTP/1.1" 200 79 "https://reocell.com/wp-admin/admin.php?page=wpml-string-translation%2Fmenu%2Fstring-translation.php" "Mozilla/5.0 (Windows NT 10.0; Win64; x64) AppleWebKit/537.36 (KHTML, like Gecko) Chrome/141.0.0.0 Safari/537.36" "-"
31.131.20.181 - - [26/Oct/2025:16:56:06 +0200 - 0.002 - 0.004] "POST /wp-cron.php?doing_wp_cron=1761490566.6309800148010253906250 HTTP/1.1" 499 0 "-" "WordPress/6.8.3; https://reocell.com" "-"
195.238.119.100 - - [26/Oct/2025:16:56:06 +0200 - 1.106 - 1.104] "POST /wp-admin/admin-ajax.php HTTP/1.1" 200 79 "https://reocell.com/wp-admin/post.php?post=845&action=edit&lang=en" "Mozilla/5.0 (Windows NT 10.0; Win64; x64) AppleWebKit/537.36 (KHTML, like Gecko) Chrome/141.0.0.0 Safari/537.36" "-"
157.90.156.63 - - [26/Oct/2025:16:56:38 +0200 - 0.881 - 0.884] "HEAD / HTTP/1.1" 200 0 "https://reocell.com/" "Mozilla/5.0+(compatible; UptimeRobot/2.0; http://www.uptimerobot.com/)" "-"
31.131.20.181 - - [26/Oct/2025:16:57:33 +0200 - 0.000 - 0.000] "POST /wp-cron.php?doing_wp_cron=1761490653.5930140018463134765625 HTTP/1.1" 499 0 "-" "WordPress/6.8.3; https://reocell.com" "-"
195.238.119.100 - - [26/Oct/2025:16:57:33 +0200 - 1.098 - 1.097] "POST /wp-admin/admin-ajax.php HTTP/1.1" 200 79 "https://reocell.com/wp-admin/admin.php?page=wpml-string-translation%2Fmenu%2Fstring-translation.php" "Mozilla/5.0 (Windows NT 10.0; Win64; x64) AppleWebKit/537.36 (KHTML, like Gecko) Chrome/141.0.0.0 Safari/537.36" "-"
31.131.20.181 - - [26/Oct/2025:16:58:02 +0200 - 0.000 - 0.000] "POST /wp-cron.php?doing_wp_cron=1761490682.3621819019317626953125 HTTP/1.1" 499 0 "-" "WordPress/6.8.3; https://reocell.com" "-"
173.252.82.8 - - [26/Oct/2025:16:58:02 +0200 - 1.056 - 1.056] "GET /robots.txt HTTP/1.1" 200 258 "-" "facebookexternalhit/1.1 (+http://www.facebook.com/externalhit_uatext.php)" "-"
195.238.119.100 - - [26/Oct/2025:16:58:07 +0200 - 0.960 - 0.956] "POST /wp-admin/admin-ajax.php HTTP/1.1" 200 79 "https://reocell.com/wp-admin/post.php?post=845&action=edit&lang=en" "Mozilla/5.0 (Windows NT 10.0; Win64; x64) AppleWebKit/537.36 (KHTML, like Gecko) Chrome/141.0.0.0 Safari/537.36" "-"
31.131.20.181 - - [26/Oct/2025:16:59:34 +0200 - 0.000 - 0.000] "POST /wp-cron.php?doing_wp_cron=1761490774.5965240001678466796875 HTTP/1.1" 499 0 "-" "WordPress/6.8.3; https://reocell.com" "-"
195.238.119.100 - - [26/Oct/2025:16:59:34 +0200 - 1.077 - 1.080] "POST /wp-admin/admin-ajax.php HTTP/1.1" 200 79 "https://reocell.com/wp-admin/admin.php?page=wpml-string-translation%2Fmenu%2Fstring-translation.php" "Mozilla/5.0 (Windows NT 10.0; Win64; x64) AppleWebKit/537.36 (KHTML, like Gecko) Chrome/141.0.0.0 Safari/537.36" "-"
31.131.20.181 - - [26/Oct/2025:17:00:08 +0200 - 0.000 - 0.000] "POST /wp-cron.php?doing_wp_cron=1761490808.7805230617523193359375 HTTP/1.1" 499 0 "-" "WordPress/6.8.3; https://reocell.com" "-"
195.238.119.100 - - [26/Oct/2025:17:00:08 +0200 - 1.260 - 1.264] "POST /wp-admin/admin-ajax.php HTTP/1.1" 200 79 "https://reocell.com/wp-admin/post.php?post=845&action=edit&lang=en" "Mozilla/5.0 (Windows NT 10.0; Win64; x64) AppleWebKit/537.36 (KHTML, like Gecko) Chrome/141.0.0.0 Safari/537.36" "-"
31.172.83.210 - - [26/Oct/2025:17:00:30 +0200 - 0.019 - 0.020] "GET /wp-login.php HTTP/1.1" 200 4069 "-" "Mozilla/5.0 (Windows NT 10.0; Win64; x64) AppleWebKit/537.36 (KHTML, like Gecko) Chrome/130.0.0.0 Safari/537.36" "-"
31.172.83.210 - - [26/Oct/2025:17:00:33 +0200 - 0.939 - 0.940] "POST /wp-login.php HTTP/1.1" 403 4201 "https://reocell.com/wp-login.php" "Mozilla/5.0 (Windows NT 10.0; Win64; x64) AppleWebKit/537.36 (KHTML, like Gecko) Chrome/130.0.0.0 Safari/537.36" "-"
132.148.74.71 - - [26/Oct/2025:17:01:15 +0200 - 0.018 - 0.020] "GET /wp-login.php HTTP/1.1" 200 4069 "-" "Mozilla/5.0 (Windows NT 10.0; Win64; x64) AppleWebKit/537.36 (KHTML, like Gecko) Chrome/130.0.0.0 Safari/537.36" "-"
31.131.20.181 - - [26/Oct/2025:17:01:19 +0200 - 0.001 - 0.000] "POST /wp-cron.php?doing_wp_cron=1761490879.8527700901031494140625 HTTP/1.1" 499 0 "-" "WordPress/6.8.3; https://reocell.com" "-"
132.148.74.71 - - [26/Oct/2025:17:01:19 +0200 - 0.926 - 0.928] "POST /wp-login.php HTTP/1.1" 403 4199 "https://reocell.com/wp-login.php" "Mozilla/5.0 (Windows NT 10.0; Win64; x64) AppleWebKit/537.36 (KHTML, like Gecko) Chrome/130.0.0.0 Safari/537.36" "-"
195.238.119.100 - - [26/Oct/2025:17:01:35 +0200 - 1.189 - 1.192] "POST /wp-admin/admin-ajax.php HTTP/1.1" 200 79 "https://reocell.com/wp-admin/admin.php?page=wpml-string-translation%2Fmenu%2Fstring-translation.php" "Mozilla/5.0 (Windows NT 10.0; Win64; x64) AppleWebKit/537.36 (KHTML, like Gecko) Chrome/141.0.0.0 Safari/537.36" "-"
49.13.130.29 - - [26/Oct/2025:17:01:43 +0200 - 0.834 - 0.836] "HEAD / HTTP/1.1" 200 0 "https://reocell.com/" "Mozilla/5.0+(compatible; UptimeRobot/2.0; http://www.uptimerobot.com/)" "-"
31.131.20.181 - - [26/Oct/2025:17:02:09 +0200 - 0.001 - 0.000] "POST /wp-cron.php?doing_wp_cron=1761490929.6217420101165771484375 HTTP/1.1" 499 0 "-" "WordPress/6.8.3; https://reocell.com" "-"
195.238.119.100 - - [26/Oct/2025:17:02:09 +0200 - 1.089 - 1.088] "POST /wp-admin/admin-ajax.php HTTP/1.1" 200 79 "https://reocell.com/wp-admin/post.php?post=845&action=edit&lang=en" "Mozilla/5.0 (Windows NT 10.0; Win64; x64) AppleWebKit/537.36 (KHTML, like Gecko) Chrome/141.0.0.0 Safari/537.36" "-"
31.131.20.181 - - [26/Oct/2025:17:03:36 +0200 - 0.001 - 0.000] "POST /wp-cron.php?doing_wp_cron=1761491016.6645491123199462890625 HTTP/1.1" 499 0 "-" "WordPress/6.8.3; https://reocell.com" "-"
195.238.119.100 - - [26/Oct/2025:17:03:36 +0200 - 1.064 - 1.064] "POST /wp-admin/admin-ajax.php HTTP/1.1" 200 79 "https://reocell.com/wp-admin/admin.php?page=wpml-string-translation%2Fmenu%2Fstring-translation.php" "Mozilla/5.0 (Windows NT 10.0; Win64; x64) AppleWebKit/537.36 (KHTML, like Gecko) Chrome/141.0.0.0 Safari/537.36" "-"
31.131.20.181 - - [26/Oct/2025:17:04:10 +0200 - 0.002 - 0.004] "POST /wp-cron.php?doing_wp_cron=1761491050.6283459663391113281250 HTTP/1.1" 499 0 "-" "WordPress/6.8.3; https://reocell.com" "-"
195.238.119.100 - - [26/Oct/2025:17:04:10 +0200 - 1.123 - 1.124] "POST /wp-admin/admin-ajax.php HTTP/1.1" 200 79 "https://reocell.com/wp-admin/post.php?post=845&action=edit&lang=en" "Mozilla/5.0 (Windows NT 10.0; Win64; x64) AppleWebKit/537.36 (KHTML, like Gecko) Chrome/141.0.0.0 Safari/537.36" "-"
5.175.45.198 - - [26/Oct/2025:17:04:40 +0200 - 0.013 - 0.016] "GET /wp-login.php HTTP/1.1" 200 4069 "-" "Mozilla/5.0 (Windows NT 6.1; WOW64; Trident/7.0; rv:11.0; MSN 9.0;MSN 9.1;MSN 9.6;MSN 10.0;MSN 10.2;MSN 10.5; MSNbMSNI; MSNmen-us; MSNcIA)" "-"
5.175.45.198 - - [26/Oct/2025:17:04:46 +0200 - 0.904 - 0.900] "POST /wp-login.php HTTP/1.1" 403 4163 "https://reocell.com/wp-login.php" "Mozilla/5.0 (Windows NT 6.1; WOW64; Trident/7.0; rv:11.0; MSN 9.0;MSN 9.1;MSN 9.6;MSN 10.0;MSN 10.2;MSN 10.5; MSNbMSNI; MSNmen-us; MSNcIA)" "-"
74.208.183.129 - - [26/Oct/2025:17:05:14 +0200 - 0.014 - 0.016] "GET /wp-login.php HTTP/1.1" 200 4069 "-" "Mozilla/5.0 (Windows NT 10.0; Win64; x64) AppleWebKit/537.36 (KHTML, like Gecko) Chrome/130.0.0.0 Safari/537.36" "-"
31.131.20.181 - - [26/Oct/2025:17:05:18 +0200 - 0.001 - 0.000] "POST /wp-cron.php?doing_wp_cron=1761491118.3024840354919433593750 HTTP/1.1" 499 0 "-" "WordPress/6.8.3; https://reocell.com" "-"
74.208.183.129 - - [26/Oct/2025:17:05:18 +0200 - 1.011 - 1.012] "POST /wp-login.php HTTP/1.1" 403 4199 "https://reocell.com/wp-login.php" "Mozilla/5.0 (Windows NT 10.0; Win64; x64) AppleWebKit/537.36 (KHTML, like Gecko) Chrome/130.0.0.0 Safari/537.36" "-"
195.238.119.100 - - [26/Oct/2025:17:05:37 +0200 - 1.019 - 1.016] "POST /wp-admin/admin-ajax.php HTTP/1.1" 200 79 "https://reocell.com/wp-admin/admin.php?page=wpml-string-translation%2Fmenu%2Fstring-translation.php" "Mozilla/5.0 (Windows NT 10.0; Win64; x64) AppleWebKit/537.36 (KHTML, like Gecko) Chrome/141.0.0.0 Safari/537.36" "-"
103.152.248.8 - - [26/Oct/2025:17:05:40 +0200 - 0.004 - 0.004] "GET /wp-login.php HTTP/1.1" 200 4069 "-" "Mozilla/5.0 (Windows NT 10.0; Win64; x64) AppleWebKit/537.36 (KHTML, like Gecko) Chrome/130.0.0.0 Safari/537.36" "-"
103.152.248.8 - - [26/Oct/2025:17:05:44 +0200 - 0.898 - 0.896] "POST /wp-login.php HTTP/1.1" 403 4156 "https://reocell.com/wp-login.php" "Mozilla/5.0 (Windows NT 10.0; Win64; x64) AppleWebKit/537.36 (KHTML, like Gecko) Chrome/130.0.0.0 Safari/537.36" "-"
31.131.20.181 - - [26/Oct/2025:17:06:11 +0200 - 0.001 - 0.000] "POST /wp-cron.php?doing_wp_cron=1761491171.6184630393981933593750 HTTP/1.1" 499 0 "-" "WordPress/6.8.3; https://reocell.com" "-"
195.238.119.100 - - [26/Oct/2025:17:06:11 +0200 - 1.049 - 1.048] "POST /wp-admin/admin-ajax.php HTTP/1.1" 200 79 "https://reocell.com/wp-admin/post.php?post=845&action=edit&lang=en" "Mozilla/5.0 (Windows NT 10.0; Win64; x64) AppleWebKit/537.36 (KHTML, like Gecko) Chrome/141.0.0.0 Safari/537.36" "-"
3.79.134.69 - - [26/Oct/2025:17:06:47 +0200 - 0.858 - 0.856] "HEAD / HTTP/1.1" 200 0 "https://reocell.com/" "Mozilla/5.0+(compatible; UptimeRobot/2.0; http://www.uptimerobot.com/)" "-"
31.131.20.181 - - [26/Oct/2025:17:07:13 +0200 - 0.001 - 0.000] "POST /wp-cron.php?doing_wp_cron=1761491233.2673161029815673828125 HTTP/1.1" 499 0 "-" "WordPress/6.8.3; https://reocell.com" "-"
92.222.104.199 - - [26/Oct/2025:17:07:13 +0200 - 0.893 - 0.896] "GET /robots.txt HTTP/1.1" 200 179 "-" "Mozilla/5.0 (compatible; AhrefsBot/7.0; +http://ahrefs.com/robot/)" "-"
51.195.244.112 - - [26/Oct/2025:17:07:17 +0200 - 0.950 - 0.948] "GET /sitemap_index.xml HTTP/1.1" 200 384 "-" "Mozilla/5.0 (compatible; AhrefsBot/7.0; +http://ahrefs.com/robot/)" "-"
198.244.242.221 - - [26/Oct/2025:17:07:21 +0200 - 0.779 - 0.776] "GET /post-sitemap.xml HTTP/1.1" 200 639 "-" "Mozilla/5.0 (compatible; AhrefsBot/7.0; +http://ahrefs.com/robot/)" "-"
198.244.226.57 - - [26/Oct/2025:17:07:25 +0200 - 0.851 - 0.852] "GET /page-sitemap.xml HTTP/1.1" 200 889 "-" "Mozilla/5.0 (compatible; AhrefsBot/7.0; +http://ahrefs.com/robot/)" "-"
198.244.242.191 - - [26/Oct/2025:17:07:28 +0200 - 0.780 - 0.780] "GET /products-sitemap.xml HTTP/1.1" 200 814 "-" "Mozilla/5.0 (compatible; AhrefsBot/7.0; +http://ahrefs.com/robot/)" "-"
54.38.147.240 - - [26/Oct/2025:17:07:32 +0200 - 0.780 - 0.780] "GET /category-sitemap.xml HTTP/1.1" 200 429 "-" "Mozilla/5.0 (compatible; AhrefsBot/7.0; +http://ahrefs.com/robot/)" "-"
51.195.183.214 - - [26/Oct/2025:17:07:36 +0200 - 0.808 - 0.808] "GET /product-category-sitemap.xml HTTP/1.1" 200 955 "-" "Mozilla/5.0 (compatible; AhrefsBot/7.0; +http://ahrefs.com/robot/)" "-"
195.238.119.100 - - [26/Oct/2025:17:07:38 +0200 - 0.932 - 0.932] "POST /wp-admin/admin-ajax.php HTTP/1.1" 200 79 "https://reocell.com/wp-admin/admin.php?page=wpml-string-translation%2Fmenu%2Fstring-translation.php" "Mozilla/5.0 (Windows NT 10.0; Win64; x64) AppleWebKit/537.36 (KHTML, like Gecko) Chrome/141.0.0.0 Safari/537.36" "-"
51.89.129.204 - - [26/Oct/2025:17:07:40 +0200 - 0.760 - 0.760] "GET /post-type-sitemap.xml HTTP/1.1" 200 477 "-" "Mozilla/5.0 (compatible; AhrefsBot/7.0; +http://ahrefs.com/robot/)" "-"
198.244.168.100 - - [26/Oct/2025:17:07:44 +0200 - 0.828 - 0.824] "GET /post-whom-sitemap.xml HTTP/1.1" 200 559 "-" "Mozilla/5.0 (compatible; AhrefsBot/7.0; +http://ahrefs.com/robot/)" "-"
31.131.20.181 - - [26/Oct/2025:17:08:12 +0200 - 0.000 - 0.000] "POST /wp-cron.php?doing_wp_cron=1761491292.5968449115753173828125 HTTP/1.1" 499 0 "-" "WordPress/6.8.3; https://reocell.com" "-"
195.238.119.100 - - [26/Oct/2025:17:08:12 +0200 - 1.077 - 1.080] "POST /wp-admin/admin-ajax.php HTTP/1.1" 200 79 "https://reocell.com/wp-admin/post.php?post=845&action=edit&lang=en" "Mozilla/5.0 (Windows NT 10.0; Win64; x64) AppleWebKit/537.36 (KHTML, like Gecko) Chrome/141.0.0.0 Safari/537.36" "-"
69.57.161.112 - - [26/Oct/2025:17:08:59 +0200 - 0.015 - 0.016] "GET /wp-login.php HTTP/1.1" 200 4069 "-" "Mozilla/5.0 (Windows NT 10.0; Win64; x64) AppleWebKit/537.36 (KHTML, like Gecko) Chrome/130.0.0.0 Safari/537.36" "-"
31.131.20.181 - - [26/Oct/2025:17:09:03 +0200 - 0.001 - 0.000] "POST /wp-cron.php?doing_wp_cron=1761491343.8868250846862792968750 HTTP/1.1" 499 0 "-" "WordPress/6.8.3; https://reocell.com" "-"
69.57.161.112 - - [26/Oct/2025:17:09:03 +0200 - 1.082 - 1.080] "POST /wp-login.php HTTP/1.1" 403 4199 "https://reocell.com/wp-login.php" "Mozilla/5.0 (Windows NT 10.0; Win64; x64) AppleWebKit/537.36 (KHTML, like Gecko) Chrome/130.0.0.0 Safari/537.36" "-"
31.131.20.181 - - [26/Oct/2025:17:09:39 +0200 - 0.000 - 0.000] "POST /wp-cron.php?doing_wp_cron=1761491379.8121259212493896484375 HTTP/1.1" 499 0 "-" "WordPress/6.8.3; https://reocell.com" "-"
195.238.119.100 - - [26/Oct/2025:17:09:39 +0200 - 1.110 - 1.109] "POST /wp-admin/admin-ajax.php HTTP/1.1" 200 79 "https://reocell.com/wp-admin/admin.php?page=wpml-string-translation%2Fmenu%2Fstring-translation.php" "Mozilla/5.0 (Windows NT 10.0; Win64; x64) AppleWebKit/537.36 (KHTML, like Gecko) Chrome/141.0.0.0 Safari/537.36" "-"
78.157.49.100 - - [26/Oct/2025:17:09:47 +0200 - 0.006 - 0.004] "GET /wp-login.php HTTP/1.1" 200 4069 "-" "Mozilla/5.0 (Macintosh; Intel Mac OS X 10_11_6) AppleWebKit/605.1.15 (KHTML, like Gecko) Version/11.1 Safari/605.1.15" "-"
31.131.20.181 - - [26/Oct/2025:17:09:59 +0200 - 0.000 - 0.000] "POST /wp-cron.php?doing_wp_cron=1761491399.3674890995025634765625 HTTP/1.1" 499 0 "-" "WordPress/6.8.3; https://reocell.com" "-"
78.157.49.100 - - [26/Oct/2025:17:09:59 +0200 - 0.930 - 0.932] "POST /wp-login.php HTTP/1.1" 403 4163 "https://reocell.com/wp-login.php" "Mozilla/5.0 (Macintosh; Intel Mac OS X 10_11_6) AppleWebKit/605.1.15 (KHTML, like Gecko) Version/11.1 Safari/605.1.15" "-"
3.20.61.90 - - [26/Oct/2025:17:10:08 +0200 - 0.003 - 0.004] "GET /wp-login.php HTTP/1.1" 200 4069 "-" "Mozilla/5.0 (Windows NT 10.0; Win64; x64) AppleWebKit/537.36 (KHTML, like Gecko) Chrome/130.0.0.0 Safari/537.36" "-"
3.20.61.90 - - [26/Oct/2025:17:10:13 +0200 - 0.933 - 0.936] "POST /wp-login.php HTTP/1.1" 403 4156 "https://reocell.com/wp-login.php" "Mozilla/5.0 (Windows NT 10.0; Win64; x64) AppleWebKit/537.36 (KHTML, like Gecko) Chrome/130.0.0.0 Safari/537.36" "-"
195.238.119.100 - - [26/Oct/2025:17:10:13 +0200 - 1.066 - 1.064] "POST /wp-admin/admin-ajax.php HTTP/1.1" 200 79 "https://reocell.com/wp-admin/post.php?post=845&action=edit&lang=en" "Mozilla/5.0 (Windows NT 10.0; Win64; x64) AppleWebKit/537.36 (KHTML, like Gecko) Chrome/141.0.0.0 Safari/537.36" "-"
148.72.247.255 - - [26/Oct/2025:17:10:38 +0200 - 0.021 - 0.016] "GET /wp-login.php HTTP/1.1" 200 4069 "-" "Mozilla/5.0 (Windows NT 10.0; Win64; x64) AppleWebKit/537.36 (KHTML, like Gecko) Chrome/130.0.0.0 Safari/537.36" "-"
148.72.247.255 - - [26/Oct/2025:17:10:40 +0200 - 0.883 - 0.872] "POST /wp-login.php HTTP/1.1" 403 4199 "https://reocell.com/wp-login.php" "Mozilla/5.0 (Windows NT 10.0; Win64; x64) AppleWebKit/537.36 (KHTML, like Gecko) Chrome/130.0.0.0 Safari/537.36" "-"
103.26.10.125 - - [26/Oct/2025:17:11:07 +0200 - 0.014 - 0.012] "GET /wp-login.php HTTP/1.1" 200 4069 "-" "Mozilla/5.0 (Windows NT 10.0; Win64; x64) AppleWebKit/537.36 (KHTML, like Gecko) Chrome/130.0.0.0 Safari/537.36" "-"
31.131.20.181 - - [26/Oct/2025:17:11:10 +0200 - 0.000 - 0.000] "POST /wp-cron.php?doing_wp_cron=1761491470.4326601028442382812500 HTTP/1.1" 499 0 "-" "WordPress/6.8.3; https://reocell.com" "-"
103.26.10.125 - - [26/Oct/2025:17:11:10 +0200 - 0.966 - 0.968] "POST /wp-login.php HTTP/1.1" 403 4204 "https://reocell.com/wp-login.php" "Mozilla/5.0 (Windows NT 10.0; Win64; x64) AppleWebKit/537.36 (KHTML, like Gecko) Chrome/130.0.0.0 Safari/537.36" "-"
195.238.119.100 - - [26/Oct/2025:17:11:40 +0200 - 1.054 - 1.056] "POST /wp-admin/admin-ajax.php HTTP/1.1" 200 79 "https://reocell.com/wp-admin/admin.php?page=wpml-string-translation%2Fmenu%2Fstring-translation.php" "Mozilla/5.0 (Windows NT 10.0; Win64; x64) AppleWebKit/537.36 (KHTML, like Gecko) Chrome/141.0.0.0 Safari/537.36" "-"
31.131.20.181 - - [26/Oct/2025:17:11:53 +0200 - 0.000 - 0.004] "POST /wp-cron.php?doing_wp_cron=1761491513.3171670436859130859375 HTTP/1.1" 499 0 "-" "WordPress/6.8.3; https://reocell.com" "-"
157.90.155.240 - - [26/Oct/2025:17:11:53 +0200 - 0.860 - 0.860] "HEAD / HTTP/1.1" 200 0 "https://reocell.com/" "Mozilla/5.0+(compatible; UptimeRobot/2.0; http://www.uptimerobot.com/)" "-"
195.238.119.100 - - [26/Oct/2025:17:12:14 +0200 - 1.127 - 1.124] "POST /wp-admin/admin-ajax.php HTTP/1.1" 200 79 "https://reocell.com/wp-admin/post.php?post=845&action=edit&lang=en" "Mozilla/5.0 (Windows NT 10.0; Win64; x64) AppleWebKit/537.36 (KHTML, like Gecko) Chrome/141.0.0.0 Safari/537.36" "-"
69.57.161.112 - - [26/Oct/2025:17:12:27 +0200 - 0.014 - 0.012] "GET /wp-login.php HTTP/1.1" 200 4069 "-" "Mozilla/5.0 (Windows NT 10.0; Win64; x64) AppleWebKit/537.36 (KHTML, like Gecko) Chrome/130.0.0.0 Safari/537.36" "-"
69.57.161.112 - - [26/Oct/2025:17:12:31 +0200 - 0.904 - 0.904] "POST /wp-login.php HTTP/1.1" 403 4156 "https://reocell.com/wp-login.php" "Mozilla/5.0 (Windows NT 10.0; Win64; x64) AppleWebKit/537.36 (KHTML, like Gecko) Chrome/130.0.0.0 Safari/537.36" "-"
31.131.20.181 - - [26/Oct/2025:17:13:41 +0200 - 0.002 - 0.004] "POST /wp-cron.php?doing_wp_cron=1761491621.6344740390777587890625 HTTP/1.1" 499 0 "-" "WordPress/6.8.3; https://reocell.com" "-"
195.238.119.100 - - [26/Oct/2025:17:13:41 +0200 - 1.111 - 1.112] "POST /wp-admin/admin-ajax.php HTTP/1.1" 200 79 "https://reocell.com/wp-admin/admin.php?page=wpml-string-translation%2Fmenu%2Fstring-translation.php" "Mozilla/5.0 (Windows NT 10.0; Win64; x64) AppleWebKit/537.36 (KHTML, like Gecko) Chrome/141.0.0.0 Safari/537.36" "-"
31.131.20.181 - - [26/Oct/2025:17:14:15 +0200 - 0.000 - 0.000] "POST /wp-cron.php?doing_wp_cron=1761491655.6562120914459228515625 HTTP/1.1" 499 0 "-" "WordPress/6.8.3; https://reocell.com" "-"
