31.131.20.181 - - [26/Oct/2025:15:11:15 +0200 - 0.000 - 0.000] "POST /wp-cron.php?doing_wp_cron=1761484275.2232680320739746093750 HTTP/1.1" 499 0 "-" "WordPress/6.8.3; https://reocell.com" "-"
195.238.119.100 - - [26/Oct/2025:15:11:15 +0200 - 1.675 - 1.672] "POST /wp-admin/admin-ajax.php HTTP/1.1" 200 112 "https://reocell.com/wp-admin/post.php?post=845&action=edit&lang=en" "Mozilla/5.0 (Windows NT 10.0; Win64; x64) AppleWebKit/537.36 (KHTML, like Gecko) Chrome/141.0.0.0 Safari/537.36" "-"
192.163.201.55 - - [26/Oct/2025:15:11:43 +0200 - 0.021 - 0.020] "GET /wp-login.php HTTP/1.1" 200 4069 "-" "Mozilla/5.0 (Windows NT 10.0; Win64; x64) AppleWebKit/537.36 (KHTML, like Gecko) Chrome/130.0.0.0 Safari/537.36" "-"
192.163.201.55 - - [26/Oct/2025:15:11:48 +0200 - 0.924 - 0.924] "POST /wp-login.php HTTP/1.1" 403 4156 "https://reocell.com/wp-login.php" "Mozilla/5.0 (Windows NT 10.0; Win64; x64) AppleWebKit/537.36 (KHTML, like Gecko) Chrome/130.0.0.0 Safari/537.36" "-"
122.180.248.182 - - [26/Oct/2025:15:12:07 +0200 - 0.015 - 0.016] "GET /wp-login.php HTTP/1.1" 200 4069 "-" "Mozilla/5.0 (Windows NT 10.0; Win64; x64) AppleWebKit/537.36 (KHTML, like Gecko) Chrome/130.0.0.0 Safari/537.36" "-"
31.131.20.181 - - [26/Oct/2025:15:12:10 +0200 - 0.000 - 0.004] "POST /wp-cron.php?doing_wp_cron=1761484330.9213259220123291015625 HTTP/1.1" 499 0 "-" "WordPress/6.8.3; https://reocell.com" "-"
122.180.248.182 - - [26/Oct/2025:15:12:11 +0200 - 0.914 - 0.916] "POST /wp-login.php HTTP/1.1" 403 4156 "https://reocell.com/wp-login.php" "Mozilla/5.0 (Windows NT 10.0; Win64; x64) AppleWebKit/537.36 (KHTML, like Gecko) Chrome/130.0.0.0 Safari/537.36" "-"
195.238.119.100 - - [26/Oct/2025:15:12:41 +0200 - 1.099 - 1.100] "POST /wp-admin/admin-ajax.php HTTP/1.1" 200 78 "https://reocell.com/wp-admin/admin.php?page=wpml-string-translation%2Fmenu%2Fstring-translation.php" "Mozilla/5.0 (Windows NT 10.0; Win64; x64) AppleWebKit/537.36 (KHTML, like Gecko) Chrome/141.0.0.0 Safari/537.36" "-"
132.148.78.150 - - [26/Oct/2025:15:12:54 +0200 - 0.014 - 0.016] "GET /wp-login.php HTTP/1.1" 200 4069 "-" "Mozilla/5.0 (Windows NT 10.0; Win64; x64) AppleWebKit/537.36 (KHTML, like Gecko) Chrome/130.0.0.0 Safari/537.36" "-"
31.131.20.181 - - [26/Oct/2025:15:12:57 +0200 - 0.001 - 0.000] "POST /wp-cron.php?doing_wp_cron=1761484377.3973100185394287109375 HTTP/1.1" 499 0 "-" "WordPress/6.8.3; https://reocell.com" "-"
132.148.78.150 - - [26/Oct/2025:15:12:57 +0200 - 1.075 - 1.072] "POST /wp-login.php HTTP/1.1" 403 4199 "https://reocell.com/wp-login.php" "Mozilla/5.0 (Windows NT 10.0; Win64; x64) AppleWebKit/537.36 (KHTML, like Gecko) Chrome/130.0.0.0 Safari/537.36" "-"
162.213.253.165 - - [26/Oct/2025:15:13:15 +0200 - 0.018 - 0.016] "GET /wp-login.php HTTP/1.1" 200 4069 "-" "Mozilla/5.0 (Windows NT 10.0; Win64; x64) AppleWebKit/537.36 (KHTML, like Gecko) Chrome/130.0.0.0 Safari/537.36" "-"
195.238.119.100 - - [26/Oct/2025:15:13:15 +0200 - 1.104 - 1.104] "POST /wp-admin/admin-ajax.php HTTP/1.1" 200 112 "https://reocell.com/wp-admin/post.php?post=845&action=edit&lang=en" "Mozilla/5.0 (Windows NT 10.0; Win64; x64) AppleWebKit/537.36 (KHTML, like Gecko) Chrome/141.0.0.0 Safari/537.36" "-"
162.213.253.165 - - [26/Oct/2025:15:13:19 +0200 - 0.905 - 0.904] "POST /wp-login.php HTTP/1.1" 403 4199 "https://reocell.com/wp-login.php" "Mozilla/5.0 (Windows NT 10.0; Win64; x64) AppleWebKit/537.36 (KHTML, like Gecko) Chrome/130.0.0.0 Safari/537.36" "-"
31.131.20.181 - - [26/Oct/2025:15:14:21 +0200 - 0.001 - 0.000] "POST /wp-cron.php?doing_wp_cron=1761484461.5837450027465820312500 HTTP/1.1" 499 0 "-" "WordPress/6.8.3; https://reocell.com" "-"
168.119.96.239 - - [26/Oct/2025:15:14:21 +0200 - 0.907 - 0.908] "HEAD / HTTP/1.1" 200 0 "https://reocell.com/" "Mozilla/5.0+(compatible; UptimeRobot/2.0; http://www.uptimerobot.com/)" "-"
163.223.13.96 - - [26/Oct/2025:15:14:28 +0200 - 0.004 - 0.004] "GET /wp-login.php HTTP/1.1" 200 4069 "-" "Mozilla/5.0 (Macintosh; Intel Mac OS X 10_10_5) AppleWebKit/600.8.9 (KHTML, like Gecko) Version/10.1.2 Safari/603.3.8" "-"
195.238.119.100 - - [26/Oct/2025:15:14:42 +0200 - 1.041 - 1.040] "POST /wp-admin/admin-ajax.php HTTP/1.1" 200 78 "https://reocell.com/wp-admin/admin.php?page=wpml-string-translation%2Fmenu%2Fstring-translation.php" "Mozilla/5.0 (Windows NT 10.0; Win64; x64) AppleWebKit/537.36 (KHTML, like Gecko) Chrome/141.0.0.0 Safari/537.36" "-"
85.215.242.6 - - [26/Oct/2025:15:15:14 +0200 - 0.015 - 0.012] "GET /wp-login.php HTTP/1.1" 200 4069 "-" "Mozilla/5.0 (Windows NT 10.0; Win64; x64) AppleWebKit/537.36 (KHTML, like Gecko) Chrome/130.0.0.0 Safari/537.36" "-"
31.131.20.181 - - [26/Oct/2025:15:15:16 +0200 - 0.000 - 0.000] "POST /wp-cron.php?doing_wp_cron=1761484516.6479949951171875000000 HTTP/1.1" 499 0 "-" "WordPress/6.8.3; https://reocell.com" "-"
195.238.119.100 - - [26/Oct/2025:15:15:16 +0200 - 1.084 - 1.084] "POST /wp-admin/admin-ajax.php HTTP/1.1" 200 112 "https://reocell.com/wp-admin/post.php?post=845&action=edit&lang=en" "Mozilla/5.0 (Windows NT 10.0; Win64; x64) AppleWebKit/537.36 (KHTML, like Gecko) Chrome/141.0.0.0 Safari/537.36" "-"
85.215.242.6 - - [26/Oct/2025:15:15:16 +0200 - 0.952 - 0.952] "POST /wp-login.php HTTP/1.1" 403 4200 "https://reocell.com/wp-login.php" "Mozilla/5.0 (Windows NT 10.0; Win64; x64) AppleWebKit/537.36 (KHTML, like Gecko) Chrome/130.0.0.0 Safari/537.36" "-"
180.93.137.9 - - [26/Oct/2025:15:15:36 +0200 - 0.019 - 0.020] "GET /wp-login.php HTTP/1.1" 200 4069 "-" "Mozilla/5.0 (Windows NT 10.0; Win64; x64) AppleWebKit/537.36 (KHTML, like Gecko) Chrome/130.0.0.0 Safari/537.36" "-"
180.93.137.9 - - [26/Oct/2025:15:15:39 +0200 - 0.422 - 0.424] "POST /wp-login.php HTTP/1.1" 404 150 "https://reocell.com/wp-login.php" "Mozilla/5.0 (Windows NT 10.0; Win64; x64) AppleWebKit/537.36 (KHTML, like Gecko) Chrome/130.0.0.0 Safari/537.36" "-"
31.131.20.181 - - [26/Oct/2025:15:16:43 +0200 - 0.000 - 0.004] "POST /wp-cron.php?doing_wp_cron=1761484603.6247169971466064453125 HTTP/1.1" 499 0 "-" "WordPress/6.8.3; https://reocell.com" "-"
195.238.119.100 - - [26/Oct/2025:15:16:43 +0200 - 1.052 - 1.048] "POST /wp-admin/admin-ajax.php HTTP/1.1" 200 78 "https://reocell.com/wp-admin/admin.php?page=wpml-string-translation%2Fmenu%2Fstring-translation.php" "Mozilla/5.0 (Windows NT 10.0; Win64; x64) AppleWebKit/537.36 (KHTML, like Gecko) Chrome/141.0.0.0 Safari/537.36" "-"
31.131.20.181 - - [26/Oct/2025:15:17:17 +0200 - 0.000 - 0.000] "POST /wp-cron.php?doing_wp_cron=1761484637.9039719104766845703125 HTTP/1.1" 499 0 "-" "WordPress/6.8.3; https://reocell.com" "-"
195.238.119.100 - - [26/Oct/2025:15:17:18 +0200 - 1.431 - 1.432] "POST /wp-admin/admin-ajax.php HTTP/1.1" 200 112 "https://reocell.com/wp-admin/post.php?post=845&action=edit&lang=en" "Mozilla/5.0 (Windows NT 10.0; Win64; x64) AppleWebKit/537.36 (KHTML, like Gecko) Chrome/141.0.0.0 Safari/537.36" "-"
209.141.61.31 - - [26/Oct/2025:15:17:20 +0200 - 0.004 - 0.004] "GET /wp-login.php HTTP/1.1" 200 4069 "-" "Mozilla/5.0 (Macintosh; Intel Mac OS X 10_9_2) AppleWebKit/537.36 (KHTML, like Gecko) Chrome/35.0.1916.153 Safari/537.36" "-"
180.93.137.9 - - [26/Oct/2025:15:17:36 +0200 - 0.014 - 0.012] "GET /wp-login.php HTTP/1.1" 200 4069 "-" "Mozilla/5.0 (Windows NT 10.0; Win64; x64) AppleWebKit/537.36 (KHTML, like Gecko) Chrome/130.0.0.0 Safari/537.36" "-"
180.93.137.9 - - [26/Oct/2025:15:17:38 +0200 - 0.434 - 0.432] "POST /wp-login.php HTTP/1.1" 404 150 "https://reocell.com/wp-login.php" "Mozilla/5.0 (Windows NT 10.0; Win64; x64) AppleWebKit/537.36 (KHTML, like Gecko) Chrome/130.0.0.0 Safari/537.36" "-"
74.208.92.227 - - [26/Oct/2025:15:17:40 +0200 - 0.003 - 0.004] "GET /wp-login.php HTTP/1.1" 200 4069 "-" "Mozilla/5.0 (Windows NT 10.0; Win64; x64) AppleWebKit/537.36 (KHTML, like Gecko) Chrome/130.0.0.0 Safari/537.36" "-"
74.208.92.227 - - [26/Oct/2025:15:17:42 +0200 - 1.088 - 1.088] "POST /wp-login.php HTTP/1.1" 403 4199 "https://reocell.com/wp-login.php" "Mozilla/5.0 (Windows NT 10.0; Win64; x64) AppleWebKit/537.36 (KHTML, like Gecko) Chrome/130.0.0.0 Safari/537.36" "-"
65.254.81.138 - - [26/Oct/2025:15:17:59 +0200 - 0.097 - 0.096] "GET /wp-login.php HTTP/1.1" 200 4069 "-" "Mozilla/5.0 (Windows NT 10.0; Win64; x64) AppleWebKit/537.36 (KHTML, like Gecko) Chrome/130.0.0.0 Safari/537.36" "-"
31.131.20.181 - - [26/Oct/2025:15:18:01 +0200 - 0.001 - 0.000] "POST /wp-cron.php?doing_wp_cron=1761484681.7468059062957763671875 HTTP/1.1" 499 0 "-" "WordPress/6.8.3; https://reocell.com" "-"
65.254.81.138 - - [26/Oct/2025:15:18:01 +0200 - 1.340 - 1.340] "POST /wp-login.php HTTP/1.1" 403 4199 "https://reocell.com/wp-login.php" "Mozilla/5.0 (Windows NT 10.0; Win64; x64) AppleWebKit/537.36 (KHTML, like Gecko) Chrome/130.0.0.0 Safari/537.36" "-"
195.238.119.100 - - [26/Oct/2025:15:18:45 +0200 - 1.436 - 1.436] "POST /wp-admin/admin-ajax.php HTTP/1.1" 200 78 "https://reocell.com/wp-admin/admin.php?page=wpml-string-translation%2Fmenu%2Fstring-translation.php" "Mozilla/5.0 (Windows NT 10.0; Win64; x64) AppleWebKit/537.36 (KHTML, like Gecko) Chrome/141.0.0.0 Safari/537.36" "-"
43.135.133.194 - - [26/Oct/2025:15:19:07 +0200 - 0.011 - 0.012] "GET / HTTP/1.1" 200 23609 "https://www.reocell.com/" "Mozilla/5.0 (iPhone; CPU iPhone OS 13_2_3 like Mac OS X) AppleWebKit/605.1.15 (KHTML, like Gecko) Version/13.0.3 Mobile/15E148 Safari/604.1" "-"
14.248.80.79 - - [26/Oct/2025:15:19:08 +0200 - 0.005 - 0.008] "GET /wp-login.php HTTP/1.1" 200 4069 "-" "Mozilla/5.0 (Windows NT 10.0; Win64; x64) AppleWebKit/537.36 (KHTML, like Gecko) Chrome/130.0.0.0 Safari/537.36" "-"
31.131.20.181 - - [26/Oct/2025:15:19:12 +0200 - 0.003 - 0.000] "POST /wp-cron.php?doing_wp_cron=1761484751.9750030040740966796875 HTTP/1.1" 499 0 "-" "WordPress/6.8.3; https://reocell.com" "-"
14.248.80.79 - - [26/Oct/2025:15:19:12 +0200 - 1.096 - 1.096] "POST /wp-login.php HTTP/1.1" 403 4156 "https://reocell.com/wp-login.php" "Mozilla/5.0 (Windows NT 10.0; Win64; x64) AppleWebKit/537.36 (KHTML, like Gecko) Chrome/130.0.0.0 Safari/537.36" "-"
31.131.20.181 - - [26/Oct/2025:15:19:19 +0200 - 0.000 - 0.004] "POST /wp-cron.php?doing_wp_cron=1761484759.0737531185150146484375 HTTP/1.1" 499 0 "-" "WordPress/6.8.3; https://reocell.com" "-"
195.238.119.100 - - [26/Oct/2025:15:19:19 +0200 - 1.523 - 1.520] "POST /wp-admin/admin-ajax.php HTTP/1.1" 200 112 "https://reocell.com/wp-admin/post.php?post=845&action=edit&lang=en" "Mozilla/5.0 (Windows NT 10.0; Win64; x64) AppleWebKit/537.36 (KHTML, like Gecko) Chrome/141.0.0.0 Safari/537.36" "-"
128.140.41.193 - - [26/Oct/2025:15:19:26 +0200 - 0.786 - 0.788] "HEAD / HTTP/1.1" 200 0 "https://reocell.com/" "Mozilla/5.0+(compatible; UptimeRobot/2.0; http://www.uptimerobot.com/)" "-"
209.141.61.31 - - [26/Oct/2025:15:20:31 +0200 - 0.019 - 0.020] "GET /wp-login.php HTTP/1.1" 200 4069 "-" "Mozilla/5.0 (Macintosh; Intel Mac OS X 10_9_2) AppleWebKit/537.36 (KHTML, like Gecko) Chrome/35.0.1916.153 Safari/537.36" "-"
57.130.20.252 - - [26/Oct/2025:15:20:32 +0200 - 0.004 - 0.004] "GET /wp-login.php HTTP/1.1" 200 4069 "-" "Mozilla/5.0 (Windows NT 10.0; Win64; x64) AppleWebKit/537.36 (KHTML, like Gecko) Chrome/130.0.0.0 Safari/537.36" "-"
31.131.20.181 - - [26/Oct/2025:15:20:35 +0200 - 0.000 - 0.000] "POST /wp-cron.php?doing_wp_cron=1761484835.0988399982452392578125 HTTP/1.1" 499 0 "-" "WordPress/6.8.3; https://reocell.com" "-"
57.130.20.252 - - [26/Oct/2025:15:20:35 +0200 - 1.043 - 1.044] "POST /wp-login.php HTTP/1.1" 403 4156 "https://reocell.com/wp-login.php" "Mozilla/5.0 (Windows NT 10.0; Win64; x64) AppleWebKit/537.36 (KHTML, like Gecko) Chrome/130.0.0.0 Safari/537.36" "-"
209.141.61.31 - - [26/Oct/2025:15:20:43 +0200 - 1.183 - 1.184] "GET /wp-admin/themes.php HTTP/1.1" 302 5 "-" "python-requests/2.27.1" "-"
195.238.119.100 - - [26/Oct/2025:15:20:45 +0200 - 1.090 - 1.092] "POST /wp-admin/admin-ajax.php HTTP/1.1" 200 76 "https://reocell.com/wp-admin/admin.php?page=wpml-string-translation%2Fmenu%2Fstring-translation.php" "Mozilla/5.0 (Windows NT 10.0; Win64; x64) AppleWebKit/537.36 (KHTML, like Gecko) Chrome/141.0.0.0 Safari/537.36" "-"
31.131.20.181 - - [26/Oct/2025:15:20:54 +0200 - 0.000 - 0.000] "POST /wp-cron.php?doing_wp_cron=1761484854.2060968875885009765625 HTTP/1.1" 499 0 "-" "WordPress/6.8.3; https://reocell.com/en/" "-"
198.244.240.147 - - [26/Oct/2025:15:20:54 +0200 - 0.971 - 0.972] "GET /en/reocell-clinic-is-now-open/ HTTP/1.1" 200 16211 "-" "Mozilla/5.0 (compatible; AhrefsBot/7.0; +http://ahrefs.com/robot/)" "-"
173.46.80.161 - - [26/Oct/2025:15:20:57 +0200 - 0.004 - 0.004] "GET /wp-login.php HTTP/1.1" 200 4069 "-" "Mozilla/5.0 (Windows NT 10.0; Win64; x64) AppleWebKit/537.36 (KHTML, like Gecko) Chrome/130.0.0.0 Safari/537.36" "-"
173.46.80.161 - - [26/Oct/2025:15:21:00 +0200 - 0.967 - 0.968] "POST /wp-login.php HTTP/1.1" 403 4156 "https://reocell.com/wp-login.php" "Mozilla/5.0 (Windows NT 10.0; Win64; x64) AppleWebKit/537.36 (KHTML, like Gecko) Chrome/130.0.0.0 Safari/537.36" "-"
195.238.119.100 - - [26/Oct/2025:15:21:19 +0200 - 1.119 - 1.120] "POST /wp-admin/admin-ajax.php HTTP/1.1" 200 112 "https://reocell.com/wp-admin/post.php?post=845&action=edit&lang=en" "Mozilla/5.0 (Windows NT 10.0; Win64; x64) AppleWebKit/537.36 (KHTML, like Gecko) Chrome/141.0.0.0 Safari/537.36" "-"
188.166.177.113 - - [26/Oct/2025:15:21:31 +0200 - 0.014 - 0.016] "GET /wp-login.php HTTP/1.1" 200 4069 "-" "Mozilla/5.0 (Windows NT 10.0; Win64; x64) AppleWebKit/537.36 (KHTML, like Gecko) Chrome/130.0.0.0 Safari/537.36" "-"
188.166.177.113 - - [26/Oct/2025:15:21:34 +0200 - 0.999 - 1.000] "POST /wp-login.php HTTP/1.1" 403 4156 "https://reocell.com/wp-login.php" "Mozilla/5.0 (Windows NT 10.0; Win64; x64) AppleWebKit/537.36 (KHTML, like Gecko) Chrome/130.0.0.0 Safari/537.36" "-"
3.20.61.90 - - [26/Oct/2025:15:21:52 +0200 - 0.014 - 0.012] "GET /wp-login.php HTTP/1.1" 200 4069 "-" "Mozilla/5.0 (Windows NT 10.0; Win64; x64) AppleWebKit/537.36 (KHTML, like Gecko) Chrome/130.0.0.0 Safari/537.36" "-"
31.131.20.181 - - [26/Oct/2025:15:21:54 +0200 - 0.000 - 0.000] "POST /wp-cron.php?doing_wp_cron=1761484914.1165409088134765625000 HTTP/1.1" 499 0 "-" "WordPress/6.8.3; https://reocell.com" "-"
3.20.61.90 - - [26/Oct/2025:15:21:54 +0200 - 1.026 - 1.024] "POST /wp-login.php HTTP/1.1" 403 4156 "https://reocell.com/wp-login.php" "Mozilla/5.0 (Windows NT 10.0; Win64; x64) AppleWebKit/537.36 (KHTML, like Gecko) Chrome/130.0.0.0 Safari/537.36" "-"
209.141.61.31 - - [26/Oct/2025:15:21:56 +0200 - 0.902 - 0.904] "GET /wp-login.php?redirect_to=https%3A%2F%2Freocell.com%2Fwp-admin%2Fthemes.php&reauth=1 HTTP/1.1" 200 3293 "-" "python-requests/2.27.1" "-"
97.74.90.22 - - [26/Oct/2025:15:22:05 +0200 - 0.005 - 0.004] "GET /wp-login.php HTTP/1.1" 200 4069 "-" "Mozilla/5.0 (Windows NT 10.0; Win64; x64) AppleWebKit/537.36 (KHTML, like Gecko) Chrome/130.0.0.0 Safari/537.36" "-"
97.74.90.22 - - [26/Oct/2025:15:22:07 +0200 - 0.926 - 0.920] "POST /wp-login.php HTTP/1.1" 403 4156 "https://reocell.com/wp-login.php" "Mozilla/5.0 (Windows NT 10.0; Win64; x64) AppleWebKit/537.36 (KHTML, like Gecko) Chrome/130.0.0.0 Safari/537.36" "-"
89.117.74.114 - - [26/Oct/2025:15:22:17 +0200 - 0.004 - 0.000] "GET /wp-login.php HTTP/1.1" 200 4069 "-" "Mozilla/5.0 (Windows NT 10.0; Win64; x64) AppleWebKit/537.36 (KHTML, like Gecko) Chrome/130.0.0.0 Safari/537.36" "-"
89.117.74.114 - - [26/Oct/2025:15:22:22 +0200 - 0.426 - 0.428] "POST /wp-login.php HTTP/1.1" 404 150 "https://reocell.com/wp-login.php" "Mozilla/5.0 (Windows NT 10.0; Win64; x64) AppleWebKit/537.36 (KHTML, like Gecko) Chrome/130.0.0.0 Safari/537.36" "-"
159.69.71.83 - - [26/Oct/2025:15:22:37 +0200 - 0.013 - 0.012] "GET /wp-login.php HTTP/1.1" 200 4069 "-" "Mozilla/5.0 (Windows NT 10.0; Win64; x64) AppleWebKit/537.36 (KHTML, like Gecko) Chrome/130.0.0.0 Safari/537.36" "-"
159.69.71.83 - - [26/Oct/2025:15:22:40 +0200 - 0.899 - 0.900] "POST /wp-login.php HTTP/1.1" 403 4156 "https://reocell.com/wp-login.php" "Mozilla/5.0 (Windows NT 10.0; Win64; x64) AppleWebKit/537.36 (KHTML, like Gecko) Chrome/130.0.0.0 Safari/537.36" "-"
195.238.119.100 - - [26/Oct/2025:15:22:46 +0200 - 1.044 - 1.044] "POST /wp-admin/admin-ajax.php HTTP/1.1" 200 78 "https://reocell.com/wp-admin/admin.php?page=wpml-string-translation%2Fmenu%2Fstring-translation.php" "Mozilla/5.0 (Windows NT 10.0; Win64; x64) AppleWebKit/537.36 (KHTML, like Gecko) Chrome/141.0.0.0 Safari/537.36" "-"
103.74.116.73 - - [26/Oct/2025:15:22:49 +0200 - 0.005 - 0.004] "GET /wp-login.php HTTP/1.1" 200 4069 "-" "Mozilla/5.0 (Windows NT 10.0; Win64; x64) AppleWebKit/537.36 (KHTML, like Gecko) Chrome/130.0.0.0 Safari/537.36" "-"
31.131.20.181 - - [26/Oct/2025:15:22:51 +0200 - 0.000 - 0.004] "POST /wp-cron.php?doing_wp_cron=1761484971.1649239063262939453125 HTTP/1.1" 499 0 "-" "WordPress/6.8.3; https://reocell.com" "-"
103.74.116.73 - - [26/Oct/2025:15:22:51 +0200 - 0.956 - 0.956] "POST /wp-login.php HTTP/1.1" 403 4156 "https://reocell.com/wp-login.php" "Mozilla/5.0 (Windows NT 10.0; Win64; x64) AppleWebKit/537.36 (KHTML, like Gecko) Chrome/130.0.0.0 Safari/537.36" "-"
66.33.212.6 - - [26/Oct/2025:15:23:01 +0200 - 0.005 - 0.004] "GET /wp-login.php HTTP/1.1" 200 4069 "-" "Mozilla/5.0 (Windows NT 10.0; Win64; x64) AppleWebKit/537.36 (KHTML, like Gecko) Chrome/130.0.0.0 Safari/537.36" "-"
66.33.212.6 - - [26/Oct/2025:15:23:05 +0200 - 0.900 - 0.900] "POST /wp-login.php HTTP/1.1" 403 4156 "https://reocell.com/wp-login.php" "Mozilla/5.0 (Windows NT 10.0; Win64; x64) AppleWebKit/537.36 (KHTML, like Gecko) Chrome/130.0.0.0 Safari/537.36" "-"
195.238.119.100 - - [26/Oct/2025:15:23:20 +0200 - 1.134 - 1.132] "POST /wp-admin/admin-ajax.php HTTP/1.1" 200 112 "https://reocell.com/wp-admin/post.php?post=845&action=edit&lang=en" "Mozilla/5.0 (Windows NT 10.0; Win64; x64) AppleWebKit/537.36 (KHTML, like Gecko) Chrome/141.0.0.0 Safari/537.36" "-"
132.148.74.71 - - [26/Oct/2025:15:23:27 +0200 - 0.004 - 0.004] "GET /wp-login.php HTTP/1.1" 200 4069 "-" "Mozilla/5.0 (Windows NT 10.0; Win64; x64) AppleWebKit/537.36 (KHTML, like Gecko) Chrome/130.0.0.0 Safari/537.36" "-"
132.148.74.71 - - [26/Oct/2025:15:23:31 +0200 - 0.956 - 0.956] "POST /wp-login.php HTTP/1.1" 403 4156 "https://reocell.com/wp-login.php" "Mozilla/5.0 (Windows NT 10.0; Win64; x64) AppleWebKit/537.36 (KHTML, like Gecko) Chrome/130.0.0.0 Safari/537.36" "-"
209.141.61.31 - - [26/Oct/2025:15:23:41 +0200 - 1.030 - 1.032] "GET /wp-admin/plugin-install.php?tab=upload HTTP/1.1" 302 5 "-" "python-requests/2.27.1" "-"
220.158.233.221 - - [26/Oct/2025:15:23:44 +0200 - 0.003 - 0.000] "GET /wp-login.php HTTP/1.1" 200 4069 "-" "Mozilla/5.0 (Windows NT 10.0; Win64; x64) AppleWebKit/537.36 (KHTML, like Gecko) Chrome/130.0.0.0 Safari/537.36" "-"
220.158.233.221 - - [26/Oct/2025:15:23:47 +0200 - 0.814 - 0.816] "POST /wp-login.php HTTP/1.1" 403 4199 "https://reocell.com/wp-login.php" "Mozilla/5.0 (Windows NT 10.0; Win64; x64) AppleWebKit/537.36 (KHTML, like Gecko) Chrome/130.0.0.0 Safari/537.36" "-"
89.117.74.114 - - [26/Oct/2025:15:24:01 +0200 - 0.020 - 0.020] "GET /wp-login.php HTTP/1.1" 200 4069 "-" "Mozilla/5.0 (Windows NT 10.0; Win64; x64) AppleWebKit/537.36 (KHTML, like Gecko) Chrome/130.0.0.0 Safari/537.36" "-"
89.117.74.114 - - [26/Oct/2025:15:24:03 +0200 - 0.451 - 0.448] "POST /wp-login.php HTTP/1.1" 404 150 "https://reocell.com/wp-login.php" "Mozilla/5.0 (Windows NT 10.0; Win64; x64) AppleWebKit/537.36 (KHTML, like Gecko) Chrome/130.0.0.0 Safari/537.36" "-"
31.131.20.181 - - [26/Oct/2025:15:24:06 +0200 - 0.000 - 0.000] "POST /wp-cron.php?doing_wp_cron=1761485046.3114249706268310546875 HTTP/1.1" 499 0 "-" "WordPress/6.8.3; https://reocell.com" "-"
209.141.61.31 - - [26/Oct/2025:15:24:06 +0200 - 0.814 - 0.816] "GET /wp-login.php?redirect_to=https%3A%2F%2Freocell.com%2Fwp-admin%2Fplugin-install.php%3Ftab%3Dupload&reauth=1 HTTP/1.1" 200 3306 "-" "python-requests/2.27.1" "-"
31.131.20.181 - - [26/Oct/2025:15:24:30 +0200 - 0.000 - 0.000] "POST /wp-cron.php?doing_wp_cron=1761485070.8572559356689453125000 HTTP/1.1" 499 0 "-" "WordPress/6.8.3; https://reocell.com" "-"
78.47.173.76 - - [26/Oct/2025:15:24:30 +0200 - 0.866 - 0.868] "HEAD / HTTP/1.1" 200 0 "https://reocell.com/" "Mozilla/5.0+(compatible; UptimeRobot/2.0; http://www.uptimerobot.com/)" "-"
195.238.119.100 - - [26/Oct/2025:15:24:47 +0200 - 1.189 - 1.188] "POST /wp-admin/admin-ajax.php HTTP/1.1" 200 78 "https://reocell.com/wp-admin/admin.php?page=wpml-string-translation%2Fmenu%2Fstring-translation.php" "Mozilla/5.0 (Windows NT 10.0; Win64; x64) AppleWebKit/537.36 (KHTML, like Gecko) Chrome/141.0.0.0 Safari/537.36" "-"
31.131.20.181 - - [26/Oct/2025:15:25:21 +0200 - 0.001 - 0.000] "POST /wp-cron.php?doing_wp_cron=1761485121.6321620941162109375000 HTTP/1.1" 499 0 "-" "WordPress/6.8.3; https://reocell.com" "-"
195.238.119.100 - - [26/Oct/2025:15:25:21 +0200 - 1.073 - 1.072] "POST /wp-admin/admin-ajax.php HTTP/1.1" 200 112 "https://reocell.com/wp-admin/post.php?post=845&action=edit&lang=en" "Mozilla/5.0 (Windows NT 10.0; Win64; x64) AppleWebKit/537.36 (KHTML, like Gecko) Chrome/141.0.0.0 Safari/537.36" "-"
187.115.88.131 - - [26/Oct/2025:15:25:51 +0200 - 0.020 - 0.020] "GET /wp-login.php HTTP/1.1" 200 4069 "-" "Mozilla/5.0 (Windows NT 10.0; Win64; x64) AppleWebKit/537.36 (KHTML, like Gecko) Chrome/130.0.0.0 Safari/537.36" "-"
31.131.20.181 - - [26/Oct/2025:15:25:56 +0200 - 0.000 - 0.004] "POST /wp-cron.php?doing_wp_cron=1761485156.6839890480041503906250 HTTP/1.1" 499 0 "-" "WordPress/6.8.3; https://reocell.com" "-"
187.115.88.131 - - [26/Oct/2025:15:25:56 +0200 - 0.910 - 0.908] "POST /wp-login.php HTTP/1.1" 403 4199 "https://reocell.com/wp-login.php" "Mozilla/5.0 (Windows NT 10.0; Win64; x64) AppleWebKit/537.36 (KHTML, like Gecko) Chrome/130.0.0.0 Safari/537.36" "-"
154.0.175.30 - - [26/Oct/2025:15:26:22 +0200 - 0.021 - 0.020] "GET /wp-login.php HTTP/1.1" 200 4069 "-" "Mozilla/5.0 (Windows NT 10.0; Win64; x64) AppleWebKit/537.36 (KHTML, like Gecko) Chrome/130.0.0.0 Safari/537.36" "-"
154.0.175.30 - - [26/Oct/2025:15:26:26 +0200 - 0.907 - 0.904] "POST /wp-login.php HTTP/1.1" 403 4156 "https://reocell.com/wp-login.php" "Mozilla/5.0 (Windows NT 10.0; Win64; x64) AppleWebKit/537.36 (KHTML, like Gecko) Chrome/130.0.0.0 Safari/537.36" "-"
34.31.96.136 - - [26/Oct/2025:15:26:37 +0200 - 0.004 - 0.004] "GET /wp-login.php HTTP/1.1" 200 4069 "-" "Mozilla/5.0 (Windows NT 10.0; Win64; x64) AppleWebKit/537.36 (KHTML, like Gecko) Chrome/130.0.0.0 Safari/537.36" "-"
34.31.96.136 - - [26/Oct/2025:15:26:40 +0200 - 1.498 - 1.496] "POST /wp-login.php HTTP/1.1" 403 4200 "https://reocell.com/wp-login.php" "Mozilla/5.0 (Windows NT 10.0; Win64; x64) AppleWebKit/537.36 (KHTML, like Gecko) Chrome/130.0.0.0 Safari/537.36" "-"
31.131.20.181 - - [26/Oct/2025:15:26:48 +0200 - 0.000 - 0.000] "POST /wp-cron.php?doing_wp_cron=1761485208.7634921073913574218750 HTTP/1.1" 499 0 "-" "WordPress/6.8.3; https://reocell.com" "-"
195.238.119.100 - - [26/Oct/2025:15:26:48 +0200 - 1.216 - 1.220] "POST /wp-admin/admin-ajax.php HTTP/1.1" 200 78 "https://reocell.com/wp-admin/admin.php?page=wpml-string-translation%2Fmenu%2Fstring-translation.php" "Mozilla/5.0 (Windows NT 10.0; Win64; x64) AppleWebKit/537.36 (KHTML, like Gecko) Chrome/141.0.0.0 Safari/537.36" "-"
180.93.137.9 - - [26/Oct/2025:15:26:57 +0200 - 0.004 - 0.004] "GET /wp-login.php HTTP/1.1" 200 4069 "-" "Mozilla/5.0 (Windows NT 10.0; Win64; x64) AppleWebKit/537.36 (KHTML, like Gecko) Chrome/130.0.0.0 Safari/537.36" "-"
180.93.137.9 - - [26/Oct/2025:15:27:00 +0200 - 0.404 - 0.404] "POST /wp-login.php HTTP/1.1" 404 150 "https://reocell.com/wp-login.php" "Mozilla/5.0 (Windows NT 10.0; Win64; x64) AppleWebKit/537.36 (KHTML, like Gecko) Chrome/130.0.0.0 Safari/537.36" "-"
220.158.233.124 - - [26/Oct/2025:15:27:17 +0200 - 0.015 - 0.016] "GET /wp-login.php HTTP/1.1" 200 4069 "-" "Mozilla/5.0 (Windows NT 10.0; Win64; x64) AppleWebKit/537.36 (KHTML, like Gecko) Chrome/130.0.0.0 Safari/537.36" "-"
220.158.233.124 - - [26/Oct/2025:15:27:22 +0200 - 0.993 - 0.996] "POST /wp-login.php HTTP/1.1" 403 4156 "https://reocell.com/wp-login.php" "Mozilla/5.0 (Windows NT 10.0; Win64; x64) AppleWebKit/537.36 (KHTML, like Gecko) Chrome/130.0.0.0 Safari/537.36" "-"
195.238.119.100 - - [26/Oct/2025:15:27:22 +0200 - 1.116 - 1.112] "POST /wp-admin/admin-ajax.php HTTP/1.1" 200 112 "https://reocell.com/wp-admin/post.php?post=845&action=edit&lang=en" "Mozilla/5.0 (Windows NT 10.0; Win64; x64) AppleWebKit/537.36 (KHTML, like Gecko) Chrome/141.0.0.0 Safari/537.36" "-"
52.242.231.163 - - [26/Oct/2025:15:27:36 +0200 - 0.013 - 0.012] "GET /wp-login.php HTTP/1.1" 200 4069 "-" "Mozilla/5.0 (Windows NT 10.0; Win64; x64) AppleWebKit/537.36 (KHTML, like Gecko) Chrome/130.0.0.0 Safari/537.36" "-"
52.242.231.163 - - [26/Oct/2025:15:27:40 +0200 - 1.018 - 1.016] "POST /wp-login.php HTTP/1.1" 403 4156 "https://reocell.com/wp-login.php" "Mozilla/5.0 (Windows NT 10.0; Win64; x64) AppleWebKit/537.36 (KHTML, like Gecko) Chrome/130.0.0.0 Safari/537.36" "-"
162.144.236.138 - - [26/Oct/2025:15:27:59 +0200 - 0.019 - 0.020] "GET /wp-login.php HTTP/1.1" 200 4069 "-" "Mozilla/5.0 (Windows NT 10.0; Win64; x64) AppleWebKit/537.36 (KHTML, like Gecko) Chrome/130.0.0.0 Safari/537.36" "-"
31.131.20.181 - - [26/Oct/2025:15:28:02 +0200 - 0.000 - 0.000] "POST /wp-cron.php?doing_wp_cron=1761485282.9730389118194580078125 HTTP/1.1" 499 0 "-" "WordPress/6.8.3; https://reocell.com" "-"
162.144.236.138 - - [26/Oct/2025:15:28:03 +0200 - 1.071 - 1.068] "POST /wp-login.php HTTP/1.1" 403 4156 "https://reocell.com/wp-login.php" "Mozilla/5.0 (Windows NT 10.0; Win64; x64) AppleWebKit/537.36 (KHTML, like Gecko) Chrome/130.0.0.0 Safari/537.36" "-"
94.46.30.77 - - [26/Oct/2025:15:28:18 +0200 - 0.014 - 0.012] "GET /wp-login.php HTTP/1.1" 200 4069 "-" "Mozilla/5.0 (Windows NT 10.0; Win64; x64) AppleWebKit/537.36 (KHTML, like Gecko) Chrome/130.0.0.0 Safari/537.36" "-"
94.46.30.77 - - [26/Oct/2025:15:28:22 +0200 - 0.921 - 0.920] "POST /wp-login.php HTTP/1.1" 403 4156 "https://reocell.com/wp-login.php" "Mozilla/5.0 (Windows NT 10.0; Win64; x64) AppleWebKit/537.36 (KHTML, like Gecko) Chrome/130.0.0.0 Safari/537.36" "-"
97.74.90.22 - - [26/Oct/2025:15:28:46 +0200 - 0.019 - 0.020] "GET /wp-login.php HTTP/1.1" 200 4069 "-" "Mozilla/5.0 (Windows NT 10.0; Win64; x64) AppleWebKit/537.36 (KHTML, like Gecko) Chrome/130.0.0.0 Safari/537.36" "-"
31.131.20.181 - - [26/Oct/2025:15:28:49 +0200 - 0.001 - 0.000] "POST /wp-cron.php?doing_wp_cron=1761485329.7098219394683837890625 HTTP/1.1" 499 0 "-" "WordPress/6.8.3; https://reocell.com" "-"
195.238.119.100 - - [26/Oct/2025:15:28:49 +0200 - 1.135 - 1.136] "POST /wp-admin/admin-ajax.php HTTP/1.1" 200 78 "https://reocell.com/wp-admin/admin.php?page=wpml-string-translation%2Fmenu%2Fstring-translation.php" "Mozilla/5.0 (Windows NT 10.0; Win64; x64) AppleWebKit/537.36 (KHTML, like Gecko) Chrome/141.0.0.0 Safari/537.36" "-"
97.74.90.22 - - [26/Oct/2025:15:28:51 +0200 - 0.901 - 0.904] "POST /wp-login.php HTTP/1.1" 403 4156 "https://reocell.com/wp-login.php" "Mozilla/5.0 (Windows NT 10.0; Win64; x64) AppleWebKit/537.36 (KHTML, like Gecko) Chrome/130.0.0.0 Safari/537.36" "-"
152.53.42.70 - - [26/Oct/2025:15:29:04 +0200 - 0.022 - 0.020] "GET /wp-login.php HTTP/1.1" 200 4069 "-" "Mozilla/5.0 (Windows NT 10.0; Win64; x64) AppleWebKit/537.36 (KHTML, like Gecko) Chrome/130.0.0.0 Safari/537.36" "-"
31.131.20.181 - - [26/Oct/2025:15:29:08 +0200 - 0.001 - 0.000] "POST /wp-cron.php?doing_wp_cron=1761485348.9280769824981689453125 HTTP/1.1" 499 0 "-" "WordPress/6.8.3; https://reocell.com" "-"
152.53.42.70 - - [26/Oct/2025:15:29:08 +0200 - 0.901 - 0.904] "POST /wp-login.php HTTP/1.1" 403 4199 "https://reocell.com/wp-login.php" "Mozilla/5.0 (Windows NT 10.0; Win64; x64) AppleWebKit/537.36 (KHTML, like Gecko) Chrome/130.0.0.0 Safari/537.36" "-"
195.238.119.100 - - [26/Oct/2025:15:29:23 +0200 - 1.074 - 1.076] "POST /wp-admin/admin-ajax.php HTTP/1.1" 200 112 "https://reocell.com/wp-admin/post.php?post=845&action=edit&lang=en" "Mozilla/5.0 (Windows NT 10.0; Win64; x64) AppleWebKit/537.36 (KHTML, like Gecko) Chrome/141.0.0.0 Safari/537.36" "-"
220.158.232.162 - - [26/Oct/2025:15:29:26 +0200 - 0.004 - 0.004] "GET /wp-login.php HTTP/1.1" 200 4069 "-" "Mozilla/5.0 (Windows NT 10.0; Win64; x64) AppleWebKit/537.36 (KHTML, like Gecko) Chrome/130.0.0.0 Safari/537.36" "-"
220.158.232.162 - - [26/Oct/2025:15:29:30 +0200 - 0.846 - 0.844] "POST /wp-login.php HTTP/1.1" 403 4199 "https://reocell.com/wp-login.php" "Mozilla/5.0 (Windows NT 10.0; Win64; x64) AppleWebKit/537.36 (KHTML, like Gecko) Chrome/130.0.0.0 Safari/537.36" "-"
97.74.90.22 - - [26/Oct/2025:15:29:40 +0200 - 0.004 - 0.004] "GET /wp-login.php HTTP/1.1" 200 4069 "-" "Mozilla/5.0 (Windows NT 10.0; Win64; x64) AppleWebKit/537.36 (KHTML, like Gecko) Chrome/130.0.0.0 Safari/537.36" "-"
97.74.90.22 - - [26/Oct/2025:15:29:45 +0200 - 0.870 - 0.868] "POST /wp-login.php HTTP/1.1" 403 4203 "https://reocell.com/wp-login.php" "Mozilla/5.0 (Windows NT 10.0; Win64; x64) AppleWebKit/537.36 (KHTML, like Gecko) Chrome/130.0.0.0 Safari/537.36" "-"
157.245.244.61 - - [26/Oct/2025:15:30:00 +0200 - 0.014 - 0.012] "GET /wp-login.php HTTP/1.1" 200 4069 "-" "Mozilla/5.0 (Windows NT 10.0; Win64; x64) AppleWebKit/537.36 (KHTML, like Gecko) Chrome/130.0.0.0 Safari/537.36" "-"
31.131.20.181 - - [26/Oct/2025:15:30:04 +0200 - 0.001 - 0.000] "POST /wp-cron.php?doing_wp_cron=1761485404.6893410682678222656250 HTTP/1.1" 499 0 "-" "WordPress/6.8.3; https://reocell.com" "-"
157.245.244.61 - - [26/Oct/2025:15:30:04 +0200 - 1.251 - 1.248] "POST /wp-login.php HTTP/1.1" 403 4201 "https://reocell.com/wp-login.php" "Mozilla/5.0 (Windows NT 10.0; Win64; x64) AppleWebKit/537.36 (KHTML, like Gecko) Chrome/130.0.0.0 Safari/537.36" "-"
142.132.180.39 - - [26/Oct/2025:15:30:06 +0200 - 1.033 - 1.036] "HEAD / HTTP/1.1" 200 0 "https://reocell.com/" "Mozilla/5.0+(compatible; UptimeRobot/2.0; http://www.uptimerobot.com/)" "-"
34.31.96.136 - - [26/Oct/2025:15:30:14 +0200 - 0.005 - 0.004] "GET /wp-login.php HTTP/1.1" 200 4069 "-" "Mozilla/5.0 (Windows NT 10.0; Win64; x64) AppleWebKit/537.36 (KHTML, like Gecko) Chrome/130.0.0.0 Safari/537.36" "-"
34.31.96.136 - - [26/Oct/2025:15:30:20 +0200 - 0.854 - 0.852] "POST /wp-login.php HTTP/1.1" 403 4208 "https://reocell.com/wp-login.php" "Mozilla/5.0 (Windows NT 10.0; Win64; x64) AppleWebKit/537.36 (KHTML, like Gecko) Chrome/130.0.0.0 Safari/537.36" "-"
195.26.249.212 - - [26/Oct/2025:15:30:50 +0200 - 0.029 - 0.032] "GET /wp-login.php HTTP/1.1" 200 4069 "-" "Mozilla/5.0 (Windows NT 10.0; Win64; x64) AppleWebKit/537.36 (KHTML, like Gecko) Chrome/130.0.0.0 Safari/537.36" "-"
31.131.20.181 - - [26/Oct/2025:15:30:50 +0200 - 0.001 - 0.000] "POST /wp-cron.php?doing_wp_cron=1761485450.7252891063690185546875 HTTP/1.1" 499 0 "-" "WordPress/6.8.3; https://reocell.com" "-"
195.238.119.100 - - [26/Oct/2025:15:30:50 +0200 - 1.125 - 1.120] "POST /wp-admin/admin-ajax.php HTTP/1.1" 200 78 "https://reocell.com/wp-admin/admin.php?page=wpml-string-translation%2Fmenu%2Fstring-translation.php" "Mozilla/5.0 (Windows NT 10.0; Win64; x64) AppleWebKit/537.36 (KHTML, like Gecko) Chrome/141.0.0.0 Safari/537.36" "-"
195.26.249.212 - - [26/Oct/2025:15:30:54 +0200 - 0.842 - 0.836] "POST /wp-login.php HTTP/1.1" 403 4198 "https://reocell.com/wp-login.php" "Mozilla/5.0 (Windows NT 10.0; Win64; x64) AppleWebKit/537.36 (KHTML, like Gecko) Chrome/130.0.0.0 Safari/537.36" "-"
92.205.20.105 - - [26/Oct/2025:15:31:11 +0200 - 0.021 - 0.024] "GET /wp-login.php HTTP/1.1" 200 4069 "-" "Mozilla/5.0 (Windows NT 10.0; Win64; x64) AppleWebKit/537.36 (KHTML, like Gecko) Chrome/130.0.0.0 Safari/537.36" "-"
92.205.20.105 - - [26/Oct/2025:15:31:14 +0200 - 0.819 - 0.816] "POST /wp-login.php HTTP/1.1" 403 4201 "https://reocell.com/wp-login.php" "Mozilla/5.0 (Windows NT 10.0; Win64; x64) AppleWebKit/537.36 (KHTML, like Gecko) Chrome/130.0.0.0 Safari/537.36" "-"
195.238.119.100 - - [26/Oct/2025:15:31:24 +0200 - 1.049 - 1.048] "POST /wp-admin/admin-ajax.php HTTP/1.1" 200 112 "https://reocell.com/wp-admin/post.php?post=845&action=edit&lang=en" "Mozilla/5.0 (Windows NT 10.0; Win64; x64) AppleWebKit/537.36 (KHTML, like Gecko) Chrome/141.0.0.0 Safari/537.36" "-"
220.158.233.61 - - [26/Oct/2025:15:31:36 +0200 - 0.014 - 0.012] "GET /wp-login.php HTTP/1.1" 200 4069 "-" "Mozilla/5.0 (Windows NT 10.0; Win64; x64) AppleWebKit/537.36 (KHTML, like Gecko) Chrome/130.0.0.0 Safari/537.36" "-"
220.158.233.61 - - [26/Oct/2025:15:31:39 +0200 - 0.903 - 0.904] "POST /wp-login.php HTTP/1.1" 403 4202 "https://reocell.com/wp-login.php" "Mozilla/5.0 (Windows NT 10.0; Win64; x64) AppleWebKit/537.36 (KHTML, like Gecko) Chrome/130.0.0.0 Safari/537.36" "-"
62.219.106.108 - - [26/Oct/2025:15:31:44 +0200 - 0.003 - 0.000] "GET /wp-login.php HTTP/1.1" 200 4069 "-" "Mozilla/5.0 (Windows NT 10.0; Win64; x64) AppleWebKit/537.36 (KHTML, like Gecko) Chrome/130.0.0.0 Safari/537.36" "-"
62.219.106.108 - - [26/Oct/2025:15:31:45 +0200 - 0.822 - 0.824] "POST /wp-login.php HTTP/1.1" 403 4203 "https://reocell.com/wp-login.php" "Mozilla/5.0 (Windows NT 10.0; Win64; x64) AppleWebKit/537.36 (KHTML, like Gecko) Chrome/130.0.0.0 Safari/537.36" "-"
84.247.151.78 - - [26/Oct/2025:15:31:54 +0200 - 0.006 - 0.004] "GET /wp-login.php HTTP/1.1" 200 4069 "-" "Mozilla/5.0 (Windows NT 10.0; Win64; x64) AppleWebKit/537.36 (KHTML, like Gecko) Chrome/130.0.0.0 Safari/537.36" "-"
31.131.20.181 - - [26/Oct/2025:15:31:58 +0200 - 0.000 - 0.000] "POST /wp-cron.php?doing_wp_cron=1761485518.2118260860443115234375 HTTP/1.1" 499 0 "-" "WordPress/6.8.3; https://reocell.com" "-"
84.247.151.78 - - [26/Oct/2025:15:31:58 +0200 - 0.849 - 0.848] "POST /wp-login.php HTTP/1.1" 403 4201 "https://reocell.com/wp-login.php" "Mozilla/5.0 (Windows NT 10.0; Win64; x64) AppleWebKit/537.36 (KHTML, like Gecko) Chrome/130.0.0.0 Safari/537.36" "-"
188.164.198.78 - - [26/Oct/2025:15:32:12 +0200 - 0.013 - 0.012] "GET /wp-login.php HTTP/1.1" 200 4069 "-" "Mozilla/5.0 (Windows NT 10.0; Win64; x64) AppleWebKit/537.36 (KHTML, like Gecko) Chrome/130.0.0.0 Safari/537.36" "-"
188.164.198.78 - - [26/Oct/2025:15:32:15 +0200 - 0.940 - 0.940] "POST /wp-login.php HTTP/1.1" 403 4199 "https://reocell.com/wp-login.php" "Mozilla/5.0 (Windows NT 10.0; Win64; x64) AppleWebKit/537.36 (KHTML, like Gecko) Chrome/130.0.0.0 Safari/537.36" "-"
31.131.20.181 - - [26/Oct/2025:15:32:51 +0200 - 0.000 - 0.000] "POST /wp-cron.php?doing_wp_cron=1761485571.6249859333038330078125 HTTP/1.1" 499 0 "-" "WordPress/6.8.3; https://reocell.com" "-"
195.238.119.100 - - [26/Oct/2025:15:32:51 +0200 - 1.094 - 1.096] "POST /wp-admin/admin-ajax.php HTTP/1.1" 200 78 "https://reocell.com/wp-admin/admin.php?page=wpml-string-translation%2Fmenu%2Fstring-translation.php" "Mozilla/5.0 (Windows NT 10.0; Win64; x64) AppleWebKit/537.36 (KHTML, like Gecko) Chrome/141.0.0.0 Safari/537.36" "-"
195.238.119.100 - - [26/Oct/2025:15:33:25 +0200 - 1.210 - 1.212] "POST /wp-admin/admin-ajax.php HTTP/1.1" 200 112 "https://reocell.com/wp-admin/post.php?post=845&action=edit&lang=en" "Mozilla/5.0 (Windows NT 10.0; Win64; x64) AppleWebKit/537.36 (KHTML, like Gecko) Chrome/141.0.0.0 Safari/537.36" "-"
31.131.20.181 - - [26/Oct/2025:15:34:52 +0200 - 0.000 - 0.000] "POST /wp-cron.php?doing_wp_cron=1761485692.6505799293518066406250 HTTP/1.1" 499 0 "-" "WordPress/6.8.3; https://reocell.com" "-"
195.238.119.100 - - [26/Oct/2025:15:34:52 +0200 - 1.109 - 1.108] "POST /wp-admin/admin-ajax.php HTTP/1.1" 200 78 "https://reocell.com/wp-admin/admin.php?page=wpml-string-translation%2Fmenu%2Fstring-translation.php" "Mozilla/5.0 (Windows NT 10.0; Win64; x64) AppleWebKit/537.36 (KHTML, like Gecko) Chrome/141.0.0.0 Safari/537.36" "-"
74.208.92.227 - - [26/Oct/2025:15:35:10 +0200 - 0.015 - 0.012] "GET /wp-login.php HTTP/1.1" 200 4069 "-" "Mozilla/5.0 (Windows NT 6.1; WOW64; Trident/7.0; EIE10;ENCAMSN; rv:11.0) like Gecko" "-"
74.208.92.227 - - [26/Oct/2025:15:35:11 +0200 - 0.923 - 0.920] "POST /wp-login.php HTTP/1.1" 403 4163 "https://reocell.com/wp-login.php" "Mozilla/5.0 (Windows NT 6.1; WOW64; Trident/7.0; EIE10;ENCAMSN; rv:11.0) like Gecko" "-"
167.235.143.113 - - [26/Oct/2025:15:35:12 +0200 - 0.832 - 0.832] "HEAD / HTTP/1.1" 200 0 "https://reocell.com/" "Mozilla/5.0+(compatible; UptimeRobot/2.0; http://www.uptimerobot.com/)" "-"
195.238.119.100 - - [26/Oct/2025:15:35:26 +0200 - 1.050 - 1.052] "POST /wp-admin/admin-ajax.php HTTP/1.1" 200 112 "https://reocell.com/wp-admin/post.php?post=845&action=edit&lang=en" "Mozilla/5.0 (Windows NT 10.0; Win64; x64) AppleWebKit/537.36 (KHTML, like Gecko) Chrome/141.0.0.0 Safari/537.36" "-"
31.131.20.181 - - [26/Oct/2025:15:36:53 +0200 - 0.000 - 0.000] "POST /wp-cron.php?doing_wp_cron=1761485813.6489460468292236328125 HTTP/1.1" 499 0 "-" "WordPress/6.8.3; https://reocell.com" "-"
195.238.119.100 - - [26/Oct/2025:15:36:53 +0200 - 1.105 - 1.104] "POST /wp-admin/admin-ajax.php HTTP/1.1" 200 78 "https://reocell.com/wp-admin/admin.php?page=wpml-string-translation%2Fmenu%2Fstring-translation.php" "Mozilla/5.0 (Windows NT 10.0; Win64; x64) AppleWebKit/537.36 (KHTML, like Gecko) Chrome/141.0.0.0 Safari/537.36" "-"
151.80.33.134 - - [26/Oct/2025:15:37:03 +0200 - 0.004 - 0.004] "GET /wp-login.php HTTP/1.1" 200 4069 "-" "Mozilla/5.0 (Windows NT 10.0; Win64; x64) AppleWebKit/537.36 (KHTML, like Gecko) Chrome/130.0.0.0 Safari/537.36" "-"
151.80.33.134 - - [26/Oct/2025:15:37:07 +0200 - 0.881 - 0.876] "POST /wp-login.php HTTP/1.1" 403 4156 "https://reocell.com/wp-login.php" "Mozilla/5.0 (Windows NT 10.0; Win64; x64) AppleWebKit/537.36 (KHTML, like Gecko) Chrome/130.0.0.0 Safari/537.36" "-"
195.238.119.100 - - [26/Oct/2025:15:37:27 +0200 - 1.082 - 1.084] "POST /wp-admin/admin-ajax.php HTTP/1.1" 200 112 "https://reocell.com/wp-admin/post.php?post=845&action=edit&lang=en" "Mozilla/5.0 (Windows NT 10.0; Win64; x64) AppleWebKit/537.36 (KHTML, like Gecko) Chrome/141.0.0.0 Safari/537.36" "-"
31.131.20.181 - - [26/Oct/2025:15:38:54 +0200 - 0.000 - 0.000] "POST /wp-cron.php?doing_wp_cron=1761485934.8584489822387695312500 HTTP/1.1" 499 0 "-" "WordPress/6.8.3; https://reocell.com" "-"
195.238.119.100 - - [26/Oct/2025:15:38:54 +0200 - 1.168 - 1.168] "POST /wp-admin/admin-ajax.php HTTP/1.1" 200 78 "https://reocell.com/wp-admin/admin.php?page=wpml-string-translation%2Fmenu%2Fstring-translation.php" "Mozilla/5.0 (Windows NT 10.0; Win64; x64) AppleWebKit/537.36 (KHTML, like Gecko) Chrome/141.0.0.0 Safari/537.36" "-"
31.131.20.181 - - [26/Oct/2025:15:39:28 +0200 - 0.000 - 0.000] "POST /wp-cron.php?doing_wp_cron=1761485968.7503869533538818359375 HTTP/1.1" 499 0 "-" "WordPress/6.8.3; https://reocell.com" "-"
195.238.119.100 - - [26/Oct/2025:15:39:28 +0200 - 1.163 - 1.160] "POST /wp-admin/admin-ajax.php HTTP/1.1" 200 112 "https://reocell.com/wp-admin/post.php?post=845&action=edit&lang=en" "Mozilla/5.0 (Windows NT 10.0; Win64; x64) AppleWebKit/537.36 (KHTML, like Gecko) Chrome/141.0.0.0 Safari/537.36" "-"
31.131.20.181 - - [26/Oct/2025:15:40:17 +0200 - 0.001 - 0.000] "POST /wp-cron.php?doing_wp_cron=1761486017.3921179771423339843750 HTTP/1.1" 499 0 "-" "WordPress/6.8.3; https://reocell.com" "-"
78.47.98.55 - - [26/Oct/2025:15:40:17 +0200 - 0.939 - 0.940] "HEAD / HTTP/1.1" 200 0 "https://reocell.com/" "Mozilla/5.0+(compatible; UptimeRobot/2.0; http://www.uptimerobot.com/)" "-"
31.131.20.181 - - [26/Oct/2025:15:40:55 +0200 - 0.002 - 0.000] "POST /wp-cron.php?doing_wp_cron=1761486055.6465060710906982421875 HTTP/1.1" 499 0 "-" "WordPress/6.8.3; https://reocell.com" "-"
195.238.119.100 - - [26/Oct/2025:15:40:55 +0200 - 1.093 - 1.092] "POST /wp-admin/admin-ajax.php HTTP/1.1" 200 78 "https://reocell.com/wp-admin/admin.php?page=wpml-string-translation%2Fmenu%2Fstring-translation.php" "Mozilla/5.0 (Windows NT 10.0; Win64; x64) AppleWebKit/537.36 (KHTML, like Gecko) Chrome/141.0.0.0 Safari/537.36" "-"
195.238.119.100 - - [26/Oct/2025:15:41:29 +0200 - 1.219 - 1.220] "POST /wp-admin/admin-ajax.php HTTP/1.1" 200 112 "https://reocell.com/wp-admin/post.php?post=845&action=edit&lang=en" "Mozilla/5.0 (Windows NT 10.0; Win64; x64) AppleWebKit/537.36 (KHTML, like Gecko) Chrome/141.0.0.0 Safari/537.36" "-"
78.157.49.100 - - [26/Oct/2025:15:42:38 +0200 - 0.020 - 0.020] "GET /wp-login.php HTTP/1.1" 200 4069 "-" "Mozilla/5.0 (Windows NT 6.3; Win64; x64; rv:60.0) Gecko/20100101 Firefox/60.0" "-"
31.131.20.181 - - [26/Oct/2025:15:42:41 +0200 - 0.001 - 0.000] "POST /wp-cron.php?doing_wp_cron=1761486161.2908940315246582031250 HTTP/1.1" 499 0 "-" "WordPress/6.8.3; https://reocell.com" "-"
78.157.49.100 - - [26/Oct/2025:15:42:41 +0200 - 1.024 - 1.024] "POST /wp-login.php HTTP/1.1" 403 4163 "https://reocell.com/wp-login.php" "Mozilla/5.0 (Windows NT 6.3; Win64; x64; rv:60.0) Gecko/20100101 Firefox/60.0" "-"
31.131.20.181 - - [26/Oct/2025:15:42:56 +0200 - 0.000 - 0.000] "POST /wp-cron.php?doing_wp_cron=1761486176.6107261180877685546875 HTTP/1.1" 499 0 "-" "WordPress/6.8.3; https://reocell.com" "-"
195.238.119.100 - - [26/Oct/2025:15:42:56 +0200 - 1.072 - 1.072] "POST /wp-admin/admin-ajax.php HTTP/1.1" 200 76 "https://reocell.com/wp-admin/admin.php?page=wpml-string-translation%2Fmenu%2Fstring-translation.php" "Mozilla/5.0 (Windows NT 10.0; Win64; x64) AppleWebKit/537.36 (KHTML, like Gecko) Chrome/141.0.0.0 Safari/537.36" "-"
195.238.119.100 - - [26/Oct/2025:15:43:30 +0200 - 1.130 - 1.128] "POST /wp-admin/admin-ajax.php HTTP/1.1" 200 112 "https://reocell.com/wp-admin/post.php?post=845&action=edit&lang=en" "Mozilla/5.0 (Windows NT 10.0; Win64; x64) AppleWebKit/537.36 (KHTML, like Gecko) Chrome/141.0.0.0 Safari/537.36" "-"
31.131.20.181 - - [26/Oct/2025:15:44:58 +0200 - 0.001 - 0.000] "POST /wp-cron.php?doing_wp_cron=1761486298.0082120895385742187500 HTTP/1.1" 499 0 "-" "WordPress/6.8.3; https://reocell.com" "-"
195.238.119.100 - - [26/Oct/2025:15:44:58 +0200 - 1.461 - 1.460] "POST /wp-admin/admin-ajax.php HTTP/1.1" 200 78 "https://reocell.com/wp-admin/admin.php?page=wpml-string-translation%2Fmenu%2Fstring-translation.php" "Mozilla/5.0 (Windows NT 10.0; Win64; x64) AppleWebKit/537.36 (KHTML, like Gecko) Chrome/141.0.0.0 Safari/537.36" "-"
78.47.173.76 - - [26/Oct/2025:15:45:22 +0200 - 0.846 - 0.848] "HEAD / HTTP/1.1" 200 0 "https://reocell.com/" "Mozilla/5.0+(compatible; UptimeRobot/2.0; http://www.uptimerobot.com/)" "-"
195.238.119.100 - - [26/Oct/2025:15:45:31 +0200 - 1.031 - 1.032] "POST /wp-admin/admin-ajax.php HTTP/1.1" 200 112 "https://reocell.com/wp-admin/post.php?post=845&action=edit&lang=en" "Mozilla/5.0 (Windows NT 10.0; Win64; x64) AppleWebKit/537.36 (KHTML, like Gecko) Chrome/141.0.0.0 Safari/537.36" "-"
31.131.20.181 - - [26/Oct/2025:15:46:58 +0200 - 0.001 - 0.000] "POST /wp-cron.php?doing_wp_cron=1761486418.7311060428619384765625 HTTP/1.1" 499 0 "-" "WordPress/6.8.3; https://reocell.com" "-"
195.238.119.100 - - [26/Oct/2025:15:46:58 +0200 - 1.233 - 1.232] "POST /wp-admin/admin-ajax.php HTTP/1.1" 200 78 "https://reocell.com/wp-admin/admin.php?page=wpml-string-translation%2Fmenu%2Fstring-translation.php" "Mozilla/5.0 (Windows NT 10.0; Win64; x64) AppleWebKit/537.36 (KHTML, like Gecko) Chrome/141.0.0.0 Safari/537.36" "-"
78.157.49.100 - - [26/Oct/2025:15:47:10 +0200 - 0.006 - 0.004] "GET /wp-login.php HTTP/1.1" 200 4069 "-" "Mozilla/5.0 (compatible; MSIE 9.0; Windows NT 6.1; Trident/7.0)" "-"
78.157.49.100 - - [26/Oct/2025:15:47:12 +0200 - 0.928 - 0.928] "POST /wp-login.php HTTP/1.1" 403 4163 "https://reocell.com/wp-login.php" "Mozilla/5.0 (compatible; MSIE 9.0; Windows NT 6.1; Trident/7.0)" "-"
97.74.90.22 - - [26/Oct/2025:15:47:20 +0200 - 0.004 - 0.004] "GET /wp-login.php HTTP/1.1" 200 4069 "-" "Mozilla/5.0 (Windows NT 10.0; Win64; x64) AppleWebKit/537.36 (KHTML, like Gecko) Chrome/130.0.0.0 Safari/537.36" "-"
97.74.90.22 - - [26/Oct/2025:15:47:24 +0200 - 0.951 - 0.952] "POST /wp-login.php HTTP/1.1" 403 4156 "https://reocell.com/wp-login.php" "Mozilla/5.0 (Windows NT 10.0; Win64; x64) AppleWebKit/537.36 (KHTML, like Gecko) Chrome/130.0.0.0 Safari/537.36" "-"
195.238.119.100 - - [26/Oct/2025:15:47:32 +0200 - 1.302 - 1.296] "POST /wp-admin/admin-ajax.php HTTP/1.1" 200 112 "https://reocell.com/wp-admin/post.php?post=845&action=edit&lang=en" "Mozilla/5.0 (Windows NT 10.0; Win64; x64) AppleWebKit/537.36 (KHTML, like Gecko) Chrome/141.0.0.0 Safari/537.36" "-"
14.248.80.79 - - [26/Oct/2025:15:48:05 +0200 - 0.024 - 0.024] "GET /wp-login.php HTTP/1.1" 200 4069 "-" "Mozilla/5.0 (Windows NT 10.0; Win64; x64) AppleWebKit/537.36 (KHTML, like Gecko) Chrome/130.0.0.0 Safari/537.36" "-"
31.131.20.181 - - [26/Oct/2025:15:48:07 +0200 - 0.000 - 0.000] "POST /wp-cron.php?doing_wp_cron=1761486487.5941350460052490234375 HTTP/1.1" 499 0 "-" "WordPress/6.8.3; https://reocell.com" "-"
14.248.80.79 - - [26/Oct/2025:15:48:07 +0200 - 0.985 - 0.984] "POST /wp-login.php HTTP/1.1" 403 4156 "https://reocell.com/wp-login.php" "Mozilla/5.0 (Windows NT 10.0; Win64; x64) AppleWebKit/537.36 (KHTML, like Gecko) Chrome/130.0.0.0 Safari/537.36" "-"
31.131.20.181 - - [26/Oct/2025:15:48:59 +0200 - 0.000 - 0.000] "POST /wp-cron.php?doing_wp_cron=1761486539.5944879055023193359375 HTTP/1.1" 499 0 "-" "WordPress/6.8.3; https://reocell.com" "-"
195.238.119.100 - - [26/Oct/2025:15:48:59 +0200 - 1.046 - 1.048] "POST /wp-admin/admin-ajax.php HTTP/1.1" 200 78 "https://reocell.com/wp-admin/admin.php?page=wpml-string-translation%2Fmenu%2Fstring-translation.php" "Mozilla/5.0 (Windows NT 10.0; Win64; x64) AppleWebKit/537.36 (KHTML, like Gecko) Chrome/141.0.0.0 Safari/537.36" "-"
20.253.155.235 - - [26/Oct/2025:15:49:06 +0200 - 0.004 - 0.004] "GET /wp-login.php HTTP/1.1" 200 4069 "-" "Mozilla/5.0 (Windows NT 10.0; Win64; x64) AppleWebKit/537.36 (KHTML, like Gecko) Chrome/130.0.0.0 Safari/537.36" "-"
31.131.20.181 - - [26/Oct/2025:15:49:08 +0200 - 0.001 - 0.000] "POST /wp-cron.php?doing_wp_cron=1761486548.6083691120147705078125 HTTP/1.1" 499 0 "-" "WordPress/6.8.3; https://reocell.com" "-"
20.253.155.235 - - [26/Oct/2025:15:49:08 +0200 - 0.995 - 0.992] "POST /wp-login.php HTTP/1.1" 403 4156 "https://reocell.com/wp-login.php" "Mozilla/5.0 (Windows NT 10.0; Win64; x64) AppleWebKit/537.36 (KHTML, like Gecko) Chrome/130.0.0.0 Safari/537.36" "-"
195.238.119.100 - - [26/Oct/2025:15:49:33 +0200 - 1.235 - 1.236] "POST /wp-admin/admin-ajax.php HTTP/1.1" 200 112 "https://reocell.com/wp-admin/post.php?post=845&action=edit&lang=en" "Mozilla/5.0 (Windows NT 10.0; Win64; x64) AppleWebKit/537.36 (KHTML, like Gecko) Chrome/141.0.0.0 Safari/537.36" "-"
45.239.216.2 - - [26/Oct/2025:15:49:48 +0200 - 0.015 - 0.016] "GET /wp-login.php HTTP/1.1" 200 4069 "-" "Mozilla/5.0 (Windows NT 10.0; Win64; x64) AppleWebKit/537.36 (KHTML, like Gecko) Chrome/130.0.0.0 Safari/537.36" "-"
31.131.20.181 - - [26/Oct/2025:15:49:49 +0200 - 0.000 - 0.000] "POST /wp-cron.php?doing_wp_cron=1761486589.4738550186157226562500 HTTP/1.1" 499 0 "-" "WordPress/6.8.3; https://reocell.com" "-"
45.239.216.2 - - [26/Oct/2025:15:49:49 +0200 - 0.952 - 0.952] "POST /wp-login.php HTTP/1.1" 403 4201 "https://reocell.com/wp-login.php" "Mozilla/5.0 (Windows NT 10.0; Win64; x64) AppleWebKit/537.36 (KHTML, like Gecko) Chrome/130.0.0.0 Safari/537.36" "-"
168.119.123.75 - - [26/Oct/2025:15:50:27 +0200 - 0.935 - 0.937] "HEAD / HTTP/1.1" 200 0 "https://reocell.com/" "Mozilla/5.0+(compatible; UptimeRobot/2.0; http://www.uptimerobot.com/)" "-"
31.131.20.181 - - [26/Oct/2025:15:51:00 +0200 - 0.000 - 0.000] "POST /wp-cron.php?doing_wp_cron=1761486660.7785289287567138671875 HTTP/1.1" 499 0 "-" "WordPress/6.8.3; https://reocell.com" "-"
195.238.119.100 - - [26/Oct/2025:15:51:00 +0200 - 1.211 - 1.212] "POST /wp-admin/admin-ajax.php HTTP/1.1" 200 78 "https://reocell.com/wp-admin/admin.php?page=wpml-string-translation%2Fmenu%2Fstring-translation.php" "Mozilla/5.0 (Windows NT 10.0; Win64; x64) AppleWebKit/537.36 (KHTML, like Gecko) Chrome/141.0.0.0 Safari/537.36" "-"
195.238.119.100 - - [26/Oct/2025:15:51:34 +0200 - 1.192 - 1.192] "POST /wp-admin/admin-ajax.php HTTP/1.1" 200 112 "https://reocell.com/wp-admin/post.php?post=845&action=edit&lang=en" "Mozilla/5.0 (Windows NT 10.0; Win64; x64) AppleWebKit/537.36 (KHTML, like Gecko) Chrome/141.0.0.0 Safari/537.36" "-"
154.0.175.30 - - [26/Oct/2025:15:52:06 +0200 - 0.014 - 0.016] "GET /wp-login.php HTTP/1.1" 200 4069 "-" "Mozilla/5.0 (Windows NT 10.0; Win64; x64) AppleWebKit/537.36 (KHTML, like Gecko) Chrome/130.0.0.0 Safari/537.36" "-"
66.249.66.33 - - [26/Oct/2025:15:52:08 +0200 - 0.002 - 0.004] "GET / HTTP/1.1" 200 23609 "-" "Mozilla/5.0 (compatible; Googlebot/2.1; +http://www.google.com/bot.html)" "-"
31.131.20.181 - - [26/Oct/2025:15:52:10 +0200 - 0.000 - 0.000] "POST /wp-cron.php?doing_wp_cron=1761486730.4150829315185546875000 HTTP/1.1" 499 0 "-" "WordPress/6.8.3; https://reocell.com" "-"
154.0.175.30 - - [26/Oct/2025:15:52:10 +0200 - 0.901 - 0.900] "POST /wp-login.php HTTP/1.1" 403 4199 "https://reocell.com/wp-login.php" "Mozilla/5.0 (Windows NT 10.0; Win64; x64) AppleWebKit/537.36 (KHTML, like Gecko) Chrome/130.0.0.0 Safari/537.36" "-"
66.249.66.32 - - [26/Oct/2025:15:52:19 +0200 - 2.819 - -] "GET /wp-content/uploads/2023/09/reocell2.mp4 HTTP/1.1" 206 19431135 "https://reocell.com/" "Mozilla/5.0 AppleWebKit/537.36 (KHTML, like Gecko; compatible; Googlebot/2.1; +http://www.google.com/bot.html) Chrome/140.0.7339.207 Safari/537.36" "-"
66.249.66.33 - - [26/Oct/2025:15:52:20 +0200 - 1.085 - 1.084] "POST /wp-admin/admin-ajax.php HTTP/1.1" 200 688 "https://reocell.com/" "Mozilla/5.0 AppleWebKit/537.36 (KHTML, like Gecko; compatible; Googlebot/2.1; +http://www.google.com/bot.html) Chrome/140.0.7339.207 Safari/537.36" "-"
66.249.66.33 - - [26/Oct/2025:15:52:21 +0200 - 1.134 - 1.136] "POST /wp-admin/admin-ajax.php HTTP/1.1" 200 1066 "https://reocell.com/" "Mozilla/5.0 AppleWebKit/537.36 (KHTML, like Gecko; compatible; Googlebot/2.1; +http://www.google.com/bot.html) Chrome/140.0.7339.207 Safari/537.36" "-"
31.131.20.181 - - [26/Oct/2025:15:53:01 +0200 - 0.000 - 0.004] "POST /wp-cron.php?doing_wp_cron=1761486781.6641349792480468750000 HTTP/1.1" 499 0 "-" "WordPress/6.8.3; https://reocell.com" "-"
