195.238.119.100 - - [26/Oct/2025:12:50:04 +0200 - 1.289 - 1.288] "POST /wp-admin/admin-ajax.php HTTP/1.1" 200 112 "https://reocell.com/wp-admin/post.php?post=845&action=edit&lang=en" "Mozilla/5.0 (Windows NT 10.0; Win64; x64) AppleWebKit/537.36 (KHTML, like Gecko) Chrome/141.0.0.0 Safari/537.36" "-"
78.47.98.55 - - [26/Oct/2025:12:50:27 +0200 - 0.875 - 0.872] "HEAD / HTTP/1.1" 200 0 "https://reocell.com/" "Mozilla/5.0+(compatible; UptimeRobot/2.0; http://www.uptimerobot.com/)" "-"
31.131.20.181 - - [26/Oct/2025:12:51:31 +0200 - 0.000 - 0.004] "POST /wp-cron.php?doing_wp_cron=1761475891.7294878959655761718750 HTTP/1.1" 499 0 "-" "WordPress/6.8.3; https://reocell.com" "-"
195.238.119.100 - - [26/Oct/2025:12:51:31 +0200 - 1.145 - 1.144] "POST /wp-admin/admin-ajax.php HTTP/1.1" 200 78 "https://reocell.com/wp-admin/admin.php?page=wpml-string-translation%2Fmenu%2Fstring-translation.php" "Mozilla/5.0 (Windows NT 10.0; Win64; x64) AppleWebKit/537.36 (KHTML, like Gecko) Chrome/141.0.0.0 Safari/537.36" "-"
31.131.20.181 - - [26/Oct/2025:12:52:05 +0200 - 0.000 - 0.004] "POST /wp-cron.php?doing_wp_cron=1761475925.7305109500885009765625 HTTP/1.1" 499 0 "-" "WordPress/6.8.3; https://reocell.com" "-"
195.238.119.100 - - [26/Oct/2025:12:52:05 +0200 - 1.141 - 1.136] "POST /wp-admin/admin-ajax.php HTTP/1.1" 200 112 "https://reocell.com/wp-admin/post.php?post=845&action=edit&lang=en" "Mozilla/5.0 (Windows NT 10.0; Win64; x64) AppleWebKit/537.36 (KHTML, like Gecko) Chrome/141.0.0.0 Safari/537.36" "-"
31.131.20.181 - - [26/Oct/2025:12:53:32 +0200 - 0.001 - 0.000] "POST /wp-cron.php?doing_wp_cron=1761476012.7652719020843505859375 HTTP/1.1" 499 0 "-" "WordPress/6.8.3; https://reocell.com" "-"
195.238.119.100 - - [26/Oct/2025:12:53:32 +0200 - 1.195 - 1.193] "POST /wp-admin/admin-ajax.php HTTP/1.1" 200 78 "https://reocell.com/wp-admin/admin.php?page=wpml-string-translation%2Fmenu%2Fstring-translation.php" "Mozilla/5.0 (Windows NT 10.0; Win64; x64) AppleWebKit/537.36 (KHTML, like Gecko) Chrome/141.0.0.0 Safari/537.36" "-"
31.131.20.181 - - [26/Oct/2025:12:54:06 +0200 - 0.001 - 0.000] "POST /wp-cron.php?doing_wp_cron=1761476046.7726469039916992187500 HTTP/1.1" 499 0 "-" "WordPress/6.8.3; https://reocell.com" "-"
195.238.119.100 - - [26/Oct/2025:12:54:06 +0200 - 1.111 - 1.112] "POST /wp-admin/admin-ajax.php HTTP/1.1" 200 112 "https://reocell.com/wp-admin/post.php?post=845&action=edit&lang=en" "Mozilla/5.0 (Windows NT 10.0; Win64; x64) AppleWebKit/537.36 (KHTML, like Gecko) Chrome/141.0.0.0 Safari/537.36" "-"
160.25.166.14 - - [26/Oct/2025:12:54:27 +0200 - 0.019 - 0.020] "GET /wp-login.php HTTP/1.1" 200 4069 "-" "Mozilla/5.0 (Windows NT 10.0; Win64; x64) AppleWebKit/537.36 (KHTML, like Gecko) Chrome/64.0.3282.140 Safari/537.36 OPR/51.0.2830.34" "-"
31.131.20.181 - - [26/Oct/2025:12:54:35 +0200 - 0.001 - 0.000] "POST /wp-cron.php?doing_wp_cron=1761476075.8856220245361328125000 HTTP/1.1" 499 0 "-" "WordPress/6.8.3; https://reocell.com" "-"
160.25.166.14 - - [26/Oct/2025:12:54:36 +0200 - 1.143 - 1.144] "POST /wp-login.php HTTP/1.1" 403 4162 "https://reocell.com/wp-login.php" "Mozilla/5.0 (Windows NT 10.0; Win64; x64) AppleWebKit/537.36 (KHTML, like Gecko) Chrome/64.0.3282.140 Safari/537.36 OPR/51.0.2830.34" "-"
31.131.20.181 - - [26/Oct/2025:12:55:09 +0200 - 0.000 - 0.000] "POST /wp-cron.php?doing_wp_cron=1761476109.2120840549468994140625 HTTP/1.1" 499 0 "-" "WordPress/6.8.3; https://reocell.com" "-"
213.160.156.136 - - [26/Oct/2025:12:55:09 +0200 - 1.408 - 1.408] "POST /AutoDiscover/autodiscover.xml HTTP/1.1" 404 11637 "-" "Microsoft Office/16.0 (Windows NT 10.0; Microsoft PowerPoint 16.0.19231; Pro)" "-"
49.13.134.145 - - [26/Oct/2025:12:55:31 +0200 - 0.913 - 0.912] "HEAD / HTTP/1.1" 200 0 "https://reocell.com/" "Mozilla/5.0+(compatible; UptimeRobot/2.0; http://www.uptimerobot.com/)" "-"
195.238.119.100 - - [26/Oct/2025:12:55:33 +0200 - 1.006 - 1.008] "POST /wp-admin/admin-ajax.php HTTP/1.1" 200 76 "https://reocell.com/wp-admin/admin.php?page=wpml-string-translation%2Fmenu%2Fstring-translation.php" "Mozilla/5.0 (Windows NT 10.0; Win64; x64) AppleWebKit/537.36 (KHTML, like Gecko) Chrome/141.0.0.0 Safari/537.36" "-"
31.131.20.181 - - [26/Oct/2025:12:56:07 +0200 - 0.001 - 0.000] "POST /wp-cron.php?doing_wp_cron=1761476167.7619678974151611328125 HTTP/1.1" 499 0 "-" "WordPress/6.8.3; https://reocell.com" "-"
195.238.119.100 - - [26/Oct/2025:12:56:07 +0200 - 1.152 - 1.148] "POST /wp-admin/admin-ajax.php HTTP/1.1" 200 111 "https://reocell.com/wp-admin/post.php?post=845&action=edit&lang=en" "Mozilla/5.0 (Windows NT 10.0; Win64; x64) AppleWebKit/537.36 (KHTML, like Gecko) Chrome/141.0.0.0 Safari/537.36" "-"
31.131.20.181 - - [26/Oct/2025:12:57:34 +0200 - 0.002 - 0.004] "POST /wp-cron.php?doing_wp_cron=1761476254.7698149681091308593750 HTTP/1.1" 499 0 "-" "WordPress/6.8.3; https://reocell.com" "-"
195.238.119.100 - - [26/Oct/2025:12:57:34 +0200 - 1.172 - 1.172] "POST /wp-admin/admin-ajax.php HTTP/1.1" 200 78 "https://reocell.com/wp-admin/admin.php?page=wpml-string-translation%2Fmenu%2Fstring-translation.php" "Mozilla/5.0 (Windows NT 10.0; Win64; x64) AppleWebKit/537.36 (KHTML, like Gecko) Chrome/141.0.0.0 Safari/537.36" "-"
114.119.158.82 - - [26/Oct/2025:12:57:35 +0200 - 0.869 - 0.872] "GET /en/products/alocell-croniva HTTP/1.1" 301 5 "https://reocell.com/en/cellular-products-reocell/" "Mozilla/5.0 (Linux; Android 7.0;) AppleWebKit/537.36 (KHTML, like Gecko) Mobile Safari/537.36 (compatible; PetalBot;+https://webmaster.petalsearch.com/site/petalbot)" "-"
114.119.158.82 - - [26/Oct/2025:12:57:37 +0200 - 1.012 - 1.012] "GET /en/products/alocell-croniva/ HTTP/1.1" 200 15731 "https://reocell.com/en/cellular-products-reocell/" "Mozilla/5.0 (Linux; Android 7.0;) AppleWebKit/537.36 (KHTML, like Gecko) Mobile Safari/537.36 (compatible; PetalBot;+https://webmaster.petalsearch.com/site/petalbot)" "-"
198.235.24.41 - - [26/Oct/2025:12:58:05 +0200 - 0.278 - 0.012] "GET / HTTP/1.1" 200 118706 "-" "-" "-"
31.131.20.181 - - [26/Oct/2025:12:58:08 +0200 - 0.001 - 0.000] "POST /wp-cron.php?doing_wp_cron=1761476288.6726911067962646484375 HTTP/1.1" 499 0 "-" "WordPress/6.8.3; https://reocell.com" "-"
195.238.119.100 - - [26/Oct/2025:12:58:08 +0200 - 1.086 - 1.084] "POST /wp-admin/admin-ajax.php HTTP/1.1" 200 112 "https://reocell.com/wp-admin/post.php?post=845&action=edit&lang=en" "Mozilla/5.0 (Windows NT 10.0; Win64; x64) AppleWebKit/537.36 (KHTML, like Gecko) Chrome/141.0.0.0 Safari/537.36" "-"
31.131.20.181 - - [26/Oct/2025:12:59:35 +0200 - 0.000 - 0.000] "POST /wp-cron.php?doing_wp_cron=1761476375.8332309722900390625000 HTTP/1.1" 499 0 "-" "WordPress/6.8.3; https://reocell.com" "-"
195.238.119.100 - - [26/Oct/2025:12:59:35 +0200 - 1.223 - 1.224] "POST /wp-admin/admin-ajax.php HTTP/1.1" 200 78 "https://reocell.com/wp-admin/admin.php?page=wpml-string-translation%2Fmenu%2Fstring-translation.php" "Mozilla/5.0 (Windows NT 10.0; Win64; x64) AppleWebKit/537.36 (KHTML, like Gecko) Chrome/141.0.0.0 Safari/537.36" "-"
31.131.20.181 - - [26/Oct/2025:13:00:09 +0200 - 0.000 - 0.000] "POST /wp-cron.php?doing_wp_cron=1761476409.9650480747222900390625 HTTP/1.1" 499 0 "-" "WordPress/6.8.3; https://reocell.com" "-"
195.238.119.100 - - [26/Oct/2025:13:00:10 +0200 - 1.332 - 1.332] "POST /wp-admin/admin-ajax.php HTTP/1.1" 200 112 "https://reocell.com/wp-admin/post.php?post=845&action=edit&lang=en" "Mozilla/5.0 (Windows NT 10.0; Win64; x64) AppleWebKit/537.36 (KHTML, like Gecko) Chrome/141.0.0.0 Safari/537.36" "-"
49.13.130.29 - - [26/Oct/2025:13:00:36 +0200 - 0.906 - 0.908] "HEAD / HTTP/1.1" 200 0 "https://reocell.com/" "Mozilla/5.0+(compatible; UptimeRobot/2.0; http://www.uptimerobot.com/)" "-"
31.131.20.181 - - [26/Oct/2025:13:01:37 +0200 - 0.000 - 0.000] "POST /wp-cron.php?doing_wp_cron=1761476497.8798160552978515625000 HTTP/1.1" 499 0 "-" "WordPress/6.8.3; https://reocell.com/en/" "-"
31.131.20.181 - - [26/Oct/2025:13:01:38 +0200 - 1.201 - 1.200] "GET /en/wp-json/ HTTP/1.1" 200 18039 "-" "WordPress/6.8.3; https://reocell.com" "-"
195.238.119.100 - - [26/Oct/2025:13:01:38 +0200 - 2.299 - 2.296] "POST /wp-admin/admin-ajax.php HTTP/1.1" 200 78 "https://reocell.com/wp-admin/admin.php?page=wpml-string-translation%2Fmenu%2Fstring-translation.php" "Mozilla/5.0 (Windows NT 10.0; Win64; x64) AppleWebKit/537.36 (KHTML, like Gecko) Chrome/141.0.0.0 Safari/537.36" "-"
31.131.20.181 - - [26/Oct/2025:13:02:11 +0200 - 0.001 - 0.000] "POST /wp-cron.php?doing_wp_cron=1761476531.1317338943481445312500 HTTP/1.1" 499 0 "-" "WordPress/6.8.3; https://reocell.com" "-"
195.238.119.100 - - [26/Oct/2025:13:02:11 +0200 - 1.726 - 1.729] "POST /wp-admin/admin-ajax.php HTTP/1.1" 200 112 "https://reocell.com/wp-admin/post.php?post=845&action=edit&lang=en" "Mozilla/5.0 (Windows NT 10.0; Win64; x64) AppleWebKit/537.36 (KHTML, like Gecko) Chrome/141.0.0.0 Safari/537.36" "-"
31.131.20.181 - - [26/Oct/2025:13:03:37 +0200 - 0.001 - 0.000] "POST /wp-cron.php?doing_wp_cron=1761476617.8373460769653320312500 HTTP/1.1" 499 0 "-" "WordPress/6.8.3; https://reocell.com" "-"
195.238.119.100 - - [26/Oct/2025:13:03:37 +0200 - 1.278 - 1.280] "POST /wp-admin/admin-ajax.php HTTP/1.1" 200 78 "https://reocell.com/wp-admin/admin.php?page=wpml-string-translation%2Fmenu%2Fstring-translation.php" "Mozilla/5.0 (Windows NT 10.0; Win64; x64) AppleWebKit/537.36 (KHTML, like Gecko) Chrome/141.0.0.0 Safari/537.36" "-"
31.131.20.181 - - [26/Oct/2025:13:04:11 +0200 - 0.000 - 0.004] "POST /wp-cron.php?doing_wp_cron=1761476651.9173250198364257812500 HTTP/1.1" 499 0 "-" "WordPress/6.8.3; https://reocell.com" "-"
195.238.119.100 - - [26/Oct/2025:13:04:11 +0200 - 1.300 - 1.300] "POST /wp-admin/admin-ajax.php HTTP/1.1" 200 112 "https://reocell.com/wp-admin/post.php?post=845&action=edit&lang=en" "Mozilla/5.0 (Windows NT 10.0; Win64; x64) AppleWebKit/537.36 (KHTML, like Gecko) Chrome/141.0.0.0 Safari/537.36" "-"
31.131.20.181 - - [26/Oct/2025:13:05:38 +0200 - 0.001 - 0.000] "POST /wp-cron.php?doing_wp_cron=1761476738.8093380928039550781250 HTTP/1.1" 499 0 "-" "WordPress/6.8.3; https://reocell.com" "-"
195.238.119.100 - - [26/Oct/2025:13:05:38 +0200 - 1.215 - 1.216] "POST /wp-admin/admin-ajax.php HTTP/1.1" 200 78 "https://reocell.com/wp-admin/admin.php?page=wpml-string-translation%2Fmenu%2Fstring-translation.php" "Mozilla/5.0 (Windows NT 10.0; Win64; x64) AppleWebKit/537.36 (KHTML, like Gecko) Chrome/141.0.0.0 Safari/537.36" "-"
167.235.143.113 - - [26/Oct/2025:13:05:41 +0200 - 0.868 - 0.868] "HEAD / HTTP/1.1" 200 0 "https://reocell.com/" "Mozilla/5.0+(compatible; UptimeRobot/2.0; http://www.uptimerobot.com/)" "-"
31.131.20.181 - - [26/Oct/2025:13:06:12 +0200 - 0.001 - 0.000] "POST /wp-cron.php?doing_wp_cron=1761476772.6726920604705810546875 HTTP/1.1" 499 0 "-" "WordPress/6.8.3; https://reocell.com" "-"
195.238.119.100 - - [26/Oct/2025:13:06:12 +0200 - 1.074 - 1.072] "POST /wp-admin/admin-ajax.php HTTP/1.1" 200 112 "https://reocell.com/wp-admin/post.php?post=845&action=edit&lang=en" "Mozilla/5.0 (Windows NT 10.0; Win64; x64) AppleWebKit/537.36 (KHTML, like Gecko) Chrome/141.0.0.0 Safari/537.36" "-"
31.131.20.181 - - [26/Oct/2025:13:07:39 +0200 - 0.001 - 0.000] "POST /wp-cron.php?doing_wp_cron=1761476859.7591409683227539062500 HTTP/1.1" 499 0 "-" "WordPress/6.8.3; https://reocell.com" "-"
195.238.119.100 - - [26/Oct/2025:13:07:39 +0200 - 1.153 - 1.152] "POST /wp-admin/admin-ajax.php HTTP/1.1" 200 78 "https://reocell.com/wp-admin/admin.php?page=wpml-string-translation%2Fmenu%2Fstring-translation.php" "Mozilla/5.0 (Windows NT 10.0; Win64; x64) AppleWebKit/537.36 (KHTML, like Gecko) Chrome/141.0.0.0 Safari/537.36" "-"
152.53.193.46 - - [26/Oct/2025:13:08:04 +0200 - 0.022 - 0.020] "GET /wp-login.php HTTP/1.1" 200 4069 "-" "Mozilla/5.0 (Macintosh; Intel Mac OS X 10_11_6) AppleWebKit/604.4.7 (KHTML, like Gecko) Version/11.0.2 Safari/604.4.7" "-"
31.131.20.181 - - [26/Oct/2025:13:08:09 +0200 - 0.000 - 0.000] "POST /wp-cron.php?doing_wp_cron=1761476889.8702468872070312500000 HTTP/1.1" 499 0 "-" "WordPress/6.8.3; https://reocell.com" "-"
152.53.193.46 - - [26/Oct/2025:13:08:10 +0200 - 0.979 - 0.976] "POST /wp-login.php HTTP/1.1" 403 4162 "https://reocell.com/wp-login.php" "Mozilla/5.0 (Macintosh; Intel Mac OS X 10_11_6) AppleWebKit/604.4.7 (KHTML, like Gecko) Version/11.0.2 Safari/604.4.7" "-"
85.208.96.201 - - [26/Oct/2025:13:08:12 +0200 - 0.769 - 0.768] "GET /robots.txt HTTP/1.1" 200 179 "-" "Mozilla/5.0 (compatible; SemrushBot/7~bl; +http://www.semrush.com/bot.html)" "-"
195.238.119.100 - - [26/Oct/2025:13:08:13 +0200 - 0.969 - 0.968] "POST /wp-admin/admin-ajax.php HTTP/1.1" 200 112 "https://reocell.com/wp-admin/post.php?post=845&action=edit&lang=en" "Mozilla/5.0 (Windows NT 10.0; Win64; x64) AppleWebKit/537.36 (KHTML, like Gecko) Chrome/141.0.0.0 Safari/537.36" "-"
185.191.171.4 - - [26/Oct/2025:13:08:14 +0200 - 0.956 - 0.956] "GET /en/products/alocell-vital/ HTTP/1.1" 200 15155 "-" "Mozilla/5.0 (compatible; SemrushBot/7~bl; +http://www.semrush.com/bot.html)" "-"
31.131.20.181 - - [26/Oct/2025:13:09:40 +0200 - 0.000 - 0.000] "POST /wp-cron.php?doing_wp_cron=1761476980.7678461074829101562500 HTTP/1.1" 499 0 "-" "WordPress/6.8.3; https://reocell.com" "-"
195.238.119.100 - - [26/Oct/2025:13:09:40 +0200 - 1.153 - 1.152] "POST /wp-admin/admin-ajax.php HTTP/1.1" 200 78 "https://reocell.com/wp-admin/admin.php?page=wpml-string-translation%2Fmenu%2Fstring-translation.php" "Mozilla/5.0 (Windows NT 10.0; Win64; x64) AppleWebKit/537.36 (KHTML, like Gecko) Chrome/141.0.0.0 Safari/537.36" "-"
31.131.20.181 - - [26/Oct/2025:13:10:14 +0200 - 0.000 - 0.000] "POST /wp-cron.php?doing_wp_cron=1761477014.7786359786987304687500 HTTP/1.1" 499 0 "-" "WordPress/6.8.3; https://reocell.com" "-"
195.238.119.100 - - [26/Oct/2025:13:10:14 +0200 - 1.230 - 1.232] "POST /wp-admin/admin-ajax.php HTTP/1.1" 200 112 "https://reocell.com/wp-admin/post.php?post=845&action=edit&lang=en" "Mozilla/5.0 (Windows NT 10.0; Win64; x64) AppleWebKit/537.36 (KHTML, like Gecko) Chrome/141.0.0.0 Safari/537.36" "-"
49.13.130.29 - - [26/Oct/2025:13:10:46 +0200 - 1.072 - 1.072] "HEAD / HTTP/1.1" 200 0 "https://reocell.com/" "Mozilla/5.0+(compatible; UptimeRobot/2.0; http://www.uptimerobot.com/)" "-"
31.131.20.181 - - [26/Oct/2025:13:11:41 +0200 - 0.000 - 0.000] "POST /wp-cron.php?doing_wp_cron=1761477101.8395309448242187500000 HTTP/1.1" 499 0 "-" "WordPress/6.8.3; https://reocell.com" "-"
195.238.119.100 - - [26/Oct/2025:13:11:41 +0200 - 1.229 - 1.228] "POST /wp-admin/admin-ajax.php HTTP/1.1" 200 78 "https://reocell.com/wp-admin/admin.php?page=wpml-string-translation%2Fmenu%2Fstring-translation.php" "Mozilla/5.0 (Windows NT 10.0; Win64; x64) AppleWebKit/537.36 (KHTML, like Gecko) Chrome/141.0.0.0 Safari/537.36" "-"
31.131.20.181 - - [26/Oct/2025:13:12:15 +0200 - 0.001 - 0.000] "POST /wp-cron.php?doing_wp_cron=1761477135.6926789283752441406250 HTTP/1.1" 499 0 "-" "WordPress/6.8.3; https://reocell.com" "-"
195.238.119.100 - - [26/Oct/2025:13:12:15 +0200 - 1.121 - 1.120] "POST /wp-admin/admin-ajax.php HTTP/1.1" 200 112 "https://reocell.com/wp-admin/post.php?post=845&action=edit&lang=en" "Mozilla/5.0 (Windows NT 10.0; Win64; x64) AppleWebKit/537.36 (KHTML, like Gecko) Chrome/141.0.0.0 Safari/537.36" "-"
31.131.20.181 - - [26/Oct/2025:13:13:42 +0200 - 0.000 - 0.000] "POST /wp-cron.php?doing_wp_cron=1761477222.7273519039154052734375 HTTP/1.1" 499 0 "-" "WordPress/6.8.3; https://reocell.com" "-"
195.238.119.100 - - [26/Oct/2025:13:13:42 +0200 - 1.100 - 1.100] "POST /wp-admin/admin-ajax.php HTTP/1.1" 200 78 "https://reocell.com/wp-admin/admin.php?page=wpml-string-translation%2Fmenu%2Fstring-translation.php" "Mozilla/5.0 (Windows NT 10.0; Win64; x64) AppleWebKit/537.36 (KHTML, like Gecko) Chrome/141.0.0.0 Safari/537.36" "-"
212.227.171.141 - - [26/Oct/2025:13:14:08 +0200 - 0.015 - 0.016] "GET /wp-login.php HTTP/1.1" 200 4069 "-" "Mozilla/5.0 (Windows NT 6.3; Win64; x64) AppleWebKit/537.36 (KHTML, like Gecko) Chrome/67.0.3396.87 Safari/537.36" "-"
31.131.20.181 - - [26/Oct/2025:13:14:11 +0200 - 0.000 - 0.000] "POST /wp-cron.php?doing_wp_cron=1761477251.7796809673309326171875 HTTP/1.1" 499 0 "-" "WordPress/6.8.3; https://reocell.com" "-"
212.227.171.141 - - [26/Oct/2025:13:14:11 +0200 - 1.234 - 0.964] "POST /wp-login.php HTTP/1.1" 403 4162 "https://reocell.com/wp-login.php" "Mozilla/5.0 (Windows NT 6.3; Win64; x64) AppleWebKit/537.36 (KHTML, like Gecko) Chrome/67.0.3396.87 Safari/537.36" "-"
195.238.119.100 - - [26/Oct/2025:13:14:16 +0200 - 1.019 - 1.017] "POST /wp-admin/admin-ajax.php HTTP/1.1" 200 112 "https://reocell.com/wp-admin/post.php?post=845&action=edit&lang=en" "Mozilla/5.0 (Windows NT 10.0; Win64; x64) AppleWebKit/537.36 (KHTML, like Gecko) Chrome/141.0.0.0 Safari/537.36" "-"
31.131.20.181 - - [26/Oct/2025:13:15:43 +0200 - 0.000 - 0.000] "POST /wp-cron.php?doing_wp_cron=1761477343.7509150505065917968750 HTTP/1.1" 499 0 "-" "WordPress/6.8.3; https://reocell.com" "-"
195.238.119.100 - - [26/Oct/2025:13:15:43 +0200 - 1.139 - 1.136] "POST /wp-admin/admin-ajax.php HTTP/1.1" 200 78 "https://reocell.com/wp-admin/admin.php?page=wpml-string-translation%2Fmenu%2Fstring-translation.php" "Mozilla/5.0 (Windows NT 10.0; Win64; x64) AppleWebKit/537.36 (KHTML, like Gecko) Chrome/141.0.0.0 Safari/537.36" "-"
31.131.20.181 - - [26/Oct/2025:13:15:51 +0200 - 0.001 - 0.000] "POST /wp-cron.php?doing_wp_cron=1761477351.5196759700775146484375 HTTP/1.1" 499 0 "-" "WordPress/6.8.3; https://reocell.com" "-"
49.13.130.29 - - [26/Oct/2025:13:15:51 +0200 - 0.773 - 0.772] "HEAD / HTTP/1.1" 200 0 "https://reocell.com/" "Mozilla/5.0+(compatible; UptimeRobot/2.0; http://www.uptimerobot.com/)" "-"
195.238.119.100 - - [26/Oct/2025:13:16:17 +0200 - 1.096 - 1.096] "POST /wp-admin/admin-ajax.php HTTP/1.1" 200 112 "https://reocell.com/wp-admin/post.php?post=845&action=edit&lang=en" "Mozilla/5.0 (Windows NT 10.0; Win64; x64) AppleWebKit/537.36 (KHTML, like Gecko) Chrome/141.0.0.0 Safari/537.36" "-"
40.77.167.14 - - [26/Oct/2025:13:16:33 +0200 - 1.077 - 1.080] "GET /reocell-clinic-my-vzhe-praczyuyemo/ HTTP/1.1" 200 17515 "-" "Mozilla/5.0 AppleWebKit/537.36 (KHTML, like Gecko; compatible; bingbot/2.0; +http://www.bing.com/bingbot.htm) Chrome/116.0.1938.76 Safari/537.36" "-"
31.131.20.181 - - [26/Oct/2025:13:17:44 +0200 - 0.000 - 0.000] "POST /wp-cron.php?doing_wp_cron=1761477464.7252290248870849609375 HTTP/1.1" 499 0 "-" "WordPress/6.8.3; https://reocell.com" "-"
195.238.119.100 - - [26/Oct/2025:13:17:44 +0200 - 1.185 - 1.184] "POST /wp-admin/admin-ajax.php HTTP/1.1" 200 78 "https://reocell.com/wp-admin/admin.php?page=wpml-string-translation%2Fmenu%2Fstring-translation.php" "Mozilla/5.0 (Windows NT 10.0; Win64; x64) AppleWebKit/537.36 (KHTML, like Gecko) Chrome/141.0.0.0 Safari/537.36" "-"
31.131.20.181 - - [26/Oct/2025:13:18:18 +0200 - 0.001 - 0.000] "POST /wp-cron.php?doing_wp_cron=1761477498.7377099990844726562500 HTTP/1.1" 499 0 "-" "WordPress/6.8.3; https://reocell.com" "-"
195.238.119.100 - - [26/Oct/2025:13:18:18 +0200 - 1.131 - 1.128] "POST /wp-admin/admin-ajax.php HTTP/1.1" 200 112 "https://reocell.com/wp-admin/post.php?post=845&action=edit&lang=en" "Mozilla/5.0 (Windows NT 10.0; Win64; x64) AppleWebKit/537.36 (KHTML, like Gecko) Chrome/141.0.0.0 Safari/537.36" "-"
31.131.20.181 - - [26/Oct/2025:13:19:45 +0200 - 0.001 - 0.000] "POST /wp-cron.php?doing_wp_cron=1761477585.7621240615844726562500 HTTP/1.1" 499 0 "-" "WordPress/6.8.3; https://reocell.com" "-"
195.238.119.100 - - [26/Oct/2025:13:19:45 +0200 - 1.099 - 1.096] "POST /wp-admin/admin-ajax.php HTTP/1.1" 200 78 "https://reocell.com/wp-admin/admin.php?page=wpml-string-translation%2Fmenu%2Fstring-translation.php" "Mozilla/5.0 (Windows NT 10.0; Win64; x64) AppleWebKit/537.36 (KHTML, like Gecko) Chrome/141.0.0.0 Safari/537.36" "-"
31.131.20.181 - - [26/Oct/2025:13:19:55 +0200 - 0.000 - 0.000] "POST /wp-cron.php?doing_wp_cron=1761477595.8369998931884765625000 HTTP/1.1" 499 0 "-" "WordPress/6.8.3; https://reocell.com/en/" "-"
51.195.215.219 - - [26/Oct/2025:13:19:56 +0200 - 1.004 - 1.000] "GET /en/products/alocell-vital/ HTTP/1.1" 200 15742 "-" "Mozilla/5.0 (compatible; AhrefsBot/7.0; +http://ahrefs.com/robot/)" "-"
195.238.119.100 - - [26/Oct/2025:13:20:19 +0200 - 1.064 - 1.064] "POST /wp-admin/admin-ajax.php HTTP/1.1" 200 111 "https://reocell.com/wp-admin/post.php?post=845&action=edit&lang=en" "Mozilla/5.0 (Windows NT 10.0; Win64; x64) AppleWebKit/537.36 (KHTML, like Gecko) Chrome/141.0.0.0 Safari/537.36" "-"
31.131.20.181 - - [26/Oct/2025:13:20:57 +0200 - 0.000 - 0.000] "POST /wp-cron.php?doing_wp_cron=1761477657.4120171070098876953125 HTTP/1.1" 499 0 "-" "WordPress/6.8.3; https://reocell.com" "-"
49.13.130.29 - - [26/Oct/2025:13:20:57 +0200 - 0.843 - 0.844] "HEAD / HTTP/1.1" 200 0 "https://reocell.com/" "Mozilla/5.0+(compatible; UptimeRobot/2.0; http://www.uptimerobot.com/)" "-"
195.238.119.100 - - [26/Oct/2025:13:21:46 +0200 - 1.061 - 1.060] "POST /wp-admin/admin-ajax.php HTTP/1.1" 200 78 "https://reocell.com/wp-admin/admin.php?page=wpml-string-translation%2Fmenu%2Fstring-translation.php" "Mozilla/5.0 (Windows NT 10.0; Win64; x64) AppleWebKit/537.36 (KHTML, like Gecko) Chrome/141.0.0.0 Safari/537.36" "-"
31.131.20.181 - - [26/Oct/2025:13:22:20 +0200 - 0.001 - 0.000] "POST /wp-cron.php?doing_wp_cron=1761477740.6779220104217529296875 HTTP/1.1" 499 0 "-" "WordPress/6.8.3; https://reocell.com" "-"
195.238.119.100 - - [26/Oct/2025:13:22:20 +0200 - 1.096 - 1.096] "POST /wp-admin/admin-ajax.php HTTP/1.1" 200 112 "https://reocell.com/wp-admin/post.php?post=845&action=edit&lang=en" "Mozilla/5.0 (Windows NT 10.0; Win64; x64) AppleWebKit/537.36 (KHTML, like Gecko) Chrome/141.0.0.0 Safari/537.36" "-"
31.131.20.181 - - [26/Oct/2025:13:23:47 +0200 - 0.000 - 0.000] "POST /wp-cron.php?doing_wp_cron=1761477827.7494180202484130859375 HTTP/1.1" 499 0 "-" "WordPress/6.8.3; https://reocell.com" "-"
195.238.119.100 - - [26/Oct/2025:13:23:47 +0200 - 1.162 - 1.160] "POST /wp-admin/admin-ajax.php HTTP/1.1" 200 78 "https://reocell.com/wp-admin/admin.php?page=wpml-string-translation%2Fmenu%2Fstring-translation.php" "Mozilla/5.0 (Windows NT 10.0; Win64; x64) AppleWebKit/537.36 (KHTML, like Gecko) Chrome/141.0.0.0 Safari/537.36" "-"
31.131.20.181 - - [26/Oct/2025:13:24:21 +0200 - 0.003 - 0.004] "POST /wp-cron.php?doing_wp_cron=1761477861.7353620529174804687500 HTTP/1.1" 499 0 "-" "WordPress/6.8.3; https://reocell.com" "-"
195.238.119.100 - - [26/Oct/2025:13:24:21 +0200 - 1.156 - 1.156] "POST /wp-admin/admin-ajax.php HTTP/1.1" 200 112 "https://reocell.com/wp-admin/post.php?post=845&action=edit&lang=en" "Mozilla/5.0 (Windows NT 10.0; Win64; x64) AppleWebKit/537.36 (KHTML, like Gecko) Chrome/141.0.0.0 Safari/537.36" "-"
31.131.20.181 - - [26/Oct/2025:13:25:48 +0200 - 0.000 - 0.000] "POST /wp-cron.php?doing_wp_cron=1761477948.6989159584045410156250 HTTP/1.1" 499 0 "-" "WordPress/6.8.3; https://reocell.com" "-"
195.238.119.100 - - [26/Oct/2025:13:25:48 +0200 - 1.075 - 1.076] "POST /wp-admin/admin-ajax.php HTTP/1.1" 200 78 "https://reocell.com/wp-admin/admin.php?page=wpml-string-translation%2Fmenu%2Fstring-translation.php" "Mozilla/5.0 (Windows NT 10.0; Win64; x64) AppleWebKit/537.36 (KHTML, like Gecko) Chrome/141.0.0.0 Safari/537.36" "-"
128.140.106.114 - - [26/Oct/2025:13:26:02 +0200 - 0.998 - 0.996] "HEAD / HTTP/1.1" 200 0 "https://reocell.com/" "Mozilla/5.0+(compatible; UptimeRobot/2.0; http://www.uptimerobot.com/)" "-"
195.238.119.100 - - [26/Oct/2025:13:26:22 +0200 - 1.042 - 1.040] "POST /wp-admin/admin-ajax.php HTTP/1.1" 200 112 "https://reocell.com/wp-admin/post.php?post=845&action=edit&lang=en" "Mozilla/5.0 (Windows NT 10.0; Win64; x64) AppleWebKit/537.36 (KHTML, like Gecko) Chrome/141.0.0.0 Safari/537.36" "-"
31.131.20.181 - - [26/Oct/2025:13:27:49 +0200 - 0.000 - 0.000] "POST /wp-cron.php?doing_wp_cron=1761478069.7547519207000732421875 HTTP/1.1" 499 0 "-" "WordPress/6.8.3; https://reocell.com" "-"
195.238.119.100 - - [26/Oct/2025:13:27:49 +0200 - 1.159 - 1.156] "POST /wp-admin/admin-ajax.php HTTP/1.1" 200 78 "https://reocell.com/wp-admin/admin.php?page=wpml-string-translation%2Fmenu%2Fstring-translation.php" "Mozilla/5.0 (Windows NT 10.0; Win64; x64) AppleWebKit/537.36 (KHTML, like Gecko) Chrome/141.0.0.0 Safari/537.36" "-"
195.238.119.100 - - [26/Oct/2025:13:28:23 +0200 - 1.102 - 1.104] "POST /wp-admin/admin-ajax.php HTTP/1.1" 200 112 "https://reocell.com/wp-admin/post.php?post=845&action=edit&lang=en" "Mozilla/5.0 (Windows NT 10.0; Win64; x64) AppleWebKit/537.36 (KHTML, like Gecko) Chrome/141.0.0.0 Safari/537.36" "-"
20.171.207.238 - - [26/Oct/2025:13:28:35 +0200 - 0.761 - 0.764] "GET /en/privacy-policy/%20https:/uf.ua%20 HTTP/1.1" 301 5 "-" "Mozilla/5.0 AppleWebKit/537.36 (KHTML, like Gecko; compatible; GPTBot/1.2; +https://openai.com/gptbot)" "-"
20.171.207.238 - - [26/Oct/2025:13:28:36 +0200 - 0.941 - 0.940] "GET /en/privacy-policy/%20https:/uf.ua HTTP/1.1" 404 11585 "-" "Mozilla/5.0 AppleWebKit/537.36 (KHTML, like Gecko; compatible; GPTBot/1.2; +https://openai.com/gptbot)" "-"
148.72.247.255 - - [26/Oct/2025:13:29:44 +0200 - 0.019 - 0.020] "GET /wp-login.php HTTP/1.1" 200 4069 "-" "Mozilla/5.0 (Windows NT 10.0; Win64; x64) AppleWebKit/537.36 (KHTML, like Gecko) Chrome/130.0.0.0 Safari/537.36" "-"
31.131.20.181 - - [26/Oct/2025:13:29:47 +0200 - 0.000 - 0.000] "POST /wp-cron.php?doing_wp_cron=1761478187.0916590690612792968750 HTTP/1.1" 499 0 "-" "WordPress/6.8.3; https://reocell.com" "-"
148.72.247.255 - - [26/Oct/2025:13:29:47 +0200 - 0.983 - 0.980] "POST /wp-login.php HTTP/1.1" 403 4154 "https://reocell.com/wp-login.php" "Mozilla/5.0 (Windows NT 10.0; Win64; x64) AppleWebKit/537.36 (KHTML, like Gecko) Chrome/130.0.0.0 Safari/537.36" "-"
31.131.20.181 - - [26/Oct/2025:13:29:50 +0200 - 0.001 - 0.000] "POST /wp-cron.php?doing_wp_cron=1761478190.6551499366760253906250 HTTP/1.1" 499 0 "-" "WordPress/6.8.3; https://reocell.com" "-"
195.238.119.100 - - [26/Oct/2025:13:29:50 +0200 - 1.104 - 1.104] "POST /wp-admin/admin-ajax.php HTTP/1.1" 200 78 "https://reocell.com/wp-admin/admin.php?page=wpml-string-translation%2Fmenu%2Fstring-translation.php" "Mozilla/5.0 (Windows NT 10.0; Win64; x64) AppleWebKit/537.36 (KHTML, like Gecko) Chrome/141.0.0.0 Safari/537.36" "-"
31.220.92.9 - - [26/Oct/2025:13:30:08 +0200 - 0.021 - 0.020] "GET /wp-login.php HTTP/1.1" 200 4069 "-" "Mozilla/5.0 (Windows NT 10.0; Win64; x64) AppleWebKit/537.36 (KHTML, like Gecko) Chrome/130.0.0.0 Safari/537.36" "-"
31.220.92.9 - - [26/Oct/2025:13:30:10 +0200 - 1.099 - 1.100] "POST /wp-login.php HTTP/1.1" 403 4200 "https://reocell.com/wp-login.php" "Mozilla/5.0 (Windows NT 10.0; Win64; x64) AppleWebKit/537.36 (KHTML, like Gecko) Chrome/130.0.0.0 Safari/537.36" "-"
195.238.119.100 - - [26/Oct/2025:13:30:24 +0200 - 1.183 - 1.184] "POST /wp-admin/admin-ajax.php HTTP/1.1" 200 112 "https://reocell.com/wp-admin/post.php?post=845&action=edit&lang=en" "Mozilla/5.0 (Windows NT 10.0; Win64; x64) AppleWebKit/537.36 (KHTML, like Gecko) Chrome/141.0.0.0 Safari/537.36" "-"
92.205.20.105 - - [26/Oct/2025:13:30:53 +0200 - 0.014 - 0.012] "GET /wp-login.php HTTP/1.1" 200 4069 "-" "Mozilla/5.0 (Windows NT 10.0; Win64; x64) AppleWebKit/537.36 (KHTML, like Gecko) Chrome/130.0.0.0 Safari/537.36" "-"
31.131.20.181 - - [26/Oct/2025:13:30:56 +0200 - 0.000 - 0.000] "POST /wp-cron.php?doing_wp_cron=1761478256.2977159023284912109375 HTTP/1.1" 499 0 "-" "WordPress/6.8.3; https://reocell.com" "-"
92.205.20.105 - - [26/Oct/2025:13:30:56 +0200 - 1.029 - 1.028] "POST /wp-login.php HTTP/1.1" 403 4197 "https://reocell.com/wp-login.php" "Mozilla/5.0 (Windows NT 10.0; Win64; x64) AppleWebKit/537.36 (KHTML, like Gecko) Chrome/130.0.0.0 Safari/537.36" "-"
142.132.180.39 - - [26/Oct/2025:13:31:07 +0200 - 0.840 - 0.840] "HEAD / HTTP/1.1" 200 0 "https://reocell.com/" "Mozilla/5.0+(compatible; UptimeRobot/2.0; http://www.uptimerobot.com/)" "-"
31.131.20.181 - - [26/Oct/2025:13:31:51 +0200 - 0.001 - 0.000] "POST /wp-cron.php?doing_wp_cron=1761478311.7168800830841064453125 HTTP/1.1" 499 0 "-" "WordPress/6.8.3; https://reocell.com" "-"
195.238.119.100 - - [26/Oct/2025:13:31:51 +0200 - 1.104 - 1.104] "POST /wp-admin/admin-ajax.php HTTP/1.1" 200 78 "https://reocell.com/wp-admin/admin.php?page=wpml-string-translation%2Fmenu%2Fstring-translation.php" "Mozilla/5.0 (Windows NT 10.0; Win64; x64) AppleWebKit/537.36 (KHTML, like Gecko) Chrome/141.0.0.0 Safari/537.36" "-"
103.152.248.8 - - [26/Oct/2025:13:31:57 +0200 - 0.004 - 0.000] "GET /wp-login.php HTTP/1.1" 200 4069 "-" "Mozilla/5.0 (Windows NT 10.0; Win64; x64) AppleWebKit/537.36 (KHTML, like Gecko) Chrome/130.0.0.0 Safari/537.36" "-"
103.152.248.8 - - [26/Oct/2025:13:32:02 +0200 - 1.658 - 1.156] "POST /wp-login.php HTTP/1.1" 403 4154 "https://reocell.com/wp-login.php" "Mozilla/5.0 (Windows NT 10.0; Win64; x64) AppleWebKit/537.36 (KHTML, like Gecko) Chrome/130.0.0.0 Safari/537.36" "-"
195.238.119.100 - - [26/Oct/2025:13:32:25 +0200 - 1.046 - 1.044] "POST /wp-admin/admin-ajax.php HTTP/1.1" 200 112 "https://reocell.com/wp-admin/post.php?post=845&action=edit&lang=en" "Mozilla/5.0 (Windows NT 10.0; Win64; x64) AppleWebKit/537.36 (KHTML, like Gecko) Chrome/141.0.0.0 Safari/537.36" "-"
205.185.120.218 - - [26/Oct/2025:13:33:29 +0200 - 0.014 - 0.012] "GET /wp-login.php HTTP/1.1" 200 4069 "-" "Mozilla/5.0 (X11; Linux x86_64; rv:31.0) Gecko/20100101 Firefox/31.0" "-"
205.185.120.218 - - [26/Oct/2025:13:33:30 +0200 - 0.003 - 0.004] "GET /wp-login.php HTTP/1.1" 200 4069 "-" "Mozilla/5.0 (X11; Linux x86_64; rv:31.0) Gecko/20100101 Firefox/31.0" "-"
31.131.20.181 - - [26/Oct/2025:13:33:32 +0200 - 0.000 - 0.000] "POST /wp-cron.php?doing_wp_cron=1761478412.3421769142150878906250 HTTP/1.1" 499 0 "-" "WordPress/6.8.3; https://reocell.com" "-"
205.185.120.218 - - [26/Oct/2025:13:33:32 +0200 - 1.991 - 1.992] "GET /wp-admin/themes.php HTTP/1.1" 302 5 "-" "python-requests/2.27.1" "-"
205.185.120.218 - - [26/Oct/2025:13:33:33 +0200 - 0.857 - 0.856] "GET /wp-login.php?redirect_to=https%3A%2F%2Freocell.com%2Fwp-admin%2Fthemes.php&reauth=1 HTTP/1.1" 200 3291 "-" "python-requests/2.27.1" "-"
205.185.120.218 - - [26/Oct/2025:13:33:34 +0200 - 1.013 - 1.012] "GET /wp-admin/plugin-install.php?tab=upload HTTP/1.1" 302 5 "-" "python-requests/2.27.1" "-"
205.185.120.218 - - [26/Oct/2025:13:33:35 +0200 - 0.851 - 0.848] "GET /wp-login.php?redirect_to=https%3A%2F%2Freocell.com%2Fwp-admin%2Fplugin-install.php%3Ftab%3Dupload&reauth=1 HTTP/1.1" 200 3305 "-" "python-requests/2.27.1" "-"
31.131.20.181 - - [26/Oct/2025:13:33:52 +0200 - 0.000 - 0.000] "POST /wp-cron.php?doing_wp_cron=1761478432.7163159847259521484375 HTTP/1.1" 499 0 "-" "WordPress/6.8.3; https://reocell.com" "-"
195.238.119.100 - - [26/Oct/2025:13:33:52 +0200 - 1.136 - 1.136] "POST /wp-admin/admin-ajax.php HTTP/1.1" 200 78 "https://reocell.com/wp-admin/admin.php?page=wpml-string-translation%2Fmenu%2Fstring-translation.php" "Mozilla/5.0 (Windows NT 10.0; Win64; x64) AppleWebKit/537.36 (KHTML, like Gecko) Chrome/141.0.0.0 Safari/537.36" "-"
66.249.66.32 - - [26/Oct/2025:13:34:02 +0200 - 1.064 - 1.064] "GET /en/post-whom/patients/feed/ HTTP/1.1" 200 6782 "-" "Mozilla/5.0 (Linux; Android 6.0.1; Nexus 5X Build/MMB29P) AppleWebKit/537.36 (KHTML, like Gecko) Chrome/141.0.7390.122 Mobile Safari/537.36 (compatible; Googlebot/2.1; +http://www.google.com/bot.html)" "-"
220.158.233.61 - - [26/Oct/2025:13:34:03 +0200 - 0.004 - 0.004] "GET /wp-login.php HTTP/1.1" 200 4069 "-" "Mozilla/5.0 (Windows NT 10.0; Win64; x64) AppleWebKit/537.36 (KHTML, like Gecko) Chrome/130.0.0.0 Safari/537.36" "-"
220.158.233.61 - - [26/Oct/2025:13:34:06 +0200 - 0.794 - 0.796] "POST /wp-login.php HTTP/1.1" 403 4197 "https://reocell.com/wp-login.php" "Mozilla/5.0 (Windows NT 10.0; Win64; x64) AppleWebKit/537.36 (KHTML, like Gecko) Chrome/130.0.0.0 Safari/537.36" "-"
31.131.20.181 - - [26/Oct/2025:13:34:26 +0200 - 0.000 - 0.000] "POST /wp-cron.php?doing_wp_cron=1761478466.7058749198913574218750 HTTP/1.1" 499 0 "-" "WordPress/6.8.3; https://reocell.com" "-"
195.238.119.100 - - [26/Oct/2025:13:34:26 +0200 - 1.116 - 1.120] "POST /wp-admin/admin-ajax.php HTTP/1.1" 200 112 "https://reocell.com/wp-admin/post.php?post=845&action=edit&lang=en" "Mozilla/5.0 (Windows NT 10.0; Win64; x64) AppleWebKit/537.36 (KHTML, like Gecko) Chrome/141.0.0.0 Safari/537.36" "-"
43.159.136.201 - - [26/Oct/2025:13:34:35 +0200 - 0.003 - 0.004] "GET / HTTP/1.1" 200 23609 "http://reocell.com" "Mozilla/5.0 (iPhone; CPU iPhone OS 13_2_3 like Mac OS X) AppleWebKit/605.1.15 (KHTML, like Gecko) Version/13.0.3 Mobile/15E148 Safari/604.1" "-"
103.152.248.8 - - [26/Oct/2025:13:35:14 +0200 - 0.014 - 0.012] "GET /wp-login.php HTTP/1.1" 200 4069 "-" "Mozilla/5.0 (Windows NT 10.0; Win64; x64) AppleWebKit/537.36 (KHTML, like Gecko) Chrome/130.0.0.0 Safari/537.36" "-"
31.131.20.181 - - [26/Oct/2025:13:35:17 +0200 - 0.001 - 0.004] "POST /wp-cron.php?doing_wp_cron=1761478517.5121450424194335937500 HTTP/1.1" 499 0 "-" "WordPress/6.8.3; https://reocell.com" "-"
103.152.248.8 - - [26/Oct/2025:13:35:17 +0200 - 1.022 - 1.020] "POST /wp-login.php HTTP/1.1" 403 4154 "https://reocell.com/wp-login.php" "Mozilla/5.0 (Windows NT 10.0; Win64; x64) AppleWebKit/537.36 (KHTML, like Gecko) Chrome/130.0.0.0 Safari/537.36" "-"
103.13.208.232 - - [26/Oct/2025:13:35:33 +0200 - 0.014 - 0.012] "GET /wp-login.php HTTP/1.1" 200 4069 "-" "Mozilla/5.0 (Windows NT 10.0; Win64; x64) AppleWebKit/537.36 (KHTML, like Gecko) Chrome/130.0.0.0 Safari/537.36" "-"
103.13.208.232 - - [26/Oct/2025:13:35:35 +0200 - 0.955 - 0.957] "POST /wp-login.php HTTP/1.1" 403 4154 "https://reocell.com/wp-login.php" "Mozilla/5.0 (Windows NT 10.0; Win64; x64) AppleWebKit/537.36 (KHTML, like Gecko) Chrome/130.0.0.0 Safari/537.36" "-"
31.131.20.181 - - [26/Oct/2025:13:35:53 +0200 - 0.002 - 0.000] "POST /wp-cron.php?doing_wp_cron=1761478553.7102289199829101562500 HTTP/1.1" 499 0 "-" "WordPress/6.8.3; https://reocell.com" "-"
195.238.119.100 - - [26/Oct/2025:13:35:53 +0200 - 1.060 - 1.056] "POST /wp-admin/admin-ajax.php HTTP/1.1" 200 78 "https://reocell.com/wp-admin/admin.php?page=wpml-string-translation%2Fmenu%2Fstring-translation.php" "Mozilla/5.0 (Windows NT 10.0; Win64; x64) AppleWebKit/537.36 (KHTML, like Gecko) Chrome/141.0.0.0 Safari/537.36" "-"
49.13.24.81 - - [26/Oct/2025:13:36:13 +0200 - 0.866 - 0.864] "HEAD / HTTP/1.1" 200 0 "https://reocell.com/" "Mozilla/5.0+(compatible; UptimeRobot/2.0; http://www.uptimerobot.com/)" "-"
195.238.119.100 - - [26/Oct/2025:13:36:27 +0200 - 1.008 - 1.008] "POST /wp-admin/admin-ajax.php HTTP/1.1" 200 112 "https://reocell.com/wp-admin/post.php?post=845&action=edit&lang=en" "Mozilla/5.0 (Windows NT 10.0; Win64; x64) AppleWebKit/537.36 (KHTML, like Gecko) Chrome/141.0.0.0 Safari/537.36" "-"
154.0.175.30 - - [26/Oct/2025:13:37:27 +0200 - 0.013 - 0.012] "GET /wp-login.php HTTP/1.1" 200 4069 "-" "Mozilla/5.0 (Windows NT 10.0; Win64; x64) AppleWebKit/537.36 (KHTML, like Gecko) Chrome/130.0.0.0 Safari/537.36" "-"
31.131.20.181 - - [26/Oct/2025:13:37:32 +0200 - 0.000 - 0.000] "POST /wp-cron.php?doing_wp_cron=1761478651.9905560016632080078125 HTTP/1.1" 499 0 "-" "WordPress/6.8.3; https://reocell.com" "-"
154.0.175.30 - - [26/Oct/2025:13:37:32 +0200 - 1.027 - 1.028] "POST /wp-login.php HTTP/1.1" 403 4154 "https://reocell.com/wp-login.php" "Mozilla/5.0 (Windows NT 10.0; Win64; x64) AppleWebKit/537.36 (KHTML, like Gecko) Chrome/130.0.0.0 Safari/537.36" "-"
31.131.20.181 - - [26/Oct/2025:13:37:54 +0200 - 0.003 - 0.000] "POST /wp-cron.php?doing_wp_cron=1761478674.8316750526428222656250 HTTP/1.1" 499 0 "-" "WordPress/6.8.3; https://reocell.com" "-"
195.238.119.100 - - [26/Oct/2025:13:37:54 +0200 - 1.258 - 1.260] "POST /wp-admin/admin-ajax.php HTTP/1.1" 200 78 "https://reocell.com/wp-admin/admin.php?page=wpml-string-translation%2Fmenu%2Fstring-translation.php" "Mozilla/5.0 (Windows NT 10.0; Win64; x64) AppleWebKit/537.36 (KHTML, like Gecko) Chrome/141.0.0.0 Safari/537.36" "-"
195.238.119.100 - - [26/Oct/2025:13:38:28 +0200 - 1.072 - 1.072] "POST /wp-admin/admin-ajax.php HTTP/1.1" 200 112 "https://reocell.com/wp-admin/post.php?post=845&action=edit&lang=en" "Mozilla/5.0 (Windows NT 10.0; Win64; x64) AppleWebKit/537.36 (KHTML, like Gecko) Chrome/141.0.0.0 Safari/537.36" "-"
45.64.185.141 - - [26/Oct/2025:13:39:03 +0200 - 0.000 - -] "POST /xmlrpc.php HTTP/1.1" 404 133 "-" "Mozilla/5.0 (Windows NT 6.3; WOW64; Trident/7.0; Touch; MASAJS; rv:11.0) like Gecko" "-"
52.242.231.163 - - [26/Oct/2025:13:39:11 +0200 - 0.015 - 0.012] "GET /wp-login.php HTTP/1.1" 200 4069 "-" "Mozilla/5.0 (Windows NT 10.0; Win64; x64) AppleWebKit/537.36 (KHTML, like Gecko) Chrome/130.0.0.0 Safari/537.36" "-"
31.131.20.181 - - [26/Oct/2025:13:39:14 +0200 - 0.000 - 0.000] "POST /wp-cron.php?doing_wp_cron=1761478754.7367439270019531250000 HTTP/1.1" 499 0 "-" "WordPress/6.8.3; https://reocell.com" "-"
52.242.231.163 - - [26/Oct/2025:13:39:14 +0200 - 0.913 - 0.912] "POST /wp-login.php HTTP/1.1" 403 4197 "https://reocell.com/wp-login.php" "Mozilla/5.0 (Windows NT 10.0; Win64; x64) AppleWebKit/537.36 (KHTML, like Gecko) Chrome/130.0.0.0 Safari/537.36" "-"
202.142.184.234 - - [26/Oct/2025:13:39:44 +0200 - 0.018 - 0.016] "GET /wp-login.php HTTP/1.1" 200 4069 "-" "Mozilla/5.0 (Windows NT 10.0; Win64; x64) AppleWebKit/537.36 (KHTML, like Gecko) Chrome/130.0.0.0 Safari/537.36" "-"
202.142.184.234 - - [26/Oct/2025:13:39:47 +0200 - 0.821 - 0.824] "POST /wp-login.php HTTP/1.1" 403 4197 "https://reocell.com/wp-login.php" "Mozilla/5.0 (Windows NT 10.0; Win64; x64) AppleWebKit/537.36 (KHTML, like Gecko) Chrome/130.0.0.0 Safari/537.36" "-"
31.131.20.181 - - [26/Oct/2025:13:39:55 +0200 - 0.002 - 0.000] "POST /wp-cron.php?doing_wp_cron=1761478795.6396489143371582031250 HTTP/1.1" 499 0 "-" "WordPress/6.8.3; https://reocell.com" "-"
195.238.119.100 - - [26/Oct/2025:13:39:55 +0200 - 1.034 - 1.036] "POST /wp-admin/admin-ajax.php HTTP/1.1" 200 78 "https://reocell.com/wp-admin/admin.php?page=wpml-string-translation%2Fmenu%2Fstring-translation.php" "Mozilla/5.0 (Windows NT 10.0; Win64; x64) AppleWebKit/537.36 (KHTML, like Gecko) Chrome/141.0.0.0 Safari/537.36" "-"
132.148.78.150 - - [26/Oct/2025:13:40:14 +0200 - 0.021 - 0.020] "GET /wp-login.php HTTP/1.1" 200 4069 "-" "Mozilla/5.0 (Windows NT 10.0; Win64; x64) AppleWebKit/537.36 (KHTML, like Gecko) Chrome/130.0.0.0 Safari/537.36" "-"
132.148.78.150 - - [26/Oct/2025:13:40:17 +0200 - 0.936 - 0.936] "POST /wp-login.php HTTP/1.1" 403 4198 "https://reocell.com/wp-login.php" "Mozilla/5.0 (Windows NT 10.0; Win64; x64) AppleWebKit/537.36 (KHTML, like Gecko) Chrome/130.0.0.0 Safari/537.36" "-"
195.238.119.100 - - [26/Oct/2025:13:40:29 +0200 - 1.126 - 1.128] "POST /wp-admin/admin-ajax.php HTTP/1.1" 200 112 "https://reocell.com/wp-admin/post.php?post=845&action=edit&lang=en" "Mozilla/5.0 (Windows NT 10.0; Win64; x64) AppleWebKit/537.36 (KHTML, like Gecko) Chrome/141.0.0.0 Safari/537.36" "-"
162.241.70.178 - - [26/Oct/2025:13:41:11 +0200 - 0.013 - 0.016] "GET /wp-login.php HTTP/1.1" 200 4069 "-" "Mozilla/5.0 (Windows NT 10.0; Win64; x64) AppleWebKit/537.36 (KHTML, like Gecko) Chrome/130.0.0.0 Safari/537.36" "-"
31.131.20.181 - - [26/Oct/2025:13:41:15 +0200 - 0.000 - 0.000] "POST /wp-cron.php?doing_wp_cron=1761478875.7929069995880126953125 HTTP/1.1" 499 0 "-" "WordPress/6.8.3; https://reocell.com" "-"
162.241.70.178 - - [26/Oct/2025:13:41:15 +0200 - 1.432 - 1.432] "POST /wp-login.php HTTP/1.1" 403 4154 "https://reocell.com/wp-login.php" "Mozilla/5.0 (Windows NT 10.0; Win64; x64) AppleWebKit/537.36 (KHTML, like Gecko) Chrome/130.0.0.0 Safari/537.36" "-"
49.13.167.123 - - [26/Oct/2025:13:41:18 +0200 - 0.778 - 0.780] "HEAD / HTTP/1.1" 200 0 "https://reocell.com/" "Mozilla/5.0+(compatible; UptimeRobot/2.0; http://www.uptimerobot.com/)" "-"
40.77.167.14 - - [26/Oct/2025:13:41:26 +0200 - 1.037 - 1.036] "GET /en/blog/ HTTP/1.1" 200 12210 "-" "Mozilla/5.0 AppleWebKit/537.36 (KHTML, like Gecko; compatible; bingbot/2.0; +http://www.bing.com/bingbot.htm) Chrome/116.0.1938.76 Safari/537.36" "-"
31.131.20.181 - - [26/Oct/2025:13:41:56 +0200 - 0.001 - 0.000] "POST /wp-cron.php?doing_wp_cron=1761478916.7441720962524414062500 HTTP/1.1" 499 0 "-" "WordPress/6.8.3; https://reocell.com" "-"
195.238.119.100 - - [26/Oct/2025:13:41:56 +0200 - 1.140 - 1.140] "POST /wp-admin/admin-ajax.php HTTP/1.1" 200 78 "https://reocell.com/wp-admin/admin.php?page=wpml-string-translation%2Fmenu%2Fstring-translation.php" "Mozilla/5.0 (Windows NT 10.0; Win64; x64) AppleWebKit/537.36 (KHTML, like Gecko) Chrome/141.0.0.0 Safari/537.36" "-"
195.238.119.100 - - [26/Oct/2025:13:42:30 +0200 - 1.095 - 1.096] "POST /wp-admin/admin-ajax.php HTTP/1.1" 200 112 "https://reocell.com/wp-admin/post.php?post=845&action=edit&lang=en" "Mozilla/5.0 (Windows NT 10.0; Win64; x64) AppleWebKit/537.36 (KHTML, like Gecko) Chrome/141.0.0.0 Safari/537.36" "-"
103.133.214.209 - - [26/Oct/2025:13:42:45 +0200 - 0.015 - 0.012] "GET /wp-login.php HTTP/1.1" 200 4069 "-" "Mozilla/5.0 (Windows NT 10.0; Win64; x64) AppleWebKit/537.36 (KHTML, like Gecko) Chrome/130.0.0.0 Safari/537.36" "-"
31.131.20.181 - - [26/Oct/2025:13:42:49 +0200 - 0.000 - 0.000] "POST /wp-cron.php?doing_wp_cron=1761478969.0622589588165283203125 HTTP/1.1" 499 0 "-" "WordPress/6.8.3; https://reocell.com" "-"
103.133.214.209 - - [26/Oct/2025:13:42:49 +0200 - 1.055 - 1.052] "POST /wp-login.php HTTP/1.1" 403 4154 "https://reocell.com/wp-login.php" "Mozilla/5.0 (Windows NT 10.0; Win64; x64) AppleWebKit/537.36 (KHTML, like Gecko) Chrome/130.0.0.0 Safari/537.36" "-"
85.215.242.6 - - [26/Oct/2025:13:43:12 +0200 - 0.013 - 0.016] "GET /wp-login.php HTTP/1.1" 200 4069 "-" "Mozilla/5.0 (Windows NT 10.0; Win64; x64) AppleWebKit/537.36 (KHTML, like Gecko) Chrome/130.0.0.0 Safari/537.36" "-"
85.215.242.6 - - [26/Oct/2025:13:43:15 +0200 - 0.852 - 0.852] "POST /wp-login.php HTTP/1.1" 403 4205 "https://reocell.com/wp-login.php" "Mozilla/5.0 (Windows NT 10.0; Win64; x64) AppleWebKit/537.36 (KHTML, like Gecko) Chrome/130.0.0.0 Safari/537.36" "-"
31.172.83.210 - - [26/Oct/2025:13:43:45 +0200 - 0.014 - 0.012] "GET /wp-login.php HTTP/1.1" 200 4069 "-" "Mozilla/5.0 (Windows NT 10.0; Win64; x64) AppleWebKit/537.36 (KHTML, like Gecko) Chrome/130.0.0.0 Safari/537.36" "-"
31.172.83.210 - - [26/Oct/2025:13:43:46 +0200 - 0.818 - 0.820] "POST /wp-login.php HTTP/1.1" 403 4200 "https://reocell.com/wp-login.php" "Mozilla/5.0 (Windows NT 10.0; Win64; x64) AppleWebKit/537.36 (KHTML, like Gecko) Chrome/130.0.0.0 Safari/537.36" "-"
31.131.20.181 - - [26/Oct/2025:13:43:57 +0200 - 0.000 - 0.000] "POST /wp-cron.php?doing_wp_cron=1761479037.5895440578460693359375 HTTP/1.1" 499 0 "-" "WordPress/6.8.3; https://reocell.com" "-"
195.238.119.100 - - [26/Oct/2025:13:43:57 +0200 - 0.987 - 0.988] "POST /wp-admin/admin-ajax.php HTTP/1.1" 200 78 "https://reocell.com/wp-admin/admin.php?page=wpml-string-translation%2Fmenu%2Fstring-translation.php" "Mozilla/5.0 (Windows NT 10.0; Win64; x64) AppleWebKit/537.36 (KHTML, like Gecko) Chrome/141.0.0.0 Safari/537.36" "-"
92.205.110.219 - - [26/Oct/2025:13:44:20 +0200 - 0.014 - 0.016] "GET /wp-login.php HTTP/1.1" 200 4069 "-" "Mozilla/5.0 (Windows NT 10.0; Win64; x64) AppleWebKit/537.36 (KHTML, like Gecko) Chrome/130.0.0.0 Safari/537.36" "-"
31.131.20.181 - - [26/Oct/2025:13:44:22 +0200 - 0.000 - 0.000] "POST /wp-cron.php?doing_wp_cron=1761479062.3304250240325927734375 HTTP/1.1" 499 0 "-" "WordPress/6.8.3; https://reocell.com" "-"
92.205.110.219 - - [26/Oct/2025:13:44:22 +0200 - 1.065 - 1.064] "POST /wp-login.php HTTP/1.1" 403 4154 "https://reocell.com/wp-login.php" "Mozilla/5.0 (Windows NT 10.0; Win64; x64) AppleWebKit/537.36 (KHTML, like Gecko) Chrome/130.0.0.0 Safari/537.36" "-"
195.238.119.100 - - [26/Oct/2025:13:44:32 +0200 - 1.504 - 1.504] "POST /wp-admin/admin-ajax.php HTTP/1.1" 200 112 "https://reocell.com/wp-admin/post.php?post=845&action=edit&lang=en" "Mozilla/5.0 (Windows NT 10.0; Win64; x64) AppleWebKit/537.36 (KHTML, like Gecko) Chrome/141.0.0.0 Safari/537.36" "-"
31.172.83.210 - - [26/Oct/2025:13:44:49 +0200 - 0.020 - 0.020] "GET /wp-login.php HTTP/1.1" 200 4069 "-" "Mozilla/5.0 (Windows NT 10.0; Win64; x64) AppleWebKit/537.36 (KHTML, like Gecko) Chrome/130.0.0.0 Safari/537.36" "-"
31.131.20.181 - - [26/Oct/2025:13:44:52 +0200 - 0.003 - 0.004] "POST /wp-cron.php?doing_wp_cron=1761479092.9315209388732910156250 HTTP/1.1" 499 0 "-" "WordPress/6.8.3; https://reocell.com" "-"
31.172.83.210 - - [26/Oct/2025:13:44:53 +0200 - 0.877 - 0.876] "POST /wp-login.php HTTP/1.1" 403 4197 "https://reocell.com/wp-login.php" "Mozilla/5.0 (Windows NT 10.0; Win64; x64) AppleWebKit/537.36 (KHTML, like Gecko) Chrome/130.0.0.0 Safari/537.36" "-"
112.213.85.55 - - [26/Oct/2025:13:45:10 +0200 - 0.014 - 0.012] "GET /wp-login.php HTTP/1.1" 200 4069 "-" "Mozilla/5.0 (Windows NT 10.0; WOW64; Trident/7.0; Touch; LCJB; rv:11.0) like Gecko" "-"
112.213.85.55 - - [26/Oct/2025:13:45:12 +0200 - 0.948 - 0.948] "POST /wp-login.php HTTP/1.1" 403 4162 "https://reocell.com/wp-login.php" "Mozilla/5.0 (Windows NT 10.0; WOW64; Trident/7.0; Touch; LCJB; rv:11.0) like Gecko" "-"
210.5.164.50 - - [26/Oct/2025:13:45:14 +0200 - 0.004 - 0.004] "GET /wp-login.php HTTP/1.1" 200 4069 "-" "Mozilla/5.0 (Windows NT 10.0; Win64; x64) AppleWebKit/537.36 (KHTML, like Gecko) Chrome/130.0.0.0 Safari/537.36" "-"
210.5.164.50 - - [26/Oct/2025:13:45:19 +0200 - 0.955 - 0.952] "POST /wp-login.php HTTP/1.1" 403 4154 "https://reocell.com/wp-login.php" "Mozilla/5.0 (Windows NT 10.0; Win64; x64) AppleWebKit/537.36 (KHTML, like Gecko) Chrome/130.0.0.0 Safari/537.36" "-"
31.131.20.181 - - [26/Oct/2025:13:45:58 +0200 - 0.001 - 0.000] "POST /wp-cron.php?doing_wp_cron=1761479158.7293989658355712890625 HTTP/1.1" 499 0 "-" "WordPress/6.8.3; https://reocell.com" "-"
195.238.119.100 - - [26/Oct/2025:13:45:58 +0200 - 1.128 - 1.128] "POST /wp-admin/admin-ajax.php HTTP/1.1" 200 78 "https://reocell.com/wp-admin/admin.php?page=wpml-string-translation%2Fmenu%2Fstring-translation.php" "Mozilla/5.0 (Windows NT 10.0; Win64; x64) AppleWebKit/537.36 (KHTML, like Gecko) Chrome/141.0.0.0 Safari/537.36" "-"
213.231.4.64 - - [26/Oct/2025:13:46:01 +0200 - 0.000 - -] "POST /xmlrpc.php HTTP/1.1" 404 133 "-" "Mozilla/5.0 (Windows NT 6.1; WOW64; Trident/7.0; LCJB; rv:11.0) like Gecko" "-"
103.74.116.147 - - [26/Oct/2025:13:46:14 +0200 - 0.013 - 0.016] "GET /wp-login.php HTTP/1.1" 200 4069 "-" "Mozilla/5.0 (Windows NT 10.0; Win64; x64) AppleWebKit/537.36 (KHTML, like Gecko) Chrome/130.0.0.0 Safari/537.36" "-"
103.74.116.147 - - [26/Oct/2025:13:46:15 +0200 - 0.898 - 0.896] "POST /wp-login.php HTTP/1.1" 403 4197 "https://reocell.com/wp-login.php" "Mozilla/5.0 (Windows NT 10.0; Win64; x64) AppleWebKit/537.36 (KHTML, like Gecko) Chrome/130.0.0.0 Safari/537.36" "-"
49.13.134.145 - - [26/Oct/2025:13:46:24 +0200 - 0.775 - 0.776] "HEAD / HTTP/1.1" 200 0 "https://reocell.com/" "Mozilla/5.0+(compatible; UptimeRobot/2.0; http://www.uptimerobot.com/)" "-"
195.238.119.100 - - [26/Oct/2025:13:46:32 +0200 - 1.014 - 1.012] "POST /wp-admin/admin-ajax.php HTTP/1.1" 200 112 "https://reocell.com/wp-admin/post.php?post=845&action=edit&lang=en" "Mozilla/5.0 (Windows NT 10.0; Win64; x64) AppleWebKit/537.36 (KHTML, like Gecko) Chrome/141.0.0.0 Safari/537.36" "-"
159.69.71.83 - - [26/Oct/2025:13:46:42 +0200 - 0.004 - 0.004] "GET /wp-login.php HTTP/1.1" 200 4069 "-" "Mozilla/5.0 (Windows NT 10.0; Win64; x64) AppleWebKit/537.36 (KHTML, like Gecko) Chrome/130.0.0.0 Safari/537.36" "-"
31.131.20.181 - - [26/Oct/2025:13:46:48 +0200 - 0.000 - 0.004] "POST /wp-cron.php?doing_wp_cron=1761479208.6008629798889160156250 HTTP/1.1" 499 0 "-" "WordPress/6.8.3; https://reocell.com" "-"
159.69.71.83 - - [26/Oct/2025:13:46:48 +0200 - 1.063 - 1.060] "POST /wp-login.php HTTP/1.1" 403 4197 "https://reocell.com/wp-login.php" "Mozilla/5.0 (Windows NT 10.0; Win64; x64) AppleWebKit/537.36 (KHTML, like Gecko) Chrome/130.0.0.0 Safari/537.36" "-"
132.148.78.150 - - [26/Oct/2025:13:47:07 +0200 - 0.054 - 0.056] "GET /wp-login.php HTTP/1.1" 200 4069 "-" "Mozilla/5.0 (Windows NT 10.0; Win64; x64) AppleWebKit/537.36 (KHTML, like Gecko) Chrome/130.0.0.0 Safari/537.36" "-"
132.148.78.150 - - [26/Oct/2025:13:47:10 +0200 - 1.700 - 1.700] "POST /wp-login.php HTTP/1.1" 403 4197 "https://reocell.com/wp-login.php" "Mozilla/5.0 (Windows NT 10.0; Win64; x64) AppleWebKit/537.36 (KHTML, like Gecko) Chrome/130.0.0.0 Safari/537.36" "-"
43.157.170.13 - - [26/Oct/2025:13:47:31 +0200 - 0.000 - -] "GET /wp-content/webp-express/webp-images/uploads/2023/07/may_7725_kovalenko-alyona_1996x3000-276x276.jpg.webp HTTP/1.1" 200 4882 "-" "Mozilla/5.0 (iPhone; CPU iPhone OS 13_2_3 like Mac OS X) AppleWebKit/605.1.15 (KHTML, like Gecko) Version/13.0.3 Mobile/15E148 Safari/604.1" "-"
103.152.248.8 - - [26/Oct/2025:13:47:32 +0200 - 0.022 - 0.020] "GET /wp-login.php HTTP/1.1" 200 4069 "-" "Mozilla/5.0 (Windows NT 10.0; Win64; x64) AppleWebKit/537.36 (KHTML, like Gecko) Chrome/130.0.0.0 Safari/537.36" "-"
103.152.248.8 - - [26/Oct/2025:13:47:35 +0200 - 0.907 - 0.904] "POST /wp-login.php HTTP/1.1" 403 4197 "https://reocell.com/wp-login.php" "Mozilla/5.0 (Windows NT 10.0; Win64; x64) AppleWebKit/537.36 (KHTML, like Gecko) Chrome/130.0.0.0 Safari/537.36" "-"
31.131.20.181 - - [26/Oct/2025:13:47:59 +0200 - 0.002 - 0.000] "POST /wp-cron.php?doing_wp_cron=1761479279.9148130416870117187500 HTTP/1.1" 499 0 "-" "WordPress/6.8.3; https://reocell.com" "-"
195.238.119.100 - - [26/Oct/2025:13:48:00 +0200 - 1.349 - 1.352] "POST /wp-admin/admin-ajax.php HTTP/1.1" 200 78 "https://reocell.com/wp-admin/admin.php?page=wpml-string-translation%2Fmenu%2Fstring-translation.php" "Mozilla/5.0 (Windows NT 10.0; Win64; x64) AppleWebKit/537.36 (KHTML, like Gecko) Chrome/141.0.0.0 Safari/537.36" "-"
162.241.70.178 - - [26/Oct/2025:13:48:01 +0200 - 0.004 - 0.008] "GET /wp-login.php HTTP/1.1" 200 4069 "-" "Mozilla/5.0 (Windows NT 10.0; Win64; x64) AppleWebKit/537.36 (KHTML, like Gecko) Chrome/130.0.0.0 Safari/537.36" "-"
