66.249.85.32 - - [18/Oct/2025:02:32:20 +0300 - 0.017 - 0.016] "GET /en/products/diart/ HTTP/1.1" 200 92207 "-" "Mozilla/5.0 (Windows NT 10.0; Win64; x64) AppleWebKit/537.36 (KHTML, like Gecko) Chrome/141.0.0.0 Safari/537.36,gzip(gfe)" "190.107.180.52"
114.119.140.113 - - [18/Oct/2025:02:32:28 +0300 - 0.737 - 0.008] "GET /en/publications/?flt_products=artro-patch%3Bdiart%3Blorde-hyal&flt_doctors=pulmonologist%3Btherapist HTTP/1.1" 200 100211 "https://emteko.com/en/publications/?flt_products=artro-patch%3Bdiart%3Blorde-hyal&flt_doctors=otolaryngologist%3Bpulmonologist%3Btherapist" "Mozilla/5.0 (Linux; Android 7.0;) AppleWebKit/537.36 (KHTML, like Gecko) Mobile Safari/537.36 (compatible; PetalBot;+https://webmaster.petalsearch.com/site/petalbot)" "-"
168.119.123.75 - - [18/Oct/2025:02:32:48 +0300 - 0.015 - 0.016] "HEAD / HTTP/1.1" 200 0 "https://emteko.com" "Mozilla/5.0+(compatible; UptimeRobot/2.0; http://www.uptimerobot.com/)" "-"
78.46.215.1 - - [18/Oct/2025:02:33:53 +0300 - 0.014 - 0.012] "HEAD / HTTP/1.1" 200 0 "https://emteko.com" "Mozilla/5.0+(compatible; UptimeRobot/2.0; http://www.uptimerobot.com/)" "-"
31.131.20.181 - - [18/Oct/2025:02:34:23 +0300 - 0.000 - 0.000] "POST /wp-cron.php?doing_wp_cron=1760744063.2427830696105957031250 HTTP/1.1" 499 0 "-" "WordPress/6.8.3; https://emteko.com/en/" "-"
114.119.154.89 - - [18/Oct/2025:02:34:24 +0300 - 1.797 - 1.080] "GET /en/publications/?flt_products=artro-patch%3Bdiart%3Blorde-hyal&flt_doctors=infectionist%3Borthopedic-traumatologist%3Bpediatrician%3Bpulmonologist%3Btherapist HTTP/1.1" 200 100343 "https://emteko.com/en/publications/?flt_products=artro-patch%3Bdiart%3Blorde-hyal&flt_doctors=general-practitioner%3Binfectionist%3Borthopedic-traumatologist%3Bpediatrician%3Bpulmonologist%3Btherapist" "Mozilla/5.0 (Linux; Android 7.0;) AppleWebKit/537.36 (KHTML, like Gecko) Mobile Safari/537.36 (compatible; PetalBot;+https://webmaster.petalsearch.com/site/petalbot)" "-"
18.193.252.127 - - [18/Oct/2025:02:34:56 +0300 - 0.018 - 0.016] "HEAD / HTTP/1.1" 200 0 "https://emteko.com" "Mozilla/5.0+(compatible; UptimeRobot/2.0; http://www.uptimerobot.com/)" "-"
128.140.41.193 - - [18/Oct/2025:02:35:06 +0300 - 0.003 - 0.000] "HEAD / HTTP/1.1" 200 0 "https://emteko.com" "Mozilla/5.0+(compatible; UptimeRobot/2.0; http://www.uptimerobot.com/)" "-"
18.192.166.72 - - [18/Oct/2025:02:35:59 +0300 - 0.012 - 0.012] "HEAD / HTTP/1.1" 200 0 "https://emteko.com" "Mozilla/5.0+(compatible; UptimeRobot/2.0; http://www.uptimerobot.com/)" "-"
167.235.143.113 - - [18/Oct/2025:02:37:04 +0300 - 0.015 - 0.016] "HEAD / HTTP/1.1" 200 0 "https://emteko.com" "Mozilla/5.0+(compatible; UptimeRobot/2.0; http://www.uptimerobot.com/)" "-"
114.119.132.104 - - [18/Oct/2025:02:37:25 +0300 - 1.502 - 0.016] "GET /en/publications/?flt_products=artro-patch%3Bdiart%3Blorde-hyal&flt_doctors=infectionist%3Borthopedic-traumatologist%3Botolaryngologist%3Bpulmonologist%3Btherapist HTTP/1.1" 200 100341 "https://emteko.com/en/publications/?flt_products=artro-patch%3Bdiart%3Blorde-hyal&flt_doctors=infectionist%3Botolaryngologist%3Bpulmonologist%3Btherapist" "Mozilla/5.0 (Linux; Android 7.0;) AppleWebKit/537.36 (KHTML, like Gecko) Mobile Safari/537.36 (compatible; PetalBot;+https://webmaster.petalsearch.com/site/petalbot)" "-"
157.90.156.63 - - [18/Oct/2025:02:38:06 +0300 - 0.013 - 0.016] "HEAD / HTTP/1.1" 200 0 "https://emteko.com" "Mozilla/5.0+(compatible; UptimeRobot/2.0; http://www.uptimerobot.com/)" "-"
114.119.136.120 - - [18/Oct/2025:02:38:13 +0300 - 1.180 - 0.008] "GET /en/publications/?flt_products=artro-patch%3Bdiart%3Blorde-hyal&flt_doctors=general-practitioner%3Binfectionist%3Btherapist HTTP/1.1" 200 100255 "https://emteko.com/en/publications/?flt_products=artro-patch%3Bdiart%3Blorde-hyal&flt_doctors=general-practitioner%3Binfectionist%3Botolaryngologist%3Btherapist" "Mozilla/5.0 (Linux; Android 7.0;) AppleWebKit/537.36 (KHTML, like Gecko) Mobile Safari/537.36 (compatible; PetalBot;+https://webmaster.petalsearch.com/site/petalbot)" "-"
49.13.164.148 - - [18/Oct/2025:02:39:08 +0300 - 0.016 - 0.016] "HEAD / HTTP/1.1" 200 0 "https://emteko.com" "Mozilla/5.0+(compatible; UptimeRobot/2.0; http://www.uptimerobot.com/)" "-"
114.119.132.104 - - [18/Oct/2025:02:40:04 +0300 - 0.765 - 0.020] "GET /en/publications/?flt_products=artro-patch%3Bdiart%3Blorde-hyal%3Bokistar-hyal-7&flt_doctors=pulmonologist HTTP/1.1" 200 100210 "https://emteko.com/en/publications/?flt_products=artro-patch%3Bdiart%3Blorde-hyal%3Bnasisoft%3Bokistar-hyal-7&flt_doctors=pulmonologist" "Mozilla/5.0 (Linux; Android 7.0;) AppleWebKit/537.36 (KHTML, like Gecko) Mobile Safari/537.36 (compatible; PetalBot;+https://webmaster.petalsearch.com/site/petalbot)" "-"
52.59.43.236 - - [18/Oct/2025:02:40:10 +0300 - 0.004 - 0.004] "HEAD / HTTP/1.1" 200 0 "https://emteko.com" "Mozilla/5.0+(compatible; UptimeRobot/2.0; http://www.uptimerobot.com/)" "-"
18.192.166.72 - - [18/Oct/2025:02:40:11 +0300 - 0.003 - 0.004] "HEAD / HTTP/1.1" 200 0 "https://emteko.com" "Mozilla/5.0+(compatible; UptimeRobot/2.0; http://www.uptimerobot.com/)" "-"
31.131.20.181 - - [18/Oct/2025:02:40:34 +0300 - 0.001 - 0.000] "POST /wp-cron.php?doing_wp_cron=1760744434.1536920070648193359375 HTTP/1.1" 499 0 "-" "WordPress/6.8.3; https://emteko.com" "-"
52.167.144.204 - - [18/Oct/2025:02:40:34 +0300 - 1.286 - 1.284] "GET /publications/?flt_products=diart-lv;okistar-hyal-7-lv&flt_doctors=gimenes-arsts;infektologs;otolaringologs;pediatrs;pulmonologs;terapeits HTTP/1.1" 200 99783 "-" "Mozilla/5.0 AppleWebKit/537.36 (KHTML, like Gecko; compatible; bingbot/2.0; +http://www.bing.com/bingbot.htm) Chrome/116.0.1938.76 Safari/537.36" "-"
157.55.39.48 - - [18/Oct/2025:02:41:06 +0300 - 0.016 - 0.012] "GET /doctorspecial/pediatrs/?flt_doctors=terapeits HTTP/1.1" 200 100151 "-" "Mozilla/5.0 AppleWebKit/537.36 (KHTML, like Gecko; compatible; bingbot/2.0; +http://www.bing.com/bingbot.htm) Chrome/116.0.1938.76 Safari/537.36" "-"
157.90.156.63 - - [18/Oct/2025:02:41:15 +0300 - 0.004 - 0.004] "HEAD / HTTP/1.1" 200 0 "https://emteko.com" "Mozilla/5.0+(compatible; UptimeRobot/2.0; http://www.uptimerobot.com/)" "-"
114.119.154.181 - - [18/Oct/2025:02:42:00 +0300 - 0.743 - 0.020] "GET /en/publications/?flt_products=artro-patch%3Bdiart%3Blorde-hyal%3Bokistar-hyal-7&flt_doctors=infectionist%3Borthopedic-traumatologist%3Bpediatrician HTTP/1.1" 200 100298 "https://emteko.com/en/publications/?flt_products=artro-patch%3Bdiart%3Blorde-hyal%3Bokistar-hyal-7&flt_doctors=orthopedic-traumatologist%3Bpediatrician" "Mozilla/5.0 (Linux; Android 7.0;) AppleWebKit/537.36 (KHTML, like Gecko) Mobile Safari/537.36 (compatible; PetalBot;+https://webmaster.petalsearch.com/site/petalbot)" "-"
52.59.43.236 - - [18/Oct/2025:02:42:18 +0300 - 0.019 - 0.020] "HEAD / HTTP/1.1" 200 0 "https://emteko.com" "Mozilla/5.0+(compatible; UptimeRobot/2.0; http://www.uptimerobot.com/)" "-"
49.13.24.81 - - [18/Oct/2025:02:43:21 +0300 - 0.013 - 0.012] "HEAD / HTTP/1.1" 200 0 "https://emteko.com" "Mozilla/5.0+(compatible; UptimeRobot/2.0; http://www.uptimerobot.com/)" "-"
114.119.154.89 - - [18/Oct/2025:02:43:52 +0300 - 0.984 - 0.016] "GET /en/publications/?flt_products=artro-patch%3Bdiart%3Blorde-hyal%3Bokistar-hyal-7&flt_doctors=general-practitioner%3Botolaryngologist%3Btherapist HTTP/1.1" 200 100298 "https://emteko.com/en/publications/?flt_products=artro-patch%3Bdiart%3Blorde-hyal%3Bokistar-hyal-7&flt_doctors=otolaryngologist%3Btherapist" "Mozilla/5.0 (Linux; Android 7.0;) AppleWebKit/537.36 (KHTML, like Gecko) Mobile Safari/537.36 (compatible; PetalBot;+https://webmaster.petalsearch.com/site/petalbot)" "-"
31.131.20.181 - - [18/Oct/2025:02:44:20 +0300 - 0.001 - 0.000] "POST /wp-cron.php?doing_wp_cron=1760744660.2659161090850830078125 HTTP/1.1" 499 0 "-" "WordPress/6.8.3; https://emteko.com/en/" "-"
40.77.167.30 - - [18/Oct/2025:02:44:20 +0300 - 1.134 - 1.136] "GET /en/doctorspecial/orthopedic-traumatologist/?flt_products=artro-patch;diart;lorde-hyal&flt_doctors=orthopedic-traumatologist;otolaryngologist;therapist HTTP/1.1" 200 98479 "-" "Mozilla/5.0 AppleWebKit/537.36 (KHTML, like Gecko; compatible; bingbot/2.0; +http://www.bing.com/bingbot.htm) Chrome/116.0.1938.76 Safari/537.36" "-"
49.13.167.123 - - [18/Oct/2025:02:44:27 +0300 - 0.003 - 0.004] "HEAD / HTTP/1.1" 200 0 "https://emteko.com" "Mozilla/5.0+(compatible; UptimeRobot/2.0; http://www.uptimerobot.com/)" "-"
49.13.134.145 - - [18/Oct/2025:02:45:13 +0300 - 0.026 - 0.024] "HEAD / HTTP/1.1" 200 0 "https://emteko.com" "Mozilla/5.0+(compatible; UptimeRobot/2.0; http://www.uptimerobot.com/)" "-"
52.28.162.93 - - [18/Oct/2025:02:45:30 +0300 - 0.013 - 0.012] "HEAD / HTTP/1.1" 200 0 "https://emteko.com" "Mozilla/5.0+(compatible; UptimeRobot/2.0; http://www.uptimerobot.com/)" "-"
114.119.154.89 - - [18/Oct/2025:02:45:47 +0300 - 0.978 - 0.012] "GET /en/publications/?flt_products=artro-patch%3Bdiart%3Blorde-hyal%3Bokistar-hyal-7&flt_doctors=general-practitioner%3Botolaryngologist%3Bpediatrician%3Bpulmonologist%3Btherapist HTTP/1.1" 200 100387 "https://emteko.com/en/publications/?flt_products=artro-patch%3Bdiart%3Blorde-hyal%3Bokistar-hyal-7&flt_doctors=general-practitioner%3Botolaryngologist%3Bpediatrician%3Btherapist" "Mozilla/5.0 (Linux; Android 7.0;) AppleWebKit/537.36 (KHTML, like Gecko) Mobile Safari/537.36 (compatible; PetalBot;+https://webmaster.petalsearch.com/site/petalbot)" "-"
49.13.130.29 - - [18/Oct/2025:02:46:35 +0300 - 0.013 - 0.012] "HEAD / HTTP/1.1" 200 0 "https://emteko.com" "Mozilla/5.0+(compatible; UptimeRobot/2.0; http://www.uptimerobot.com/)" "-"
49.13.130.29 - - [18/Oct/2025:02:47:38 +0300 - 0.013 - 0.016] "HEAD / HTTP/1.1" 200 0 "https://emteko.com" "Mozilla/5.0+(compatible; UptimeRobot/2.0; http://www.uptimerobot.com/)" "-"
114.119.133.35 - - [18/Oct/2025:02:47:40 +0300 - 0.244 - 0.008] "GET /en/publications/?flt_products=artro-patch%3Bdiart%3Blorde-hyal%3Bokistar-hyal-7&flt_doctors=general-practitioner%3Borthopedic-traumatologist%3Bpediatrician%3Btherapist HTTP/1.1" 200 100345 "https://emteko.com/en/publications/?flt_products=artro-patch%3Bdiart%3Blorde-hyal%3Bokistar-hyal-7&flt_doctors=general-practitioner%3Borthopedic-traumatologist%3Bpediatrician%3Bpulmonologist%3Btherapist" "Mozilla/5.0 (Linux; Android 7.0;) AppleWebKit/537.36 (KHTML, like Gecko) Mobile Safari/537.36 (compatible; PetalBot;+https://webmaster.petalsearch.com/site/petalbot)" "-"
168.119.123.75 - - [18/Oct/2025:02:48:41 +0300 - 0.014 - 0.012] "HEAD / HTTP/1.1" 200 0 "https://emteko.com" "Mozilla/5.0+(compatible; UptimeRobot/2.0; http://www.uptimerobot.com/)" "-"
114.119.154.181 - - [18/Oct/2025:02:49:34 +0300 - 0.980 - 0.016] "GET /en/publications/?flt_products=artro-patch%3Bdiart%3Blorde-hyal%3Bnasisoft&flt_doctors=orthopedic-traumatologist%3Botolaryngologist%3Bpediatrician%3Btherapist HTTP/1.1" 200 100587 "https://emteko.com/en/publications/?flt_products=artro-patch%3Bdiart%3Blorde-hyal%3Bnasisoft&flt_doctors=orthopedic-traumatologist%3Bpediatrician%3Btherapist" "Mozilla/5.0 (Linux; Android 7.0;) AppleWebKit/537.36 (KHTML, like Gecko) Mobile Safari/537.36 (compatible; PetalBot;+https://webmaster.petalsearch.com/site/petalbot)" "-"
128.140.106.114 - - [18/Oct/2025:02:49:46 +0300 - 0.012 - 0.012] "HEAD / HTTP/1.1" 200 0 "https://emteko.com" "Mozilla/5.0+(compatible; UptimeRobot/2.0; http://www.uptimerobot.com/)" "-"
49.13.130.29 - - [18/Oct/2025:02:50:17 +0300 - 0.051 - 0.052] "HEAD / HTTP/1.1" 200 0 "https://emteko.com" "Mozilla/5.0+(compatible; UptimeRobot/2.0; http://www.uptimerobot.com/)" "-"
3.77.67.4 - - [18/Oct/2025:02:50:49 +0300 - 0.013 - 0.012] "HEAD / HTTP/1.1" 200 0 "https://emteko.com" "Mozilla/5.0+(compatible; UptimeRobot/2.0; http://www.uptimerobot.com/)" "-"
31.131.20.181 - - [18/Oct/2025:02:51:28 +0300 - 0.003 - 0.004] "POST /wp-cron.php?doing_wp_cron=1760745088.5159659385681152343750 HTTP/1.1" 499 0 "-" "WordPress/6.8.3; https://emteko.com/en/" "-"
114.119.136.120 - - [18/Oct/2025:02:51:29 +0300 - 2.201 - 1.260] "GET /en/publications/?flt_products=artro-patch%3Bdiart%3Blorde-hyal%3Bnasisoft&flt_doctors=infectionist%3Borthopedic-traumatologist%3Bpediatrician HTTP/1.1" 200 100532 "https://emteko.com/en/publications/?flt_products=artro-patch%3Bdiart%3Blorde-hyal%3Bnasisoft&flt_doctors=orthopedic-traumatologist%3Bpediatrician" "Mozilla/5.0 (Linux; Android 7.0;) AppleWebKit/537.36 (KHTML, like Gecko) Mobile Safari/537.36 (compatible; PetalBot;+https://webmaster.petalsearch.com/site/petalbot)" "-"
52.28.162.93 - - [18/Oct/2025:02:51:54 +0300 - 0.014 - 0.012] "HEAD / HTTP/1.1" 200 0 "https://emteko.com" "Mozilla/5.0+(compatible; UptimeRobot/2.0; http://www.uptimerobot.com/)" "-"
185.191.171.9 - - [18/Oct/2025:02:52:01 +0300 - 0.095 - 0.008] "GET /doctorspecial/traumatologs-ortopeds/?flt_products=lorde-hyal-lv HTTP/1.1" 200 98352 "-" "Mozilla/5.0 (compatible; SemrushBot/7~bl; +http://www.semrush.com/bot.html)" "-"
31.131.20.181 - - [18/Oct/2025:02:52:19 +0300 - 0.001 - 0.000] "POST /wp-cron.php?doing_wp_cron=1760745139.8156909942626953125000 HTTP/1.1" 499 0 "-" "WordPress/6.8.3; https://emteko.com" "-"
34.203.111.15 - - [18/Oct/2025:02:52:19 +0300 - 0.904 - 0.904] "GET /robots.txt HTTP/1.1" 200 132 "-" "Mozilla/5.0 AppleWebKit/537.36 (KHTML, like Gecko; compatible; Amazonbot/0.1; +https://developer.amazon.com/support/amazonbot) Chrome/119.0.6045.214 Safari/537.36" "-"
78.46.190.63 - - [18/Oct/2025:02:52:57 +0300 - 0.012 - 0.012] "HEAD / HTTP/1.1" 200 0 "https://emteko.com" "Mozilla/5.0+(compatible; UptimeRobot/2.0; http://www.uptimerobot.com/)" "-"
104.198.151.77 - - [18/Oct/2025:02:53:16 +0300 - 0.294 - 0.012] "GET /privacy-policy/ HTTP/1.1" 200 95894 "-" "Mozilla/5.0 (Linux; Android 8.1.0; Moto G (4)) AppleWebKit/537.36 (KHTML, like Gecko) Chrome/141.0.0.0 Mobile Safari/537.36 PTST/251014.191420" "-"
104.198.151.77 - - [18/Oct/2025:02:53:19 +0300 - 0.000 - -] "GET /wp-content/themes/emteko/fonts/NeoSansPro-Regular.woff HTTP/1.1" 200 75588 "https://emteko.com/privacy-policy/" "Mozilla/5.0 (Linux; Android 8.1.0; Moto G (4)) AppleWebKit/537.36 (KHTML, like Gecko) Chrome/141.0.0.0 Mobile Safari/537.36 PTST/251014.191420" "-"
104.198.151.77 - - [18/Oct/2025:02:53:19 +0300 - 0.000 - -] "GET /wp-content/themes/emteko/fonts/NeoSansPro-Medium.woff HTTP/1.1" 200 75064 "https://emteko.com/privacy-policy/" "Mozilla/5.0 (Linux; Android 8.1.0; Moto G (4)) AppleWebKit/537.36 (KHTML, like Gecko) Chrome/141.0.0.0 Mobile Safari/537.36 PTST/251014.191420" "-"
104.198.151.77 - - [18/Oct/2025:02:53:19 +0300 - 0.278 - -] "GET /wp-content/themes/emteko/font-awesome/webfonts/fa-solid-900.woff2 HTTP/1.1" 200 157192 "https://emteko.com/privacy-policy/" "Mozilla/5.0 (Linux; Android 8.1.0; Moto G (4)) AppleWebKit/537.36 (KHTML, like Gecko) Chrome/141.0.0.0 Mobile Safari/537.36 PTST/251014.191420" "-"
104.198.151.77 - - [18/Oct/2025:02:53:19 +0300 - 0.340 - -] "GET /wp-content/themes/emteko/font-awesome/webfonts/fa-brands-400.woff2 HTTP/1.1" 200 118072 "https://emteko.com/privacy-policy/" "Mozilla/5.0 (Linux; Android 8.1.0; Moto G (4)) AppleWebKit/537.36 (KHTML, like Gecko) Chrome/141.0.0.0 Mobile Safari/537.36 PTST/251014.191420" "-"
104.198.151.77 - - [18/Oct/2025:02:53:19 +0300 - 0.000 - -] "GET /wp-content/themes/emteko/fonts/NeoSansPro-Italic.woff HTTP/1.1" 200 82572 "https://emteko.com/privacy-policy/" "Mozilla/5.0 (Linux; Android 8.1.0; Moto G (4)) AppleWebKit/537.36 (KHTML, like Gecko) Chrome/141.0.0.0 Mobile Safari/537.36 PTST/251014.191420" "-"
104.198.151.77 - - [18/Oct/2025:02:53:19 +0300 - 0.000 - -] "GET /wp-content/themes/emteko/fonts/NeoSansPro-Bold.woff HTTP/1.1" 200 66132 "https://emteko.com/privacy-policy/" "Mozilla/5.0 (Linux; Android 8.1.0; Moto G (4)) AppleWebKit/537.36 (KHTML, like Gecko) Chrome/141.0.0.0 Mobile Safari/537.36 PTST/251014.191420" "-"
104.198.151.77 - - [18/Oct/2025:02:53:20 +0300 - 0.000 - -] "GET /wp-content/themes/emteko/images/favs/favicon-32x32.png HTTP/1.1" 200 1655 "https://emteko.com/privacy-policy/" "Mozilla/5.0 (Linux; Android 8.1.0; Moto G (4)) AppleWebKit/537.36 (KHTML, like Gecko) Chrome/141.0.0.0 Mobile Safari/537.36 PTST/251014.191420" "-"
104.198.151.77 - - [18/Oct/2025:02:53:21 +0300 - 0.000 - -] "GET /wp-content/themes/emteko/images/favs/site.webmanifest HTTP/1.1" 200 426 "https://emteko.com/privacy-policy/" "Mozilla/5.0 (Linux; Android 8.1.0; Moto G (4)) AppleWebKit/537.36 (KHTML, like Gecko) Chrome/141.0.0.0 Mobile Safari/537.36 PTST/251014.191420" "-"
114.119.134.51 - - [18/Oct/2025:02:53:25 +0300 - 0.715 - 0.004] "GET /en/publications/?flt_products=artro-patch%3Bdiart%3Blorde-hyal%3Bnasisoft&flt_doctors=general-practitioner%3Borthopedic-traumatologist%3Botolaryngologist%3Bpediatrician%3Bpulmonologist HTTP/1.1" 200 100629 "https://emteko.com/en/publications/?flt_products=artro-patch%3Bdiart%3Blorde-hyal%3Bnasisoft&flt_doctors=orthopedic-traumatologist%3Botolaryngologist%3Bpediatrician%3Bpulmonologist" "Mozilla/5.0 (Linux; Android 7.0;) AppleWebKit/537.36 (KHTML, like Gecko) Mobile Safari/537.36 (compatible; PetalBot;+https://webmaster.petalsearch.com/site/petalbot)" "-"
31.131.20.181 - - [18/Oct/2025:02:53:33 +0300 - 0.000 - 0.000] "POST /wp-cron.php?doing_wp_cron=1760745212.9951200485229492187500 HTTP/1.1" 499 0 "-" "WordPress/6.8.3; https://emteko.com" "-"
104.198.151.77 - - [18/Oct/2025:02:53:33 +0300 - 1.172 - 1.172] "GET /ads.txt HTTP/1.1" 404 87010 "https://emteko.com/privacy-policy/" "Mozilla/5.0 (Linux; Android 8.1.0; Moto G (4)) AppleWebKit/537.36 (KHTML, like Gecko) Chrome/141.0.0.0 Mobile Safari/537.36 PTST/251014.191420" "-"
104.198.151.77 - - [18/Oct/2025:02:53:33 +0300 - 1.210 - 1.212] "GET /app-ads.txt HTTP/1.1" 404 87010 "https://emteko.com/privacy-policy/" "Mozilla/5.0 (Linux; Android 8.1.0; Moto G (4)) AppleWebKit/537.36 (KHTML, like Gecko) Chrome/141.0.0.0 Mobile Safari/537.36 PTST/251014.191420" "-"
104.198.151.77 - - [18/Oct/2025:02:53:33 +0300 - 1.257 - 1.260] "GET /sellers.json HTTP/1.1" 404 87010 "https://emteko.com/privacy-policy/" "Mozilla/5.0 (Linux; Android 8.1.0; Moto G (4)) AppleWebKit/537.36 (KHTML, like Gecko) Chrome/141.0.0.0 Mobile Safari/537.36 PTST/251014.191420" "-"
104.198.151.77 - - [18/Oct/2025:02:53:35 +0300 - 0.804 - 0.804] "GET /.well-known/assetlinks.json HTTP/1.1" 404 87010 "https://emteko.com/privacy-policy/" "Mozilla/5.0 (Linux; Android 8.1.0; Moto G (4)) AppleWebKit/537.36 (KHTML, like Gecko) Chrome/141.0.0.0 Mobile Safari/537.36 PTST/251014.191420" "-"
104.198.151.77 - - [18/Oct/2025:02:53:35 +0300 - 0.885 - 0.884] "GET /.well-known/apple-app-site-association HTTP/1.1" 404 87010 "https://emteko.com/privacy-policy/" "Mozilla/5.0 (Linux; Android 8.1.0; Moto G (4)) AppleWebKit/537.36 (KHTML, like Gecko) Chrome/141.0.0.0 Mobile Safari/537.36 PTST/251014.191420" "-"
104.198.151.77 - - [18/Oct/2025:02:53:39 +0300 - 0.819 - 0.816] "GET /llms.txt HTTP/1.1" 404 87010 "https://emteko.com/privacy-policy/" "Mozilla/5.0 (Linux; Android 8.1.0; Moto G (4)) AppleWebKit/537.36 (KHTML, like Gecko) Chrome/141.0.0.0 Mobile Safari/537.36 PTST/251014.191420" "-"
104.198.151.77 - - [18/Oct/2025:02:53:42 +0300 - 0.877 - 0.876] "GET /dsrdelete.json HTTP/1.1" 404 87010 "https://emteko.com/privacy-policy/" "Mozilla/5.0 (Linux; Android 8.1.0; Moto G (4)) AppleWebKit/537.36 (KHTML, like Gecko) Chrome/141.0.0.0 Mobile Safari/537.36 PTST/251014.191420" "-"
104.198.151.77 - - [18/Oct/2025:02:53:45 +0300 - 0.737 - 0.740] "GET /robots.txt HTTP/1.1" 200 132 "https://emteko.com/privacy-policy/" "Mozilla/5.0 (Linux; Android 8.1.0; Moto G (4)) AppleWebKit/537.36 (KHTML, like Gecko) Chrome/141.0.0.0 Mobile Safari/537.36 PTST/251014.191420" "-"
104.198.151.77 - - [18/Oct/2025:02:53:46 +0300 - 0.842 - 0.844] "GET /privacy-policy/bootstrap.min.css.map HTTP/1.1" 404 87010 "https://emteko.com/privacy-policy/" "Mozilla/5.0 (Linux; Android 8.1.0; Moto G (4)) AppleWebKit/537.36 (KHTML, like Gecko) Chrome/141.0.0.0 Mobile Safari/537.36 PTST/251014.191420" "-"
104.198.151.77 - - [18/Oct/2025:02:53:50 +0300 - 1.865 - 1.864] "GET /.well-known/related-website-set.json HTTP/1.1" 404 87010 "https://emteko.com/privacy-policy/" "Mozilla/5.0 (Linux; Android 8.1.0; Moto G (4)) AppleWebKit/537.36 (KHTML, like Gecko) Chrome/141.0.0.0 Mobile Safari/537.36 PTST/251014.191420" "-"
104.198.151.77 - - [18/Oct/2025:02:53:50 +0300 - 2.106 - 2.104] "GET /.well-known/apple-app-site-association HTTP/1.1" 404 87010 "https://emteko.com/privacy-policy/" "Mozilla/5.0 (Linux; Android 8.1.0; Moto G (4)) AppleWebKit/537.36 (KHTML, like Gecko) Chrome/141.0.0.0 Mobile Safari/537.36 PTST/251014.191420" "-"
104.198.151.77 - - [18/Oct/2025:02:53:50 +0300 - 2.134 - 2.132] "GET /.well-known/privacy-sandbox-attestations.json HTTP/1.1" 404 87010 "https://emteko.com/privacy-policy/" "Mozilla/5.0 (Linux; Android 8.1.0; Moto G (4)) AppleWebKit/537.36 (KHTML, like Gecko) Chrome/141.0.0.0 Mobile Safari/537.36 PTST/251014.191420" "-"
104.198.151.77 - - [18/Oct/2025:02:53:50 +0300 - 2.264 - 2.260] "GET /.well-known/assetlinks.json HTTP/1.1" 404 87010 "https://emteko.com/privacy-policy/" "Mozilla/5.0 (Linux; Android 8.1.0; Moto G (4)) AppleWebKit/537.36 (KHTML, like Gecko) Chrome/141.0.0.0 Mobile Safari/537.36 PTST/251014.191420" "-"
104.198.151.77 - - [18/Oct/2025:02:53:51 +0300 - 2.719 - 2.604] "GET /.well-known/web-identity HTTP/1.1" 404 87010 "https://emteko.com/privacy-policy/" "Mozilla/5.0 (Linux; Android 8.1.0; Moto G (4)) AppleWebKit/537.36 (KHTML, like Gecko) Chrome/141.0.0.0 Mobile Safari/537.36 PTST/251014.191420" "-"
104.198.151.77 - - [18/Oct/2025:02:53:51 +0300 - 2.966 - 2.964] "GET /.well-known/gpc.json HTTP/1.1" 404 87010 "https://emteko.com/privacy-policy/" "Mozilla/5.0 (Linux; Android 8.1.0; Moto G (4)) AppleWebKit/537.36 (KHTML, like Gecko) Chrome/141.0.0.0 Mobile Safari/537.36 PTST/251014.191420" "-"
104.198.151.77 - - [18/Oct/2025:02:53:52 +0300 - 1.761 - 1.760] "GET /.well-known/passkey-endpoints HTTP/1.1" 404 87010 "https://emteko.com/privacy-policy/" "Mozilla/5.0 (Linux; Android 8.1.0; Moto G (4)) AppleWebKit/537.36 (KHTML, like Gecko) Chrome/141.0.0.0 Mobile Safari/537.36 PTST/251014.191420" "-"
104.198.151.77 - - [18/Oct/2025:02:53:52 +0300 - 1.530 - 1.532] "GET /robots.txt HTTP/1.1" 200 132 "https://emteko.com/privacy-policy/" "Mozilla/5.0 (Linux; Android 8.1.0; Moto G (4)) AppleWebKit/537.36 (KHTML, like Gecko) Chrome/141.0.0.0 Mobile Safari/537.36 PTST/251014.191420" "-"
104.198.151.77 - - [18/Oct/2025:02:53:52 +0300 - 1.558 - 1.560] "GET /.well-known/webauthn HTTP/1.1" 404 87010 "https://emteko.com/privacy-policy/" "Mozilla/5.0 (Linux; Android 8.1.0; Moto G (4)) AppleWebKit/537.36 (KHTML, like Gecko) Chrome/141.0.0.0 Mobile Safari/537.36 PTST/251014.191420" "-"
104.198.151.77 - - [18/Oct/2025:02:53:52 +0300 - 1.622 - 1.620] "GET /.well-known/security.txt HTTP/1.1" 404 87010 "https://emteko.com/privacy-policy/" "Mozilla/5.0 (Linux; Android 8.1.0; Moto G (4)) AppleWebKit/537.36 (KHTML, like Gecko) Chrome/141.0.0.0 Mobile Safari/537.36 PTST/251014.191420" "-"
104.198.151.77 - - [18/Oct/2025:02:53:52 +0300 - 1.300 - 1.296] "GET /.well-known/change-password HTTP/1.1" 404 87010 "https://emteko.com/privacy-policy/" "Mozilla/5.0 (Linux; Android 8.1.0; Moto G (4)) AppleWebKit/537.36 (KHTML, like Gecko) Chrome/141.0.0.0 Mobile Safari/537.36 PTST/251014.191420" "-"
104.198.151.77 - - [18/Oct/2025:02:53:52 +0300 - 1.298 - 1.296] "GET /.well-known/resource-that-should-not-exist-whose-status-code-should-not-be-200/ HTTP/1.1" 404 87010 "https://emteko.com/privacy-policy/" "Mozilla/5.0 (Linux; Android 8.1.0; Moto G (4)) AppleWebKit/537.36 (KHTML, like Gecko) Chrome/141.0.0.0 Mobile Safari/537.36 PTST/251014.191420" "-"
49.13.24.81 - - [18/Oct/2025:02:54:00 +0300 - 0.004 - 0.004] "HEAD / HTTP/1.1" 200 0 "https://emteko.com" "Mozilla/5.0+(compatible; UptimeRobot/2.0; http://www.uptimerobot.com/)" "-"
104.198.151.77 - - [18/Oct/2025:02:54:07 +0300 - 0.288 - 0.004] "GET /privacy-policy/ HTTP/1.1" 200 95894 "-" "Mozilla/5.0 (Linux; Android 8.1.0; Moto G (4)) AppleWebKit/537.36 (KHTML like Gecko) Chrome/100.0.4896.60 Mobile Safari/537.36 PTST/251014.191420" "-"
104.198.151.77 - - [18/Oct/2025:02:54:09 +0300 - 0.000 - -] "GET /wp-content/themes/emteko/fonts/NeoSansPro-Regular.woff HTTP/1.1" 200 75588 "https://emteko.com/privacy-policy/" "Mozilla/5.0 (Linux; Android 8.1.0; Moto G (4)) AppleWebKit/537.36 (KHTML like Gecko) Chrome/100.0.4896.60 Mobile Safari/537.36 PTST/251014.191420" "-"
104.198.151.77 - - [18/Oct/2025:02:54:09 +0300 - 0.000 - -] "GET /wp-content/themes/emteko/fonts/NeoSansPro-Medium.woff HTTP/1.1" 200 75064 "https://emteko.com/privacy-policy/" "Mozilla/5.0 (Linux; Android 8.1.0; Moto G (4)) AppleWebKit/537.36 (KHTML like Gecko) Chrome/100.0.4896.60 Mobile Safari/537.36 PTST/251014.191420" "-"
104.198.151.77 - - [18/Oct/2025:02:54:09 +0300 - 0.000 - -] "GET /wp-content/themes/emteko/fonts/NeoSansPro-Italic.woff HTTP/1.1" 200 82572 "https://emteko.com/privacy-policy/" "Mozilla/5.0 (Linux; Android 8.1.0; Moto G (4)) AppleWebKit/537.36 (KHTML like Gecko) Chrome/100.0.4896.60 Mobile Safari/537.36 PTST/251014.191420" "-"
104.198.151.77 - - [18/Oct/2025:02:54:09 +0300 - 0.000 - -] "GET /wp-content/themes/emteko/fonts/NeoSansPro-Bold.woff HTTP/1.1" 200 66132 "https://emteko.com/privacy-policy/" "Mozilla/5.0 (Linux; Android 8.1.0; Moto G (4)) AppleWebKit/537.36 (KHTML like Gecko) Chrome/100.0.4896.60 Mobile Safari/537.36 PTST/251014.191420" "-"
104.198.151.77 - - [18/Oct/2025:02:54:10 +0300 - 0.707 - -] "GET /wp-content/themes/emteko/font-awesome/webfonts/fa-solid-900.woff2 HTTP/1.1" 200 157192 "https://emteko.com/privacy-policy/" "Mozilla/5.0 (Linux; Android 8.1.0; Moto G (4)) AppleWebKit/537.36 (KHTML like Gecko) Chrome/100.0.4896.60 Mobile Safari/537.36 PTST/251014.191420" "-"
104.198.151.77 - - [18/Oct/2025:02:54:10 +0300 - 0.940 - -] "GET /wp-content/themes/emteko/font-awesome/webfonts/fa-brands-400.woff2 HTTP/1.1" 200 118072 "https://emteko.com/privacy-policy/" "Mozilla/5.0 (Linux; Android 8.1.0; Moto G (4)) AppleWebKit/537.36 (KHTML like Gecko) Chrome/100.0.4896.60 Mobile Safari/537.36 PTST/251014.191420" "-"
104.198.151.77 - - [18/Oct/2025:02:54:12 +0300 - 0.000 - -] "GET /wp-content/themes/emteko/images/favs/favicon-32x32.png HTTP/1.1" 200 1655 "https://emteko.com/privacy-policy/" "Mozilla/5.0 (Linux; Android 8.1.0; Moto G (4)) AppleWebKit/537.36 (KHTML like Gecko) Chrome/100.0.4896.60 Mobile Safari/537.36 PTST/251014.191420" "-"
104.198.151.77 - - [18/Oct/2025:02:54:13 +0300 - 0.000 - -] "GET /wp-content/themes/emteko/images/favs/site.webmanifest HTTP/1.1" 200 426 "https://emteko.com/privacy-policy/" "Mozilla/5.0 (Linux; Android 8.1.0; Moto G (4)) AppleWebKit/537.36 (KHTML like Gecko) Chrome/100.0.4896.60 Mobile Safari/537.36 PTST/251014.191420" "-"
31.131.20.181 - - [18/Oct/2025:02:54:27 +0300 - 0.003 - 0.004] "POST /wp-cron.php?doing_wp_cron=1760745266.9891800880432128906250 HTTP/1.1" 499 0 "-" "WordPress/6.8.3; https://emteko.com" "-"
104.198.151.77 - - [18/Oct/2025:02:54:27 +0300 - 0.933 - 0.932] "GET /robots.txt HTTP/1.1" 200 132 "-" "Mozilla/5.0 (X11; Linux x86_64) AppleWebKit/537.36 (KHTML, like Gecko) HeadlessChrome/141.0.0.0 Safari/537.36" "-"
68.221.67.168 - - [18/Oct/2025:02:54:58 +0300 - 0.028 - 0.032] "GET /en/products/lorde-hyal/ HTTP/1.1" 200 92089 "-" "Mozilla/5.0 AppleWebKit/537.36 (KHTML, like Gecko); compatible; ChatGPT-User/1.0; +https://openai.com/bot" "-"
68.221.67.166 - - [18/Oct/2025:02:55:00 +0300 - 0.003 - 0.004] "GET / HTTP/1.1" 200 89414 "-" "Mozilla/5.0 AppleWebKit/537.36 (KHTML, like Gecko); compatible; ChatGPT-User/1.0; +https://openai.com/bot" "-"
157.90.155.240 - - [18/Oct/2025:02:55:05 +0300 - 0.003 - 0.004] "HEAD / HTTP/1.1" 200 0 "https://emteko.com" "Mozilla/5.0+(compatible; UptimeRobot/2.0; http://www.uptimerobot.com/)" "-"
114.119.136.120 - - [18/Oct/2025:02:55:16 +0300 - 0.748 - 0.004] "GET /en/publications/?flt_products=artro-patch%3Bdiart%3Blorde-hyal%3Bnasisoft&flt_doctors=general-practitioner%3Borthopedic-traumatologist HTTP/1.1" 200 100480 "https://emteko.com/en/publications/?flt_products=artro-patch%3Bdiart%3Blorde-hyal%3Bnasisoft&flt_doctors=general-practitioner%3Borthopedic-traumatologist%3Bpediatrician" "Mozilla/5.0 (Linux; Android 7.0;) AppleWebKit/537.36 (KHTML, like Gecko) Mobile Safari/537.36 (compatible; PetalBot;+https://webmaster.petalsearch.com/site/petalbot)" "-"
128.140.41.193 - - [18/Oct/2025:02:55:20 +0300 - 0.003 - 0.004] "HEAD / HTTP/1.1" 200 0 "https://emteko.com" "Mozilla/5.0+(compatible; UptimeRobot/2.0; http://www.uptimerobot.com/)" "-"
31.131.20.181 - - [18/Oct/2025:02:55:23 +0300 - 0.000 - 0.000] "POST /wp-cron.php?doing_wp_cron=1760745323.2726099491119384765625 HTTP/1.1" 499 0 "-" "WordPress/6.8.3; https://emteko.com" "-"
178.254.25.9 - - [18/Oct/2025:02:55:23 +0300 - 1.124 - 1.120] "POST / HTTP/1.1" 200 163386 "-" "Mozilla/5.0 (Windows NT 10.0; Win64; x64; rv:58.0) Gecko/20100101 Firefox/58.0" "-"
54.92.171.106 - - [18/Oct/2025:02:55:45 +0300 - 1.176 - 1.084] "GET /en/publications/?flt_doctors=general-practitioner;infectionist;otolaryngologist;pediatrician;pulmonologist;therapist&flt_products=artro-patch;diart;lorde-hyal;nasisoft;okistar-hyal-7 HTTP/1.1" 200 100712 "-" "Mozilla/5.0 AppleWebKit/537.36 (KHTML, like Gecko; compatible; Amazonbot/0.1; +https://developer.amazon.com/support/amazonbot) Chrome/119.0.6045.214 Safari/537.36" "-"
49.13.167.123 - - [18/Oct/2025:02:56:08 +0300 - 0.013 - 0.012] "HEAD / HTTP/1.1" 200 0 "https://emteko.com" "Mozilla/5.0+(compatible; UptimeRobot/2.0; http://www.uptimerobot.com/)" "-"
114.119.132.202 - - [18/Oct/2025:02:57:11 +0300 - 0.252 - 0.016] "GET /en/publications/?flt_products=artro-patch%3Bdiart%3Blorde-hyal%3Bnasisoft&flt_doctors=general-practitioner%3Binfectionist%3Bpediatrician%3Bpulmonologist%3Btherapist HTTP/1.1" 200 100613 "https://emteko.com/en/publications/?flt_products=artro-patch%3Bdiart%3Blorde-hyal%3Bnasisoft&flt_doctors=general-practitioner%3Bpediatrician%3Bpulmonologist%3Btherapist" "Mozilla/5.0 (Linux; Android 7.0;) AppleWebKit/537.36 (KHTML, like Gecko) Mobile Safari/537.36 (compatible; PetalBot;+https://webmaster.petalsearch.com/site/petalbot)" "-"
3.79.134.69 - - [18/Oct/2025:02:57:13 +0300 - 0.003 - 0.000] "HEAD / HTTP/1.1" 200 0 "https://emteko.com" "Mozilla/5.0+(compatible; UptimeRobot/2.0; http://www.uptimerobot.com/)" "-"
128.140.41.193 - - [18/Oct/2025:02:58:15 +0300 - 0.012 - 0.012] "HEAD / HTTP/1.1" 200 0 "https://emteko.com" "Mozilla/5.0+(compatible; UptimeRobot/2.0; http://www.uptimerobot.com/)" "-"
114.119.140.113 - - [18/Oct/2025:02:59:04 +0300 - 0.755 - 0.016] "GET /en/publications/?flt_products=artro-patch%3Bdiart%3Blorde-hyal%3Bnasisoft&flt_doctors=general-practitioner%3Binfectionist%3Borthopedic-traumatologist%3Botolaryngologist%3Bpediatrician%3Bpulmonologist HTTP/1.1" 200 100674 "https://emteko.com/en/publications/?flt_products=artro-patch%3Bdiart%3Bnasisoft&flt_doctors=general-practitioner%3Binfectionist%3Borthopedic-traumatologist%3Botolaryngologist%3Bpediatrician%3Bpulmonologist" "Mozilla/5.0 (Linux; Android 7.0;) AppleWebKit/537.36 (KHTML, like Gecko) Mobile Safari/537.36 (compatible; PetalBot;+https://webmaster.petalsearch.com/site/petalbot)" "-"
52.59.43.236 - - [18/Oct/2025:02:59:18 +0300 - 0.019 - 0.016] "HEAD / HTTP/1.1" 200 0 "https://emteko.com" "Mozilla/5.0+(compatible; UptimeRobot/2.0; http://www.uptimerobot.com/)" "-"
88.99.80.227 - - [18/Oct/2025:03:00:23 +0300 - 0.014 - 0.016] "HEAD / HTTP/1.1" 200 0 "https://emteko.com" "Mozilla/5.0+(compatible; UptimeRobot/2.0; http://www.uptimerobot.com/)" "-"
78.46.190.63 - - [18/Oct/2025:03:00:24 +0300 - 0.003 - 0.004] "HEAD / HTTP/1.1" 200 0 "https://emteko.com" "Mozilla/5.0+(compatible; UptimeRobot/2.0; http://www.uptimerobot.com/)" "-"
31.131.20.181 - - [18/Oct/2025:03:00:59 +0300 - 0.001 - 0.004] "POST /wp-cron.php?doing_wp_cron=1760745659.5403320789337158203125 HTTP/1.1" 499 0 "-" "WordPress/6.8.3; https://emteko.com/en/" "-"
114.119.154.181 - - [18/Oct/2025:03:01:00 +0300 - 2.016 - 1.280] "GET /en/publications/?flt_products=artro-patch%3Bdiart%3Blorde-hyal%3Bnasisoft%3Bokistar-hyal-7&flt_doctors=otolaryngologist%3Bpulmonologist%3Btherapist HTTP/1.1" 200 100575 "https://emteko.com/en/publications/?flt_products=artro-patch%3Bdiart%3Blorde-hyal%3Bnasisoft%3Bokistar-hyal-7&flt_doctors=otolaryngologist%3Bpediatrician%3Bpulmonologist%3Btherapist" "Mozilla/5.0 (Linux; Android 7.0;) AppleWebKit/537.36 (KHTML, like Gecko) Mobile Safari/537.36 (compatible; PetalBot;+https://webmaster.petalsearch.com/site/petalbot)" "-"
3.79.134.69 - - [18/Oct/2025:03:01:26 +0300 - 0.014 - 0.012] "HEAD / HTTP/1.1" 200 0 "https://emteko.com" "Mozilla/5.0+(compatible; UptimeRobot/2.0; http://www.uptimerobot.com/)" "-"
3.79.134.69 - - [18/Oct/2025:03:02:28 +0300 - 0.012 - 0.012] "HEAD / HTTP/1.1" 200 0 "https://emteko.com" "Mozilla/5.0+(compatible; UptimeRobot/2.0; http://www.uptimerobot.com/)" "-"
31.131.20.181 - - [18/Oct/2025:03:02:51 +0300 - 0.000 - 0.004] "POST /wp-cron.php?doing_wp_cron=1760745771.8213460445404052734375 HTTP/1.1" 499 0 "-" "WordPress/6.8.3; https://emteko.com/en/" "-"
114.119.132.202 - - [18/Oct/2025:03:02:52 +0300 - 1.878 - 1.120] "GET /en/publications/?flt_products=artro-patch%3Bdiart%3Blorde-hyal%3Bnasisoft%3Bokistar-hyal-7&flt_doctors=orthopedic-traumatologist%3Bpediatrician%3Btherapist HTTP/1.1" 200 100571 "https://emteko.com/en/publications/?flt_products=artro-patch%3Blorde-hyal%3Bnasisoft%3Bokistar-hyal-7&flt_doctors=orthopedic-traumatologist%3Bpediatrician%3Btherapist" "Mozilla/5.0 (Linux; Android 7.0;) AppleWebKit/537.36 (KHTML, like Gecko) Mobile Safari/537.36 (compatible; PetalBot;+https://webmaster.petalsearch.com/site/petalbot)" "-"
5.39.109.177 - - [18/Oct/2025:03:03:30 +0300 - 0.035 - 0.024] "GET /doctorspecial/traumatologs-ortopeds/?flt_products=nasisoft-lv HTTP/1.1" 200 98339 "-" "Mozilla/5.0 (compatible; AhrefsBot/7.0; +http://ahrefs.com/robot/)" "-"
128.140.41.193 - - [18/Oct/2025:03:03:30 +0300 - 0.003 - 0.004] "HEAD / HTTP/1.1" 200 0 "https://emteko.com" "Mozilla/5.0+(compatible; UptimeRobot/2.0; http://www.uptimerobot.com/)" "-"
157.90.156.63 - - [18/Oct/2025:03:04:35 +0300 - 0.021 - 0.020] "HEAD / HTTP/1.1" 200 0 "https://emteko.com" "Mozilla/5.0+(compatible; UptimeRobot/2.0; http://www.uptimerobot.com/)" "-"
114.119.140.113 - - [18/Oct/2025:03:04:45 +0300 - 0.729 - 0.004] "GET /en/publications/?flt_products=artro-patch%3Bdiart%3Blorde-hyal%3Bnasisoft%3Bokistar-hyal-7&flt_doctors=orthopedic-traumatologist%3Botolaryngologist%3Btherapist HTTP/1.1" 200 100572 "https://emteko.com/en/publications/?flt_products=diart%3Blorde-hyal%3Bnasisoft%3Bokistar-hyal-7&flt_doctors=orthopedic-traumatologist%3Botolaryngologist%3Btherapist" "Mozilla/5.0 (Linux; Android 7.0;) AppleWebKit/537.36 (KHTML, like Gecko) Mobile Safari/537.36 (compatible; PetalBot;+https://webmaster.petalsearch.com/site/petalbot)" "-"
88.99.80.227 - - [18/Oct/2025:03:05:27 +0300 - 0.013 - 0.016] "HEAD / HTTP/1.1" 200 0 "https://emteko.com" "Mozilla/5.0+(compatible; UptimeRobot/2.0; http://www.uptimerobot.com/)" "-"
157.90.156.63 - - [18/Oct/2025:03:05:38 +0300 - 0.012 - 0.012] "HEAD / HTTP/1.1" 200 0 "https://emteko.com" "Mozilla/5.0+(compatible; UptimeRobot/2.0; http://www.uptimerobot.com/)" "-"
31.131.20.181 - - [18/Oct/2025:03:06:26 +0300 - 0.000 - 0.000] "POST /wp-cron.php?doing_wp_cron=1760745986.1303629875183105468750 HTTP/1.1" 499 0 "-" "WordPress/6.8.3; https://emteko.com/en/" "-"
57.141.0.4 - - [18/Oct/2025:03:06:26 +0300 - 1.510 - 1.180] "GET /en/doctorspecial/therapist/?flt_products=artro-patch;lorde-hyal;nasisoft&flt_doctors=general-practitioner;otolaryngologist;pediatrician HTTP/1.1" 200 607101 "-" "meta-externalagent/1.1 (+https://developers.facebook.com/docs/sharing/webmasters/crawler)" "-"
114.119.133.35 - - [18/Oct/2025:03:06:40 +0300 - 0.241 - 0.004] "GET /en/publications/?flt_products=artro-patch%3Bdiart%3Blorde-hyal%3Bnasisoft%3Bokistar-hyal-7&flt_doctors=orthopedic-traumatologist%3Botolaryngologist%3Bpulmonologist%3Btherapist HTTP/1.1" 200 100620 "https://emteko.com/en/publications/?flt_products=artro-patch%3Bdiart%3Blorde-hyal%3Bnasisoft&flt_doctors=orthopedic-traumatologist%3Botolaryngologist%3Bpulmonologist%3Btherapist" "Mozilla/5.0 (Linux; Android 7.0;) AppleWebKit/537.36 (KHTML, like Gecko) Mobile Safari/537.36 (compatible; PetalBot;+https://webmaster.petalsearch.com/site/petalbot)" "-"
49.13.130.29 - - [18/Oct/2025:03:06:40 +0300 - 0.003 - 0.004] "HEAD / HTTP/1.1" 200 0 "https://emteko.com" "Mozilla/5.0+(compatible; UptimeRobot/2.0; http://www.uptimerobot.com/)" "-"
52.59.43.236 - - [18/Oct/2025:03:07:42 +0300 - 0.012 - 0.012] "HEAD / HTTP/1.1" 200 0 "https://emteko.com" "Mozilla/5.0+(compatible; UptimeRobot/2.0; http://www.uptimerobot.com/)" "-"
114.119.132.104 - - [18/Oct/2025:03:08:33 +0300 - 0.724 - 0.020] "GET /en/publications/?flt_products=artro-patch%3Bdiart%3Blorde-hyal%3Bnasisoft%3Bokistar-hyal-7&flt_doctors=orthopedic-traumatologist%3Botolaryngologist%3Bpulmonologist HTTP/1.1" 200 100576 "https://emteko.com/en/publications/?flt_products=artro-patch%3Bdiart%3Blorde-hyal%3Bnasisoft%3Bokistar-hyal-7&flt_doctors=general-practitioner%3Borthopedic-traumatologist%3Botolaryngologist%3Bpulmonologist" "Mozilla/5.0 (Linux; Android 7.0;) AppleWebKit/537.36 (KHTML, like Gecko) Mobile Safari/537.36 (compatible; PetalBot;+https://webmaster.petalsearch.com/site/petalbot)" "-"
52.59.43.236 - - [18/Oct/2025:03:08:47 +0300 - 0.014 - 0.016] "HEAD / HTTP/1.1" 200 0 "https://emteko.com" "Mozilla/5.0+(compatible; UptimeRobot/2.0; http://www.uptimerobot.com/)" "-"
78.47.173.76 - - [18/Oct/2025:03:09:50 +0300 - 0.018 - 0.016] "HEAD / HTTP/1.1" 200 0 "https://emteko.com" "Mozilla/5.0+(compatible; UptimeRobot/2.0; http://www.uptimerobot.com/)" "-"
114.119.154.181 - - [18/Oct/2025:03:10:27 +0300 - 0.930 - 0.016] "GET /en/publications/?flt_products=artro-patch%3Bdiart%3Blorde-hyal%3Bnasisoft%3Bokistar-hyal-7&flt_doctors=orthopedic-traumatologist%3Botolaryngologist%3Bpediatrician%3Bpulmonologist%3Btherapist HTTP/1.1" 200 100666 "https://emteko.com/en/publications/?flt_products=artro-patch%3Bdiart%3Blorde-hyal%3Bnasisoft%3Bokistar-hyal-7&flt_doctors=otolaryngologist%3Bpediatrician%3Bpulmonologist%3Btherapist" "Mozilla/5.0 (Linux; Android 7.0;) AppleWebKit/537.36 (KHTML, like Gecko) Mobile Safari/537.36 (compatible; PetalBot;+https://webmaster.petalsearch.com/site/petalbot)" "-"
168.119.53.160 - - [18/Oct/2025:03:10:31 +0300 - 0.003 - 0.000] "HEAD / HTTP/1.1" 200 0 "https://emteko.com" "Mozilla/5.0+(compatible; UptimeRobot/2.0; http://www.uptimerobot.com/)" "-"
168.119.96.239 - - [18/Oct/2025:03:10:52 +0300 - 0.018 - 0.020] "HEAD / HTTP/1.1" 200 0 "https://emteko.com" "Mozilla/5.0+(compatible; UptimeRobot/2.0; http://www.uptimerobot.com/)" "-"
157.90.155.240 - - [18/Oct/2025:03:11:54 +0300 - 0.013 - 0.012] "HEAD / HTTP/1.1" 200 0 "https://emteko.com" "Mozilla/5.0+(compatible; UptimeRobot/2.0; http://www.uptimerobot.com/)" "-"
31.131.20.181 - - [18/Oct/2025:03:11:57 +0300 - 0.000 - 0.004] "POST /wp-cron.php?doing_wp_cron=1760746316.9850831031799316406250 HTTP/1.1" 499 0 "-" "WordPress/6.8.3; https://emteko.com/en/" "-"
52.167.144.228 - - [18/Oct/2025:03:11:57 +0300 - 1.164 - 1.164] "GET /en/doctorspecial/orthopedic-traumatologist/?flt_products=artro-patch;diart;lorde-hyal;nasisoft;okistar-hyal-7&flt_doctors=general-practitioner;orthopedic-traumatologist;pediatrician;pulmonologist HTTP/1.1" 200 98835 "-" "Mozilla/5.0 AppleWebKit/537.36 (KHTML, like Gecko; compatible; bingbot/2.0; +http://www.bing.com/bingbot.htm) Chrome/116.0.1938.76 Safari/537.36" "-"
114.119.133.35 - - [18/Oct/2025:03:12:22 +0300 - 0.250 - 0.016] "GET /en/publications/?flt_products=artro-patch%3Bdiart%3Blorde-hyal%3Bnasisoft%3Bokistar-hyal-7&flt_doctors=general-practitioner%3Botolaryngologist HTTP/1.1" 200 100518 "https://emteko.com/en/publications/?flt_products=artro-patch%3Bdiart%3Blorde-hyal%3Bnasisoft%3Bokistar-hyal-7&flt_doctors=general-practitioner%3Botolaryngologist%3Bpediatrician" "Mozilla/5.0 (Linux; Android 7.0;) AppleWebKit/537.36 (KHTML, like Gecko) Mobile Safari/537.36 (compatible; PetalBot;+https://webmaster.petalsearch.com/site/petalbot)" "-"
128.140.41.193 - - [18/Oct/2025:03:12:59 +0300 - 0.013 - 0.012] "HEAD / HTTP/1.1" 200 0 "https://emteko.com" "Mozilla/5.0+(compatible; UptimeRobot/2.0; http://www.uptimerobot.com/)" "-"
78.46.190.63 - - [18/Oct/2025:03:14:02 +0300 - 0.020 - 0.020] "HEAD / HTTP/1.1" 200 0 "https://emteko.com" "Mozilla/5.0+(compatible; UptimeRobot/2.0; http://www.uptimerobot.com/)" "-"
114.119.132.202 - - [18/Oct/2025:03:14:18 +0300 - 0.727 - 0.016] "GET /en/publications/?flt_products=artro-patch%3Blorde-hyal%3Bnasisoft&flt_doctors=orthopedic-traumatologist%3Botolaryngologist%3Bpulmonologist HTTP/1.1" 200 100504 "https://emteko.com/en/publications/?flt_products=artro-patch%3Blorde-hyal%3Bnasisoft&flt_doctors=general-practitioner%3Borthopedic-traumatologist%3Botolaryngologist%3Bpulmonologist" "Mozilla/5.0 (Linux; Android 7.0;) AppleWebKit/537.36 (KHTML, like Gecko) Mobile Safari/537.36 (compatible; PetalBot;+https://webmaster.petalsearch.com/site/petalbot)" "-"
157.90.156.63 - - [18/Oct/2025:03:15:04 +0300 - 0.016 - 0.012] "HEAD / HTTP/1.1" 200 0 "https://emteko.com" "Mozilla/5.0+(compatible; UptimeRobot/2.0; http://www.uptimerobot.com/)" "-"
49.13.164.148 - - [18/Oct/2025:03:15:34 +0300 - 0.012 - 0.012] "HEAD / HTTP/1.1" 200 0 "https://emteko.com" "Mozilla/5.0+(compatible; UptimeRobot/2.0; http://www.uptimerobot.com/)" "-"
128.140.106.114 - - [18/Oct/2025:03:16:07 +0300 - 0.013 - 0.012] "HEAD / HTTP/1.1" 200 0 "https://emteko.com" "Mozilla/5.0+(compatible; UptimeRobot/2.0; http://www.uptimerobot.com/)" "-"
114.119.132.202 - - [18/Oct/2025:03:16:11 +0300 - 0.713 - 0.004] "GET /en/publications/?flt_products=artro-patch%3Bdiart%3Blorde-hyal%3Bnasisoft%3Bokistar-hyal-7&flt_doctors=general-practitioner%3Borthopedic-traumatologist%3Bpediatrician%3Bpulmonologist HTTP/1.1" 200 100619 "https://emteko.com/en/publications/?flt_products=artro-patch%3Bdiart%3Blorde-hyal%3Bnasisoft%3Bokistar-hyal-7&flt_doctors=general-practitioner%3Bpediatrician%3Bpulmonologist" "Mozilla/5.0 (Linux; Android 7.0;) AppleWebKit/537.36 (KHTML, like Gecko) Mobile Safari/537.36 (compatible; PetalBot;+https://webmaster.petalsearch.com/site/petalbot)" "-"
168.119.123.75 - - [18/Oct/2025:03:17:12 +0300 - 0.013 - 0.012] "HEAD / HTTP/1.1" 200 0 "https://emteko.com" "Mozilla/5.0+(compatible; UptimeRobot/2.0; http://www.uptimerobot.com/)" "-"
114.119.132.104 - - [18/Oct/2025:03:18:04 +0300 - 0.959 - 0.020] "GET /en/publications/?flt_products=diart%3Blorde-hyal%3Bnasisoft&flt_doctors=otolaryngologist%3Btherapist HTTP/1.1" 200 100457 "https://emteko.com/en/publications/?flt_products=artro-patch%3Bdiart%3Blorde-hyal%3Bnasisoft&flt_doctors=otolaryngologist%3Btherapist" "Mozilla/5.0 (Linux; Android 7.0;) AppleWebKit/537.36 (KHTML, like Gecko) Mobile Safari/537.36 (compatible; PetalBot;+https://webmaster.petalsearch.com/site/petalbot)" "-"
63.178.84.147 - - [18/Oct/2025:03:18:15 +0300 - 0.015 - 0.016] "HEAD / HTTP/1.1" 200 0 "https://emteko.com" "Mozilla/5.0+(compatible; UptimeRobot/2.0; http://www.uptimerobot.com/)" "-"
157.90.155.240 - - [18/Oct/2025:03:19:19 +0300 - 0.020 - 0.020] "HEAD / HTTP/1.1" 200 0 "https://emteko.com" "Mozilla/5.0+(compatible; UptimeRobot/2.0; http://www.uptimerobot.com/)" "-"
31.131.20.181 - - [18/Oct/2025:03:19:59 +0300 - 0.000 - 0.000] "POST /wp-cron.php?doing_wp_cron=1760746799.7260611057281494140625 HTTP/1.1" 499 0 "-" "WordPress/6.8.3; https://emteko.com/en/" "-"
114.119.154.89 - - [18/Oct/2025:03:20:01 +0300 - 2.387 - 1.164] "GET /en/publications/?flt_doctors=orthopedic-traumatologist%3Bpulmonologist HTTP/1.1" 200 100123 "https://emteko.com/en/publications/?flt_doctors=infectionist%3Borthopedic-traumatologist%3Bpulmonologist" "Mozilla/5.0 (Linux; Android 7.0;) AppleWebKit/537.36 (KHTML, like Gecko) Mobile Safari/537.36 (compatible; PetalBot;+https://webmaster.petalsearch.com/site/petalbot)" "-"
49.13.167.123 - - [18/Oct/2025:03:20:22 +0300 - 0.013 - 0.016] "HEAD / HTTP/1.1" 200 0 "https://emteko.com" "Mozilla/5.0+(compatible; UptimeRobot/2.0; http://www.uptimerobot.com/)" "-"
78.46.190.63 - - [18/Oct/2025:03:20:38 +0300 - 0.013 - 0.016] "HEAD / HTTP/1.1" 200 0 "https://emteko.com" "Mozilla/5.0+(compatible; UptimeRobot/2.0; http://www.uptimerobot.com/)" "-"
142.132.180.39 - - [18/Oct/2025:03:21:25 +0300 - 0.013 - 0.012] "HEAD / HTTP/1.1" 200 0 "https://emteko.com" "Mozilla/5.0+(compatible; UptimeRobot/2.0; http://www.uptimerobot.com/)" "-"
31.131.20.181 - - [18/Oct/2025:03:21:55 +0300 - 0.000 - 0.000] "POST /wp-cron.php?doing_wp_cron=1760746915.8721621036529541015625 HTTP/1.1" 499 0 "-" "WordPress/6.8.3; https://emteko.com/en/" "-"
114.119.134.51 - - [18/Oct/2025:03:21:56 +0300 - 1.786 - 1.060] "GET /en/publications/?flt_doctors=orthopedic-traumatologist%3Botolaryngologist%3Bpediatrician HTTP/1.1" 200 100345 "https://emteko.com/en/publications/?flt_doctors=orthopedic-traumatologist%3Botolaryngologist" "Mozilla/5.0 (Linux; Android 7.0;) AppleWebKit/537.36 (KHTML, like Gecko) Mobile Safari/537.36 (compatible; PetalBot;+https://webmaster.petalsearch.com/site/petalbot)" "-"
142.132.180.39 - - [18/Oct/2025:03:22:30 +0300 - 0.012 - 0.012] "HEAD / HTTP/1.1" 200 0 "https://emteko.com" "Mozilla/5.0+(compatible; UptimeRobot/2.0; http://www.uptimerobot.com/)" "-"
63.178.84.147 - - [18/Oct/2025:03:23:34 +0300 - 0.012 - 0.012] "HEAD / HTTP/1.1" 200 0 "https://emteko.com" "Mozilla/5.0+(compatible; UptimeRobot/2.0; http://www.uptimerobot.com/)" "-"
114.119.154.181 - - [18/Oct/2025:03:23:47 +0300 - 0.741 - 0.016] "GET /en/publications/?flt_doctors=general-practitioner%3Botolaryngologist HTTP/1.1" 200 100117 "https://emteko.com/en/publications/?flt_doctors=general-practitioner" "Mozilla/5.0 (Linux; Android 7.0;) AppleWebKit/537.36 (KHTML, like Gecko) Mobile Safari/537.36 (compatible; PetalBot;+https://webmaster.petalsearch.com/site/petalbot)" "-"
159.69.158.189 - - [18/Oct/2025:03:24:39 +0300 - 0.018 - 0.020] "HEAD / HTTP/1.1" 200 0 "https://emteko.com" "Mozilla/5.0+(compatible; UptimeRobot/2.0; http://www.uptimerobot.com/)" "-"
128.140.106.114 - - [18/Oct/2025:03:25:41 +0300 - 0.003 - 0.000] "HEAD / HTTP/1.1" 200 0 "https://emteko.com" "Mozilla/5.0+(compatible; UptimeRobot/2.0; http://www.uptimerobot.com/)" "-"
88.99.80.227 - - [18/Oct/2025:03:25:42 +0300 - 0.003 - 0.004] "HEAD / HTTP/1.1" 200 0 "https://emteko.com" "Mozilla/5.0+(compatible; UptimeRobot/2.0; http://www.uptimerobot.com/)" "-"
114.119.154.89 - - [18/Oct/2025:03:25:42 +0300 - 1.466 - 0.016] "GET /en/publications/?flt_doctors=general-practitioner%3Binfectionist%3Bpediatrician%3Bpulmonologist HTTP/1.1" 200 100392 "https://emteko.com/en/publications/?flt_doctors=general-practitioner%3Binfectionist%3Botolaryngologist%3Bpediatrician%3Bpulmonologist" "Mozilla/5.0 (Linux; Android 7.0;) AppleWebKit/537.36 (KHTML, like Gecko) Mobile Safari/537.36 (compatible; PetalBot;+https://webmaster.petalsearch.com/site/petalbot)" "-"
66.249.66.162 - - [18/Oct/2025:03:26:24 +0300 - 0.016 - 0.016] "GET /products/lorde-hyal/ HTTP/1.1" 200 92425 "-" "Mozilla/5.0 (Linux; Android 6.0.1; Nexus 5X Build/MMB29P) AppleWebKit/537.36 (KHTML, like Gecko) Chrome/140.0.7339.207 Mobile Safari/537.36 (compatible; Googlebot/2.1; +http://www.google.com/bot.html)" "-"
31.131.20.181 - - [18/Oct/2025:03:26:45 +0300 - 0.002 - 0.000] "POST /wp-cron.php?doing_wp_cron=1760747205.1649239063262939453125 HTTP/1.1" 499 0 "-" "WordPress/6.8.3; https://emteko.com/en/" "-"
40.77.167.13 - - [18/Oct/2025:03:26:45 +0300 - 1.968 - 1.968] "GET /en/doctorspecial/infectionist/?flt_products=artro-patch;okistar-hyal-7&flt_doctors=orthopedic-traumatologist;pulmonologist;therapist HTTP/1.1" 200 98878 "-" "Mozilla/5.0 AppleWebKit/537.36 (KHTML, like Gecko; compatible; bingbot/2.0; +http://www.bing.com/bingbot.htm) Chrome/116.0.1938.76 Safari/537.36" "-"
49.13.134.145 - - [18/Oct/2025:03:26:47 +0300 - 0.002 - 0.004] "HEAD / HTTP/1.1" 200 0 "https://emteko.com" "Mozilla/5.0+(compatible; UptimeRobot/2.0; http://www.uptimerobot.com/)" "-"
31.131.20.181 - - [18/Oct/2025:03:27:29 +0300 - 0.000 - 0.000] "POST /wp-cron.php?doing_wp_cron=1760747249.2419180870056152343750 HTTP/1.1" 499 0 "-" "WordPress/6.8.3; https://emteko.com" "-"
40.77.167.13 - - [18/Oct/2025:03:27:29 +0300 - 1.113 - 1.112] "GET /doctorspecial/pulmonologs/?flt_products=diart-lv;lorde-hyal-lv;okistar-hyal-7-lv&flt_doctors=otolaringologs;pulmonologs;traumatologs-ortopeds HTTP/1.1" 200 100346 "-" "Mozilla/5.0 AppleWebKit/537.36 (KHTML, like Gecko; compatible; bingbot/2.0; +http://www.bing.com/bingbot.htm) Chrome/116.0.1938.76 Safari/537.36" "-"
114.119.136.120 - - [18/Oct/2025:03:27:35 +0300 - 1.024 - 0.004] "GET /en/products/lorde-hyal/ HTTP/1.1" 200 92089 "https://emteko.com/en/catalog/?flt_cats=for-respiratory-organs" "Mozilla/5.0 (Linux; Android 7.0;) AppleWebKit/537.36 (KHTML, like Gecko) Mobile Safari/537.36 (compatible; PetalBot;+https://webmaster.petalsearch.com/site/petalbot)" "-"
52.59.43.236 - - [18/Oct/2025:03:27:50 +0300 - 0.014 - 0.012] "HEAD / HTTP/1.1" 200 0 "https://emteko.com" "Mozilla/5.0+(compatible; UptimeRobot/2.0; http://www.uptimerobot.com/)" "-"
168.119.96.239 - - [18/Oct/2025:03:28:53 +0300 - 0.013 - 0.016] "HEAD / HTTP/1.1" 200 0 "https://emteko.com" "Mozilla/5.0+(compatible; UptimeRobot/2.0; http://www.uptimerobot.com/)" "-"
114.119.134.51 - - [18/Oct/2025:03:29:28 +0300 - 0.769 - 0.016] "GET /en/products/artro-patch/ HTTP/1.1" 200 92997 "https://emteko.com/en/catalog/?flt_cats=for-respiratory-organs%3Btraumatology-orthopedics" "Mozilla/5.0 (Linux; Android 7.0;) AppleWebKit/537.36 (KHTML, like Gecko) Mobile Safari/537.36 (compatible; PetalBot;+https://webmaster.petalsearch.com/site/petalbot)" "-"
78.47.98.55 - - [18/Oct/2025:03:29:57 +0300 - 0.012 - 0.012] "HEAD / HTTP/1.1" 200 0 "https://emteko.com" "Mozilla/5.0+(compatible; UptimeRobot/2.0; http://www.uptimerobot.com/)" "-"
