File: /var/www/logs/emteko.com_access.log.1
49.13.167.123 - - [18/Oct/2025:00:03:21 +0300 - 0.013 - 0.016] "HEAD / HTTP/1.1" 200 0 "https://emteko.com" "Mozilla/5.0+(compatible; UptimeRobot/2.0; http://www.uptimerobot.com/)" "-"
3.77.67.4 - - [18/Oct/2025:00:03:32 +0300 - 0.017 - 0.016] "HEAD / HTTP/1.1" 200 0 "https://emteko.com" "Mozilla/5.0+(compatible; UptimeRobot/2.0; http://www.uptimerobot.com/)" "-"
31.131.20.181 - - [18/Oct/2025:00:03:39 +0300 - 0.000 - 0.000] "POST /wp-cron.php?doing_wp_cron=1760735019.1306650638580322265625 HTTP/1.1" 499 0 "-" "WordPress/6.8.3; https://emteko.com/en/" "-"
40.77.167.14 - - [18/Oct/2025:00:03:39 +0300 - 1.110 - 1.112] "GET /en/doctorspecial/general-practitioner/?flt_products=lorde-hyal&flt_doctors=pulmonologist HTTP/1.1" 200 99662 "-" "Mozilla/5.0 AppleWebKit/537.36 (KHTML, like Gecko; compatible; bingbot/2.0; +http://www.bing.com/bingbot.htm) Chrome/116.0.1938.76 Safari/537.36" "-"
114.119.134.51 - - [18/Oct/2025:00:04:18 +0300 - 1.981 - 0.020] "GET /en/publications/?flt_products=diart%3Blorde-hyal&flt_doctors=general-practitioner%3Borthopedic-traumatologist%3Botolaryngologist%3Bpediatrician%3Bpulmonologist%3Btherapist HTTP/1.1" 200 100359 "https://emteko.com/en/publications/?flt_products=diart%3Blorde-hyal&flt_doctors=general-practitioner%3Botolaryngologist%3Bpediatrician%3Bpulmonologist%3Btherapist" "Mozilla/5.0 (Linux; Android 7.0;) AppleWebKit/537.36 (KHTML, like Gecko) Mobile Safari/537.36 (compatible; PetalBot;+https://webmaster.petalsearch.com/site/petalbot)" "-"
142.132.180.39 - - [18/Oct/2025:00:04:34 +0300 - 0.014 - 0.012] "HEAD / HTTP/1.1" 200 0 "https://emteko.com" "Mozilla/5.0+(compatible; UptimeRobot/2.0; http://www.uptimerobot.com/)" "-"
157.90.156.63 - - [18/Oct/2025:00:05:36 +0300 - 0.042 - 0.044] "HEAD / HTTP/1.1" 200 0 "https://emteko.com" "Mozilla/5.0+(compatible; UptimeRobot/2.0; http://www.uptimerobot.com/)" "-"
57.141.0.29 - - [18/Oct/2025:00:06:03 +0300 - 0.345 - 0.020] "GET /doctorspecial/traumatologs-ortopeds/?flt_doctors=pediatrs HTTP/1.1" 200 594561 "-" "meta-externalagent/1.1 (+https://developers.facebook.com/docs/sharing/webmasters/crawler)" "-"
114.119.132.202 - - [18/Oct/2025:00:06:09 +0300 - 0.237 - 0.004] "GET /en/publications/?flt_products=diart%3Blorde-hyal&flt_doctors=general-practitioner%3Binfectionist%3Bpulmonologist HTTP/1.1" 200 100222 "https://emteko.com/en/publications/?flt_products=diart%3Blorde-hyal%3Bokistar-hyal-7&flt_doctors=general-practitioner%3Binfectionist%3Bpulmonologist" "Mozilla/5.0 (Linux; Android 7.0;) AppleWebKit/537.36 (KHTML, like Gecko) Mobile Safari/537.36 (compatible; PetalBot;+https://webmaster.petalsearch.com/site/petalbot)" "-"
168.119.96.239 - - [18/Oct/2025:00:06:41 +0300 - 0.023 - 0.024] "HEAD / HTTP/1.1" 200 0 "https://emteko.com" "Mozilla/5.0+(compatible; UptimeRobot/2.0; http://www.uptimerobot.com/)" "-"
31.131.20.181 - - [18/Oct/2025:00:07:22 +0300 - 0.001 - 0.000] "POST /wp-cron.php?doing_wp_cron=1760735242.8783819675445556640625 HTTP/1.1" 499 0 "-" "WordPress/6.8.3; https://emteko.com" "-"
88.201.206.24 - - [18/Oct/2025:00:07:23 +0300 - 1.171 - 1.172] "GET /wp-json/sure-triggers/v1/ HTTP/1.1" 404 125 "-" "Mozilla/5.0 (Windows NT 10.0; Win64; x64) AppleWebKit/537.36 (KHTML, like Gecko) Chrome/140.0.0.0 Safari/537.36" "-"
49.13.24.81 - - [18/Oct/2025:00:07:44 +0300 - 0.029 - 0.028] "HEAD / HTTP/1.1" 200 0 "https://emteko.com" "Mozilla/5.0+(compatible; UptimeRobot/2.0; http://www.uptimerobot.com/)" "-"
114.119.154.181 - - [18/Oct/2025:00:08:06 +0300 - 1.911 - 0.020] "GET /en/publications/?flt_products=diart%3Blorde-hyal&flt_doctors=general-practitioner%3Binfectionist%3Borthopedic-traumatologist%3Bpediatrician%3Bpulmonologist HTTP/1.1" 200 100318 "https://emteko.com/en/publications/?flt_products=diart%3Blorde-hyal&flt_doctors=infectionist%3Borthopedic-traumatologist%3Bpediatrician%3Bpulmonologist" "Mozilla/5.0 (Linux; Android 7.0;) AppleWebKit/537.36 (KHTML, like Gecko) Mobile Safari/537.36 (compatible; PetalBot;+https://webmaster.petalsearch.com/site/petalbot)" "-"
157.90.155.240 - - [18/Oct/2025:00:08:25 +0300 - 0.014 - 0.016] "HEAD / HTTP/1.1" 200 0 "https://emteko.com" "Mozilla/5.0+(compatible; UptimeRobot/2.0; http://www.uptimerobot.com/)" "-"
18.193.252.127 - - [18/Oct/2025:00:08:47 +0300 - 0.015 - 0.016] "HEAD / HTTP/1.1" 200 0 "https://emteko.com" "Mozilla/5.0+(compatible; UptimeRobot/2.0; http://www.uptimerobot.com/)" "-"
168.119.123.75 - - [18/Oct/2025:00:09:51 +0300 - 0.013 - 0.016] "HEAD / HTTP/1.1" 200 0 "https://emteko.com" "Mozilla/5.0+(compatible; UptimeRobot/2.0; http://www.uptimerobot.com/)" "-"
114.119.154.181 - - [18/Oct/2025:00:10:00 +0300 - 1.291 - 0.004] "GET /en/publications/?flt_products=diart%3Blorde-hyal%3Bokistar-hyal-7&flt_doctors=otolaryngologist%3Bpulmonologist HTTP/1.1" 200 100225 "https://emteko.com/en/publications/?flt_products=diart%3Blorde-hyal&flt_doctors=otolaryngologist%3Bpulmonologist" "Mozilla/5.0 (Linux; Android 7.0;) AppleWebKit/537.36 (KHTML, like Gecko) Mobile Safari/537.36 (compatible; PetalBot;+https://webmaster.petalsearch.com/site/petalbot)" "-"
49.13.164.148 - - [18/Oct/2025:00:10:55 +0300 - 0.013 - 0.012] "HEAD / HTTP/1.1" 200 0 "https://emteko.com" "Mozilla/5.0+(compatible; UptimeRobot/2.0; http://www.uptimerobot.com/)" "-"
114.119.140.113 - - [18/Oct/2025:00:11:52 +0300 - 0.733 - 0.012] "GET /en/publications/?flt_products=diart%3Blorde-hyal%3Bokistar-hyal-7&flt_doctors=otolaryngologist%3Bpediatrician HTTP/1.1" 200 100225 "https://emteko.com/en/publications/?flt_products=diart%3Blorde-hyal%3Bokistar-hyal-7&flt_doctors=pediatrician" "Mozilla/5.0 (Linux; Android 7.0;) AppleWebKit/537.36 (KHTML, like Gecko) Mobile Safari/537.36 (compatible; PetalBot;+https://webmaster.petalsearch.com/site/petalbot)" "-"
88.99.80.227 - - [18/Oct/2025:00:12:00 +0300 - 0.003 - 0.000] "HEAD / HTTP/1.1" 200 0 "https://emteko.com" "Mozilla/5.0+(compatible; UptimeRobot/2.0; http://www.uptimerobot.com/)" "-"
157.90.156.63 - - [18/Oct/2025:00:13:03 +0300 - 0.017 - 0.016] "HEAD / HTTP/1.1" 200 0 "https://emteko.com" "Mozilla/5.0+(compatible; UptimeRobot/2.0; http://www.uptimerobot.com/)" "-"
63.178.84.147 - - [18/Oct/2025:00:13:28 +0300 - 0.013 - 0.012] "HEAD / HTTP/1.1" 200 0 "https://emteko.com" "Mozilla/5.0+(compatible; UptimeRobot/2.0; http://www.uptimerobot.com/)" "-"
114.119.154.89 - - [18/Oct/2025:00:13:47 +0300 - 1.713 - 0.016] "GET /en/publications/?flt_products=diart%3Blorde-hyal%3Bokistar-hyal-7&flt_doctors=orthopedic-traumatologist%3Botolaryngologist%3Bpediatrician%3Bpulmonologist HTTP/1.1" 200 100310 "https://emteko.com/en/publications/?flt_products=diart%3Bokistar-hyal-7&flt_doctors=orthopedic-traumatologist%3Botolaryngologist%3Bpediatrician%3Bpulmonologist" "Mozilla/5.0 (Linux; Android 7.0;) AppleWebKit/537.36 (KHTML, like Gecko) Mobile Safari/537.36 (compatible; PetalBot;+https://webmaster.petalsearch.com/site/petalbot)" "-"
3.77.67.4 - - [18/Oct/2025:00:14:05 +0300 - 0.012 - 0.012] "HEAD / HTTP/1.1" 200 0 "https://emteko.com" "Mozilla/5.0+(compatible; UptimeRobot/2.0; http://www.uptimerobot.com/)" "-"
31.131.20.181 - - [18/Oct/2025:00:14:36 +0300 - 0.000 - 0.000] "POST /wp-cron.php?doing_wp_cron=1760735676.0084741115570068359375 HTTP/1.1" 499 0 "-" "WordPress/6.8.3; https://emteko.com" "-"
205.185.120.218 - - [18/Oct/2025:00:14:36 +0300 - 0.908 - 0.909] "GET /?author=2 HTTP/1.1" 404 150 "http://www.google.com.hk" "Mozilla/5.0 (Windows NT 6.1; WOW64) AppleWebKit/537.36 (KHTML, like Gecko) Chrome/42.0.2311.90 Safari/537.36" "209.215.53.116"
49.13.167.123 - - [18/Oct/2025:00:15:08 +0300 - 0.013 - 0.016] "HEAD / HTTP/1.1" 200 0 "https://emteko.com" "Mozilla/5.0+(compatible; UptimeRobot/2.0; http://www.uptimerobot.com/)" "-"
114.119.133.35 - - [18/Oct/2025:00:15:41 +0300 - 0.969 - 0.016] "GET /en/publications/?flt_products=diart%3Blorde-hyal%3Bokistar-hyal-7&flt_doctors=infectionist%3Bpediatrician%3Btherapist HTTP/1.1" 200 100261 "https://emteko.com/en/publications/?flt_products=lorde-hyal%3Bokistar-hyal-7&flt_doctors=infectionist%3Bpediatrician%3Btherapist" "Mozilla/5.0 (Linux; Android 7.0;) AppleWebKit/537.36 (KHTML, like Gecko) Mobile Safari/537.36 (compatible; PetalBot;+https://webmaster.petalsearch.com/site/petalbot)" "-"
78.46.190.63 - - [18/Oct/2025:00:16:12 +0300 - 0.013 - 0.012] "HEAD / HTTP/1.1" 200 0 "https://emteko.com" "Mozilla/5.0+(compatible; UptimeRobot/2.0; http://www.uptimerobot.com/)" "-"
49.13.24.81 - - [18/Oct/2025:00:17:15 +0300 - 0.014 - 0.012] "HEAD / HTTP/1.1" 200 0 "https://emteko.com" "Mozilla/5.0+(compatible; UptimeRobot/2.0; http://www.uptimerobot.com/)" "-"
114.119.133.35 - - [18/Oct/2025:00:17:36 +0300 - 1.248 - 0.012] "GET /en/publications/?flt_products=diart%3Blorde-hyal%3Bokistar-hyal-7&flt_doctors=infectionist%3Botolaryngologist%3Bpediatrician%3Bpulmonologist%3Btherapist HTTP/1.1" 200 100336 "https://emteko.com/en/publications/?flt_products=diart%3Blorde-hyal%3Bokistar-hyal-7&flt_doctors=infectionist%3Bpediatrician%3Bpulmonologist%3Btherapist" "Mozilla/5.0 (Linux; Android 7.0;) AppleWebKit/537.36 (KHTML, like Gecko) Mobile Safari/537.36 (compatible; PetalBot;+https://webmaster.petalsearch.com/site/petalbot)" "-"
167.235.143.113 - - [18/Oct/2025:00:18:17 +0300 - 0.012 - 0.016] "HEAD / HTTP/1.1" 200 0 "https://emteko.com" "Mozilla/5.0+(compatible; UptimeRobot/2.0; http://www.uptimerobot.com/)" "-"
168.119.96.239 - - [18/Oct/2025:00:18:32 +0300 - 0.013 - 0.012] "HEAD / HTTP/1.1" 200 0 "https://emteko.com" "Mozilla/5.0+(compatible; UptimeRobot/2.0; http://www.uptimerobot.com/)" "-"
31.131.20.181 - - [18/Oct/2025:00:18:47 +0300 - 0.000 - 0.000] "POST /wp-cron.php?doing_wp_cron=1760735927.4099559783935546875000 HTTP/1.1" 499 0 "-" "WordPress/6.8.3; https://emteko.com/en/" "-"
66.249.66.163 - - [18/Oct/2025:00:18:47 +0300 - 1.265 - 1.264] "GET /en/doctorspecial/otolaryngologist/?flt_products=artro-patch;nasisoft&flt_doctors=infectionist;orthopedic-traumatologist;pediatrician HTTP/1.1" 200 98682 "-" "Mozilla/5.0 (Linux; Android 6.0.1; Nexus 5X Build/MMB29P) AppleWebKit/537.36 (KHTML, like Gecko) Chrome/140.0.7339.207 Mobile Safari/537.36 (compatible; Googlebot/2.1; +http://www.google.com/bot.html)" "-"
168.119.53.160 - - [18/Oct/2025:00:19:20 +0300 - 0.019 - 0.020] "HEAD / HTTP/1.1" 200 0 "https://emteko.com" "Mozilla/5.0+(compatible; UptimeRobot/2.0; http://www.uptimerobot.com/)" "-"
114.119.132.202 - - [18/Oct/2025:00:19:28 +0300 - 0.705 - 0.004] "GET /en/publications/?flt_products=diart%3Blorde-hyal%3Bokistar-hyal-7&flt_doctors=general-practitioner%3Binfectionist%3Borthopedic-traumatologist%3Botolaryngologist%3Bpulmonologist%3Btherapist HTTP/1.1" 200 100404 "https://emteko.com/en/publications/?flt_products=diart%3Blorde-hyal%3Bokistar-hyal-7&flt_doctors=general-practitioner%3Borthopedic-traumatologist%3Botolaryngologist%3Bpulmonologist%3Btherapist" "Mozilla/5.0 (Linux; Android 7.0;) AppleWebKit/537.36 (KHTML, like Gecko) Mobile Safari/537.36 (compatible; PetalBot;+https://webmaster.petalsearch.com/site/petalbot)" "-"
49.13.24.81 - - [18/Oct/2025:00:20:24 +0300 - 0.014 - 0.016] "HEAD / HTTP/1.1" 200 0 "https://emteko.com" "Mozilla/5.0+(compatible; UptimeRobot/2.0; http://www.uptimerobot.com/)" "-"
114.119.132.202 - - [18/Oct/2025:00:21:23 +0300 - 1.170 - 0.016] "GET /en/publications/?flt_products=diart%3Blorde-hyal%3Bokistar-hyal-7&flt_doctors=general-practitioner%3Binfectionist%3Borthopedic-traumatologist%3Botolaryngologist%3Bpediatrician%3Btherapist HTTP/1.1" 200 100405 "https://emteko.com/en/publications/?flt_products=diart%3Blorde-hyal%3Bokistar-hyal-7&flt_doctors=general-practitioner%3Binfectionist%3Borthopedic-traumatologist%3Botolaryngologist%3Bpediatrician" "Mozilla/5.0 (Linux; Android 7.0;) AppleWebKit/537.36 (KHTML, like Gecko) Mobile Safari/537.36 (compatible; PetalBot;+https://webmaster.petalsearch.com/site/petalbot)" "-"
3.79.134.69 - - [18/Oct/2025:00:21:28 +0300 - 0.002 - 0.004] "HEAD / HTTP/1.1" 200 0 "https://emteko.com" "Mozilla/5.0+(compatible; UptimeRobot/2.0; http://www.uptimerobot.com/)" "-"
142.132.180.39 - - [18/Oct/2025:00:22:32 +0300 - 0.019 - 0.020] "HEAD / HTTP/1.1" 200 0 "https://emteko.com" "Mozilla/5.0+(compatible; UptimeRobot/2.0; http://www.uptimerobot.com/)" "-"
114.119.132.202 - - [18/Oct/2025:00:23:19 +0300 - 3.019 - 0.016] "GET /en/publications/?flt_products=diart%3Blorde-hyal%3Bnasisoft&flt_doctors=infectionist%3Borthopedic-traumatologist%3Botolaryngologist%3Bpediatrician HTTP/1.1" 200 81596 "https://emteko.com/en/publications/?flt_products=diart%3Blorde-hyal%3Bnasisoft&flt_doctors=orthopedic-traumatologist%3Botolaryngologist%3Bpediatrician" "Mozilla/5.0 (Linux; Android 7.0;) AppleWebKit/537.36 (KHTML, like Gecko) Mobile Safari/537.36 (compatible; PetalBot;+https://webmaster.petalsearch.com/site/petalbot)" "-"
49.13.167.123 - - [18/Oct/2025:00:23:35 +0300 - 0.013 - 0.016] "HEAD / HTTP/1.1" 200 0 "https://emteko.com" "Mozilla/5.0+(compatible; UptimeRobot/2.0; http://www.uptimerobot.com/)" "-"
78.47.98.55 - - [18/Oct/2025:00:23:36 +0300 - 0.002 - 0.000] "HEAD / HTTP/1.1" 200 0 "https://emteko.com" "Mozilla/5.0+(compatible; UptimeRobot/2.0; http://www.uptimerobot.com/)" "-"
52.59.43.236 - - [18/Oct/2025:00:24:41 +0300 - 0.013 - 0.012] "HEAD / HTTP/1.1" 200 0 "https://emteko.com" "Mozilla/5.0+(compatible; UptimeRobot/2.0; http://www.uptimerobot.com/)" "-"
114.119.154.89 - - [18/Oct/2025:00:25:13 +0300 - 1.485 - 0.016] "GET /en/publications/?flt_products=diart%3Blorde-hyal%3Bnasisoft&flt_doctors=general-practitioner%3Bpulmonologist HTTP/1.1" 200 100447 "https://emteko.com/en/publications/?flt_products=diart%3Blorde-hyal%3Bnasisoft&flt_doctors=pulmonologist" "Mozilla/5.0 (Linux; Android 7.0;) AppleWebKit/537.36 (KHTML, like Gecko) Mobile Safari/537.36 (compatible; PetalBot;+https://webmaster.petalsearch.com/site/petalbot)" "-"
49.13.164.148 - - [18/Oct/2025:00:25:44 +0300 - 0.021 - 0.020] "HEAD / HTTP/1.1" 200 0 "https://emteko.com" "Mozilla/5.0+(compatible; UptimeRobot/2.0; http://www.uptimerobot.com/)" "-"
31.131.20.181 - - [18/Oct/2025:00:26:14 +0300 - 0.000 - 0.000] "POST /wp-cron.php?doing_wp_cron=1760736373.9848148822784423828125 HTTP/1.1" 499 0 "-" "WordPress/6.8.3; https://emteko.com/en/" "-"
40.77.167.151 - - [18/Oct/2025:00:26:14 +0300 - 1.241 - 1.240] "GET /en/?s=2026 HTTP/1.1" 200 86766 "-" "Mozilla/5.0 AppleWebKit/537.36 (KHTML, like Gecko; compatible; bingbot/2.0; +http://www.bing.com/bingbot.htm) Chrome/116.0.1938.76 Safari/537.36" "-"
40.77.167.151 - - [18/Oct/2025:00:26:14 +0300 - 0.006 - 0.008] "GET /doctorspecial/pulmonologs/ HTTP/1.1" 200 99812 "-" "Mozilla/5.0 AppleWebKit/537.36 (KHTML, like Gecko; compatible; bingbot/2.0; +http://www.bing.com/bingbot.htm) Chrome/116.0.1938.76 Safari/537.36" "-"
49.13.164.148 - - [18/Oct/2025:00:26:47 +0300 - 0.016 - 0.016] "HEAD / HTTP/1.1" 200 0 "https://emteko.com" "Mozilla/5.0+(compatible; UptimeRobot/2.0; http://www.uptimerobot.com/)" "-"
114.119.134.51 - - [18/Oct/2025:00:27:07 +0300 - 0.966 - 0.016] "GET /en/publications/?flt_products=diart%3Blorde-hyal%3Bnasisoft&flt_doctors=general-practitioner%3Borthopedic-traumatologist%3Bpediatrician%3Bpulmonologist%3Btherapist HTTP/1.1" 200 100583 "https://emteko.com/en/publications/?flt_products=diart%3Blorde-hyal%3Bnasisoft&flt_doctors=orthopedic-traumatologist%3Bpediatrician%3Bpulmonologist%3Btherapist" "Mozilla/5.0 (Linux; Android 7.0;) AppleWebKit/537.36 (KHTML, like Gecko) Mobile Safari/537.36 (compatible; PetalBot;+https://webmaster.petalsearch.com/site/petalbot)" "-"
78.47.173.76 - - [18/Oct/2025:00:27:51 +0300 - 0.012 - 0.012] "HEAD / HTTP/1.1" 200 0 "https://emteko.com" "Mozilla/5.0+(compatible; UptimeRobot/2.0; http://www.uptimerobot.com/)" "-"
78.46.190.63 - - [18/Oct/2025:00:28:39 +0300 - 0.017 - 0.016] "HEAD / HTTP/1.1" 200 0 "https://emteko.com" "Mozilla/5.0+(compatible; UptimeRobot/2.0; http://www.uptimerobot.com/)" "-"
167.235.143.113 - - [18/Oct/2025:00:28:55 +0300 - 0.011 - 0.012] "HEAD / HTTP/1.1" 200 0 "https://emteko.com" "Mozilla/5.0+(compatible; UptimeRobot/2.0; http://www.uptimerobot.com/)" "-"
31.131.20.181 - - [18/Oct/2025:00:28:58 +0300 - 0.001 - 0.000] "POST /wp-cron.php?doing_wp_cron=1760736538.1763188838958740234375 HTTP/1.1" 499 0 "-" "WordPress/6.8.3; https://emteko.com/en/" "-"
114.119.154.89 - - [18/Oct/2025:00:29:00 +0300 - 2.594 - 1.088] "GET /en/publications/?flt_products=diart%3Blorde-hyal%3Bnasisoft&flt_doctors=general-practitioner%3Binfectionist%3Botolaryngologist%3Bpediatrician%3Bpulmonologist%3Btherapist HTTP/1.1" 200 100625 "https://emteko.com/en/publications/?flt_products=diart%3Bnasisoft&flt_doctors=general-practitioner%3Binfectionist%3Botolaryngologist%3Bpediatrician%3Bpulmonologist%3Btherapist" "Mozilla/5.0 (Linux; Android 7.0;) AppleWebKit/537.36 (KHTML, like Gecko) Mobile Safari/537.36 (compatible; PetalBot;+https://webmaster.petalsearch.com/site/petalbot)" "-"
167.235.143.113 - - [18/Oct/2025:00:30:00 +0300 - 0.013 - 0.012] "HEAD / HTTP/1.1" 200 0 "https://emteko.com" "Mozilla/5.0+(compatible; UptimeRobot/2.0; http://www.uptimerobot.com/)" "-"
114.119.154.89 - - [18/Oct/2025:00:30:52 +0300 - 0.965 - 0.024] "GET /en/publications/?flt_products=diart%3Blorde-hyal%3Bnasisoft&flt_doctors=general-practitioner%3Binfectionist%3Botolaryngologist HTTP/1.1" 200 100493 "https://emteko.com/en/publications/?flt_products=diart%3Blorde-hyal&flt_doctors=general-practitioner%3Binfectionist%3Botolaryngologist" "Mozilla/5.0 (Linux; Android 7.0;) AppleWebKit/537.36 (KHTML, like Gecko) Mobile Safari/537.36 (compatible; PetalBot;+https://webmaster.petalsearch.com/site/petalbot)" "-"
49.13.130.29 - - [18/Oct/2025:00:31:03 +0300 - 0.015 - 0.016] "HEAD / HTTP/1.1" 200 0 "https://emteko.com" "Mozilla/5.0+(compatible; UptimeRobot/2.0; http://www.uptimerobot.com/)" "-"
18.193.252.127 - - [18/Oct/2025:00:32:05 +0300 - 0.013 - 0.012] "HEAD / HTTP/1.1" 200 0 "https://emteko.com" "Mozilla/5.0+(compatible; UptimeRobot/2.0; http://www.uptimerobot.com/)" "-"
114.119.154.181 - - [18/Oct/2025:00:32:47 +0300 - 0.966 - 0.012] "GET /en/publications/?flt_products=diart%3Blorde-hyal%3Bnasisoft&flt_doctors=general-practitioner%3Binfectionist%3Borthopedic-traumatologist%3Botolaryngologist%3Btherapist HTTP/1.1" 200 100584 "https://emteko.com/en/publications/?flt_products=diart%3Blorde-hyal%3Bnasisoft&flt_doctors=general-practitioner%3Borthopedic-traumatologist%3Botolaryngologist%3Btherapist" "Mozilla/5.0 (Linux; Android 7.0;) AppleWebKit/537.36 (KHTML, like Gecko) Mobile Safari/537.36 (compatible; PetalBot;+https://webmaster.petalsearch.com/site/petalbot)" "-"
52.28.162.93 - - [18/Oct/2025:00:33:09 +0300 - 0.012 - 0.012] "HEAD / HTTP/1.1" 200 0 "https://emteko.com" "Mozilla/5.0+(compatible; UptimeRobot/2.0; http://www.uptimerobot.com/)" "-"
78.47.98.55 - - [18/Oct/2025:00:33:43 +0300 - 0.012 - 0.012] "HEAD / HTTP/1.1" 200 0 "https://emteko.com" "Mozilla/5.0+(compatible; UptimeRobot/2.0; http://www.uptimerobot.com/)" "-"
52.59.43.236 - - [18/Oct/2025:00:34:13 +0300 - 0.014 - 0.012] "HEAD / HTTP/1.1" 200 0 "https://emteko.com" "Mozilla/5.0+(compatible; UptimeRobot/2.0; http://www.uptimerobot.com/)" "-"
114.119.140.113 - - [18/Oct/2025:00:34:40 +0300 - 0.966 - 0.012] "GET /en/publications/?flt_products=diart%3Blorde-hyal%3Bnasisoft%3Bokistar-hyal-7&flt_doctors=pulmonologist%3Btherapist HTTP/1.1" 200 100489 "https://emteko.com/en/publications/?flt_products=diart%3Blorde-hyal%3Bnasisoft%3Bokistar-hyal-7&flt_doctors=therapist" "Mozilla/5.0 (Linux; Android 7.0;) AppleWebKit/537.36 (KHTML, like Gecko) Mobile Safari/537.36 (compatible; PetalBot;+https://webmaster.petalsearch.com/site/petalbot)" "-"
49.13.167.123 - - [18/Oct/2025:00:35:17 +0300 - 0.015 - 0.016] "HEAD / HTTP/1.1" 200 0 "https://emteko.com" "Mozilla/5.0+(compatible; UptimeRobot/2.0; http://www.uptimerobot.com/)" "-"
88.99.80.227 - - [18/Oct/2025:00:36:21 +0300 - 0.021 - 0.020] "HEAD / HTTP/1.1" 200 0 "https://emteko.com" "Mozilla/5.0+(compatible; UptimeRobot/2.0; http://www.uptimerobot.com/)" "-"
114.119.132.104 - - [18/Oct/2025:00:36:34 +0300 - 0.252 - 0.020] "GET /en/publications/?flt_products=diart%3Blorde-hyal%3Bnasisoft%3Bokistar-hyal-7&flt_doctors=orthopedic-traumatologist%3Bpediatrician%3Bpulmonologist HTTP/1.1" 200 100531 "https://emteko.com/en/publications/?flt_products=diart%3Blorde-hyal%3Bnasisoft%3Bokistar-hyal-7&flt_doctors=pediatrician%3Bpulmonologist" "Mozilla/5.0 (Linux; Android 7.0;) AppleWebKit/537.36 (KHTML, like Gecko) Mobile Safari/537.36 (compatible; PetalBot;+https://webmaster.petalsearch.com/site/petalbot)" "-"
18.193.252.127 - - [18/Oct/2025:00:37:24 +0300 - 0.012 - 0.012] "HEAD / HTTP/1.1" 200 0 "https://emteko.com" "Mozilla/5.0+(compatible; UptimeRobot/2.0; http://www.uptimerobot.com/)" "-"
31.131.20.181 - - [18/Oct/2025:00:37:49 +0300 - 0.001 - 0.000] "POST /wp-cron.php?doing_wp_cron=1760737069.0167829990386962890625 HTTP/1.1" 499 0 "-" "WordPress/6.8.3; https://emteko.com/en/" "-"
181.94.229.96 - - [18/Oct/2025:00:37:49 +0300 - 1.054 - 1.052] "GET /en/products/reo/embed/ HTTP/1.1" 200 6719 "-" "Opera/9.57.(X11; Linux i686; raj-IN) Presto/2.9.176 Version/10.00" "-"
52.167.144.16 - - [18/Oct/2025:00:38:02 +0300 - 1.443 - 1.444] "GET /en/doctorspecial/general-practitioner/?flt_products=artro-patch;diart;nasisoft;okistar-hyal-7&flt_doctors=infectionist;orthopedic-traumatologist;otolaryngologist;therapist HTTP/1.1" 200 99556 "-" "Mozilla/5.0 AppleWebKit/537.36 (KHTML, like Gecko; compatible; bingbot/2.0; +http://www.bing.com/bingbot.htm) Chrome/116.0.1938.76 Safari/537.36" "-"
52.28.162.93 - - [18/Oct/2025:00:38:30 +0300 - 0.003 - 0.004] "HEAD / HTTP/1.1" 200 0 "https://emteko.com" "Mozilla/5.0+(compatible; UptimeRobot/2.0; http://www.uptimerobot.com/)" "-"
114.119.136.120 - - [18/Oct/2025:00:38:31 +0300 - 1.177 - 0.012] "GET /en/publications/?flt_products=diart%3Blorde-hyal%3Bnasisoft%3Bokistar-hyal-7&flt_doctors=orthopedic-traumatologist HTTP/1.1" 200 98714 "https://emteko.com/en/publications/?flt_products=artro-patch%3Bdiart%3Blorde-hyal%3Bnasisoft%3Bokistar-hyal-7&flt_doctors=orthopedic-traumatologist" "Mozilla/5.0 (Linux; Android 7.0;) AppleWebKit/537.36 (KHTML, like Gecko) Mobile Safari/537.36 (compatible; PetalBot;+https://webmaster.petalsearch.com/site/petalbot)" "-"
157.90.156.63 - - [18/Oct/2025:00:38:46 +0300 - 0.014 - 0.012] "HEAD / HTTP/1.1" 200 0 "https://emteko.com" "Mozilla/5.0+(compatible; UptimeRobot/2.0; http://www.uptimerobot.com/)" "-"
3.77.67.4 - - [18/Oct/2025:00:39:33 +0300 - 0.012 - 0.012] "HEAD / HTTP/1.1" 200 0 "https://emteko.com" "Mozilla/5.0+(compatible; UptimeRobot/2.0; http://www.uptimerobot.com/)" "-"
114.119.154.89 - - [18/Oct/2025:00:40:22 +0300 - 0.981 - 0.020] "GET /en/publications/?flt_products=diart%3Blorde-hyal%3Bnasisoft%3Bokistar-hyal-7&flt_doctors=general-practitioner%3Binfectionist%3Botolaryngologist%3Bpediatrician%3Btherapist HTTP/1.1" 200 100622 "https://emteko.com/en/publications/?flt_products=diart%3Bnasisoft%3Bokistar-hyal-7&flt_doctors=general-practitioner%3Binfectionist%3Botolaryngologist%3Bpediatrician%3Btherapist" "Mozilla/5.0 (Linux; Android 7.0;) AppleWebKit/537.36 (KHTML, like Gecko) Mobile Safari/537.36 (compatible; PetalBot;+https://webmaster.petalsearch.com/site/petalbot)" "-"
78.46.215.1 - - [18/Oct/2025:00:40:38 +0300 - 0.014 - 0.012] "HEAD / HTTP/1.1" 200 0 "https://emteko.com" "Mozilla/5.0+(compatible; UptimeRobot/2.0; http://www.uptimerobot.com/)" "-"
157.90.156.63 - - [18/Oct/2025:00:41:40 +0300 - 0.013 - 0.012] "HEAD / HTTP/1.1" 200 0 "https://emteko.com" "Mozilla/5.0+(compatible; UptimeRobot/2.0; http://www.uptimerobot.com/)" "-"
31.131.20.181 - - [18/Oct/2025:00:42:07 +0300 - 0.000 - 0.000] "POST /wp-cron.php?doing_wp_cron=1760737327.5472269058227539062500 HTTP/1.1" 499 0 "-" "WordPress/6.8.3; https://emteko.com/en/" "-"
207.46.13.141 - - [18/Oct/2025:00:42:07 +0300 - 1.083 - 1.084] "GET /en/doctorspecial/infectionist/?flt_products=artro-patch;nasisoft;okistar-hyal-7&flt_doctors=general-practitioner;otolaryngologist;pediatrician HTTP/1.1" 200 99418 "-" "Mozilla/5.0 AppleWebKit/537.36 (KHTML, like Gecko; compatible; bingbot/2.0; +http://www.bing.com/bingbot.htm) Chrome/116.0.1938.76 Safari/537.36" "-"
114.119.133.35 - - [18/Oct/2025:00:42:17 +0300 - 0.927 - 0.004] "GET /en/publications/?flt_products=artro-patch&flt_doctors=pediatrician%3Bpulmonologist HTTP/1.1" 200 95576 "https://emteko.com/en/publications/?flt_products=artro-patch&flt_doctors=otolaryngologist%3Bpediatrician%3Bpulmonologist" "Mozilla/5.0 (Linux; Android 7.0;) AppleWebKit/537.36 (KHTML, like Gecko) Mobile Safari/537.36 (compatible; PetalBot;+https://webmaster.petalsearch.com/site/petalbot)" "-"
157.90.155.240 - - [18/Oct/2025:00:42:44 +0300 - 0.012 - 0.012] "HEAD / HTTP/1.1" 200 0 "https://emteko.com" "Mozilla/5.0+(compatible; UptimeRobot/2.0; http://www.uptimerobot.com/)" "-"
31.131.20.181 - - [18/Oct/2025:00:43:15 +0300 - 0.000 - 0.000] "POST /wp-cron.php?doing_wp_cron=1760737395.9191899299621582031250 HTTP/1.1" 499 0 "-" "WordPress/6.8.3; https://emteko.com" "-"
185.191.171.6 - - [18/Oct/2025:00:43:15 +0300 - 0.841 - 0.836] "GET /robots.txt HTTP/1.1" 200 132 "-" "Mozilla/5.0 (compatible; SemrushBot/7~bl; +http://www.semrush.com/bot.html)" "-"
85.208.96.208 - - [18/Oct/2025:00:43:16 +0300 - 0.005 - 0.004] "GET /doctorspecial/gimenes-arsts/?flt_products=artro-patch-lv HTTP/1.1" 200 95311 "-" "Mozilla/5.0 (compatible; SemrushBot/7~bl; +http://www.semrush.com/bot.html)" "-"
49.13.24.81 - - [18/Oct/2025:00:43:49 +0300 - 0.013 - 0.012] "HEAD / HTTP/1.1" 200 0 "https://emteko.com" "Mozilla/5.0+(compatible; UptimeRobot/2.0; http://www.uptimerobot.com/)" "-"
3.79.134.69 - - [18/Oct/2025:00:43:49 +0300 - 0.004 - 0.004] "HEAD / HTTP/1.1" 200 0 "https://emteko.com" "Mozilla/5.0+(compatible; UptimeRobot/2.0; http://www.uptimerobot.com/)" "-"
114.119.134.51 - - [18/Oct/2025:00:44:10 +0300 - 0.733 - 0.012] "GET /en/publications/?flt_products=artro-patch&flt_doctors=infectionist%3Bpediatrician HTTP/1.1" 200 95569 "https://emteko.com/en/publications/?flt_doctors=infectionist%3Bpediatrician" "Mozilla/5.0 (Linux; Android 7.0;) AppleWebKit/537.36 (KHTML, like Gecko) Mobile Safari/537.36 (compatible; PetalBot;+https://webmaster.petalsearch.com/site/petalbot)" "-"
142.132.180.39 - - [18/Oct/2025:00:44:53 +0300 - 0.014 - 0.012] "HEAD / HTTP/1.1" 200 0 "https://emteko.com" "Mozilla/5.0+(compatible; UptimeRobot/2.0; http://www.uptimerobot.com/)" "-"
49.13.167.123 - - [18/Oct/2025:00:45:57 +0300 - 0.016 - 0.016] "HEAD / HTTP/1.1" 200 0 "https://emteko.com" "Mozilla/5.0+(compatible; UptimeRobot/2.0; http://www.uptimerobot.com/)" "-"
114.119.154.181 - - [18/Oct/2025:00:46:05 +0300 - 0.718 - 0.004] "GET /en/publications/?flt_products=artro-patch&flt_doctors=infectionist%3Botolaryngologist%3Bpulmonologist%3Btherapist HTTP/1.1" 200 95643 "https://emteko.com/en/publications/?flt_products=artro-patch&flt_doctors=otolaryngologist%3Bpulmonologist%3Btherapist" "Mozilla/5.0 (Linux; Android 7.0;) AppleWebKit/537.36 (KHTML, like Gecko) Mobile Safari/537.36 (compatible; PetalBot;+https://webmaster.petalsearch.com/site/petalbot)" "-"
49.13.167.123 - - [18/Oct/2025:00:47:00 +0300 - 0.013 - 0.012] "HEAD / HTTP/1.1" 200 0 "https://emteko.com" "Mozilla/5.0+(compatible; UptimeRobot/2.0; http://www.uptimerobot.com/)" "-"
114.119.134.51 - - [18/Oct/2025:00:47:57 +0300 - 0.731 - 0.016] "GET /en/publications/?flt_products=artro-patch&flt_doctors=general-practitioner%3Borthopedic-traumatologist%3Btherapist HTTP/1.1" 200 95601 "https://emteko.com/en/publications/?flt_products=artro-patch&flt_doctors=general-practitioner%3Borthopedic-traumatologist%3Bpulmonologist%3Btherapist" "Mozilla/5.0 (Linux; Android 7.0;) AppleWebKit/537.36 (KHTML, like Gecko) Mobile Safari/537.36 (compatible; PetalBot;+https://webmaster.petalsearch.com/site/petalbot)" "-"
49.13.134.145 - - [18/Oct/2025:00:48:05 +0300 - 0.003 - 0.000] "HEAD / HTTP/1.1" 200 0 "https://emteko.com" "Mozilla/5.0+(compatible; UptimeRobot/2.0; http://www.uptimerobot.com/)" "-"
51.75.236.153 - - [18/Oct/2025:00:48:46 +0300 - 0.030 - 0.016] "GET /publications/prophylaxis-of-influenza-and-acute-respiratory-viral-disease-arvd-during-the-cold-season/ HTTP/1.1" 200 92144 "-" "Mozilla/5.0 (compatible; AhrefsBot/7.0; +http://ahrefs.com/robot/)" "-"
3.79.134.69 - - [18/Oct/2025:00:48:52 +0300 - 0.003 - 0.000] "HEAD / HTTP/1.1" 200 0 "https://emteko.com" "Mozilla/5.0+(compatible; UptimeRobot/2.0; http://www.uptimerobot.com/)" "-"
3.77.67.4 - - [18/Oct/2025:00:49:08 +0300 - 0.013 - 0.012] "HEAD / HTTP/1.1" 200 0 "https://emteko.com" "Mozilla/5.0+(compatible; UptimeRobot/2.0; http://www.uptimerobot.com/)" "-"
31.131.20.181 - - [18/Oct/2025:00:49:51 +0300 - 0.000 - 0.000] "POST /wp-cron.php?doing_wp_cron=1760737791.6986799240112304687500 HTTP/1.1" 499 0 "-" "WordPress/6.8.3; https://emteko.com/en/" "-"
114.119.154.181 - - [18/Oct/2025:00:49:52 +0300 - 1.236 - 1.236] "GET /en/publications/?flt_products=artro-patch&flt_doctors=general-practitioner%3Binfectionist%3Botolaryngologist%3Bpediatrician%3Bpulmonologist HTTP/1.1" 200 95672 "https://emteko.com/en/publications/?flt_products=artro-patch&flt_doctors=general-practitioner%3Binfectionist%3Botolaryngologist%3Bpediatrician" "Mozilla/5.0 (Linux; Android 7.0;) AppleWebKit/537.36 (KHTML, like Gecko) Mobile Safari/537.36 (compatible; PetalBot;+https://webmaster.petalsearch.com/site/petalbot)" "-"
63.178.84.147 - - [18/Oct/2025:00:50:10 +0300 - 0.019 - 0.016] "HEAD / HTTP/1.1" 200 0 "https://emteko.com" "Mozilla/5.0+(compatible; UptimeRobot/2.0; http://www.uptimerobot.com/)" "-"
168.119.53.160 - - [18/Oct/2025:00:51:13 +0300 - 0.015 - 0.016] "HEAD / HTTP/1.1" 200 0 "https://emteko.com" "Mozilla/5.0+(compatible; UptimeRobot/2.0; http://www.uptimerobot.com/)" "-"
31.131.20.181 - - [18/Oct/2025:00:51:45 +0300 - 0.000 - 0.000] "POST /wp-cron.php?doing_wp_cron=1760737905.7461600303649902343750 HTTP/1.1" 499 0 "-" "WordPress/6.8.3; https://emteko.com/en/" "-"
114.119.132.104 - - [18/Oct/2025:00:51:46 +0300 - 1.303 - 1.300] "GET /en/publications/?flt_products=artro-patch&flt_doctors=general-practitioner%3Binfectionist%3Borthopedic-traumatologist%3Bpediatrician%3Bpulmonologist%3Btherapist HTTP/1.1" 200 95703 "https://emteko.com/en/publications/?flt_products=artro-patch&flt_doctors=general-practitioner%3Binfectionist%3Borthopedic-traumatologist%3Botolaryngologist%3Bpediatrician%3Bpulmonologist%3Btherapist" "Mozilla/5.0 (Linux; Android 7.0;) AppleWebKit/537.36 (KHTML, like Gecko) Mobile Safari/537.36 (compatible; PetalBot;+https://webmaster.petalsearch.com/site/petalbot)" "-"
78.46.215.1 - - [18/Oct/2025:00:52:18 +0300 - 0.014 - 0.016] "HEAD / HTTP/1.1" 200 0 "https://emteko.com" "Mozilla/5.0+(compatible; UptimeRobot/2.0; http://www.uptimerobot.com/)" "-"
57.141.0.18 - - [18/Oct/2025:00:53:02 +0300 - 0.355 - 0.028] "GET /doctorspecial/traumatologs-ortopeds/?flt_doctors=pulmonologs HTTP/1.1" 200 594660 "-" "meta-externalagent/1.1 (+https://developers.facebook.com/docs/sharing/webmasters/crawler)" "-"
167.235.143.113 - - [18/Oct/2025:00:53:20 +0300 - 0.016 - 0.016] "HEAD / HTTP/1.1" 200 0 "https://emteko.com" "Mozilla/5.0+(compatible; UptimeRobot/2.0; http://www.uptimerobot.com/)" "-"
114.119.134.51 - - [18/Oct/2025:00:53:38 +0300 - 0.731 - 0.016] "GET /en/publications/?flt_products=artro-patch%3Bokistar-hyal-7&flt_doctors=orthopedic-traumatologist%3Botolaryngologist%3Bpediatrician HTTP/1.1" 200 99228 "https://emteko.com/en/publications/?flt_products=artro-patch%3Bokistar-hyal-7&flt_doctors=infectionist%3Borthopedic-traumatologist%3Botolaryngologist%3Bpediatrician" "Mozilla/5.0 (Linux; Android 7.0;) AppleWebKit/537.36 (KHTML, like Gecko) Mobile Safari/537.36 (compatible; PetalBot;+https://webmaster.petalsearch.com/site/petalbot)" "-"
49.13.134.145 - - [18/Oct/2025:00:53:55 +0300 - 0.014 - 0.012] "HEAD / HTTP/1.1" 200 0 "https://emteko.com" "Mozilla/5.0+(compatible; UptimeRobot/2.0; http://www.uptimerobot.com/)" "-"
49.13.167.123 - - [18/Oct/2025:00:54:23 +0300 - 0.012 - 0.012] "HEAD / HTTP/1.1" 200 0 "https://emteko.com" "Mozilla/5.0+(compatible; UptimeRobot/2.0; http://www.uptimerobot.com/)" "-"
168.119.53.160 - - [18/Oct/2025:00:55:27 +0300 - 0.012 - 0.016] "HEAD / HTTP/1.1" 200 0 "https://emteko.com" "Mozilla/5.0+(compatible; UptimeRobot/2.0; http://www.uptimerobot.com/)" "-"
114.119.140.113 - - [18/Oct/2025:00:55:33 +0300 - 0.726 - 0.004] "GET /en/publications/?flt_products=artro-patch%3Bnasisoft&flt_doctors=general-practitioner%3Bpediatrician%3Bpulmonologist%3Btherapist HTTP/1.1" 200 99079 "https://emteko.com/en/publications/?flt_products=artro-patch%3Bnasisoft&flt_doctors=general-practitioner%3Botolaryngologist%3Bpediatrician%3Bpulmonologist%3Btherapist" "Mozilla/5.0 (Linux; Android 7.0;) AppleWebKit/537.36 (KHTML, like Gecko) Mobile Safari/537.36 (compatible; PetalBot;+https://webmaster.petalsearch.com/site/petalbot)" "-"
17.22.245.231 - - [18/Oct/2025:00:55:34 +0300 - 0.005 - 0.004] "GET /en/publications/?flt_doctors=orthopedic-traumatologist;otolaryngologist;therapist HTTP/1.1" 200 100357 "-" "Mozilla/5.0 (Macintosh; Intel Mac OS X 10_15_7) AppleWebKit/605.1.15 (KHTML, like Gecko) Version/17.4 Safari/605.1.15 (Applebot/0.1; +http://www.apple.com/go/applebot)" "-"
18.192.166.72 - - [18/Oct/2025:00:56:30 +0300 - 0.014 - 0.016] "HEAD / HTTP/1.1" 200 0 "https://emteko.com" "Mozilla/5.0+(compatible; UptimeRobot/2.0; http://www.uptimerobot.com/)" "-"
114.119.132.202 - - [18/Oct/2025:00:57:27 +0300 - 0.717 - 0.016] "GET /en/publications/?flt_products=artro-patch%3Bnasisoft&flt_doctors=general-practitioner%3Binfectionist%3Botolaryngologist%3Bpediatrician%3Btherapist HTTP/1.1" 200 99117 "https://emteko.com/en/publications/?flt_products=artro-patch%3Bnasisoft&flt_doctors=general-practitioner%3Binfectionist%3Borthopedic-traumatologist%3Botolaryngologist%3Bpediatrician%3Btherapist" "Mozilla/5.0 (Linux; Android 7.0;) AppleWebKit/537.36 (KHTML, like Gecko) Mobile Safari/537.36 (compatible; PetalBot;+https://webmaster.petalsearch.com/site/petalbot)" "-"
168.119.96.239 - - [18/Oct/2025:00:57:33 +0300 - 0.004 - 0.004] "HEAD / HTTP/1.1" 200 0 "https://emteko.com" "Mozilla/5.0+(compatible; UptimeRobot/2.0; http://www.uptimerobot.com/)" "-"
128.140.106.114 - - [18/Oct/2025:00:58:38 +0300 - 0.016 - 0.016] "HEAD / HTTP/1.1" 200 0 "https://emteko.com" "Mozilla/5.0+(compatible; UptimeRobot/2.0; http://www.uptimerobot.com/)" "-"
18.193.252.127 - - [18/Oct/2025:00:58:58 +0300 - 0.013 - 0.016] "HEAD / HTTP/1.1" 200 0 "https://emteko.com" "Mozilla/5.0+(compatible; UptimeRobot/2.0; http://www.uptimerobot.com/)" "-"
114.119.154.181 - - [18/Oct/2025:00:59:21 +0300 - 0.730 - 0.016] "GET /en/publications/?flt_products=artro-patch%3Bnasisoft%3Bokistar-hyal-7&flt_doctors=general-practitioner%3Binfectionist%3Botolaryngologist%3Btherapist HTTP/1.1" 200 99791 "https://emteko.com/en/publications/?flt_products=artro-patch%3Bnasisoft%3Bokistar-hyal-7&flt_doctors=general-practitioner%3Binfectionist%3Borthopedic-traumatologist%3Botolaryngologist%3Btherapist" "Mozilla/5.0 (Linux; Android 7.0;) AppleWebKit/537.36 (KHTML, like Gecko) Mobile Safari/537.36 (compatible; PetalBot;+https://webmaster.petalsearch.com/site/petalbot)" "-"
49.13.164.148 - - [18/Oct/2025:00:59:40 +0300 - 0.014 - 0.016] "HEAD / HTTP/1.1" 200 0 "https://emteko.com" "Mozilla/5.0+(compatible; UptimeRobot/2.0; http://www.uptimerobot.com/)" "-"
52.59.43.236 - - [18/Oct/2025:01:00:43 +0300 - 0.018 - 0.016] "HEAD / HTTP/1.1" 200 0 "https://emteko.com" "Mozilla/5.0+(compatible; UptimeRobot/2.0; http://www.uptimerobot.com/)" "-"
114.119.154.89 - - [18/Oct/2025:01:01:18 +0300 - 0.709 - 0.016] "GET /en/publications/?flt_products=artro-patch%3Blorde-hyal&flt_doctors=infectionist%3Borthopedic-traumatologist HTTP/1.1" 200 100154 "https://emteko.com/en/publications/?flt_products=lorde-hyal&flt_doctors=infectionist%3Borthopedic-traumatologist" "Mozilla/5.0 (Linux; Android 7.0;) AppleWebKit/537.36 (KHTML, like Gecko) Mobile Safari/537.36 (compatible; PetalBot;+https://webmaster.petalsearch.com/site/petalbot)" "-"
78.46.215.1 - - [18/Oct/2025:01:01:46 +0300 - 0.012 - 0.012] "HEAD / HTTP/1.1" 200 0 "https://emteko.com" "Mozilla/5.0+(compatible; UptimeRobot/2.0; http://www.uptimerobot.com/)" "-"
128.140.41.193 - - [18/Oct/2025:01:02:50 +0300 - 0.012 - 0.012] "HEAD / HTTP/1.1" 200 0 "https://emteko.com" "Mozilla/5.0+(compatible; UptimeRobot/2.0; http://www.uptimerobot.com/)" "-"
114.119.134.51 - - [18/Oct/2025:01:03:11 +0300 - 0.718 - 0.028] "GET /en/publications/?flt_products=artro-patch%3Blorde-hyal&flt_doctors=general-practitioner%3Bpediatrician%3Bpulmonologist HTTP/1.1" 200 100236 "https://emteko.com/en/publications/?flt_products=artro-patch%3Blorde-hyal%3Bokistar-hyal-7&flt_doctors=general-practitioner%3Bpediatrician%3Bpulmonologist" "Mozilla/5.0 (Linux; Android 7.0;) AppleWebKit/537.36 (KHTML, like Gecko) Mobile Safari/537.36 (compatible; PetalBot;+https://webmaster.petalsearch.com/site/petalbot)" "-"
52.59.43.236 - - [18/Oct/2025:01:03:53 +0300 - 0.023 - 0.024] "HEAD / HTTP/1.1" 200 0 "https://emteko.com" "Mozilla/5.0+(compatible; UptimeRobot/2.0; http://www.uptimerobot.com/)" "-"
3.79.134.69 - - [18/Oct/2025:01:04:02 +0300 - 0.004 - 0.004] "HEAD / HTTP/1.1" 200 0 "https://emteko.com" "Mozilla/5.0+(compatible; UptimeRobot/2.0; http://www.uptimerobot.com/)" "-"
128.140.106.114 - - [18/Oct/2025:01:04:56 +0300 - 0.014 - 0.012] "HEAD / HTTP/1.1" 200 0 "https://emteko.com" "Mozilla/5.0+(compatible; UptimeRobot/2.0; http://www.uptimerobot.com/)" "-"
114.119.133.35 - - [18/Oct/2025:01:05:04 +0300 - 0.703 - 0.008] "GET /en/publications/?flt_products=artro-patch%3Blorde-hyal&flt_doctors=general-practitioner%3Borthopedic-traumatologist%3Bpulmonologist HTTP/1.1" 200 100243 "https://emteko.com/en/publications/?flt_products=artro-patch%3Bdiart%3Blorde-hyal&flt_doctors=general-practitioner%3Borthopedic-traumatologist%3Bpulmonologist" "Mozilla/5.0 (Linux; Android 7.0;) AppleWebKit/537.36 (KHTML, like Gecko) Mobile Safari/537.36 (compatible; PetalBot;+https://webmaster.petalsearch.com/site/petalbot)" "-"
31.131.20.181 - - [18/Oct/2025:01:05:13 +0300 - 0.000 - 0.000] "POST /wp-cron.php?doing_wp_cron=1760738713.2061750888824462890625 HTTP/1.1" 499 0 "-" "WordPress/6.8.3; https://emteko.com/en/" "-"
157.55.39.49 - - [18/Oct/2025:01:05:13 +0300 - 1.315 - 1.312] "GET /en/doctorspecial/general-practitioner/?flt_products=lorde-hyal;okistar-hyal-7&flt_doctors=orthopedic-traumatologist;pulmonologist HTTP/1.1" 200 99896 "-" "Mozilla/5.0 AppleWebKit/537.36 (KHTML, like Gecko; compatible; bingbot/2.0; +http://www.bing.com/bingbot.htm) Chrome/116.0.1938.76 Safari/537.36" "-"
157.90.155.240 - - [18/Oct/2025:01:06:01 +0300 - 0.013 - 0.016] "HEAD / HTTP/1.1" 200 0 "https://emteko.com" "Mozilla/5.0+(compatible; UptimeRobot/2.0; http://www.uptimerobot.com/)" "-"
31.131.20.181 - - [18/Oct/2025:01:06:57 +0300 - 0.000 - 0.000] "POST /wp-cron.php?doing_wp_cron=1760738817.4166491031646728515625 HTTP/1.1" 499 0 "-" "WordPress/6.8.3; https://emteko.com/en/" "-"
114.119.154.89 - - [18/Oct/2025:01:06:58 +0300 - 1.931 - 1.184] "GET /en/publications/?flt_products=artro-patch%3Blorde-hyal&flt_doctors=general-practitioner%3Binfectionist%3Borthopedic-traumatologist%3Botolaryngologist%3Bpulmonologist HTTP/1.1" 200 100318 "https://emteko.com/en/publications/?flt_products=artro-patch%3Bdiart%3Blorde-hyal&flt_doctors=general-practitioner%3Binfectionist%3Borthopedic-traumatologist%3Botolaryngologist%3Bpulmonologist" "Mozilla/5.0 (Linux; Android 7.0;) AppleWebKit/537.36 (KHTML, like Gecko) Mobile Safari/537.36 (compatible; PetalBot;+https://webmaster.petalsearch.com/site/petalbot)" "-"
157.55.39.49 - - [18/Oct/2025:01:06:58 +0300 - 0.950 - 0.948] "GET /en/doctorspecial/pulmonologist/?flt_products=lorde-hyal;okistar-hyal-7&flt_doctors=otolaryngologist;pulmonologist;therapist HTTP/1.1" 200 99883 "-" "Mozilla/5.0 AppleWebKit/537.36 (KHTML, like Gecko; compatible; bingbot/2.0; +http://www.bing.com/bingbot.htm) Chrome/116.0.1938.76 Safari/537.36" "-"
49.13.134.145 - - [18/Oct/2025:01:07:05 +0300 - 0.004 - 0.008] "HEAD / HTTP/1.1" 200 0 "https://emteko.com" "Mozilla/5.0+(compatible; UptimeRobot/2.0; http://www.uptimerobot.com/)" "-"
168.119.96.239 - - [18/Oct/2025:01:08:09 +0300 - 0.013 - 0.012] "HEAD / HTTP/1.1" 200 0 "https://emteko.com" "Mozilla/5.0+(compatible; UptimeRobot/2.0; http://www.uptimerobot.com/)" "-"
114.119.132.104 - - [18/Oct/2025:01:08:51 +0300 - 0.744 - 0.016] "GET /en/publications/?flt_products=artro-patch%3Blorde-hyal%3Bokistar-hyal-7&flt_doctors=pediatrician%3Bpulmonologist HTTP/1.1" 200 100221 "https://emteko.com/en/publications/?flt_products=artro-patch%3Blorde-hyal%3Bokistar-hyal-7&flt_doctors=general-practitioner%3Bpediatrician%3Bpulmonologist" "Mozilla/5.0 (Linux; Android 7.0;) AppleWebKit/537.36 (KHTML, like Gecko) Mobile Safari/537.36 (compatible; PetalBot;+https://webmaster.petalsearch.com/site/petalbot)" "-"
31.131.20.181 - - [18/Oct/2025:01:08:52 +0300 - 0.000 - 0.000] "POST /wp-cron.php?doing_wp_cron=1760738932.1866769790649414062500 HTTP/1.1" 499 0 "-" "WordPress/6.8.3; https://emteko.com/en/" "-"
52.167.144.172 - - [18/Oct/2025:01:08:52 +0300 - 1.046 - 1.048] "GET /en/doctorspecial/therapist/?flt_products=diart&flt_doctors=infectionist;pediatrician HTTP/1.1" 200 95198 "-" "Mozilla/5.0 AppleWebKit/537.36 (KHTML, like Gecko; compatible; bingbot/2.0; +http://www.bing.com/bingbot.htm) Chrome/116.0.1938.76 Safari/537.36" "-"
157.90.156.63 - - [18/Oct/2025:01:09:05 +0300 - 0.013 - 0.012] "HEAD / HTTP/1.1" 200 0 "https://emteko.com" "Mozilla/5.0+(compatible; UptimeRobot/2.0; http://www.uptimerobot.com/)" "-"
49.13.167.123 - - [18/Oct/2025:01:09:12 +0300 - 0.003 - 0.000] "HEAD / HTTP/1.1" 200 0 "https://emteko.com" "Mozilla/5.0+(compatible; UptimeRobot/2.0; http://www.uptimerobot.com/)" "-"
78.47.98.55 - - [18/Oct/2025:01:10:15 +0300 - 0.046 - 0.044] "HEAD / HTTP/1.1" 200 0 "https://emteko.com" "Mozilla/5.0+(compatible; UptimeRobot/2.0; http://www.uptimerobot.com/)" "-"
114.119.154.89 - - [18/Oct/2025:01:10:44 +0300 - 0.771 - 0.024] "GET /en/publications/?flt_products=artro-patch%3Blorde-hyal%3Bokistar-hyal-7&flt_doctors=orthopedic-traumatologist%3Botolaryngologist%3Bpulmonologist%3Btherapist HTTP/1.1" 200 100311 "https://emteko.com/en/publications/?flt_products=artro-patch%3Blorde-hyal%3Bokistar-hyal-7&flt_doctors=orthopedic-traumatologist%3Botolaryngologist%3Btherapist" "Mozilla/5.0 (Linux; Android 7.0;) AppleWebKit/537.36 (KHTML, like Gecko) Mobile Safari/537.36 (compatible; PetalBot;+https://webmaster.petalsearch.com/site/petalbot)" "-"
167.235.143.113 - - [18/Oct/2025:01:11:20 +0300 - 0.013 - 0.012] "HEAD / HTTP/1.1" 200 0 "https://emteko.com" "Mozilla/5.0+(compatible; UptimeRobot/2.0; http://www.uptimerobot.com/)" "-"
45.249.59.99 - - [18/Oct/2025:01:11:34 +0300 - 0.161 - 0.020] "GET / HTTP/1.1" 200 89414 "-" "Mozilla/5.0 (Macintosh; Macintosh; Intel Mac OS X 11_2_3) AppleWebKit/605.1.15 (KHTML, like Gecko) Version/18.0.1 Safari/605.1.15" "-"
31.131.20.181 - - [18/Oct/2025:01:11:55 +0300 - 0.000 - 0.000] "POST /wp-cron.php?doing_wp_cron=1760739115.3321559429168701171875 HTTP/1.1" 499 0 "-" "WordPress/6.8.3; https://emteko.com/en/" "-"
52.167.144.184 - - [18/Oct/2025:01:11:55 +0300 - 1.585 - 1.584] "GET /en/doctorspecial/general-practitioner/?flt_products=diart;nasisoft&flt_doctors=orthopedic-traumatologist;otolaryngologist;pediatrician;therapist HTTP/1.1" 200 98775 "-" "Mozilla/5.0 AppleWebKit/537.36 (KHTML, like Gecko; compatible; bingbot/2.0; +http://www.bing.com/bingbot.htm) Chrome/116.0.1938.76 Safari/537.36" "-"
49.13.134.145 - - [18/Oct/2025:01:12:23 +0300 - 0.016 - 0.016] "HEAD / HTTP/1.1" 200 0 "https://emteko.com" "Mozilla/5.0+(compatible; UptimeRobot/2.0; http://www.uptimerobot.com/)" "-"
114.119.154.181 - - [18/Oct/2025:01:12:39 +0300 - 0.727 - 0.016] "GET /en/publications/?flt_products=artro-patch%3Blorde-hyal%3Bokistar-hyal-7&flt_doctors=orthopedic-traumatologist%3Botolaryngologist%3Bpediatrician HTTP/1.1" 200 100274 "https://emteko.com/en/publications/?flt_products=artro-patch%3Blorde-hyal%3Bokistar-hyal-7&flt_doctors=otolaryngologist%3Bpediatrician" "Mozilla/5.0 (Linux; Android 7.0;) AppleWebKit/537.36 (KHTML, like Gecko) Mobile Safari/537.36 (compatible; PetalBot;+https://webmaster.petalsearch.com/site/petalbot)" "-"
49.13.130.29 - - [18/Oct/2025:01:13:28 +0300 - 0.012 - 0.012] "HEAD / HTTP/1.1" 200 0 "https://emteko.com" "Mozilla/5.0+(compatible; UptimeRobot/2.0; http://www.uptimerobot.com/)" "-"
78.46.190.63 - - [18/Oct/2025:01:14:09 +0300 - 0.022 - 0.020] "HEAD / HTTP/1.1" 200 0 "https://emteko.com" "Mozilla/5.0+(compatible; UptimeRobot/2.0; http://www.uptimerobot.com/)" "-"
168.119.96.239 - - [18/Oct/2025:01:14:31 +0300 - 0.012 - 0.012] "HEAD / HTTP/1.1" 200 0 "https://emteko.com" "Mozilla/5.0+(compatible; UptimeRobot/2.0; http://www.uptimerobot.com/)" "-"
114.119.132.202 - - [18/Oct/2025:01:14:33 +0300 - 0.702 - 0.004] "GET /en/publications/?flt_products=artro-patch%3Blorde-hyal%3Bokistar-hyal-7&flt_doctors=infectionist%3Borthopedic-traumatologist%3Botolaryngologist%3Bpulmonologist%3Btherapist HTTP/1.1" 200 100343 "https://emteko.com/en/publications/?flt_products=artro-patch%3Blorde-hyal%3Bokistar-hyal-7&flt_doctors=infectionist%3Botolaryngologist%3Bpulmonologist%3Btherapist" "Mozilla/5.0 (Linux; Android 7.0;) AppleWebKit/537.36 (KHTML, like Gecko) Mobile Safari/537.36 (compatible; PetalBot;+https://webmaster.petalsearch.com/site/petalbot)" "-"
3.79.134.69 - - [18/Oct/2025:01:15:34 +0300 - 0.013 - 0.016] "HEAD / HTTP/1.1" 200 0 "https://emteko.com" "Mozilla/5.0+(compatible; UptimeRobot/2.0; http://www.uptimerobot.com/)" "-"
31.131.20.181 - - [18/Oct/2025:01:16:29 +0300 - 0.001 - 0.000] "POST /wp-cron.php?doing_wp_cron=1760739389.4157359600067138671875 HTTP/1.1" 499 0 "-" "WordPress/6.8.3; https://emteko.com/en/" "-"
114.119.140.113 - - [18/Oct/2025:01:16:30 +0300 - 1.876 - 1.164] "GET /en/publications/?flt_products=artro-patch%3Blorde-hyal%3Bokistar-hyal-7&flt_doctors=infectionist%3Borthopedic-traumatologist%3Botolaryngologist%3Bpediatrician%3Bpulmonologist%3Btherapist HTTP/1.1" 200 100392 "https://emteko.com/en/publications/?flt_products=artro-patch%3Blorde-hyal%3Bokistar-hyal-7&flt_doctors=infectionist%3Borthopedic-traumatologist%3Botolaryngologist%3Bpediatrician%3Bpulmonologist" "Mozilla/5.0 (Linux; Android 7.0;) AppleWebKit/537.36 (KHTML, like Gecko) Mobile Safari/537.36 (compatible; PetalBot;+https://webmaster.petalsearch.com/site/petalbot)" "-"
168.119.53.160 - - [18/Oct/2025:01:16:39 +0300 - 0.004 - 0.004] "HEAD / HTTP/1.1" 200 0 "https://emteko.com" "Mozilla/5.0+(compatible; UptimeRobot/2.0; http://www.uptimerobot.com/)" "-"
159.69.158.189 - - [18/Oct/2025:01:17:42 +0300 - 0.012 - 0.012] "HEAD / HTTP/1.1" 200 0 "https://emteko.com" "Mozilla/5.0+(compatible; UptimeRobot/2.0; http://www.uptimerobot.com/)" "-"
31.131.20.181 - - [18/Oct/2025:01:18:21 +0300 - 0.001 - 0.000] "POST /wp-cron.php?doing_wp_cron=1760739501.5034670829772949218750 HTTP/1.1" 499 0 "-" "WordPress/6.8.3; https://emteko.com/en/" "-"
114.119.136.120 - - [18/Oct/2025:01:18:22 +0300 - 1.945 - 1.252] "GET /en/publications/?flt_products=artro-patch%3Blorde-hyal%3Bokistar-hyal-7&flt_doctors=infectionist%3Borthopedic-traumatologist%3Botolaryngologist HTTP/1.1" 200 100264 "https://emteko.com/en/publications/?flt_products=artro-patch%3Blorde-hyal%3Bokistar-hyal-7&flt_doctors=general-practitioner%3Binfectionist%3Borthopedic-traumatologist%3Botolaryngologist" "Mozilla/5.0 (Linux; Android 7.0;) AppleWebKit/537.36 (KHTML, like Gecko) Mobile Safari/537.36 (compatible; PetalBot;+https://webmaster.petalsearch.com/site/petalbot)" "-"
52.59.43.236 - - [18/Oct/2025:01:18:48 +0300 - 0.013 - 0.012] "HEAD / HTTP/1.1" 200 0 "https://emteko.com" "Mozilla/5.0+(compatible; UptimeRobot/2.0; http://www.uptimerobot.com/)" "-"
159.69.158.189 - - [18/Oct/2025:01:19:13 +0300 - 0.014 - 0.012] "HEAD / HTTP/1.1" 200 0 "https://emteko.com" "Mozilla/5.0+(compatible; UptimeRobot/2.0; http://www.uptimerobot.com/)" "-"
185.191.171.6 - - [18/Oct/2025:01:19:28 +0300 - 0.014 - 0.012] "GET /publications/?flt_products=lorde-hyal-lv HTTP/1.1" 200 100152 "-" "Mozilla/5.0 (compatible; SemrushBot/7~bl; +http://www.semrush.com/bot.html)" "-"
18.193.252.127 - - [18/Oct/2025:01:19:51 +0300 - 0.015 - 0.016] "HEAD / HTTP/1.1" 200 0 "https://emteko.com" "Mozilla/5.0+(compatible; UptimeRobot/2.0; http://www.uptimerobot.com/)" "-"
114.119.132.202 - - [18/Oct/2025:01:20:15 +0300 - 0.715 - 0.020] "GET /en/publications/?flt_products=artro-patch%3Blorde-hyal%3Bokistar-hyal-7&flt_doctors=general-practitioner%3Borthopedic-traumatologist%3Bpediatrician%3Bpulmonologist%3Btherapist HTTP/1.1" 200 100352 "https://emteko.com/en/publications/?flt_products=artro-patch%3Blorde-hyal%3Bokistar-hyal-7&flt_doctors=general-practitioner%3Borthopedic-traumatologist%3Bpulmonologist%3Btherapist" "Mozilla/5.0 (Linux; Android 7.0;) AppleWebKit/537.36 (KHTML, like Gecko) Mobile Safari/537.36 (compatible; PetalBot;+https://webmaster.petalsearch.com/site/petalbot)" "-"
78.46.215.1 - - [18/Oct/2025:01:20:55 +0300 - 0.028 - 0.028] "HEAD / HTTP/1.1" 200 0 "https://emteko.com" "Mozilla/5.0+(compatible; UptimeRobot/2.0; http://www.uptimerobot.com/)" "-"
49.13.130.29 - - [18/Oct/2025:01:21:58 +0300 - 0.045 - 0.044] "HEAD / HTTP/1.1" 200 0 "https://emteko.com" "Mozilla/5.0+(compatible; UptimeRobot/2.0; http://www.uptimerobot.com/)" "-"
114.119.132.202 - - [18/Oct/2025:01:22:08 +0300 - 0.698 - 0.000] "GET /en/publications/?flt_products=artro-patch%3Blorde-hyal%3Bokistar-hyal-7&flt_doctors=general-practitioner%3Borthopedic-traumatologist%3Botolaryngologist%3Btherapist HTTP/1.1" 200 100309 "https://emteko.com/en/publications/?flt_products=artro-patch%3Blorde-hyal%3Bnasisoft%3Bokistar-hyal-7&flt_doctors=general-practitioner%3Borthopedic-traumatologist%3Botolaryngologist%3Btherapist" "Mozilla/5.0 (Linux; Android 7.0;) AppleWebKit/537.36 (KHTML, like Gecko) Mobile Safari/537.36 (compatible; PetalBot;+https://webmaster.petalsearch.com/site/petalbot)" "-"
