88.99.80.227 - - [18/Oct/2025:04:47:19 +0300 - 0.013 - 0.012] "HEAD / HTTP/1.1" 200 0 "https://emteko.com" "Mozilla/5.0+(compatible; UptimeRobot/2.0; http://www.uptimerobot.com/)" "-"
52.28.162.93 - - [18/Oct/2025:04:48:23 +0300 - 0.015 - 0.016] "HEAD / HTTP/1.1" 200 0 "https://emteko.com" "Mozilla/5.0+(compatible; UptimeRobot/2.0; http://www.uptimerobot.com/)" "-"
114.119.132.202 - - [18/Oct/2025:04:48:46 +0300 - 0.710 - 0.016] "GET /en/publications/?flt_products=artro-patch%3Bdiart%3Blorde-hyal%3Bokistar-hyal-7&flt_doctors=infectionist%3Borthopedic-traumatologist%3Bpediatrician%3Bpulmonologist HTTP/1.1" 200 100341 "https://emteko.com/en/publications/?flt_products=diart%3Blorde-hyal%3Bokistar-hyal-7&flt_doctors=infectionist%3Borthopedic-traumatologist%3Bpediatrician%3Bpulmonologist" "Mozilla/5.0 (Linux; Android 7.0;) AppleWebKit/537.36 (KHTML, like Gecko) Mobile Safari/537.36 (compatible; PetalBot;+https://webmaster.petalsearch.com/site/petalbot)" "-"
31.131.20.181 - - [18/Oct/2025:04:48:48 +0300 - 0.001 - 0.000] "POST /wp-cron.php?doing_wp_cron=1760752128.4169869422912597656250 HTTP/1.1" 499 0 "-" "WordPress/6.8.3; https://emteko.com/en/" "-"
66.249.66.161 - - [18/Oct/2025:04:48:48 +0300 - 1.243 - 1.240] "GET /en/doctorspecial/pediatrician/?flt_products=diart;nasisoft&flt_doctors=otolaryngologist;pediatrician HTTP/1.1" 200 98620 "-" "Mozilla/5.0 (Linux; Android 6.0.1; Nexus 5X Build/MMB29P) AppleWebKit/537.36 (KHTML, like Gecko) Chrome/140.0.7339.207 Mobile Safari/537.36 (compatible; Googlebot/2.1; +http://www.google.com/bot.html)" "-"
66.249.66.161 - - [18/Oct/2025:04:48:51 +0300 - 1.038 - 1.040] "GET /en/doctorspecial/pediatrician/?flt_products=lorde-hyal;nasisoft&flt_doctors=general-practitioner;otolaryngologist;pulmonologist HTTP/1.1" 200 100077 "-" "Mozilla/5.0 (Linux; Android 6.0.1; Nexus 5X Build/MMB29P) AppleWebKit/537.36 (KHTML, like Gecko) Chrome/140.0.7339.207 Mobile Safari/537.36 (compatible; Googlebot/2.1; +http://www.google.com/bot.html)" "-"
47.128.61.152 - - [18/Oct/2025:04:49:11 +0300 - 0.195 - 0.012] "GET /publications/?flt_doctors=otolaringologs%3Bpediatrs%3Bterapeits%3Btraumatologs-ortopeds&flt_products=diart-lv%3Blorde-hyal-lv%3Bnasisoft-lv%3Bokistar-hyal-7-lv HTTP/1.1" 200 101082 "-" "Mozilla/5.0 (compatible; Bytespider; spider-feedback@bytedance.com) AppleWebKit/537.36 (KHTML, like Gecko) Chrome/70.0.0.0 Safari/537.36" "-"
88.99.80.227 - - [18/Oct/2025:04:49:26 +0300 - 0.013 - 0.012] "HEAD / HTTP/1.1" 200 0 "https://emteko.com" "Mozilla/5.0+(compatible; UptimeRobot/2.0; http://www.uptimerobot.com/)" "-"
78.47.98.55 - - [18/Oct/2025:04:50:29 +0300 - 0.012 - 0.012] "HEAD / HTTP/1.1" 200 0 "https://emteko.com" "Mozilla/5.0+(compatible; UptimeRobot/2.0; http://www.uptimerobot.com/)" "-"
114.119.132.104 - - [18/Oct/2025:04:50:41 +0300 - 0.716 - 0.016] "GET /en/publications/?flt_products=okistar-hyal-7&flt_doctors=general-practitioner%3Borthopedic-traumatologist%3Botolaryngologist HTTP/1.1" 200 99182 "https://emteko.com/en/publications/?flt_products=lorde-hyal%3Bokistar-hyal-7&flt_doctors=general-practitioner%3Borthopedic-traumatologist%3Botolaryngologist" "Mozilla/5.0 (Linux; Android 7.0;) AppleWebKit/537.36 (KHTML, like Gecko) Mobile Safari/537.36 (compatible; PetalBot;+https://webmaster.petalsearch.com/site/petalbot)" "-"
52.28.162.93 - - [18/Oct/2025:04:51:34 +0300 - 0.013 - 0.012] "HEAD / HTTP/1.1" 200 0 "https://emteko.com" "Mozilla/5.0+(compatible; UptimeRobot/2.0; http://www.uptimerobot.com/)" "-"
49.13.164.148 - - [18/Oct/2025:04:51:40 +0300 - 0.003 - 0.004] "HEAD / HTTP/1.1" 200 0 "https://emteko.com" "Mozilla/5.0+(compatible; UptimeRobot/2.0; http://www.uptimerobot.com/)" "-"
142.132.180.39 - - [18/Oct/2025:04:52:37 +0300 - 0.014 - 0.012] "HEAD / HTTP/1.1" 200 0 "https://emteko.com" "Mozilla/5.0+(compatible; UptimeRobot/2.0; http://www.uptimerobot.com/)" "-"
114.119.132.104 - - [18/Oct/2025:04:52:38 +0300 - 0.874 - 0.004] "GET /en/publications/?flt_products=artro-patch%3Bdiart%3Blorde-hyal&flt_doctors=otolaryngologist%3Bpediatrician%3Btherapist HTTP/1.1" 200 100272 "https://emteko.com/en/publications/?flt_products=diart%3Blorde-hyal&flt_doctors=otolaryngologist%3Bpediatrician%3Btherapist" "Mozilla/5.0 (Linux; Android 7.0;) AppleWebKit/537.36 (KHTML, like Gecko) Mobile Safari/537.36 (compatible; PetalBot;+https://webmaster.petalsearch.com/site/petalbot)" "-"
145.239.10.137 - - [18/Oct/2025:04:53:09 +0300 - 0.000 - -] "GET /uninstall.php HTTP/1.1" 404 133 "https://emteko.com/uninstall.php" "Mozilla/5.0 (iPhone; CPU iPhone OS 17_5_1 like Mac OS X) AppleWebKit/605.1.15 (KHTML, like Gecko) Version/17.5 Mobile/15E148 Safari/604.1" "-"
168.119.96.239 - - [18/Oct/2025:04:53:40 +0300 - 0.014 - 0.012] "HEAD / HTTP/1.1" 200 0 "https://emteko.com" "Mozilla/5.0+(compatible; UptimeRobot/2.0; http://www.uptimerobot.com/)" "-"
31.131.20.181 - - [18/Oct/2025:04:54:30 +0300 - 0.001 - 0.000] "POST /wp-cron.php?doing_wp_cron=1760752470.0324239730834960937500 HTTP/1.1" 499 0 "-" "WordPress/6.8.3; https://emteko.com/en/" "-"
114.119.132.202 - - [18/Oct/2025:04:54:31 +0300 - 1.827 - 1.084] "GET /en/publications/?flt_products=artro-patch%3Bdiart%3Blorde-hyal%3Bnasisoft&flt_doctors=general-practitioner%3Botolaryngologist%3Bpulmonologist%3Btherapist HTTP/1.1" 200 100577 "https://emteko.com/en/publications/?flt_products=artro-patch%3Bdiart%3Blorde-hyal%3Bnasisoft&flt_doctors=general-practitioner%3Botolaryngologist%3Bpulmonologist" "Mozilla/5.0 (Linux; Android 7.0;) AppleWebKit/537.36 (KHTML, like Gecko) Mobile Safari/537.36 (compatible; PetalBot;+https://webmaster.petalsearch.com/site/petalbot)" "-"
157.90.155.240 - - [18/Oct/2025:04:54:45 +0300 - 0.019 - 0.016] "HEAD / HTTP/1.1" 200 0 "https://emteko.com" "Mozilla/5.0+(compatible; UptimeRobot/2.0; http://www.uptimerobot.com/)" "-"
128.140.41.193 - - [18/Oct/2025:04:55:48 +0300 - 0.013 - 0.012] "HEAD / HTTP/1.1" 200 0 "https://emteko.com" "Mozilla/5.0+(compatible; UptimeRobot/2.0; http://www.uptimerobot.com/)" "-"
68.221.75.31 - - [18/Oct/2025:04:56:19 +0300 - 0.016 - 0.016] "GET /en/publications/acute-respiratory-viral-infections-arvi-influenza-and-common-cold/ HTTP/1.1" 200 91678 "-" "Mozilla/5.0 AppleWebKit/537.36 (KHTML, like Gecko); compatible; ChatGPT-User/1.0; +https://openai.com/bot" "-"
114.119.132.104 - - [18/Oct/2025:04:56:23 +0300 - 0.934 - 0.012] "GET /en/publications/?flt_products=artro-patch%3Bdiart%3Blorde-hyal%3Bnasisoft%3Bokistar-hyal-7&flt_doctors=general-practitioner%3Btherapist HTTP/1.1" 200 100504 "https://emteko.com/en/publications/?flt_products=artro-patch%3Bdiart%3Blorde-hyal%3Bnasisoft%3Bokistar-hyal-7&flt_doctors=general-practitioner%3Bpulmonologist%3Btherapist" "Mozilla/5.0 (Linux; Android 7.0;) AppleWebKit/537.36 (KHTML, like Gecko) Mobile Safari/537.36 (compatible; PetalBot;+https://webmaster.petalsearch.com/site/petalbot)" "-"
49.13.134.145 - - [18/Oct/2025:04:56:43 +0300 - 0.013 - 0.016] "HEAD / HTTP/1.1" 200 0 "https://emteko.com" "Mozilla/5.0+(compatible; UptimeRobot/2.0; http://www.uptimerobot.com/)" "-"
168.119.53.160 - - [18/Oct/2025:04:56:52 +0300 - 0.003 - 0.004] "HEAD / HTTP/1.1" 200 0 "https://emteko.com" "Mozilla/5.0+(compatible; UptimeRobot/2.0; http://www.uptimerobot.com/)" "-"
31.131.20.181 - - [18/Oct/2025:04:57:41 +0300 - 0.001 - 0.000] "POST /wp-cron.php?doing_wp_cron=1760752661.7413389682769775390625 HTTP/1.1" 499 0 "-" "WordPress/6.8.3; https://emteko.com" "-"
51.195.183.60 - - [18/Oct/2025:04:57:41 +0300 - 0.930 - 0.932] "GET /robots.txt HTTP/1.1" 200 132 "-" "Mozilla/5.0 (compatible; AhrefsBot/7.0; +http://ahrefs.com/robot/)" "-"
54.37.118.90 - - [18/Oct/2025:04:57:49 +0300 - 0.017 - 0.004] "GET /publications/acute-respiratory-viral-infections-arvi-influenza-and-common-cold/ HTTP/1.1" 200 92321 "-" "Mozilla/5.0 (compatible; AhrefsBot/7.0; +http://ahrefs.com/robot/)" "-"
18.192.166.72 - - [18/Oct/2025:04:57:55 +0300 - 0.005 - 0.004] "HEAD / HTTP/1.1" 200 0 "https://emteko.com" "Mozilla/5.0+(compatible; UptimeRobot/2.0; http://www.uptimerobot.com/)" "-"
128.140.41.193 - - [18/Oct/2025:04:58:59 +0300 - 0.013 - 0.012] "HEAD / HTTP/1.1" 200 0 "https://emteko.com" "Mozilla/5.0+(compatible; UptimeRobot/2.0; http://www.uptimerobot.com/)" "-"
3.79.134.69 - - [18/Oct/2025:05:00:03 +0300 - 0.025 - 0.028] "HEAD / HTTP/1.1" 200 0 "https://emteko.com" "Mozilla/5.0+(compatible; UptimeRobot/2.0; http://www.uptimerobot.com/)" "-"
114.119.134.51 - - [18/Oct/2025:05:00:40 +0300 - 0.000 - -] "GET /wp-content/uploads/2024/05/okistar-hyal-7_ifu_symvoly_table-en.jpg HTTP/1.1" 200 52997 "https://emteko.com/en/products/okistar-hyal-7/" "Mozilla/5.0 (Linux; Android 7.0;) AppleWebKit/537.36 (KHTML, like Gecko) Mobile Safari/537.36 (compatible; PetalBot;+https://webmaster.petalsearch.com/site/petalbot)" "-"
18.193.252.127 - - [18/Oct/2025:05:01:06 +0300 - 0.020 - 0.020] "HEAD / HTTP/1.1" 200 0 "https://emteko.com" "Mozilla/5.0+(compatible; UptimeRobot/2.0; http://www.uptimerobot.com/)" "-"
88.99.80.227 - - [18/Oct/2025:05:01:47 +0300 - 0.014 - 0.016] "HEAD / HTTP/1.1" 200 0 "https://emteko.com" "Mozilla/5.0+(compatible; UptimeRobot/2.0; http://www.uptimerobot.com/)" "-"
142.132.180.39 - - [18/Oct/2025:05:02:09 +0300 - 0.015 - 0.016] "HEAD / HTTP/1.1" 200 0 "https://emteko.com" "Mozilla/5.0+(compatible; UptimeRobot/2.0; http://www.uptimerobot.com/)" "-"
114.119.140.113 - - [18/Oct/2025:05:02:37 +0300 - 0.251 - 0.012] "GET /en/publications/?flt_products=nasisoft&flt_doctors=pediatrician%3Bpulmonologist HTTP/1.1" 200 98916 "https://emteko.com/en/publications/?flt_products=nasisoft&flt_doctors=orthopedic-traumatologist%3Bpediatrician%3Bpulmonologist" "Mozilla/5.0 (Linux; Android 7.0;) AppleWebKit/537.36 (KHTML, like Gecko) Mobile Safari/537.36 (compatible; PetalBot;+https://webmaster.petalsearch.com/site/petalbot)" "-"
168.119.53.160 - - [18/Oct/2025:05:03:14 +0300 - 0.013 - 0.012] "HEAD / HTTP/1.1" 200 0 "https://emteko.com" "Mozilla/5.0+(compatible; UptimeRobot/2.0; http://www.uptimerobot.com/)" "-"
49.13.164.148 - - [18/Oct/2025:05:04:17 +0300 - 0.012 - 0.012] "HEAD / HTTP/1.1" 200 0 "https://emteko.com" "Mozilla/5.0+(compatible; UptimeRobot/2.0; http://www.uptimerobot.com/)" "-"
114.119.154.89 - - [18/Oct/2025:05:04:30 +0300 - 0.255 - 0.020] "GET /en/publications/?flt_products=lorde-hyal%3Bnasisoft%3Bokistar-hyal-7&flt_doctors=infectionist%3Botolaryngologist%3Bpediatrician%3Bpulmonologist%3Btherapist HTTP/1.1" 200 100574 "https://emteko.com/en/publications/?flt_products=lorde-hyal%3Bnasisoft%3Bokistar-hyal-7&flt_doctors=infectionist%3Botolaryngologist%3Bpediatrician%3Btherapist" "Mozilla/5.0 (Linux; Android 7.0;) AppleWebKit/537.36 (KHTML, like Gecko) Mobile Safari/537.36 (compatible; PetalBot;+https://webmaster.petalsearch.com/site/petalbot)" "-"
31.131.20.181 - - [18/Oct/2025:05:04:32 +0300 - 0.004 - 0.004] "POST /wp-cron.php?doing_wp_cron=1760753072.6745839118957519531250 HTTP/1.1" 499 0 "-" "WordPress/6.8.3; https://emteko.com/en/" "-"
40.77.167.12 - - [18/Oct/2025:05:04:33 +0300 - 1.284 - 1.284] "GET /en/doctorspecial/general-practitioner/?flt_products=artro-patch;diart;lorde-hyal;nasisoft&flt_doctors=otolaryngologist;pulmonologist;therapist HTTP/1.1" 200 100218 "-" "Mozilla/5.0 AppleWebKit/537.36 (KHTML, like Gecko; compatible; bingbot/2.0; +http://www.bing.com/bingbot.htm) Chrome/116.0.1938.76 Safari/537.36" "-"
3.77.67.4 - - [18/Oct/2025:05:05:21 +0300 - 0.021 - 0.024] "HEAD / HTTP/1.1" 200 0 "https://emteko.com" "Mozilla/5.0+(compatible; UptimeRobot/2.0; http://www.uptimerobot.com/)" "-"
114.119.133.35 - - [18/Oct/2025:05:06:23 +0300 - 0.247 - 0.016] "GET /en/publications/?flt_products=diart&flt_doctors=general-practitioner%3Borthopedic-traumatologist%3Bpediatrician%3Bpulmonologist HTTP/1.1" 200 95652 "https://emteko.com/en/publications/?flt_products=artro-patch%3Bdiart&flt_doctors=general-practitioner%3Borthopedic-traumatologist%3Bpediatrician%3Bpulmonologist" "Mozilla/5.0 (Linux; Android 7.0;) AppleWebKit/537.36 (KHTML, like Gecko) Mobile Safari/537.36 (compatible; PetalBot;+https://webmaster.petalsearch.com/site/petalbot)" "-"
128.140.106.114 - - [18/Oct/2025:05:06:24 +0300 - 0.003 - 0.004] "HEAD / HTTP/1.1" 200 0 "https://emteko.com" "Mozilla/5.0+(compatible; UptimeRobot/2.0; http://www.uptimerobot.com/)" "-"
88.99.80.227 - - [18/Oct/2025:05:06:51 +0300 - 0.014 - 0.016] "HEAD / HTTP/1.1" 200 0 "https://emteko.com" "Mozilla/5.0+(compatible; UptimeRobot/2.0; http://www.uptimerobot.com/)" "-"
3.77.67.4 - - [18/Oct/2025:05:07:28 +0300 - 0.011 - 0.008] "HEAD / HTTP/1.1" 200 0 "https://emteko.com" "Mozilla/5.0+(compatible; UptimeRobot/2.0; http://www.uptimerobot.com/)" "-"
114.119.154.181 - - [18/Oct/2025:05:08:17 +0300 - 0.754 - 0.020] "GET /en/publications/?flt_products=diart%3Bnasisoft%3Bokistar-hyal-7&flt_doctors=general-practitioner%3Binfectionist%3Botolaryngologist%3Bpediatrician%3Bpulmonologist%3Btherapist HTTP/1.1" 200 99922 "https://emteko.com/en/publications/?flt_products=diart%3Bnasisoft&flt_doctors=general-practitioner%3Binfectionist%3Botolaryngologist%3Bpediatrician%3Bpulmonologist%3Btherapist" "Mozilla/5.0 (Linux; Android 7.0;) AppleWebKit/537.36 (KHTML, like Gecko) Mobile Safari/537.36 (compatible; PetalBot;+https://webmaster.petalsearch.com/site/petalbot)" "-"
168.119.53.160 - - [18/Oct/2025:05:08:32 +0300 - 0.013 - 0.012] "HEAD / HTTP/1.1" 200 0 "https://emteko.com" "Mozilla/5.0+(compatible; UptimeRobot/2.0; http://www.uptimerobot.com/)" "-"
49.13.164.148 - - [18/Oct/2025:05:09:36 +0300 - 0.013 - 0.012] "HEAD / HTTP/1.1" 200 0 "https://emteko.com" "Mozilla/5.0+(compatible; UptimeRobot/2.0; http://www.uptimerobot.com/)" "-"
114.119.140.113 - - [18/Oct/2025:05:10:10 +0300 - 0.266 - 0.016] "GET /en/publications/?flt_products=diart%3Bokistar-hyal-7&flt_doctors=infectionist%3Botolaryngologist%3Bpulmonologist HTTP/1.1" 200 99218 "https://emteko.com/en/publications/?flt_products=diart%3Bokistar-hyal-7&flt_doctors=infectionist%3Botolaryngologist%3Bpediatrician%3Bpulmonologist" "Mozilla/5.0 (Linux; Android 7.0;) AppleWebKit/537.36 (KHTML, like Gecko) Mobile Safari/537.36 (compatible; PetalBot;+https://webmaster.petalsearch.com/site/petalbot)" "-"
3.79.134.69 - - [18/Oct/2025:05:10:41 +0300 - 0.016 - 0.016] "HEAD / HTTP/1.1" 200 0 "https://emteko.com" "Mozilla/5.0+(compatible; UptimeRobot/2.0; http://www.uptimerobot.com/)" "-"
31.131.20.181 - - [18/Oct/2025:05:10:52 +0300 - 0.000 - 0.000] "POST /wp-cron.php?doing_wp_cron=1760753452.8370399475097656250000 HTTP/1.1" 499 0 "-" "WordPress/6.8.3; https://emteko.com" "-"
52.167.144.185 - - [18/Oct/2025:05:10:53 +0300 - 1.210 - 1.208] "GET /doctorspecial/pulmonologs/?flt_products=okistar-hyal-7-lv&flt_doctors=otolaringologs;pulmonologs;traumatologs-ortopeds HTTP/1.1" 200 99142 "-" "Mozilla/5.0 AppleWebKit/537.36 (KHTML, like Gecko; compatible; bingbot/2.0; +http://www.bing.com/bingbot.htm) Chrome/116.0.1938.76 Safari/537.36" "-"
78.47.98.55 - - [18/Oct/2025:05:11:44 +0300 - 0.018 - 0.020] "HEAD / HTTP/1.1" 200 0 "https://emteko.com" "Mozilla/5.0+(compatible; UptimeRobot/2.0; http://www.uptimerobot.com/)" "-"
128.140.106.114 - - [18/Oct/2025:05:11:54 +0300 - 0.003 - 0.004] "HEAD / HTTP/1.1" 200 0 "https://emteko.com" "Mozilla/5.0+(compatible; UptimeRobot/2.0; http://www.uptimerobot.com/)" "-"
114.119.140.113 - - [18/Oct/2025:05:12:05 +0300 - 0.256 - 0.004] "GET /en/publications/?flt_products=diart%3Blorde-hyal%3Bnasisoft&flt_doctors=orthopedic-traumatologist%3Botolaryngologist%3Bpediatrician%3Btherapist HTTP/1.1" 200 100542 "https://emteko.com/en/publications/?flt_products=diart%3Blorde-hyal%3Bnasisoft&flt_doctors=orthopedic-traumatologist%3Botolaryngologist%3Bpediatrician" "Mozilla/5.0 (Linux; Android 7.0;) AppleWebKit/537.36 (KHTML, like Gecko) Mobile Safari/537.36 (compatible; PetalBot;+https://webmaster.petalsearch.com/site/petalbot)" "-"
3.79.134.69 - - [18/Oct/2025:05:12:50 +0300 - 0.593 - 0.592] "HEAD / HTTP/1.1" 200 0 "https://emteko.com" "Mozilla/5.0+(compatible; UptimeRobot/2.0; http://www.uptimerobot.com/)" "-"
31.131.20.181 - - [18/Oct/2025:05:13:20 +0300 - 0.001 - 0.000] "POST /wp-cron.php?doing_wp_cron=1760753600.3487780094146728515625 HTTP/1.1" 499 0 "-" "WordPress/6.8.3; https://emteko.com" "-"
17.241.219.74 - - [18/Oct/2025:05:13:20 +0300 - 2.179 - 2.180] "GET /robots.txt HTTP/1.1" 200 132 "-" "Mozilla/5.0 (Macintosh; Intel Mac OS X 10_15_7) AppleWebKit/605.1.15 (KHTML, like Gecko) Version/17.4 Safari/605.1.15 (Applebot/0.1; +http://www.apple.com/go/applebot)" "-"
17.241.219.74 - - [18/Oct/2025:05:13:20 +0300 - 0.008 - 0.012] "GET /en/publications/?flt_doctors=general-practitioner;otolaryngologist;therapist HTTP/1.1" 200 100358 "-" "Mozilla/5.0 (Macintosh; Intel Mac OS X 10_15_7) AppleWebKit/605.1.15 (KHTML, like Gecko) Version/17.4 Safari/605.1.15 (Applebot/0.1; +http://www.apple.com/go/applebot)" "-"
142.132.180.39 - - [18/Oct/2025:05:13:53 +0300 - 0.013 - 0.012] "HEAD / HTTP/1.1" 200 0 "https://emteko.com" "Mozilla/5.0+(compatible; UptimeRobot/2.0; http://www.uptimerobot.com/)" "-"
114.119.136.120 - - [18/Oct/2025:05:13:59 +0300 - 0.703 - 0.008] "GET /en/publications/?flt_products=artro-patch%3Blorde-hyal%3Bnasisoft&flt_doctors=general-practitioner%3Binfectionist%3Bpediatrician%3Bpulmonologist HTTP/1.1" 200 100531 "https://emteko.com/en/publications/?flt_products=artro-patch%3Bnasisoft&flt_doctors=general-practitioner%3Binfectionist%3Bpediatrician%3Bpulmonologist" "Mozilla/5.0 (Linux; Android 7.0;) AppleWebKit/537.36 (KHTML, like Gecko) Mobile Safari/537.36 (compatible; PetalBot;+https://webmaster.petalsearch.com/site/petalbot)" "-"
128.140.41.193 - - [18/Oct/2025:05:14:58 +0300 - 0.013 - 0.012] "HEAD / HTTP/1.1" 200 0 "https://emteko.com" "Mozilla/5.0+(compatible; UptimeRobot/2.0; http://www.uptimerobot.com/)" "-"
31.131.20.181 - - [18/Oct/2025:05:15:53 +0300 - 0.000 - 0.000] "POST /wp-cron.php?doing_wp_cron=1760753753.7168850898742675781250 HTTP/1.1" 499 0 "-" "WordPress/6.8.3; https://emteko.com/en/" "-"
114.119.134.51 - - [18/Oct/2025:05:15:54 +0300 - 1.709 - 1.248] "GET /en/publications/?flt_products=artro-patch%3Bdiart%3Bokistar-hyal-7&flt_doctors=orthopedic-traumatologist%3Botolaryngologist%3Bpulmonologist HTTP/1.1" 200 99266 "https://emteko.com/en/publications/?flt_products=artro-patch%3Bdiart%3Bokistar-hyal-7&flt_doctors=orthopedic-traumatologist%3Botolaryngologist%3Bpediatrician%3Bpulmonologist" "Mozilla/5.0 (Linux; Android 7.0;) AppleWebKit/537.36 (KHTML, like Gecko) Mobile Safari/537.36 (compatible; PetalBot;+https://webmaster.petalsearch.com/site/petalbot)" "-"
18.193.252.127 - - [18/Oct/2025:05:16:00 +0300 - 0.003 - 0.004] "HEAD / HTTP/1.1" 200 0 "https://emteko.com" "Mozilla/5.0+(compatible; UptimeRobot/2.0; http://www.uptimerobot.com/)" "-"
31.131.20.181 - - [18/Oct/2025:05:16:11 +0300 - 0.001 - 0.000] "POST /wp-cron.php?doing_wp_cron=1760753771.4708449840545654296875 HTTP/1.1" 499 0 "-" "WordPress/6.8.3; https://emteko.com/en/" "-"
52.167.144.202 - - [18/Oct/2025:05:16:11 +0300 - 0.903 - 0.904] "GET /en/doctorspecial/orthopedic-traumatologist/?flt_products=diart;okistar-hyal-7&flt_doctors=general-practitioner;otolaryngologist HTTP/1.1" 200 98416 "-" "Mozilla/5.0 AppleWebKit/537.36 (KHTML, like Gecko; compatible; bingbot/2.0; +http://www.bing.com/bingbot.htm) Chrome/116.0.1938.76 Safari/537.36" "-"
157.90.155.240 - - [18/Oct/2025:05:16:58 +0300 - 0.014 - 0.012] "HEAD / HTTP/1.1" 200 0 "https://emteko.com" "Mozilla/5.0+(compatible; UptimeRobot/2.0; http://www.uptimerobot.com/)" "-"
159.69.158.189 - - [18/Oct/2025:05:17:03 +0300 - 0.003 - 0.004] "HEAD / HTTP/1.1" 200 0 "https://emteko.com" "Mozilla/5.0+(compatible; UptimeRobot/2.0; http://www.uptimerobot.com/)" "-"
47.128.50.100 - - [18/Oct/2025:05:17:39 +0300 - 0.236 - 0.016] "GET /publications/?flt_doctors=gimenes-arsts%3Binfektologs%3Botolaringologs&flt_products=lorde-hyal-lv%3Bokistar-hyal-7-lv HTTP/1.1" 200 100695 "-" "Mozilla/5.0 (compatible; Bytespider; spider-feedback@bytedance.com) AppleWebKit/537.36 (KHTML, like Gecko) Chrome/70.0.0.0 Safari/537.36" "-"
114.119.140.113 - - [18/Oct/2025:05:17:47 +0300 - 0.493 - 0.004] "GET /en/publications/?flt_products=artro-patch%3Bdiart%3Blorde-hyal%3Bnasisoft%3Bokistar-hyal-7&flt_doctors=infectionist%3Botolaryngologist%3Bpulmonologist%3Btherapist HTTP/1.1" 200 100611 "https://emteko.com/en/publications/?flt_products=diart%3Blorde-hyal%3Bnasisoft%3Bokistar-hyal-7&flt_doctors=infectionist%3Botolaryngologist%3Bpulmonologist%3Btherapist" "Mozilla/5.0 (Linux; Android 7.0;) AppleWebKit/537.36 (KHTML, like Gecko) Mobile Safari/537.36 (compatible; PetalBot;+https://webmaster.petalsearch.com/site/petalbot)" "-"
18.193.252.127 - - [18/Oct/2025:05:18:08 +0300 - 0.013 - 0.012] "HEAD / HTTP/1.1" 200 0 "https://emteko.com" "Mozilla/5.0+(compatible; UptimeRobot/2.0; http://www.uptimerobot.com/)" "-"
168.119.53.160 - - [18/Oct/2025:05:19:11 +0300 - 0.015 - 0.016] "HEAD / HTTP/1.1" 200 0 "https://emteko.com" "Mozilla/5.0+(compatible; UptimeRobot/2.0; http://www.uptimerobot.com/)" "-"
114.119.134.51 - - [18/Oct/2025:05:19:39 +0300 - 0.245 - 0.016] "GET /en/publications/?flt_products=artro-patch%3Bnasisoft&flt_doctors=general-practitioner%3Borthopedic-traumatologist HTTP/1.1" 200 98987 "https://emteko.com/en/publications/?flt_products=artro-patch%3Bnasisoft&flt_doctors=general-practitioner%3Borthopedic-traumatologist%3Bpediatrician" "Mozilla/5.0 (Linux; Android 7.0;) AppleWebKit/537.36 (KHTML, like Gecko) Mobile Safari/537.36 (compatible; PetalBot;+https://webmaster.petalsearch.com/site/petalbot)" "-"
49.13.130.29 - - [18/Oct/2025:05:20:13 +0300 - 0.023 - 0.020] "HEAD / HTTP/1.1" 200 0 "https://emteko.com" "Mozilla/5.0+(compatible; UptimeRobot/2.0; http://www.uptimerobot.com/)" "-"
78.47.98.55 - - [18/Oct/2025:05:21:17 +0300 - 0.014 - 0.012] "HEAD / HTTP/1.1" 200 0 "https://emteko.com" "Mozilla/5.0+(compatible; UptimeRobot/2.0; http://www.uptimerobot.com/)" "-"
47.128.46.36 - - [18/Oct/2025:05:21:39 +0300 - 0.365 - 0.016] "GET /publications/?flt_products=artro-patch-lv;okistar-hyal-7-lv&flt_doctors=gimenes-arsts;infektologs;otolaringologs;pediatrs HTTP/1.1" 200 99590 "-" "Mozilla/5.0 (compatible; Bytespider; spider-feedback@bytedance.com) AppleWebKit/537.36 (KHTML, like Gecko) Chrome/70.0.0.0 Safari/537.36" "-"
157.90.155.240 - - [18/Oct/2025:05:22:01 +0300 - 0.013 - 0.016] "HEAD / HTTP/1.1" 200 0 "https://emteko.com" "Mozilla/5.0+(compatible; UptimeRobot/2.0; http://www.uptimerobot.com/)" "-"
114.119.136.120 - - [18/Oct/2025:05:22:18 +0300 - 0.724 - 0.024] "GET /en/publications/?flt_doctors=infectionist%3Borthopedic-traumatologist%3Botolaryngologist%3Bpediatrician HTTP/1.1" 200 100387 "https://emteko.com/en/publications/?flt_doctors=general-practitioner%3Binfectionist%3Borthopedic-traumatologist%3Botolaryngologist%3Bpediatrician" "Mozilla/5.0 (Linux; Android 7.0;) AppleWebKit/537.36 (KHTML, like Gecko) Mobile Safari/537.36 (compatible; PetalBot;+https://webmaster.petalsearch.com/site/petalbot)" "-"
49.13.167.123 - - [18/Oct/2025:05:22:21 +0300 - 0.003 - 0.004] "HEAD / HTTP/1.1" 200 0 "https://emteko.com" "Mozilla/5.0+(compatible; UptimeRobot/2.0; http://www.uptimerobot.com/)" "-"
185.191.171.14 - - [18/Oct/2025:05:22:44 +0300 - 0.020 - 0.020] "GET /doctorspecial/traumatologs-ortopeds/?flt_products=diart-lv HTTP/1.1" 200 95327 "-" "Mozilla/5.0 (compatible; SemrushBot/7~bl; +http://www.semrush.com/bot.html)" "-"
167.235.143.113 - - [18/Oct/2025:05:23:24 +0300 - 0.014 - 0.012] "HEAD / HTTP/1.1" 200 0 "https://emteko.com" "Mozilla/5.0+(compatible; UptimeRobot/2.0; http://www.uptimerobot.com/)" "-"
49.13.24.81 - - [18/Oct/2025:05:24:28 +0300 - 0.019 - 0.020] "HEAD / HTTP/1.1" 200 0 "https://emteko.com" "Mozilla/5.0+(compatible; UptimeRobot/2.0; http://www.uptimerobot.com/)" "-"
114.119.133.35 - - [18/Oct/2025:05:24:33 +0300 - 0.691 - 0.008] "GET /en/publications/?flt_products=artro-patch%3Bdiart%3Blorde-hyal%3Bokistar-hyal-7&flt_doctors=infectionist%3Botolaryngologist%3Btherapist HTTP/1.1" 200 100291 "https://emteko.com/en/publications/?flt_products=artro-patch%3Bdiart%3Blorde-hyal%3Bokistar-hyal-7&flt_doctors=otolaryngologist%3Btherapist" "Mozilla/5.0 (Linux; Android 7.0;) AppleWebKit/537.36 (KHTML, like Gecko) Mobile Safari/537.36 (compatible; PetalBot;+https://webmaster.petalsearch.com/site/petalbot)" "-"
114.119.132.202 - - [18/Oct/2025:05:25:26 +0300 - 3.021 - 0.016] "GET /en/publications/?flt_products=lorde-hyal%3Bnasisoft&flt_doctors=general-practitioner%3Botolaryngologist%3Bpediatrician%3Btherapist HTTP/1.1" 200 81596 "https://emteko.com/en/publications/?flt_products=lorde-hyal%3Bnasisoft&flt_doctors=general-practitioner%3Botolaryngologist%3Bpediatrician%3Bpulmonologist%3Btherapist" "Mozilla/5.0 (Linux; Android 7.0;) AppleWebKit/537.36 (KHTML, like Gecko) Mobile Safari/537.36 (compatible; PetalBot;+https://webmaster.petalsearch.com/site/petalbot)" "-"
52.59.43.236 - - [18/Oct/2025:05:25:31 +0300 - 0.004 - 0.000] "HEAD / HTTP/1.1" 200 0 "https://emteko.com" "Mozilla/5.0+(compatible; UptimeRobot/2.0; http://www.uptimerobot.com/)" "-"
49.13.134.145 - - [18/Oct/2025:05:26:34 +0300 - 0.012 - 0.012] "HEAD / HTTP/1.1" 200 0 "https://emteko.com" "Mozilla/5.0+(compatible; UptimeRobot/2.0; http://www.uptimerobot.com/)" "-"
31.131.20.181 - - [18/Oct/2025:05:26:54 +0300 - 0.001 - 0.000] "POST /wp-cron.php?doing_wp_cron=1760754414.2793669700622558593750 HTTP/1.1" 499 0 "-" "WordPress/6.8.3; https://emteko.com" "-"
52.167.144.192 - - [18/Oct/2025:05:26:54 +0300 - 1.826 - 1.825] "GET /doctorspecial/traumatologs-ortopeds/?flt_products=lorde-hyal-lv;nasisoft-lv;okistar-hyal-7-lv&flt_doctors=gimenes-arsts;otolaringologs;pulmonologs;terapeits HTTP/1.1" 200 98751 "-" "Mozilla/5.0 AppleWebKit/537.36 (KHTML, like Gecko; compatible; bingbot/2.0; +http://www.bing.com/bingbot.htm) Chrome/116.0.1938.76 Safari/537.36" "-"
128.140.106.114 - - [18/Oct/2025:05:27:04 +0300 - 0.002 - 0.000] "HEAD / HTTP/1.1" 200 0 "https://emteko.com" "Mozilla/5.0+(compatible; UptimeRobot/2.0; http://www.uptimerobot.com/)" "-"
114.119.134.51 - - [18/Oct/2025:05:27:17 +0300 - 0.251 - 0.020] "GET /en/publications/?flt_products=artro-patch%3Blorde-hyal&flt_doctors=general-practitioner%3Binfectionist%3Botolaryngologist%3Bpulmonologist HTTP/1.1" 200 100275 "https://emteko.com/en/publications/?flt_products=artro-patch%3Blorde-hyal&flt_doctors=infectionist%3Botolaryngologist%3Bpulmonologist" "Mozilla/5.0 (Linux; Android 7.0;) AppleWebKit/537.36 (KHTML, like Gecko) Mobile Safari/537.36 (compatible; PetalBot;+https://webmaster.petalsearch.com/site/petalbot)" "-"
168.119.53.160 - - [18/Oct/2025:05:27:39 +0300 - 0.012 - 0.008] "HEAD / HTTP/1.1" 200 0 "https://emteko.com" "Mozilla/5.0+(compatible; UptimeRobot/2.0; http://www.uptimerobot.com/)" "-"
31.131.20.181 - - [18/Oct/2025:05:27:53 +0300 - 0.000 - 0.000] "POST /wp-cron.php?doing_wp_cron=1760754473.7483570575714111328125 HTTP/1.1" 499 0 "-" "WordPress/6.8.3; https://emteko.com/en/" "-"
66.249.66.161 - - [18/Oct/2025:05:27:54 +0300 - 1.212 - 1.212] "GET /en/doctorspecial/pediatrician/?flt_products=lorde-hyal&flt_doctors=orthopedic-traumatologist;pulmonologist;therapist HTTP/1.1" 200 99825 "-" "Mozilla/5.0 (Linux; Android 6.0.1; Nexus 5X Build/MMB29P) AppleWebKit/537.36 (KHTML, like Gecko) Chrome/140.0.7339.207 Mobile Safari/537.36 (compatible; Googlebot/2.1; +http://www.google.com/bot.html)" "-"
31.131.20.181 - - [18/Oct/2025:05:28:14 +0300 - 0.004 - 0.004] "POST /wp-cron.php?doing_wp_cron=1760754494.7602150440216064453125 HTTP/1.1" 499 0 "-" "WordPress/6.8.3; https://emteko.com/en/" "-"
52.167.144.192 - - [18/Oct/2025:05:28:15 +0300 - 1.151 - 1.152] "GET /en/doctorspecial/infectionist/?flt_doctors=general-practitioner;orthopedic-traumatologist HTTP/1.1" 200 99962 "-" "Mozilla/5.0 AppleWebKit/537.36 (KHTML, like Gecko; compatible; bingbot/2.0; +http://www.bing.com/bingbot.htm) Chrome/116.0.1938.76 Safari/537.36" "-"
157.90.156.63 - - [18/Oct/2025:05:28:43 +0300 - 0.015 - 0.016] "HEAD / HTTP/1.1" 200 0 "https://emteko.com" "Mozilla/5.0+(compatible; UptimeRobot/2.0; http://www.uptimerobot.com/)" "-"
114.119.132.104 - - [18/Oct/2025:05:29:10 +0300 - 0.944 - 0.012] "GET /en/publications/?flt_products=artro-patch%3Blorde-hyal%3Bokistar-hyal-7&flt_doctors=general-practitioner%3Botolaryngologist%3Bpediatrician%3Bpulmonologist%3Btherapist HTTP/1.1" 200 100352 "https://emteko.com/en/publications/?flt_products=artro-patch%3Blorde-hyal%3Bokistar-hyal-7&flt_doctors=general-practitioner%3Borthopedic-traumatologist%3Botolaryngologist%3Bpediatrician%3Bpulmonologist%3Btherapist" "Mozilla/5.0 (Linux; Android 7.0;) AppleWebKit/537.36 (KHTML, like Gecko) Mobile Safari/537.36 (compatible; PetalBot;+https://webmaster.petalsearch.com/site/petalbot)" "-"
142.132.180.39 - - [18/Oct/2025:05:29:48 +0300 - 0.012 - 0.016] "HEAD / HTTP/1.1" 200 0 "https://emteko.com" "Mozilla/5.0+(compatible; UptimeRobot/2.0; http://www.uptimerobot.com/)" "-"
168.119.53.160 - - [18/Oct/2025:05:30:52 +0300 - 0.013 - 0.016] "HEAD / HTTP/1.1" 200 0 "https://emteko.com" "Mozilla/5.0+(compatible; UptimeRobot/2.0; http://www.uptimerobot.com/)" "-"
114.119.133.35 - - [18/Oct/2025:05:31:05 +0300 - 0.746 - 0.024] "GET /en/publications/?flt_products=okistar-hyal-7&flt_doctors=pediatrician HTTP/1.1" 200 99045 "https://emteko.com/en/publications/?flt_products=okistar-hyal-7&flt_doctors=orthopedic-traumatologist%3Bpediatrician" "Mozilla/5.0 (Linux; Android 7.0;) AppleWebKit/537.36 (KHTML, like Gecko) Mobile Safari/537.36 (compatible; PetalBot;+https://webmaster.petalsearch.com/site/petalbot)" "-"
3.77.67.4 - - [18/Oct/2025:05:31:57 +0300 - 0.012 - 0.012] "HEAD / HTTP/1.1" 200 0 "https://emteko.com" "Mozilla/5.0+(compatible; UptimeRobot/2.0; http://www.uptimerobot.com/)" "-"
78.46.190.63 - - [18/Oct/2025:05:32:08 +0300 - 0.020 - 0.020] "HEAD / HTTP/1.1" 200 0 "https://emteko.com" "Mozilla/5.0+(compatible; UptimeRobot/2.0; http://www.uptimerobot.com/)" "-"
168.119.96.239 - - [18/Oct/2025:05:33:00 +0300 - 0.003 - 0.000] "HEAD / HTTP/1.1" 200 0 "https://emteko.com" "Mozilla/5.0+(compatible; UptimeRobot/2.0; http://www.uptimerobot.com/)" "-"
114.119.140.113 - - [18/Oct/2025:05:33:00 +0300 - 0.758 - 0.020] "GET /en/publications/?flt_products=nasisoft%3Bokistar-hyal-7&flt_doctors=general-practitioner%3Btherapist HTTP/1.1" 200 99432 "https://emteko.com/en/publications/?flt_products=okistar-hyal-7&flt_doctors=general-practitioner%3Btherapist" "Mozilla/5.0 (Linux; Android 7.0;) AppleWebKit/537.36 (KHTML, like Gecko) Mobile Safari/537.36 (compatible; PetalBot;+https://webmaster.petalsearch.com/site/petalbot)" "-"
52.28.162.93 - - [18/Oct/2025:05:34:04 +0300 - 0.017 - 0.016] "HEAD / HTTP/1.1" 200 0 "https://emteko.com" "Mozilla/5.0+(compatible; UptimeRobot/2.0; http://www.uptimerobot.com/)" "-"
114.119.132.104 - - [18/Oct/2025:05:34:52 +0300 - 0.713 - 0.016] "GET /en/publications/?flt_products=artro-patch%3Bokistar-hyal-7&flt_doctors=general-practitioner%3Borthopedic-traumatologist%3Botolaryngologist HTTP/1.1" 200 99229 "https://emteko.com/en/publications/?flt_products=artro-patch&flt_doctors=general-practitioner%3Borthopedic-traumatologist%3Botolaryngologist" "Mozilla/5.0 (Linux; Android 7.0;) AppleWebKit/537.36 (KHTML, like Gecko) Mobile Safari/537.36 (compatible; PetalBot;+https://webmaster.petalsearch.com/site/petalbot)" "-"
3.79.134.69 - - [18/Oct/2025:05:35:07 +0300 - 0.014 - 0.016] "HEAD / HTTP/1.1" 200 0 "https://emteko.com" "Mozilla/5.0+(compatible; UptimeRobot/2.0; http://www.uptimerobot.com/)" "-"
3.79.134.69 - - [18/Oct/2025:05:36:10 +0300 - 0.014 - 0.016] "HEAD / HTTP/1.1" 200 0 "https://emteko.com" "Mozilla/5.0+(compatible; UptimeRobot/2.0; http://www.uptimerobot.com/)" "-"
114.119.133.35 - - [18/Oct/2025:05:36:46 +0300 - 0.742 - 0.016] "GET /en/publications/?flt_products=diart&flt_doctors=otolaryngologist HTTP/1.1" 200 95538 "https://emteko.com/en/publications/?flt_products=diart%3Blorde-hyal&flt_doctors=otolaryngologist" "Mozilla/5.0 (Linux; Android 7.0;) AppleWebKit/537.36 (KHTML, like Gecko) Mobile Safari/537.36 (compatible; PetalBot;+https://webmaster.petalsearch.com/site/petalbot)" "-"
157.90.156.63 - - [18/Oct/2025:05:37:11 +0300 - 0.012 - 0.012] "HEAD / HTTP/1.1" 200 0 "https://emteko.com" "Mozilla/5.0+(compatible; UptimeRobot/2.0; http://www.uptimerobot.com/)" "-"
78.46.190.63 - - [18/Oct/2025:05:37:15 +0300 - 0.003 - 0.000] "HEAD / HTTP/1.1" 200 0 "https://emteko.com" "Mozilla/5.0+(compatible; UptimeRobot/2.0; http://www.uptimerobot.com/)" "-"
128.140.41.193 - - [18/Oct/2025:05:38:17 +0300 - 0.012 - 0.012] "HEAD / HTTP/1.1" 200 0 "https://emteko.com" "Mozilla/5.0+(compatible; UptimeRobot/2.0; http://www.uptimerobot.com/)" "-"
114.119.132.104 - - [18/Oct/2025:05:38:41 +0300 - 0.710 - 0.020] "GET /en/publications/?flt_products=artro-patch%3Bdiart%3Bnasisoft&flt_doctors=infectionist%3Btherapist HTTP/1.1" 200 99010 "https://emteko.com/en/publications/?flt_products=artro-patch%3Bdiart%3Bnasisoft&flt_doctors=infectionist%3Bpulmonologist%3Btherapist" "Mozilla/5.0 (Linux; Android 7.0;) AppleWebKit/537.36 (KHTML, like Gecko) Mobile Safari/537.36 (compatible; PetalBot;+https://webmaster.petalsearch.com/site/petalbot)" "-"
49.13.134.145 - - [18/Oct/2025:05:39:19 +0300 - 0.017 - 0.020] "HEAD / HTTP/1.1" 200 0 "https://emteko.com" "Mozilla/5.0+(compatible; UptimeRobot/2.0; http://www.uptimerobot.com/)" "-"
78.47.173.76 - - [18/Oct/2025:05:40:22 +0300 - 0.013 - 0.012] "HEAD / HTTP/1.1" 200 0 "https://emteko.com" "Mozilla/5.0+(compatible; UptimeRobot/2.0; http://www.uptimerobot.com/)" "-"
114.119.132.104 - - [18/Oct/2025:05:40:35 +0300 - 0.714 - 0.020] "GET /en/publications/?flt_products=artro-patch%3Bdiart%3Bnasisoft&flt_doctors=general-practitioner%3Binfectionist%3Borthopedic-traumatologist%3Botolaryngologist%3Bpediatrician HTTP/1.1" 200 99186 "https://emteko.com/en/publications/?flt_products=artro-patch%3Bdiart%3Bnasisoft&flt_doctors=general-practitioner%3Binfectionist%3Botolaryngologist%3Bpediatrician" "Mozilla/5.0 (Linux; Android 7.0;) AppleWebKit/537.36 (KHTML, like Gecko) Mobile Safari/537.36 (compatible; PetalBot;+https://webmaster.petalsearch.com/site/petalbot)" "-"
77.75.76.160 - - [18/Oct/2025:05:40:41 +0300 - 0.019 - 0.020] "GET /sitemap_index.xml HTTP/1.1" 200 362 "-" "Mozilla/5.0 (compatible; SeznamBot/4.0; +https://o-seznam.cz/napoveda/vyhledavani/en/seznambot-crawler/)" "-"
31.131.20.181 - - [18/Oct/2025:05:40:42 +0300 - 0.000 - 0.000] "POST /wp-cron.php?doing_wp_cron=1760755242.2119529247283935546875 HTTP/1.1" 499 0 "-" "WordPress/6.8.3; https://emteko.com" "-"
77.75.76.160 - - [18/Oct/2025:05:40:42 +0300 - 0.983 - 0.980] "GET /robots.txt HTTP/1.1" 200 132 "-" "Mozilla/5.0 (compatible; SeznamBot/4.0; +https://o-seznam.cz/napoveda/vyhledavani/en/seznambot-crawler/)" "-"
78.46.190.63 - - [18/Oct/2025:05:41:27 +0300 - 0.017 - 0.016] "HEAD / HTTP/1.1" 200 0 "https://emteko.com" "Mozilla/5.0+(compatible; UptimeRobot/2.0; http://www.uptimerobot.com/)" "-"
31.131.20.181 - - [18/Oct/2025:05:41:57 +0300 - 0.003 - 0.004] "POST /wp-cron.php?doing_wp_cron=1760755317.5071280002593994140625 HTTP/1.1" 499 0 "-" "WordPress/6.8.3; https://emteko.com/en/" "-"
66.249.66.161 - - [18/Oct/2025:05:41:57 +0300 - 1.226 - 1.228] "GET /en/doctorspecial/pediatrician/?flt_doctors=general-practitioner;infectionist;orthopedic-traumatologist;otolaryngologist;therapist HTTP/1.1" 200 100047 "-" "Mozilla/5.0 (Linux; Android 6.0.1; Nexus 5X Build/MMB29P) AppleWebKit/537.36 (KHTML, like Gecko) Chrome/140.0.7339.207 Mobile Safari/537.36 (compatible; Googlebot/2.1; +http://www.google.com/bot.html)" "-"
157.90.156.63 - - [18/Oct/2025:05:42:15 +0300 - 0.029 - 0.032] "HEAD / HTTP/1.1" 200 0 "https://emteko.com" "Mozilla/5.0+(compatible; UptimeRobot/2.0; http://www.uptimerobot.com/)" "-"
114.119.154.181 - - [18/Oct/2025:05:42:28 +0300 - 0.715 - 0.020] "GET /en/publications/?flt_products=artro-patch%3Bokistar-hyal-7&flt_doctors=general-practitioner%3Binfectionist%3Bpediatrician%3Btherapist HTTP/1.1" 200 99261 "https://emteko.com/en/publications/?flt_products=artro-patch%3Bokistar-hyal-7&flt_doctors=general-practitioner%3Binfectionist%3Botolaryngologist%3Bpediatrician%3Btherapist" "Mozilla/5.0 (Linux; Android 7.0;) AppleWebKit/537.36 (KHTML, like Gecko) Mobile Safari/537.36 (compatible; PetalBot;+https://webmaster.petalsearch.com/site/petalbot)" "-"
78.46.215.1 - - [18/Oct/2025:05:42:30 +0300 - 0.002 - 0.004] "HEAD / HTTP/1.1" 200 0 "https://emteko.com" "Mozilla/5.0+(compatible; UptimeRobot/2.0; http://www.uptimerobot.com/)" "-"
49.13.164.148 - - [18/Oct/2025:05:43:32 +0300 - 0.018 - 0.016] "HEAD / HTTP/1.1" 200 0 "https://emteko.com" "Mozilla/5.0+(compatible; UptimeRobot/2.0; http://www.uptimerobot.com/)" "-"
114.119.136.120 - - [18/Oct/2025:05:44:23 +0300 - 0.731 - 0.036] "GET /en/publications/?flt_products=artro-patch%3Bdiart%3Blorde-hyal%3Bnasisoft%3Bokistar-hyal-7&flt_doctors=general-practitioner HTTP/1.1" 200 100465 "https://emteko.com/en/publications/?flt_products=diart%3Blorde-hyal%3Bnasisoft%3Bokistar-hyal-7&flt_doctors=general-practitioner" "Mozilla/5.0 (Linux; Android 7.0;) AppleWebKit/537.36 (KHTML, like Gecko) Mobile Safari/537.36 (compatible; PetalBot;+https://webmaster.petalsearch.com/site/petalbot)" "-"
78.47.98.55 - - [18/Oct/2025:05:44:37 +0300 - 0.012 - 0.012] "HEAD / HTTP/1.1" 200 0 "https://emteko.com" "Mozilla/5.0+(compatible; UptimeRobot/2.0; http://www.uptimerobot.com/)" "-"
52.28.162.93 - - [18/Oct/2025:05:45:40 +0300 - 0.014 - 0.012] "HEAD / HTTP/1.1" 200 0 "https://emteko.com" "Mozilla/5.0+(compatible; UptimeRobot/2.0; http://www.uptimerobot.com/)" "-"
31.131.20.181 - - [18/Oct/2025:05:46:17 +0300 - 0.001 - 0.000] "POST /wp-cron.php?doing_wp_cron=1760755577.2618620395660400390625 HTTP/1.1" 499 0 "-" "WordPress/6.8.3; https://emteko.com/en/" "-"
114.119.132.202 - - [18/Oct/2025:05:46:18 +0300 - 2.106 - 1.412] "GET /en/publications/?flt_doctors=general-practitioner%3Botolaryngologist%3Bpediatrician HTTP/1.1" 200 100333 "https://emteko.com/en/publications/?flt_doctors=general-practitioner%3Botolaryngologist%3Bpediatrician%3Bpulmonologist" "Mozilla/5.0 (Linux; Android 7.0;) AppleWebKit/537.36 (KHTML, like Gecko) Mobile Safari/537.36 (compatible; PetalBot;+https://webmaster.petalsearch.com/site/petalbot)" "-"
168.119.123.75 - - [18/Oct/2025:05:46:43 +0300 - 0.012 - 0.008] "HEAD / HTTP/1.1" 200 0 "https://emteko.com" "Mozilla/5.0+(compatible; UptimeRobot/2.0; http://www.uptimerobot.com/)" "-"
92.222.104.218 - - [18/Oct/2025:05:47:15 +0300 - 0.043 - 0.016] "GET /doctorspecial/gimenes-arsts/ HTTP/1.1" 200 99867 "-" "Mozilla/5.0 (compatible; AhrefsBot/7.0; +http://ahrefs.com/robot/)" "-"
157.90.155.240 - - [18/Oct/2025:05:47:18 +0300 - 0.003 - 0.000] "HEAD / HTTP/1.1" 200 0 "https://emteko.com" "Mozilla/5.0+(compatible; UptimeRobot/2.0; http://www.uptimerobot.com/)" "-"
78.46.215.1 - - [18/Oct/2025:05:47:47 +0300 - 0.016 - 0.016] "HEAD / HTTP/1.1" 200 0 "https://emteko.com" "Mozilla/5.0+(compatible; UptimeRobot/2.0; http://www.uptimerobot.com/)" "-"
31.131.20.181 - - [18/Oct/2025:05:48:10 +0300 - 0.000 - 0.000] "POST /wp-cron.php?doing_wp_cron=1760755690.6607289314270019531250 HTTP/1.1" 499 0 "-" "WordPress/6.8.3; https://emteko.com/en/" "-"
114.119.154.181 - - [18/Oct/2025:05:48:11 +0300 - 2.072 - 1.076] "GET /en/publications/?flt_doctors=general-practitioner%3Borthopedic-traumatologist%3Bpediatrician HTTP/1.1" 200 100346 "https://emteko.com/en/publications/?flt_doctors=general-practitioner%3Borthopedic-traumatologist%3Bpediatrician%3Btherapist" "Mozilla/5.0 (Linux; Android 7.0;) AppleWebKit/537.36 (KHTML, like Gecko) Mobile Safari/537.36 (compatible; PetalBot;+https://webmaster.petalsearch.com/site/petalbot)" "-"
128.140.106.114 - - [18/Oct/2025:05:48:51 +0300 - 0.014 - 0.012] "HEAD / HTTP/1.1" 200 0 "https://emteko.com" "Mozilla/5.0+(compatible; UptimeRobot/2.0; http://www.uptimerobot.com/)" "-"
31.131.20.181 - - [18/Oct/2025:05:49:47 +0300 - 0.000 - 0.000] "POST /wp-cron.php?doing_wp_cron=1760755787.6477169990539550781250 HTTP/1.1" 499 0 "-" "WordPress/6.8.3; https://emteko.com/en/" "-"
40.77.167.42 - - [18/Oct/2025:05:49:47 +0300 - 1.103 - 1.104] "GET /en/doctorspecial/therapist/?flt_products=lorde-hyal&flt_doctors=orthopedic-traumatologist;pediatrician;therapist HTTP/1.1" 200 99849 "-" "Mozilla/5.0 AppleWebKit/537.36 (KHTML, like Gecko; compatible; bingbot/2.0; +http://www.bing.com/bingbot.htm) Chrome/116.0.1938.76 Safari/537.36" "-"
3.77.67.4 - - [18/Oct/2025:05:49:56 +0300 - 0.003 - 0.004] "HEAD / HTTP/1.1" 200 0 "https://emteko.com" "Mozilla/5.0+(compatible; UptimeRobot/2.0; http://www.uptimerobot.com/)" "-"
31.131.20.181 - - [18/Oct/2025:05:50:04 +0300 - 0.000 - 0.000] "POST /wp-cron.php?doing_wp_cron=1760755804.3265030384063720703125 HTTP/1.1" 499 0 "-" "WordPress/6.8.3; https://emteko.com/en/" "-"
114.119.136.120 - - [18/Oct/2025:05:50:05 +0300 - 1.993 - 1.300] "GET /en/publications/?flt_products=diart%3Bokistar-hyal-7&flt_doctors=infectionist%3Borthopedic-traumatologist%3Bpulmonologist%3Btherapist HTTP/1.1" 200 99265 "https://emteko.com/en/publications/?flt_products=diart%3Bokistar-hyal-7&flt_doctors=infectionist%3Borthopedic-traumatologist%3Bpediatrician%3Bpulmonologist%3Btherapist" "Mozilla/5.0 (Linux; Android 7.0;) AppleWebKit/537.36 (KHTML, like Gecko) Mobile Safari/537.36 (compatible; PetalBot;+https://webmaster.petalsearch.com/site/petalbot)" "-"
18.192.166.72 - - [18/Oct/2025:05:50:59 +0300 - 0.011 - 0.012] "HEAD / HTTP/1.1" 200 0 "https://emteko.com" "Mozilla/5.0+(compatible; UptimeRobot/2.0; http://www.uptimerobot.com/)" "-"
114.119.140.113 - - [18/Oct/2025:05:51:59 +0300 - 0.732 - 0.016] "GET /en/publications/?flt_products=artro-patch%3Bdiart%3Bnasisoft&flt_doctors=infectionist%3Borthopedic-traumatologist%3Botolaryngologist%3Bpediatrician%3Btherapist HTTP/1.1" 200 99163 "https://emteko.com/en/publications/?flt_products=artro-patch%3Bdiart%3Bnasisoft&flt_doctors=infectionist%3Borthopedic-traumatologist%3Botolaryngologist%3Bpediatrician%3Bpulmonologist%3Btherapist" "Mozilla/5.0 (Linux; Android 7.0;) AppleWebKit/537.36 (KHTML, like Gecko) Mobile Safari/537.36 (compatible; PetalBot;+https://webmaster.petalsearch.com/site/petalbot)" "-"
88.99.80.227 - - [18/Oct/2025:05:52:01 +0300 - 0.005 - 0.004] "HEAD / HTTP/1.1" 200 0 "https://emteko.com" "Mozilla/5.0+(compatible; UptimeRobot/2.0; http://www.uptimerobot.com/)" "-"
49.13.167.123 - - [18/Oct/2025:05:52:21 +0300 - 0.018 - 0.016] "HEAD / HTTP/1.1" 200 0 "https://emteko.com" "Mozilla/5.0+(compatible; UptimeRobot/2.0; http://www.uptimerobot.com/)" "-"
168.119.53.160 - - [18/Oct/2025:05:53:04 +0300 - 0.018 - 0.020] "HEAD / HTTP/1.1" 200 0 "https://emteko.com" "Mozilla/5.0+(compatible; UptimeRobot/2.0; http://www.uptimerobot.com/)" "-"
114.119.132.202 - - [18/Oct/2025:05:53:51 +0300 - 0.714 - 0.020] "GET /en/publications/?flt_products=lorde-hyal&flt_doctors=general-practitioner%3Borthopedic-traumatologist%3Botolaryngologist%3Btherapist HTTP/1.1" 200 100237 "https://emteko.com/en/publications/?flt_products=lorde-hyal%3Bnasisoft&flt_doctors=general-practitioner%3Borthopedic-traumatologist%3Botolaryngologist%3Btherapist" "Mozilla/5.0 (Linux; Android 7.0;) AppleWebKit/537.36 (KHTML, like Gecko) Mobile Safari/537.36 (compatible; PetalBot;+https://webmaster.petalsearch.com/site/petalbot)" "-"
49.13.167.123 - - [18/Oct/2025:05:54:08 +0300 - 0.019 - 0.016] "HEAD / HTTP/1.1" 200 0 "https://emteko.com" "Mozilla/5.0+(compatible; UptimeRobot/2.0; http://www.uptimerobot.com/)" "-"
159.69.158.189 - - [18/Oct/2025:05:55:11 +0300 - 0.018 - 0.016] "HEAD / HTTP/1.1" 200 0 "https://emteko.com" "Mozilla/5.0+(compatible; UptimeRobot/2.0; http://www.uptimerobot.com/)" "-"
31.131.20.181 - - [18/Oct/2025:05:55:48 +0300 - 0.000 - 0.000] "POST /wp-cron.php?doing_wp_cron=1760756148.5555610656738281250000 HTTP/1.1" 499 0 "-" "WordPress/6.8.3; https://emteko.com/en/" "-"
114.119.136.120 - - [18/Oct/2025:05:55:48 +0300 - 1.165 - 1.168] "GET /en/publications/?flt_products=diart&flt_doctors=otolaryngologist%3Btherapist HTTP/1.1" 200 95578 "https://emteko.com/en/publications/?flt_products=diart&flt_doctors=otolaryngologist%3Bpediatrician%3Btherapist" "Mozilla/5.0 (Linux; Android 7.0;) AppleWebKit/537.36 (KHTML, like Gecko) Mobile Safari/537.36 (compatible; PetalBot;+https://webmaster.petalsearch.com/site/petalbot)" "-"
49.13.130.29 - - [18/Oct/2025:05:56:13 +0300 - 0.029 - 0.028] "HEAD / HTTP/1.1" 200 0 "https://emteko.com" "Mozilla/5.0+(compatible; UptimeRobot/2.0; http://www.uptimerobot.com/)" "-"
168.119.123.75 - - [18/Oct/2025:05:57:19 +0300 - 0.028 - 0.024] "HEAD / HTTP/1.1" 200 0 "https://emteko.com" "Mozilla/5.0+(compatible; UptimeRobot/2.0; http://www.uptimerobot.com/)" "-"
3.79.134.69 - - [18/Oct/2025:05:57:24 +0300 - 0.004 - 0.008] "HEAD / HTTP/1.1" 200 0 "https://emteko.com" "Mozilla/5.0+(compatible; UptimeRobot/2.0; http://www.uptimerobot.com/)" "-"
114.119.132.202 - - [18/Oct/2025:05:57:41 +0300 - 0.722 - 0.020] "GET /en/publications/?flt_products=lorde-hyal%3Bnasisoft&flt_doctors=general-practitioner%3Borthopedic-traumatologist%3Botolaryngologist%3Bpulmonologist HTTP/1.1" 200 100503 "https://emteko.com/en/publications/?flt_products=lorde-hyal%3Bnasisoft%3Bokistar-hyal-7&flt_doctors=general-practitioner%3Borthopedic-traumatologist%3Botolaryngologist%3Bpulmonologist" "Mozilla/5.0 (Linux; Android 7.0;) AppleWebKit/537.36 (KHTML, like Gecko) Mobile Safari/537.36 (compatible; PetalBot;+https://webmaster.petalsearch.com/site/petalbot)" "-"
49.13.24.81 - - [18/Oct/2025:05:58:21 +0300 - 0.020 - 0.020] "HEAD / HTTP/1.1" 200 0 "https://emteko.com" "Mozilla/5.0+(compatible; UptimeRobot/2.0; http://www.uptimerobot.com/)" "-"
49.13.134.145 - - [18/Oct/2025:05:59:24 +0300 - 0.013 - 0.012] "HEAD / HTTP/1.1" 200 0 "https://emteko.com" "Mozilla/5.0+(compatible; UptimeRobot/2.0; http://www.uptimerobot.com/)" "-"
20.171.207.21 - - [18/Oct/2025:05:59:30 +0300 - 0.005 - 0.004] "GET /sitemap_index.xml HTTP/1.1" 200 362 "-" "Mozilla/5.0 AppleWebKit/537.36 (KHTML, like Gecko; compatible; GPTBot/1.2; +https://openai.com/gptbot)" "-"
114.119.154.89 - - [18/Oct/2025:05:59:35 +0300 - 0.259 - 0.016] "GET /en/publications/?flt_products=lorde-hyal%3Bnasisoft&flt_doctors=general-practitioner%3Binfectionist%3Botolaryngologist%3Bpulmonologist%3Btherapist HTTP/1.1" 200 100534 "https://emteko.com/en/publications/?flt_products=diart%3Blorde-hyal%3Bnasisoft&flt_doctors=general-practitioner%3Binfectionist%3Botolaryngologist%3Bpulmonologist%3Btherapist" "Mozilla/5.0 (Linux; Android 7.0;) AppleWebKit/537.36 (KHTML, like Gecko) Mobile Safari/537.36 (compatible; PetalBot;+https://webmaster.petalsearch.com/site/petalbot)" "-"
18.193.252.127 - - [18/Oct/2025:06:00:28 +0300 - 0.015 - 0.016] "HEAD / HTTP/1.1" 200 0 "https://emteko.com" "Mozilla/5.0+(compatible; UptimeRobot/2.0; http://www.uptimerobot.com/)" "-"
114.119.154.181 - - [18/Oct/2025:06:01:29 +0300 - 0.718 - 0.020] "GET /en/publications/?flt_products=artro-patch%3Bdiart%3Bnasisoft%3Bokistar-hyal-7&flt_doctors=orthopedic-traumatologist%3Bpediatrician%3Bpulmonologist%3Btherapist HTTP/1.1" 200 99872 "https://emteko.com/en/publications/?flt_products=artro-patch%3Bdiart%3Bnasisoft%3Bokistar-hyal-7&flt_doctors=pediatrician%3Bpulmonologist%3Btherapist" "Mozilla/5.0 (Linux; Android 7.0;) AppleWebKit/537.36 (KHTML, like Gecko) Mobile Safari/537.36 (compatible; PetalBot;+https://webmaster.petalsearch.com/site/petalbot)" "-"
168.119.53.160 - - [18/Oct/2025:06:01:32 +0300 - 0.004 - 0.004] "HEAD / HTTP/1.1" 200 0 "https://emteko.com" "Mozilla/5.0+(compatible; UptimeRobot/2.0; http://www.uptimerobot.com/)" "-"
31.131.20.181 - - [18/Oct/2025:06:01:50 +0300 - 0.001 - 0.004] "POST /wp-cron.php?doing_wp_cron=1760756510.8780760765075683593750 HTTP/1.1" 499 0 "-" "WordPress/6.8.3; https://emteko.com/en/" "-"
40.77.167.6 - - [18/Oct/2025:06:01:51 +0300 - 2.326 - 2.328] "GET /en/doctorspecial/general-practitioner/?flt_products=artro-patch&flt_doctors=orthopedic-traumatologist;otolaryngologist;pediatrician;pulmonologist HTTP/1.1" 200 95318 "-" "Mozilla/5.0 AppleWebKit/537.36 (KHTML, like Gecko; compatible; bingbot/2.0; +http://www.bing.com/bingbot.htm) Chrome/116.0.1938.76 Safari/537.36" "-"
157.90.155.240 - - [18/Oct/2025:06:02:27 +0300 - 0.013 - 0.012] "HEAD / HTTP/1.1" 200 0 "https://emteko.com" "Mozilla/5.0+(compatible; UptimeRobot/2.0; http://www.uptimerobot.com/)" "-"
168.119.96.239 - - [18/Oct/2025:06:02:37 +0300 - 0.003 - 0.004] "HEAD / HTTP/1.1" 200 0 "https://emteko.com" "Mozilla/5.0+(compatible; UptimeRobot/2.0; http://www.uptimerobot.com/)" "-"
114.119.140.113 - - [18/Oct/2025:06:03:25 +0300 - 1.039 - 0.016] "GET /en/publications/?flt_products=diart&flt_doctors=infectionist%3Borthopedic-traumatologist%3Botolaryngologist%3Bpulmonologist%3Btherapist HTTP/1.1" 200 95676 "https://emteko.com/en/publications/?flt_doctors=infectionist%3Borthopedic-traumatologist%3Botolaryngologist%3Bpulmonologist%3Btherapist" "Mozilla/5.0 (Linux; Android 7.0;) AppleWebKit/537.36 (KHTML, like Gecko) Mobile Safari/537.36 (compatible; PetalBot;+https://webmaster.petalsearch.com/site/petalbot)" "-"
159.69.158.189 - - [18/Oct/2025:06:03:40 +0300 - 0.012 - 0.012] "HEAD / HTTP/1.1" 200 0 "https://emteko.com" "Mozilla/5.0+(compatible; UptimeRobot/2.0; http://www.uptimerobot.com/)" "-"
31.131.20.181 - - [18/Oct/2025:06:04:23 +0300 - 0.001 - 0.000] "POST /wp-cron.php?doing_wp_cron=1760756663.9200010299682617187500 HTTP/1.1" 499 0 "-" "WordPress/6.8.3; https://emteko.com/en/" "-"
207.46.13.127 - - [18/Oct/2025:06:04:24 +0300 - 1.127 - 1.128] "GET /en/doctorspecial/pediatrician/?flt_products=lorde-hyal;nasisoft;okistar-hyal-7&flt_doctors=orthopedic-traumatologist;otolaryngologist HTTP/1.1" 200 100104 "-" "Mozilla/5.0 AppleWebKit/537.36 (KHTML, like Gecko; compatible; bingbot/2.0; +http://www.bing.com/bingbot.htm) Chrome/116.0.1938.76 Safari/537.36" "-"
52.28.162.93 - - [18/Oct/2025:06:04:43 +0300 - 0.012 - 0.012] "HEAD / HTTP/1.1" 200 0 "https://emteko.com" "Mozilla/5.0+(compatible; UptimeRobot/2.0; http://www.uptimerobot.com/)" "-"
