168.119.123.75 - - [26/Oct/2025:04:03:07 +0200 - 0.016 - 0.016] "HEAD / HTTP/1.1" 200 0 "https://emteko.com" "Mozilla/5.0+(compatible; UptimeRobot/2.0; http://www.uptimerobot.com/)" "-"
31.131.20.181 - - [26/Oct/2025:04:03:59 +0200 - 0.001 - 0.000] "POST /wp-cron.php?doing_wp_cron=1761444239.2711880207061767578125 HTTP/1.1" 499 0 "-" "WordPress/6.8.3; https://emteko.com/en/" "-"
114.119.134.51 - - [26/Oct/2025:04:04:02 +0200 - 3.631 - 0.941] "GET /en/publications?flt_products=diart%3Bnasisoft%3Bokistar-hyal-7&flt_doctors=otolaryngologist%3Bpediatrician%3Btherapist HTTP/1.1" 200 99533 "https://emteko.com/en/publications/?flt_products=diart%3Bnasisoft%3Bokistar-hyal-7&flt_doctors=otolaryngologist%3Btherapist" "Mozilla/5.0 (Linux; Android 7.0;) AppleWebKit/537.36 (KHTML, like Gecko) Mobile Safari/537.36 (compatible; PetalBot;+https://webmaster.petalsearch.com/site/petalbot)" "-"
168.119.96.239 - - [26/Oct/2025:04:04:13 +0200 - 0.018 - 0.020] "HEAD / HTTP/1.1" 200 0 "https://emteko.com" "Mozilla/5.0+(compatible; UptimeRobot/2.0; http://www.uptimerobot.com/)" "-"
157.90.156.63 - - [26/Oct/2025:04:05:17 +0200 - 0.014 - 0.012] "HEAD / HTTP/1.1" 200 0 "https://emteko.com" "Mozilla/5.0+(compatible; UptimeRobot/2.0; http://www.uptimerobot.com/)" "-"
31.131.20.181 - - [26/Oct/2025:04:05:26 +0200 - 0.000 - 0.000] "POST /wp-cron.php?doing_wp_cron=1761444326.5533349514007568359375 HTTP/1.1" 499 0 "-" "WordPress/6.8.3; https://emteko.com/en/" "-"
114.119.154.89 - - [26/Oct/2025:04:05:29 +0200 - 4.859 - 3.228] "GET /en/publications?flt_products=diart%3Bnasisoft%3Bokistar-hyal-7&flt_doctors=infectionist%3Botolaryngologist%3Bpediatrician%3Bpulmonologist%3Btherapist HTTP/1.1" 200 99864 "https://emteko.com/en/publications?flt_products=diart%3Bnasisoft%3Bokistar-hyal-7&flt_doctors=general-practitioner%3Binfectionist%3Botolaryngologist%3Bpediatrician%3Bpulmonologist%3Btherapist" "Mozilla/5.0 (Linux; Android 7.0;) AppleWebKit/537.36 (KHTML, like Gecko) Mobile Safari/537.36 (compatible; PetalBot;+https://webmaster.petalsearch.com/site/petalbot)" "-"
3.77.67.4 - - [26/Oct/2025:04:06:23 +0200 - 0.012 - 0.016] "HEAD / HTTP/1.1" 200 0 "https://emteko.com" "Mozilla/5.0+(compatible; UptimeRobot/2.0; http://www.uptimerobot.com/)" "-"
31.131.20.181 - - [26/Oct/2025:04:06:53 +0200 - 0.001 - 0.000] "POST /wp-cron.php?doing_wp_cron=1761444413.8726620674133300781250 HTTP/1.1" 499 0 "-" "WordPress/6.8.3; https://emteko.com/en/" "-"
114.119.154.181 - - [26/Oct/2025:04:06:55 +0200 - 2.138 - 1.228] "GET /en/publications?flt_products=diart%3Bnasisoft%3Bokistar-hyal-7&flt_doctors=infectionist%3Botolaryngologist%3Bpediatrician HTTP/1.1" 200 99543 "https://emteko.com/en/publications/?flt_products=diart%3Bnasisoft%3Bokistar-hyal-7&flt_doctors=infectionist%3Botolaryngologist%3Bpediatrician%3Bpulmonologist" "Mozilla/5.0 (Linux; Android 7.0;) AppleWebKit/537.36 (KHTML, like Gecko) Mobile Safari/537.36 (compatible; PetalBot;+https://webmaster.petalsearch.com/site/petalbot)" "-"
63.178.84.147 - - [26/Oct/2025:04:07:20 +0200 - 0.014 - 0.012] "HEAD / HTTP/1.1" 200 0 "https://emteko.com" "Mozilla/5.0+(compatible; UptimeRobot/2.0; http://www.uptimerobot.com/)" "-"
52.59.43.236 - - [26/Oct/2025:04:07:28 +0200 - 0.003 - 0.004] "HEAD / HTTP/1.1" 200 0 "https://emteko.com" "Mozilla/5.0+(compatible; UptimeRobot/2.0; http://www.uptimerobot.com/)" "-"
31.131.20.181 - - [26/Oct/2025:04:08:18 +0200 - 0.000 - 0.000] "POST /wp-cron.php?doing_wp_cron=1761444498.8229401111602783203125 HTTP/1.1" 499 0 "-" "WordPress/6.8.3; https://emteko.com/en/" "-"
114.119.154.89 - - [26/Oct/2025:04:08:21 +0200 - 3.064 - 1.068] "GET /en/publications?flt_products=diart%3Bnasisoft%3Bokistar-hyal-7&flt_doctors=infectionist%3Borthopedic-traumatologist%3Bpulmonologist%3Btherapist HTTP/1.1" 200 99691 "https://emteko.com/en/publications/?flt_products=diart%3Bnasisoft%3Bokistar-hyal-7&flt_doctors=infectionist%3Borthopedic-traumatologist%3Bpediatrician%3Bpulmonologist%3Btherapist" "Mozilla/5.0 (Linux; Android 7.0;) AppleWebKit/537.36 (KHTML, like Gecko) Mobile Safari/537.36 (compatible; PetalBot;+https://webmaster.petalsearch.com/site/petalbot)" "-"
78.46.190.63 - - [26/Oct/2025:04:08:32 +0200 - 0.012 - 0.012] "HEAD / HTTP/1.1" 200 0 "https://emteko.com" "Mozilla/5.0+(compatible; UptimeRobot/2.0; http://www.uptimerobot.com/)" "-"
78.46.190.63 - - [26/Oct/2025:04:09:37 +0200 - 0.013 - 0.012] "HEAD / HTTP/1.1" 200 0 "https://emteko.com" "Mozilla/5.0+(compatible; UptimeRobot/2.0; http://www.uptimerobot.com/)" "-"
31.131.20.181 - - [26/Oct/2025:04:09:47 +0200 - 0.002 - 0.004] "POST /wp-cron.php?doing_wp_cron=1761444587.3788559436798095703125 HTTP/1.1" 499 0 "-" "WordPress/6.8.3; https://emteko.com/en/" "-"
114.119.154.181 - - [26/Oct/2025:04:09:48 +0200 - 2.395 - 1.188] "GET /en/publications?flt_products=diart%3Bnasisoft%3Bokistar-hyal-7&flt_doctors=general-practitioner%3Bpediatrician HTTP/1.1" 200 99478 "https://emteko.com/en/publications?flt_products=diart%3Bnasisoft%3Bokistar-hyal-7&flt_doctors=general-practitioner" "Mozilla/5.0 (Linux; Android 7.0;) AppleWebKit/537.36 (KHTML, like Gecko) Mobile Safari/537.36 (compatible; PetalBot;+https://webmaster.petalsearch.com/site/petalbot)" "-"
92.222.104.209 - - [26/Oct/2025:04:09:54 +0200 - 0.018 - 0.004] "GET /contact-us/ HTTP/1.1" 200 89519 "-" "Mozilla/5.0 (compatible; AhrefsBot/7.0; +http://ahrefs.com/robot/)" "-"
78.47.98.55 - - [26/Oct/2025:04:10:42 +0200 - 0.013 - 0.016] "HEAD / HTTP/1.1" 200 0 "https://emteko.com" "Mozilla/5.0+(compatible; UptimeRobot/2.0; http://www.uptimerobot.com/)" "-"
31.131.20.181 - - [26/Oct/2025:04:11:15 +0200 - 0.000 - 0.000] "POST /wp-cron.php?doing_wp_cron=1761444675.7615859508514404296875 HTTP/1.1" 499 0 "-" "WordPress/6.8.3; https://emteko.com/en/" "-"
114.119.133.35 - - [26/Oct/2025:04:11:18 +0200 - 3.475 - 1.228] "GET /en/publications?flt_products=diart%3Bnasisoft%3Bokistar-hyal-7&flt_doctors=general-practitioner%3Borthopedic-traumatologist%3Bpulmonologist HTTP/1.1" 200 99654 "https://emteko.com/en/publications?flt_products=diart%3Bnasisoft%3Bokistar-hyal-7&flt_doctors=orthopedic-traumatologist%3Bpulmonologist" "Mozilla/5.0 (Linux; Android 7.0;) AppleWebKit/537.36 (KHTML, like Gecko) Mobile Safari/537.36 (compatible; PetalBot;+https://webmaster.petalsearch.com/site/petalbot)" "-"
3.77.67.4 - - [26/Oct/2025:04:11:47 +0200 - 0.014 - 0.012] "HEAD / HTTP/1.1" 200 0 "https://emteko.com" "Mozilla/5.0+(compatible; UptimeRobot/2.0; http://www.uptimerobot.com/)" "-"
18.193.252.127 - - [26/Oct/2025:04:12:25 +0200 - 0.019 - 0.020] "HEAD / HTTP/1.1" 200 0 "https://emteko.com" "Mozilla/5.0+(compatible; UptimeRobot/2.0; http://www.uptimerobot.com/)" "-"
31.131.20.181 - - [26/Oct/2025:04:12:40 +0200 - 0.000 - 0.000] "POST /wp-cron.php?doing_wp_cron=1761444760.4793610572814941406250 HTTP/1.1" 499 0 "-" "WordPress/6.8.3; https://emteko.com/en/" "-"
114.119.136.120 - - [26/Oct/2025:04:12:42 +0200 - 2.459 - 1.056] "GET /en/publications?flt_products=diart%3Bnasisoft%3Bokistar-hyal-7&flt_doctors=general-practitioner%3Binfectionist%3Botolaryngologist%3Bpulmonologist%3Btherapist HTTP/1.1" 200 99872 "https://emteko.com/en/publications?flt_products=diart%3Bnasisoft%3Bokistar-hyal-7&flt_doctors=general-practitioner%3Binfectionist%3Botolaryngologist%3Bpediatrician%3Bpulmonologist%3Btherapist" "Mozilla/5.0 (Linux; Android 7.0;) AppleWebKit/537.36 (KHTML, like Gecko) Mobile Safari/537.36 (compatible; PetalBot;+https://webmaster.petalsearch.com/site/petalbot)" "-"
78.46.215.1 - - [26/Oct/2025:04:12:51 +0200 - 0.003 - 0.004] "HEAD / HTTP/1.1" 200 0 "https://emteko.com" "Mozilla/5.0+(compatible; UptimeRobot/2.0; http://www.uptimerobot.com/)" "-"
47.128.30.104 - - [26/Oct/2025:04:12:58 +0200 - 0.185 - 0.012] "GET /publications/?flt_products=artro-patch-lv;nasisoft-lv;okistar-hyal-7-lv&flt_doctors=gimenes-arsts;pulmonologs;terapeits HTTP/1.1" 200 100015 "-" "Mozilla/5.0 (compatible; Bytespider; spider-feedback@bytedance.com) AppleWebKit/537.36 (KHTML, like Gecko) Chrome/70.0.0.0 Safari/537.36" "-"
128.140.106.114 - - [26/Oct/2025:04:13:56 +0200 - 0.012 - 0.012] "HEAD / HTTP/1.1" 200 0 "https://emteko.com" "Mozilla/5.0+(compatible; UptimeRobot/2.0; http://www.uptimerobot.com/)" "-"
114.119.140.113 - - [26/Oct/2025:04:14:07 +0200 - 0.905 - 0.004] "GET /en/publications?flt_products=diart%3Blorde-hyal&flt_doctors=therapist HTTP/1.1" 200 99856 "https://emteko.com/en/publications/?flt_products=diart%3Blorde-hyal&flt_doctors=orthopedic-traumatologist%3Btherapist" "Mozilla/5.0 (Linux; Android 7.0;) AppleWebKit/537.36 (KHTML, like Gecko) Mobile Safari/537.36 (compatible; PetalBot;+https://webmaster.petalsearch.com/site/petalbot)" "-"
31.131.20.181 - - [26/Oct/2025:04:14:25 +0200 - 0.000 - 0.000] "POST /wp-cron.php?doing_wp_cron=1761444865.8725099563598632812500 HTTP/1.1" 499 0 "-" "WordPress/6.8.3; https://emteko.com" "-"
119.28.101.51 - - [26/Oct/2025:04:14:25 +0200 - 0.806 - 0.808] "GET /robots.txt HTTP/1.1" 200 132 "-" "Mozilla/5.0 (X11; Linux x86_64) AppleWebKit/537.36 (KHTML, like Gecko) Chrome/123.0.0.0 Safari/537.36" "-"
159.69.158.189 - - [26/Oct/2025:04:15:00 +0200 - 0.012 - 0.012] "HEAD / HTTP/1.1" 200 0 "https://emteko.com" "Mozilla/5.0+(compatible; UptimeRobot/2.0; http://www.uptimerobot.com/)" "-"
31.131.20.181 - - [26/Oct/2025:04:15:34 +0200 - 0.002 - 0.004] "POST /wp-cron.php?doing_wp_cron=1761444934.6112930774688720703125 HTTP/1.1" 499 0 "-" "WordPress/6.8.3; https://emteko.com/en/" "-"
114.119.133.35 - - [26/Oct/2025:04:15:35 +0200 - 1.980 - 1.008] "GET /en/publications?flt_products=diart%3Blorde-hyal&flt_doctors=otolaryngologist%3Bpediatrician%3Btherapist HTTP/1.1" 200 100227 "https://emteko.com/en/publications?flt_products=diart%3Blorde-hyal&flt_doctors=orthopedic-traumatologist%3Botolaryngologist%3Bpediatrician%3Btherapist" "Mozilla/5.0 (Linux; Android 7.0;) AppleWebKit/537.36 (KHTML, like Gecko) Mobile Safari/537.36 (compatible; PetalBot;+https://webmaster.petalsearch.com/site/petalbot)" "-"
52.28.162.93 - - [26/Oct/2025:04:16:05 +0200 - 0.013 - 0.012] "HEAD / HTTP/1.1" 200 0 "https://emteko.com" "Mozilla/5.0+(compatible; UptimeRobot/2.0; http://www.uptimerobot.com/)" "-"
43.173.173.227 - - [26/Oct/2025:04:16:10 +0200 - 0.004 - 0.004] "GET /en/publications/infectious-exacerbation-of-bronchial-asthma-ba-and-chronic-obstructive-pulmonary-disease-copd/ HTTP/1.1" 200 91375 "-" "Mozilla/5.0 (Windows NT 6.1; Win64; x64) AppleWebKit/537.36 (KHTML, like Gecko) Chrome/126.0.6478.114 Safari/537.36" "-"
47.128.22.179 - - [26/Oct/2025:04:16:58 +0200 - 0.196 - 0.020] "GET /publications/?flt_products=diart-lv;okistar-hyal-7-lv&flt_doctors=infektologs;otolaringologs;pulmonologs;terapeits;traumatologs-ortopeds HTTP/1.1" 200 99660 "-" "Mozilla/5.0 (compatible; Bytespider; spider-feedback@bytedance.com) AppleWebKit/537.36 (KHTML, like Gecko) Chrome/70.0.0.0 Safari/537.36" "-"
31.131.20.181 - - [26/Oct/2025:04:17:03 +0200 - 0.001 - 0.000] "POST /wp-cron.php?doing_wp_cron=1761445023.1308810710906982421875 HTTP/1.1" 499 0 "-" "WordPress/6.8.3; https://emteko.com/en/" "-"
114.119.132.104 - - [26/Oct/2025:04:17:05 +0200 - 2.823 - 1.244] "GET /en/publications?flt_products=diart%3Blorde-hyal&flt_doctors=otolaryngologist%3Bpediatrician%3Bpulmonologist HTTP/1.1" 200 100232 "https://emteko.com/en/publications?flt_products=diart%3Blorde-hyal&flt_doctors=pediatrician%3Bpulmonologist" "Mozilla/5.0 (Linux; Android 7.0;) AppleWebKit/537.36 (KHTML, like Gecko) Mobile Safari/537.36 (compatible; PetalBot;+https://webmaster.petalsearch.com/site/petalbot)" "-"
3.77.67.4 - - [26/Oct/2025:04:17:09 +0200 - 0.002 - 0.000] "HEAD / HTTP/1.1" 200 0 "https://emteko.com" "Mozilla/5.0+(compatible; UptimeRobot/2.0; http://www.uptimerobot.com/)" "-"
128.140.41.193 - - [26/Oct/2025:04:17:29 +0200 - 0.011 - 0.012] "HEAD / HTTP/1.1" 200 0 "https://emteko.com" "Mozilla/5.0+(compatible; UptimeRobot/2.0; http://www.uptimerobot.com/)" "-"
142.132.180.39 - - [26/Oct/2025:04:18:14 +0200 - 0.012 - 0.012] "HEAD / HTTP/1.1" 200 0 "https://emteko.com" "Mozilla/5.0+(compatible; UptimeRobot/2.0; http://www.uptimerobot.com/)" "-"
31.131.20.181 - - [26/Oct/2025:04:18:33 +0200 - 0.000 - 0.000] "POST /wp-cron.php?doing_wp_cron=1761445113.8205440044403076171875 HTTP/1.1" 499 0 "-" "WordPress/6.8.3; https://emteko.com/en/" "-"
114.119.134.51 - - [26/Oct/2025:04:18:36 +0200 - 3.059 - 1.052] "GET /en/publications?flt_products=diart%3Blorde-hyal&flt_doctors=orthopedic-traumatologist%3Botolaryngologist HTTP/1.1" 200 100160 "https://emteko.com/en/publications?flt_products=lorde-hyal&flt_doctors=orthopedic-traumatologist%3Botolaryngologist" "Mozilla/5.0 (Linux; Android 7.0;) AppleWebKit/537.36 (KHTML, like Gecko) Mobile Safari/537.36 (compatible; PetalBot;+https://webmaster.petalsearch.com/site/petalbot)" "-"
142.132.180.39 - - [26/Oct/2025:04:19:18 +0200 - 0.012 - 0.012] "HEAD / HTTP/1.1" 200 0 "https://emteko.com" "Mozilla/5.0+(compatible; UptimeRobot/2.0; http://www.uptimerobot.com/)" "-"
114.119.134.51 - - [26/Oct/2025:04:19:57 +0200 - 1.332 - 0.012] "GET /en/publications?flt_products=diart%3Blorde-hyal&flt_doctors=infectionist%3Borthopedic-traumatologist%3Botolaryngologist%3Bpulmonologist HTTP/1.1" 200 100277 "https://emteko.com/en/publications?flt_products=lorde-hyal&flt_doctors=infectionist%3Borthopedic-traumatologist%3Botolaryngologist%3Bpulmonologist" "Mozilla/5.0 (Linux; Android 7.0;) AppleWebKit/537.36 (KHTML, like Gecko) Mobile Safari/537.36 (compatible; PetalBot;+https://webmaster.petalsearch.com/site/petalbot)" "-"
49.13.167.123 - - [26/Oct/2025:04:20:23 +0200 - 0.011 - 0.008] "HEAD / HTTP/1.1" 200 0 "https://emteko.com" "Mozilla/5.0+(compatible; UptimeRobot/2.0; http://www.uptimerobot.com/)" "-"
31.131.20.181 - - [26/Oct/2025:04:21:25 +0200 - 0.002 - 0.004] "POST /wp-cron.php?doing_wp_cron=1761445285.0142619609832763671875 HTTP/1.1" 499 0 "-" "WordPress/6.8.3; https://emteko.com/en/" "-"
49.13.134.145 - - [26/Oct/2025:04:21:27 +0200 - 0.002 - 0.004] "HEAD / HTTP/1.1" 200 0 "https://emteko.com" "Mozilla/5.0+(compatible; UptimeRobot/2.0; http://www.uptimerobot.com/)" "-"
114.119.154.89 - - [26/Oct/2025:04:21:28 +0200 - 4.090 - 1.092] "GET /en/publications?flt_products=diart%3Blorde-hyal&flt_doctors=general-practitioner%3Bpediatrician%3Bpulmonologist%3Btherapist HTTP/1.1" 200 81596 "https://emteko.com/en/publications?flt_products=lorde-hyal&flt_doctors=general-practitioner%3Bpediatrician%3Bpulmonologist%3Btherapist" "Mozilla/5.0 (Linux; Android 7.0;) AppleWebKit/537.36 (KHTML, like Gecko) Mobile Safari/537.36 (compatible; PetalBot;+https://webmaster.petalsearch.com/site/petalbot)" "-"
18.192.166.72 - - [26/Oct/2025:04:22:32 +0200 - 0.016 - 0.016] "HEAD / HTTP/1.1" 200 0 "https://emteko.com" "Mozilla/5.0+(compatible; UptimeRobot/2.0; http://www.uptimerobot.com/)" "-"
167.235.143.113 - - [26/Oct/2025:04:22:34 +0200 - 0.002 - 0.000] "HEAD / HTTP/1.1" 200 0 "https://emteko.com" "Mozilla/5.0+(compatible; UptimeRobot/2.0; http://www.uptimerobot.com/)" "-"
114.119.132.104 - - [26/Oct/2025:04:22:52 +0200 - 1.624 - 0.016] "GET /en/publications?flt_products=diart%3Blorde-hyal&flt_doctors=general-practitioner%3Borthopedic-traumatologist%3Botolaryngologist%3Bpulmonologist%3Btherapist HTTP/1.1" 200 100318 "https://emteko.com/en/publications/?flt_products=diart%3Blorde-hyal&flt_doctors=orthopedic-traumatologist%3Botolaryngologist%3Bpulmonologist%3Btherapist" "Mozilla/5.0 (Linux; Android 7.0;) AppleWebKit/537.36 (KHTML, like Gecko) Mobile Safari/537.36 (compatible; PetalBot;+https://webmaster.petalsearch.com/site/petalbot)" "-"
167.235.143.113 - - [26/Oct/2025:04:23:36 +0200 - 0.016 - 0.016] "HEAD / HTTP/1.1" 200 0 "https://emteko.com" "Mozilla/5.0+(compatible; UptimeRobot/2.0; http://www.uptimerobot.com/)" "-"
114.119.140.113 - - [26/Oct/2025:04:24:19 +0200 - 1.300 - 0.012] "GET /en/publications?flt_products=diart%3Blorde-hyal&flt_doctors=general-practitioner%3Borthopedic-traumatologist%3Botolaryngologist%3Bpediatrician HTTP/1.1" 200 100283 "https://emteko.com/en/publications/?flt_products=diart%3Blorde-hyal&flt_doctors=general-practitioner%3Binfectionist%3Borthopedic-traumatologist%3Botolaryngologist%3Bpediatrician" "Mozilla/5.0 (Linux; Android 7.0;) AppleWebKit/537.36 (KHTML, like Gecko) Mobile Safari/537.36 (compatible; PetalBot;+https://webmaster.petalsearch.com/site/petalbot)" "-"
49.13.24.81 - - [26/Oct/2025:04:24:41 +0200 - 0.011 - 0.012] "HEAD / HTTP/1.1" 200 0 "https://emteko.com" "Mozilla/5.0+(compatible; UptimeRobot/2.0; http://www.uptimerobot.com/)" "-"
78.46.190.63 - - [26/Oct/2025:04:25:45 +0200 - 0.012 - 0.012] "HEAD / HTTP/1.1" 200 0 "https://emteko.com" "Mozilla/5.0+(compatible; UptimeRobot/2.0; http://www.uptimerobot.com/)" "-"
31.131.20.181 - - [26/Oct/2025:04:25:46 +0200 - 0.000 - 0.000] "POST /wp-cron.php?doing_wp_cron=1761445546.5494740009307861328125 HTTP/1.1" 499 0 "-" "WordPress/6.8.3; https://emteko.com/en/" "-"
114.119.136.120 - - [26/Oct/2025:04:25:47 +0200 - 2.024 - 1.028] "GET /en/publications?flt_products=diart%3Blorde-hyal&flt_doctors=general-practitioner%3Binfectionist%3Borthopedic-traumatologist%3Bpulmonologist HTTP/1.1" 200 100279 "https://emteko.com/en/publications/?flt_products=diart%3Blorde-hyal&flt_doctors=general-practitioner%3Binfectionist%3Borthopedic-traumatologist%3Bpediatrician%3Bpulmonologist" "Mozilla/5.0 (Linux; Android 7.0;) AppleWebKit/537.36 (KHTML, like Gecko) Mobile Safari/537.36 (compatible; PetalBot;+https://webmaster.petalsearch.com/site/petalbot)" "-"
3.77.67.4 - - [26/Oct/2025:04:26:50 +0200 - 0.016 - 0.016] "HEAD / HTTP/1.1" 200 0 "https://emteko.com" "Mozilla/5.0+(compatible; UptimeRobot/2.0; http://www.uptimerobot.com/)" "-"
114.119.154.89 - - [26/Oct/2025:04:27:13 +0200 - 1.730 - 0.016] "GET /en/publications?flt_products=diart%3Blorde-hyal%3Bokistar-hyal-7&flt_doctors=otolaryngologist%3Bpulmonologist HTTP/1.1" 200 100226 "https://emteko.com/en/publications?flt_products=lorde-hyal%3Bokistar-hyal-7&flt_doctors=otolaryngologist%3Bpulmonologist" "Mozilla/5.0 (Linux; Android 7.0;) AppleWebKit/537.36 (KHTML, like Gecko) Mobile Safari/537.36 (compatible; PetalBot;+https://webmaster.petalsearch.com/site/petalbot)" "-"
52.28.162.93 - - [26/Oct/2025:04:27:39 +0200 - 0.011 - 0.012] "HEAD / HTTP/1.1" 200 0 "https://emteko.com" "Mozilla/5.0+(compatible; UptimeRobot/2.0; http://www.uptimerobot.com/)" "-"
104.168.159.38 - - [26/Oct/2025:04:27:45 +0200 - 0.002 - 0.000] "GET / HTTP/1.1" 200 89415 "-" "Mozilla/5.0 (Windows NT 6.1; WOW64) AppleWebKit/537.36 (KHTML, like Gecko) Chrome/56.0.2924.76 Safari/537.36" "-"
104.168.159.38 - - [26/Oct/2025:04:27:46 +0200 - 0.006 - 0.008] "GET /contacts/ HTTP/1.1" 200 90827 "-" "Mozilla/5.0 (Windows NT 6.1; WOW64) AppleWebKit/537.36 (KHTML, like Gecko) Chrome/56.0.2924.76 Safari/537.36" "-"
78.47.98.55 - - [26/Oct/2025:04:27:54 +0200 - 0.003 - 0.000] "HEAD / HTTP/1.1" 200 0 "https://emteko.com" "Mozilla/5.0+(compatible; UptimeRobot/2.0; http://www.uptimerobot.com/)" "-"
31.131.20.181 - - [26/Oct/2025:04:28:43 +0200 - 0.000 - 0.000] "POST /wp-cron.php?doing_wp_cron=1761445723.0793640613555908203125 HTTP/1.1" 499 0 "-" "WordPress/6.8.3; https://emteko.com/en/" "-"
114.119.132.202 - - [26/Oct/2025:04:28:45 +0200 - 2.978 - 1.092] "GET /en/publications?flt_products=diart%3Blorde-hyal%3Bokistar-hyal-7&flt_doctors=otolaryngologist%3Bpediatrician%3Bpulmonologist HTTP/1.1" 200 100278 "https://emteko.com/en/publications/?flt_products=diart%3Blorde-hyal%3Bokistar-hyal-7&flt_doctors=general-practitioner%3Botolaryngologist%3Bpediatrician%3Bpulmonologist" "Mozilla/5.0 (Linux; Android 7.0;) AppleWebKit/537.36 (KHTML, like Gecko) Mobile Safari/537.36 (compatible; PetalBot;+https://webmaster.petalsearch.com/site/petalbot)" "-"
159.69.158.189 - - [26/Oct/2025:04:28:59 +0200 - 0.012 - 0.012] "HEAD / HTTP/1.1" 200 0 "https://emteko.com" "Mozilla/5.0+(compatible; UptimeRobot/2.0; http://www.uptimerobot.com/)" "-"
78.46.215.1 - - [26/Oct/2025:04:30:03 +0200 - 0.014 - 0.012] "HEAD / HTTP/1.1" 200 0 "https://emteko.com" "Mozilla/5.0+(compatible; UptimeRobot/2.0; http://www.uptimerobot.com/)" "-"
31.131.20.181 - - [26/Oct/2025:04:30:10 +0200 - 0.000 - 0.000] "POST /wp-cron.php?doing_wp_cron=1761445810.0953660011291503906250 HTTP/1.1" 499 0 "-" "WordPress/6.8.3; https://emteko.com/en/" "-"
114.119.134.51 - - [26/Oct/2025:04:30:12 +0200 - 3.196 - 1.184] "GET /en/publications?flt_products=diart%3Blorde-hyal%3Bokistar-hyal-7&flt_doctors=orthopedic-traumatologist%3Bpediatrician%3Bpulmonologist HTTP/1.1" 200 100274 "https://emteko.com/en/publications?flt_products=diart%3Blorde-hyal&flt_doctors=orthopedic-traumatologist%3Bpediatrician%3Bpulmonologist" "Mozilla/5.0 (Linux; Android 7.0;) AppleWebKit/537.36 (KHTML, like Gecko) Mobile Safari/537.36 (compatible; PetalBot;+https://webmaster.petalsearch.com/site/petalbot)" "-"
128.140.41.193 - - [26/Oct/2025:04:31:07 +0200 - 0.012 - 0.012] "HEAD / HTTP/1.1" 200 0 "https://emteko.com" "Mozilla/5.0+(compatible; UptimeRobot/2.0; http://www.uptimerobot.com/)" "-"
77.75.76.160 - - [26/Oct/2025:04:31:33 +0200 - 0.011 - 0.012] "GET / HTTP/1.1" 200 89415 "-" "Mozilla/5.0 (compatible; SeznamBot/4.0; +https://o-seznam.cz/napoveda/vyhledavani/en/seznambot-crawler/)" "-"
31.131.20.181 - - [26/Oct/2025:04:31:36 +0200 - 0.000 - 0.004] "POST /wp-cron.php?doing_wp_cron=1761445896.3561489582061767578125 HTTP/1.1" 499 0 "-" "WordPress/6.8.3; https://emteko.com/en/" "-"
114.119.154.89 - - [26/Oct/2025:04:31:38 +0200 - 2.770 - 1.064] "GET /en/publications?flt_products=diart%3Blorde-hyal%3Bokistar-hyal-7&flt_doctors=orthopedic-traumatologist%3Bpediatrician HTTP/1.1" 200 100236 "https://emteko.com/en/publications/?flt_products=diart%3Blorde-hyal%3Bokistar-hyal-7&flt_doctors=orthopedic-traumatologist" "Mozilla/5.0 (Linux; Android 7.0;) AppleWebKit/537.36 (KHTML, like Gecko) Mobile Safari/537.36 (compatible; PetalBot;+https://webmaster.petalsearch.com/site/petalbot)" "-"
167.235.143.113 - - [26/Oct/2025:04:32:11 +0200 - 0.012 - 0.012] "HEAD / HTTP/1.1" 200 0 "https://emteko.com" "Mozilla/5.0+(compatible; UptimeRobot/2.0; http://www.uptimerobot.com/)" "-"
167.235.143.113 - - [26/Oct/2025:04:32:43 +0200 - 0.012 - 0.012] "HEAD / HTTP/1.1" 200 0 "https://emteko.com" "Mozilla/5.0+(compatible; UptimeRobot/2.0; http://www.uptimerobot.com/)" "-"
31.131.20.181 - - [26/Oct/2025:04:33:00 +0200 - 0.000 - 0.000] "POST /wp-cron.php?doing_wp_cron=1761445980.9342529773712158203125 HTTP/1.1" 499 0 "-" "WordPress/6.8.3; https://emteko.com/en/" "-"
114.119.136.120 - - [26/Oct/2025:04:33:02 +0200 - 2.660 - 1.088] "GET /en/publications?flt_products=diart%3Blorde-hyal%3Bokistar-hyal-7&flt_doctors=infectionist%3Borthopedic-traumatologist%3Bpediatrician%3Bpulmonologist HTTP/1.1" 200 100308 "https://emteko.com/en/publications?flt_products=artro-patch%3Bdiart%3Blorde-hyal%3Bokistar-hyal-7&flt_doctors=infectionist%3Borthopedic-traumatologist%3Bpediatrician%3Bpulmonologist" "Mozilla/5.0 (Linux; Android 7.0;) AppleWebKit/537.36 (KHTML, like Gecko) Mobile Safari/537.36 (compatible; PetalBot;+https://webmaster.petalsearch.com/site/petalbot)" "-"
78.47.173.76 - - [26/Oct/2025:04:33:15 +0200 - 0.011 - 0.012] "HEAD / HTTP/1.1" 200 0 "https://emteko.com" "Mozilla/5.0+(compatible; UptimeRobot/2.0; http://www.uptimerobot.com/)" "-"
54.37.118.77 - - [26/Oct/2025:04:34:10 +0200 - 0.032 - 0.020] "GET /doctorspecial/pulmonologs/?flt_doctors=terapeits HTTP/1.1" 200 100157 "-" "Mozilla/5.0 (compatible; AhrefsBot/7.0; +http://ahrefs.com/robot/)" "-"
168.119.123.75 - - [26/Oct/2025:04:34:19 +0200 - 0.002 - 0.000] "HEAD / HTTP/1.1" 200 0 "https://emteko.com" "Mozilla/5.0+(compatible; UptimeRobot/2.0; http://www.uptimerobot.com/)" "-"
114.119.132.104 - - [26/Oct/2025:04:34:30 +0200 - 1.743 - 0.004] "GET /en/publications?flt_products=diart%3Blorde-hyal%3Bokistar-hyal-7&flt_doctors=infectionist%3Borthopedic-traumatologist%3Botolaryngologist%3Btherapist HTTP/1.1" 200 100299 "https://emteko.com/en/publications?flt_products=diart%3Blorde-hyal%3Bokistar-hyal-7&flt_doctors=infectionist%3Borthopedic-traumatologist%3Btherapist" "Mozilla/5.0 (Linux; Android 7.0;) AppleWebKit/537.36 (KHTML, like Gecko) Mobile Safari/537.36 (compatible; PetalBot;+https://webmaster.petalsearch.com/site/petalbot)" "-"
49.13.167.123 - - [26/Oct/2025:04:35:23 +0200 - 0.016 - 0.016] "HEAD / HTTP/1.1" 200 0 "https://emteko.com" "Mozilla/5.0+(compatible; UptimeRobot/2.0; http://www.uptimerobot.com/)" "-"
114.119.132.104 - - [26/Oct/2025:04:35:55 +0200 - 0.978 - 0.016] "GET /en/publications?flt_products=diart%3Blorde-hyal%3Bokistar-hyal-7&flt_doctors=general-practitioner%3Borthopedic-traumatologist%3Botolaryngologist%3Bpediatrician%3Bpulmonologist%3Btherapist HTTP/1.1" 200 100410 "-" "Mozilla/5.0 (Linux; Android 7.0;) AppleWebKit/537.36 (KHTML, like Gecko) Mobile Safari/537.36 (compatible; PetalBot;+https://webmaster.petalsearch.com/site/petalbot)" "-"
49.13.24.81 - - [26/Oct/2025:04:36:26 +0200 - 0.012 - 0.012] "HEAD / HTTP/1.1" 200 0 "https://emteko.com" "Mozilla/5.0+(compatible; UptimeRobot/2.0; http://www.uptimerobot.com/)" "-"
31.131.20.181 - - [26/Oct/2025:04:37:23 +0200 - 0.000 - 0.000] "POST /wp-cron.php?doing_wp_cron=1761446242.9770920276641845703125 HTTP/1.1" 499 0 "-" "WordPress/6.8.3; https://emteko.com/en/" "-"
114.119.154.181 - - [26/Oct/2025:04:37:24 +0200 - 2.370 - 1.120] "GET /en/publications?flt_products=diart%3Blorde-hyal%3Bokistar-hyal-7&flt_doctors=general-practitioner%3Binfectionist%3Bpediatrician HTTP/1.1" 200 100267 "https://emteko.com/en/publications?flt_products=diart%3Blorde-hyal%3Bokistar-hyal-7&flt_doctors=general-practitioner%3Binfectionist" "Mozilla/5.0 (Linux; Android 7.0;) AppleWebKit/537.36 (KHTML, like Gecko) Mobile Safari/537.36 (compatible; PetalBot;+https://webmaster.petalsearch.com/site/petalbot)" "-"
88.99.80.227 - - [26/Oct/2025:04:37:31 +0200 - 0.002 - 0.004] "HEAD / HTTP/1.1" 200 0 "https://emteko.com" "Mozilla/5.0+(compatible; UptimeRobot/2.0; http://www.uptimerobot.com/)" "-"
157.90.156.63 - - [26/Oct/2025:04:37:48 +0200 - 0.011 - 0.012] "HEAD / HTTP/1.1" 200 0 "https://emteko.com" "Mozilla/5.0+(compatible; UptimeRobot/2.0; http://www.uptimerobot.com/)" "-"
52.28.162.93 - - [26/Oct/2025:04:38:35 +0200 - 0.011 - 0.012] "HEAD / HTTP/1.1" 200 0 "https://emteko.com" "Mozilla/5.0+(compatible; UptimeRobot/2.0; http://www.uptimerobot.com/)" "-"
31.131.20.181 - - [26/Oct/2025:04:38:50 +0200 - 0.001 - 0.000] "POST /wp-cron.php?doing_wp_cron=1761446330.6099429130554199218750 HTTP/1.1" 499 0 "-" "WordPress/6.8.3; https://emteko.com/en/" "-"
114.119.133.35 - - [26/Oct/2025:04:38:52 +0200 - 2.686 - 1.076] "GET /en/publications?flt_products=diart%3Blorde-hyal%3Bokistar-hyal-7&flt_doctors=general-practitioner%3Binfectionist%3Botolaryngologist%3Btherapist HTTP/1.1" 200 100300 "https://emteko.com/en/publications?flt_products=diart%3Blorde-hyal&flt_doctors=general-practitioner%3Binfectionist%3Botolaryngologist%3Btherapist" "Mozilla/5.0 (Linux; Android 7.0;) AppleWebKit/537.36 (KHTML, like Gecko) Mobile Safari/537.36 (compatible; PetalBot;+https://webmaster.petalsearch.com/site/petalbot)" "-"
17.246.19.70 - - [26/Oct/2025:04:39:05 +0200 - 0.014 - 0.012] "GET /publications/?flt_products=artro-patch-lv;diart-lv;lorde-hyal-lv;nasisoft-lv HTTP/1.1" 200 100865 "-" "Mozilla/5.0 (Macintosh; Intel Mac OS X 10_15_7) AppleWebKit/605.1.15 (KHTML, like Gecko) Version/17.4 Safari/605.1.15 (Applebot/0.1; +http://www.apple.com/go/applebot)" "-"
43.173.177.223 - - [26/Oct/2025:04:39:23 +0200 - 0.269 - 0.016] "GET /en/catalog/ HTTP/1.1" 200 98316 "-" "Mozilla/5.0 (Windows NT 6.1; Win64; x64) AppleWebKit/537.36 (KHTML, like Gecko) Chrome/126.0.6478.114 Safari/537.36" "-"
18.192.166.72 - - [26/Oct/2025:04:39:40 +0200 - 0.012 - 0.012] "HEAD / HTTP/1.1" 200 0 "https://emteko.com" "Mozilla/5.0+(compatible; UptimeRobot/2.0; http://www.uptimerobot.com/)" "-"
31.131.20.181 - - [26/Oct/2025:04:40:00 +0200 - 0.000 - 0.004] "POST /wp-cron.php?doing_wp_cron=1761446400.5414309501647949218750 HTTP/1.1" 499 0 "-" "WordPress/6.8.3; https://emteko.com/en/" "-"
40.77.167.55 - - [26/Oct/2025:04:40:00 +0200 - 1.033 - 1.032] "GET /en/doctorspecial/pulmonologist/?flt_products=okistar-hyal-7&flt_doctors=general-practitioner;orthopedic-traumatologist;otolaryngologist;therapist HTTP/1.1" 200 98895 "-" "Mozilla/5.0 AppleWebKit/537.36 (KHTML, like Gecko; compatible; bingbot/2.0; +http://www.bing.com/bingbot.htm) Chrome/116.0.1938.76 Safari/537.36" "-"
31.131.20.181 - - [26/Oct/2025:04:40:17 +0200 - 0.001 - 0.000] "POST /wp-cron.php?doing_wp_cron=1761446417.2254579067230224609375 HTTP/1.1" 499 0 "-" "WordPress/6.8.3; https://emteko.com/en/" "-"
114.119.133.35 - - [26/Oct/2025:04:40:18 +0200 - 2.413 - 1.152] "GET /en/publications?flt_products=diart%3Blorde-hyal%3Bokistar-hyal-7&flt_doctors=general-practitioner%3Binfectionist%3Botolaryngologist%3Bpulmonologist%3Btherapist HTTP/1.1" 200 100345 "https://emteko.com/en/publications?flt_products=diart%3Blorde-hyal%3Bokistar-hyal-7&flt_doctors=general-practitioner%3Binfectionist%3Borthopedic-traumatologist%3Botolaryngologist%3Bpulmonologist%3Btherapist" "Mozilla/5.0 (Linux; Android 7.0;) AppleWebKit/537.36 (KHTML, like Gecko) Mobile Safari/537.36 (compatible; PetalBot;+https://webmaster.petalsearch.com/site/petalbot)" "-"
18.193.252.127 - - [26/Oct/2025:04:40:45 +0200 - 0.013 - 0.012] "HEAD / HTTP/1.1" 200 0 "https://emteko.com" "Mozilla/5.0+(compatible; UptimeRobot/2.0; http://www.uptimerobot.com/)" "-"
31.131.20.181 - - [26/Oct/2025:04:41:45 +0200 - 0.001 - 0.000] "POST /wp-cron.php?doing_wp_cron=1761446505.7111310958862304687500 HTTP/1.1" 499 0 "-" "WordPress/6.8.3; https://emteko.com/en/" "-"
114.119.140.113 - - [26/Oct/2025:04:41:48 +0200 - 4.042 - 1.048] "GET /en/publications?flt_products=diart%3Blorde-hyal%3Bokistar-hyal-7&flt_doctors=general-practitioner%3Binfectionist%3Botolaryngologist%3Bpulmonologist HTTP/1.1" 200 100306 "https://emteko.com/en/publications/?flt_products=diart%3Blorde-hyal%3Bokistar-hyal-7&flt_doctors=infectionist%3Botolaryngologist%3Bpulmonologist" "Mozilla/5.0 (Linux; Android 7.0;) AppleWebKit/537.36 (KHTML, like Gecko) Mobile Safari/537.36 (compatible; PetalBot;+https://webmaster.petalsearch.com/site/petalbot)" "-"
18.192.166.72 - - [26/Oct/2025:04:41:49 +0200 - 0.003 - 0.000] "HEAD / HTTP/1.1" 200 0 "https://emteko.com" "Mozilla/5.0+(compatible; UptimeRobot/2.0; http://www.uptimerobot.com/)" "-"
78.46.215.1 - - [26/Oct/2025:04:42:52 +0200 - 0.016 - 0.012] "HEAD / HTTP/1.1" 200 0 "https://emteko.com" "Mozilla/5.0+(compatible; UptimeRobot/2.0; http://www.uptimerobot.com/)" "-"
78.47.173.76 - - [26/Oct/2025:04:42:53 +0200 - 0.003 - 0.004] "HEAD / HTTP/1.1" 200 0 "https://emteko.com" "Mozilla/5.0+(compatible; UptimeRobot/2.0; http://www.uptimerobot.com/)" "-"
31.131.20.181 - - [26/Oct/2025:04:43:11 +0200 - 0.002 - 0.004] "POST /wp-cron.php?doing_wp_cron=1761446591.9190270900726318359375 HTTP/1.1" 499 0 "-" "WordPress/6.8.3; https://emteko.com/en/" "-"
114.119.136.120 - - [26/Oct/2025:04:43:13 +0200 - 2.152 - 1.132] "GET /en/publications?flt_products=diart%3Blorde-hyal%3Bokistar-hyal-7&flt_doctors=general-practitioner%3Binfectionist%3Botolaryngologist%3Bpediatrician%3Bpulmonologist%3Btherapist HTTP/1.1" 200 100394 "https://emteko.com/en/publications?flt_products=diart%3Blorde-hyal&flt_doctors=general-practitioner%3Binfectionist%3Botolaryngologist%3Bpediatrician%3Bpulmonologist%3Btherapist" "Mozilla/5.0 (Linux; Android 7.0;) AppleWebKit/537.36 (KHTML, like Gecko) Mobile Safari/537.36 (compatible; PetalBot;+https://webmaster.petalsearch.com/site/petalbot)" "-"
212.147.5.172 - - [26/Oct/2025:04:43:39 +0200 - 0.000 - -] "GET /xmlrpc.php HTTP/1.1" 404 133 "http://emteko.com/xmlrpc.php" "Mozilla/5.0 (X11; Ubuntu; Linux x86_64; rv:85.0) Gecko/20100101 Firefox/91.0" "-"
18.193.252.127 - - [26/Oct/2025:04:43:58 +0200 - 0.014 - 0.016] "HEAD / HTTP/1.1" 200 0 "https://emteko.com" "Mozilla/5.0+(compatible; UptimeRobot/2.0; http://www.uptimerobot.com/)" "-"
114.119.132.202 - - [26/Oct/2025:04:44:38 +0200 - 0.914 - 0.012] "GET /en/publications?flt_products=diart%3Blorde-hyal%3Bokistar-hyal-7&flt_doctors=general-practitioner%3Binfectionist%3Botolaryngologist%3Bpediatrician%3Bpulmonologist HTTP/1.1" 200 100350 "https://emteko.com/en/publications/?flt_products=diart%3Blorde-hyal%3Bokistar-hyal-7&flt_doctors=general-practitioner%3Binfectionist%3Borthopedic-traumatologist%3Botolaryngologist%3Bpediatrician%3Bpulmonologist" "Mozilla/5.0 (Linux; Android 7.0;) AppleWebKit/537.36 (KHTML, like Gecko) Mobile Safari/537.36 (compatible; PetalBot;+https://webmaster.petalsearch.com/site/petalbot)" "-"
3.79.134.69 - - [26/Oct/2025:04:45:02 +0200 - 0.025 - 0.024] "HEAD / HTTP/1.1" 200 0 "https://emteko.com" "Mozilla/5.0+(compatible; UptimeRobot/2.0; http://www.uptimerobot.com/)" "-"
31.131.20.181 - - [26/Oct/2025:04:45:04 +0200 - 0.001 - 0.000] "POST /wp-cron.php?doing_wp_cron=1761446704.4321761131286621093750 HTTP/1.1" 499 0 "-" "WordPress/6.8.3; https://emteko.com" "-"
185.191.171.19 - - [26/Oct/2025:04:45:04 +0200 - 1.076 - 1.076] "GET /robots.txt HTTP/1.1" 200 132 "-" "Mozilla/5.0 (compatible; SemrushBot/7~bl; +http://www.semrush.com/bot.html)" "-"
185.191.171.8 - - [26/Oct/2025:04:45:04 +0200 - 0.085 - 0.004] "GET /doctorspecial/pulmonologs/ HTTP/1.1" 200 99814 "-" "Mozilla/5.0 (compatible; SemrushBot/7~bl; +http://www.semrush.com/bot.html)" "-"
17.22.237.227 - - [26/Oct/2025:04:45:40 +0200 - 0.776 - 0.776] "GET /robots.txt HTTP/1.1" 200 132 "-" "Mozilla/5.0 (Macintosh; Intel Mac OS X 10_15_7) AppleWebKit/605.1.15 (KHTML, like Gecko) Version/17.4 Safari/605.1.15 (Applebot/0.1; +http://www.apple.com/go/applebot)" "-"
17.22.237.227 - - [26/Oct/2025:04:45:41 +0200 - 0.861 - 0.856] "GET /en/publications/?flt_products=diart&flt_doctors=infectionist;pulmonologist;therapist HTTP/1.1" 200 95597 "-" "Mozilla/5.0 (Macintosh; Intel Mac OS X 10_15_7) AppleWebKit/605.1.15 (KHTML, like Gecko) Version/17.4 Safari/605.1.15 (Applebot/0.1; +http://www.apple.com/go/applebot)" "-"
31.131.20.181 - - [26/Oct/2025:04:46:04 +0200 - 0.002 - 0.004] "POST /wp-cron.php?doing_wp_cron=1761446764.7505679130554199218750 HTTP/1.1" 499 0 "-" "WordPress/6.8.3; https://emteko.com/en/" "-"
114.119.140.113 - - [26/Oct/2025:04:46:06 +0200 - 2.278 - 1.024] "GET /en/publications?flt_products=diart%3Blorde-hyal%3Bokistar-hyal-7&flt_doctors=general-practitioner%3Binfectionist%3Botolaryngologist%3Bpediatrician HTTP/1.1" 200 100308 "https://emteko.com/en/publications?flt_products=diart%3Blorde-hyal%3Bokistar-hyal-7&flt_doctors=general-practitioner%3Botolaryngologist%3Bpediatrician" "Mozilla/5.0 (Linux; Android 7.0;) AppleWebKit/537.36 (KHTML, like Gecko) Mobile Safari/537.36 (compatible; PetalBot;+https://webmaster.petalsearch.com/site/petalbot)" "-"
3.77.67.4 - - [26/Oct/2025:04:46:07 +0200 - 0.002 - 0.004] "HEAD / HTTP/1.1" 200 0 "https://emteko.com" "Mozilla/5.0+(compatible; UptimeRobot/2.0; http://www.uptimerobot.com/)" "-"
31.131.20.181 - - [26/Oct/2025:04:46:44 +0200 - 0.000 - 0.000] "POST /wp-cron.php?doing_wp_cron=1761446804.8188319206237792968750 HTTP/1.1" 499 0 "-" "WordPress/6.8.3; https://emteko.com/en/" "-"
157.55.39.16 - - [26/Oct/2025:04:46:45 +0200 - 1.068 - 1.068] "GET /en/doctorspecial/otolaryngologist/?flt_products=lorde-hyal&flt_doctors=general-practitioner HTTP/1.1" 200 99618 "-" "Mozilla/5.0 AppleWebKit/537.36 (KHTML, like Gecko; compatible; bingbot/2.0; +http://www.bing.com/bingbot.htm) Chrome/116.0.1938.76 Safari/537.36" "-"
49.13.164.148 - - [26/Oct/2025:04:47:11 +0200 - 0.012 - 0.012] "HEAD / HTTP/1.1" 200 0 "https://emteko.com" "Mozilla/5.0+(compatible; UptimeRobot/2.0; http://www.uptimerobot.com/)" "-"
3.213.106.226 - - [26/Oct/2025:04:47:23 +0200 - 0.017 - 0.016] "GET /en/request-a-call-back/ HTTP/1.1" 200 89307 "-" "Mozilla/5.0 AppleWebKit/537.36 (KHTML, like Gecko; compatible; Amazonbot/0.1; +https://developer.amazon.com/support/amazonbot) Chrome/119.0.6045.214 Safari/537.36" "-"
31.131.20.181 - - [26/Oct/2025:04:47:31 +0200 - 0.001 - 0.000] "POST /wp-cron.php?doing_wp_cron=1761446851.4636869430541992187500 HTTP/1.1" 499 0 "-" "WordPress/6.8.3; https://emteko.com/en/" "-"
114.119.140.113 - - [26/Oct/2025:04:47:34 +0200 - 3.518 - 1.032] "GET /en/publications?flt_products=diart%3Blorde-hyal%3Bokistar-hyal-7&flt_doctors=general-practitioner%3Binfectionist%3Borthopedic-traumatologist%3Btherapist HTTP/1.1" 200 100301 "https://emteko.com/en/publications?flt_products=lorde-hyal%3Bokistar-hyal-7&flt_doctors=general-practitioner%3Binfectionist%3Borthopedic-traumatologist%3Btherapist" "Mozilla/5.0 (Linux; Android 7.0;) AppleWebKit/537.36 (KHTML, like Gecko) Mobile Safari/537.36 (compatible; PetalBot;+https://webmaster.petalsearch.com/site/petalbot)" "-"
159.69.158.189 - - [26/Oct/2025:04:47:56 +0200 - 0.013 - 0.012] "HEAD / HTTP/1.1" 200 0 "https://emteko.com" "Mozilla/5.0+(compatible; UptimeRobot/2.0; http://www.uptimerobot.com/)" "-"
168.119.53.160 - - [26/Oct/2025:04:48:16 +0200 - 0.012 - 0.012] "HEAD / HTTP/1.1" 200 0 "https://emteko.com" "Mozilla/5.0+(compatible; UptimeRobot/2.0; http://www.uptimerobot.com/)" "-"
31.131.20.181 - - [26/Oct/2025:04:49:00 +0200 - 0.000 - 0.000] "POST /wp-cron.php?doing_wp_cron=1761446940.8060679435729980468750 HTTP/1.1" 499 0 "-" "WordPress/6.8.3; https://emteko.com/en/" "-"
114.119.154.181 - - [26/Oct/2025:04:49:02 +0200 - 2.648 - 1.100] "GET /en/publications?flt_products=diart%3Blorde-hyal%3Bokistar-hyal-7&flt_doctors=general-practitioner%3Binfectionist%3Borthopedic-traumatologist%3Botolaryngologist%3Btherapist HTTP/1.1" 200 100353 "https://emteko.com/en/publications/?flt_products=lorde-hyal%3Bokistar-hyal-7&flt_doctors=general-practitioner%3Binfectionist%3Borthopedic-traumatologist%3Botolaryngologist%3Btherapist" "Mozilla/5.0 (Linux; Android 7.0;) AppleWebKit/537.36 (KHTML, like Gecko) Mobile Safari/537.36 (compatible; PetalBot;+https://webmaster.petalsearch.com/site/petalbot)" "-"
78.46.215.1 - - [26/Oct/2025:04:49:22 +0200 - 0.011 - 0.008] "HEAD / HTTP/1.1" 200 0 "https://emteko.com" "Mozilla/5.0+(compatible; UptimeRobot/2.0; http://www.uptimerobot.com/)" "-"
157.55.39.16 - - [26/Oct/2025:04:50:23 +0200 - 0.019 - 0.020] "GET / HTTP/1.1" 200 89415 "-" "Mozilla/5.0 AppleWebKit/537.36 (KHTML, like Gecko; compatible; bingbot/2.0; +http://www.bing.com/bingbot.htm) Chrome/116.0.1938.76 Safari/537.36" "-"
31.131.20.181 - - [26/Oct/2025:04:50:26 +0200 - 0.002 - 0.004] "POST /wp-cron.php?doing_wp_cron=1761447026.8309400081634521484375 HTTP/1.1" 499 0 "-" "WordPress/6.8.3; https://emteko.com/en/" "-"
49.13.167.123 - - [26/Oct/2025:04:50:27 +0200 - 0.001 - 0.004] "HEAD / HTTP/1.1" 200 0 "https://emteko.com" "Mozilla/5.0+(compatible; UptimeRobot/2.0; http://www.uptimerobot.com/)" "-"
114.119.140.113 - - [26/Oct/2025:04:50:30 +0200 - 4.071 - 1.068] "GET /en/publications?flt_products=diart%3Blorde-hyal%3Bokistar-hyal-7&flt_doctors=general-practitioner%3Binfectionist%3Borthopedic-traumatologist%3Botolaryngologist%3Bpediatrician%3Btherapist HTTP/1.1" 200 81596 "https://emteko.com/en/publications/?flt_products=diart%3Blorde-hyal%3Bokistar-hyal-7&flt_doctors=general-practitioner%3Binfectionist%3Borthopedic-traumatologist%3Botolaryngologist%3Btherapist" "Mozilla/5.0 (Linux; Android 7.0;) AppleWebKit/537.36 (KHTML, like Gecko) Mobile Safari/537.36 (compatible; PetalBot;+https://webmaster.petalsearch.com/site/petalbot)" "-"
168.119.123.75 - - [26/Oct/2025:04:51:31 +0200 - 0.012 - 0.012] "HEAD / HTTP/1.1" 200 0 "https://emteko.com" "Mozilla/5.0+(compatible; UptimeRobot/2.0; http://www.uptimerobot.com/)" "-"
31.131.20.181 - - [26/Oct/2025:04:51:54 +0200 - 0.000 - 0.000] "POST /wp-cron.php?doing_wp_cron=1761447114.0970110893249511718750 HTTP/1.1" 499 0 "-" "WordPress/6.8.3; https://emteko.com/en/" "-"
114.119.132.104 - - [26/Oct/2025:04:51:55 +0200 - 2.664 - 1.108] "GET /en/publications?flt_products=diart%3Blorde-hyal%3Bokistar-hyal-7&flt_doctors=general-practitioner%3Binfectionist%3Borthopedic-traumatologist%3Botolaryngologist%3Bpediatrician%3Bpulmonologist HTTP/1.1" 200 100415 "https://emteko.com/en/publications?flt_products=diart%3Blorde-hyal%3Bokistar-hyal-7&flt_doctors=general-practitioner%3Binfectionist%3Botolaryngologist%3Bpediatrician%3Bpulmonologist" "Mozilla/5.0 (Linux; Android 7.0;) AppleWebKit/537.36 (KHTML, like Gecko) Mobile Safari/537.36 (compatible; PetalBot;+https://webmaster.petalsearch.com/site/petalbot)" "-"
88.99.80.227 - - [26/Oct/2025:04:52:35 +0200 - 0.014 - 0.016] "HEAD / HTTP/1.1" 200 0 "https://emteko.com" "Mozilla/5.0+(compatible; UptimeRobot/2.0; http://www.uptimerobot.com/)" "-"
128.140.41.193 - - [26/Oct/2025:04:53:00 +0200 - 0.012 - 0.012] "HEAD / HTTP/1.1" 200 0 "https://emteko.com" "Mozilla/5.0+(compatible; UptimeRobot/2.0; http://www.uptimerobot.com/)" "-"
31.131.20.181 - - [26/Oct/2025:04:53:20 +0200 - 0.000 - 0.000] "POST /wp-cron.php?doing_wp_cron=1761447200.3888690471649169921875 HTTP/1.1" 499 0 "-" "WordPress/6.8.3; https://emteko.com/en/" "-"
114.119.140.113 - - [26/Oct/2025:04:53:22 +0200 - 2.531 - 1.032] "GET /en/publications?flt_products=diart%3Blorde-hyal%3Bokistar-hyal-7 HTTP/1.1" 200 99816 "https://emteko.com/en/publications?flt_products=diart%3Blorde-hyal" "Mozilla/5.0 (Linux; Android 7.0;) AppleWebKit/537.36 (KHTML, like Gecko) Mobile Safari/537.36 (compatible; PetalBot;+https://webmaster.petalsearch.com/site/petalbot)" "-"
62.210.214.86 - - [26/Oct/2025:04:53:28 +0200 - 0.626 - 0.624] "GET /index.php?rest_route=/wp/v2/users HTTP/1.1" 403 860 "http://emteko.com/index.php?rest_route=/wp/v2/users" "Mozilla/5.0 zgrab/0.x" "-"
168.119.123.75 - - [26/Oct/2025:04:53:39 +0200 - 0.004 - 0.004] "HEAD / HTTP/1.1" 200 0 "https://emteko.com" "Mozilla/5.0+(compatible; UptimeRobot/2.0; http://www.uptimerobot.com/)" "-"
52.28.162.93 - - [26/Oct/2025:04:54:44 +0200 - 0.011 - 0.012] "HEAD / HTTP/1.1" 200 0 "https://emteko.com" "Mozilla/5.0+(compatible; UptimeRobot/2.0; http://www.uptimerobot.com/)" "-"
31.131.20.181 - - [26/Oct/2025:04:54:47 +0200 - 0.000 - 0.000] "POST /wp-cron.php?doing_wp_cron=1761447287.6165919303894042968750 HTTP/1.1" 499 0 "-" "WordPress/6.8.3; https://emteko.com/en/" "-"
114.119.132.104 - - [26/Oct/2025:04:54:49 +0200 - 2.654 - 1.084] "GET /en/publications?flt_products=diart%3Blorde-hyal%3Bnasisoft&flt_doctors=therapist HTTP/1.1" 200 100395 "https://emteko.com/en/publications/?flt_products=diart%3Blorde-hyal%3Bnasisoft&flt_doctors=otolaryngologist%3Btherapist" "Mozilla/5.0 (Linux; Android 7.0;) AppleWebKit/537.36 (KHTML, like Gecko) Mobile Safari/537.36 (compatible; PetalBot;+https://webmaster.petalsearch.com/site/petalbot)" "-"
31.131.20.181 - - [26/Oct/2025:04:55:09 +0200 - 0.000 - 0.000] "POST /wp-cron.php?doing_wp_cron=1761447309.5614740848541259765625 HTTP/1.1" 499 0 "-" "WordPress/6.8.3; https://emteko.com" "-"
110.249.201.65 - - [26/Oct/2025:04:55:09 +0200 - 0.903 - 0.904] "GET /robots.txt HTTP/1.1" 200 132 "-" "Mozilla/5.0 (Linux; Android 5.0) AppleWebKit/537.36 (KHTML, like Gecko) Mobile Safari/537.36 (compatible; Bytespider; https://zhanzhang.toutiao.com/)" "-"
78.46.190.63 - - [26/Oct/2025:04:55:48 +0200 - 0.018 - 0.016] "HEAD / HTTP/1.1" 200 0 "https://emteko.com" "Mozilla/5.0+(compatible; UptimeRobot/2.0; http://www.uptimerobot.com/)" "-"
31.131.20.181 - - [26/Oct/2025:04:56:21 +0200 - 0.001 - 0.000] "POST /wp-cron.php?doing_wp_cron=1761447381.3797399997711181640625 HTTP/1.1" 499 0 "-" "WordPress/6.8.3; https://emteko.com/en/" "-"
114.119.133.35 - - [26/Oct/2025:04:56:24 +0200 - 3.565 - 1.004] "GET /en/publications?flt_products=diart%3Blorde-hyal%3Bnasisoft&flt_doctors=pediatrician HTTP/1.1" 200 100402 "https://emteko.com/en/publications?flt_products=diart%3Blorde-hyal%3Bnasisoft" "Mozilla/5.0 (Linux; Android 7.0;) AppleWebKit/537.36 (KHTML, like Gecko) Mobile Safari/537.36 (compatible; PetalBot;+https://webmaster.petalsearch.com/site/petalbot)" "-"
78.46.190.63 - - [26/Oct/2025:04:56:53 +0200 - 0.026 - 0.024] "HEAD / HTTP/1.1" 200 0 "https://emteko.com" "Mozilla/5.0+(compatible; UptimeRobot/2.0; http://www.uptimerobot.com/)" "-"
31.131.20.181 - - [26/Oct/2025:04:57:42 +0200 - 0.000 - 0.000] "POST /wp-cron.php?doing_wp_cron=1761447462.4606730937957763671875 HTTP/1.1" 499 0 "-" "WordPress/6.8.3; https://emteko.com/en/" "-"
114.119.134.51 - - [26/Oct/2025:04:57:44 +0200 - 3.298 - 1.044] "GET /en/publications?flt_products=diart%3Blorde-hyal%3Bnasisoft&flt_doctors=otolaryngologist%3Bpediatrician%3Btherapist HTTP/1.1" 200 100507 "https://emteko.com/en/publications/?flt_products=lorde-hyal%3Bnasisoft&flt_doctors=otolaryngologist%3Bpediatrician%3Btherapist" "Mozilla/5.0 (Linux; Android 7.0;) AppleWebKit/537.36 (KHTML, like Gecko) Mobile Safari/537.36 (compatible; PetalBot;+https://webmaster.petalsearch.com/site/petalbot)" "-"
168.119.53.160 - - [26/Oct/2025:04:57:56 +0200 - 0.011 - 0.012] "HEAD / HTTP/1.1" 200 0 "https://emteko.com" "Mozilla/5.0+(compatible; UptimeRobot/2.0; http://www.uptimerobot.com/)" "-"
88.99.80.227 - - [26/Oct/2025:04:58:05 +0200 - 0.002 - 0.004] "HEAD / HTTP/1.1" 200 0 "https://emteko.com" "Mozilla/5.0+(compatible; UptimeRobot/2.0; http://www.uptimerobot.com/)" "-"
52.59.43.236 - - [26/Oct/2025:04:59:02 +0200 - 0.012 - 0.012] "HEAD / HTTP/1.1" 200 0 "https://emteko.com" "Mozilla/5.0+(compatible; UptimeRobot/2.0; http://www.uptimerobot.com/)" "-"
31.131.20.181 - - [26/Oct/2025:04:59:11 +0200 - 0.000 - 0.000] "POST /wp-cron.php?doing_wp_cron=1761447551.0609040260314941406250 HTTP/1.1" 499 0 "-" "WordPress/6.8.3; https://emteko.com/en/" "-"
114.119.132.202 - - [26/Oct/2025:04:59:14 +0200 - 4.068 - 1.068] "GET /en/publications?flt_products=diart%3Blorde-hyal%3Bnasisoft&flt_doctors=otolaryngologist%3Bpediatrician%3Bpulmonologist%3Btherapist HTTP/1.1" 200 81596 "https://emteko.com/en/publications?flt_products=diart%3Blorde-hyal%3Bnasisoft%3Bokistar-hyal-7&flt_doctors=otolaryngologist%3Bpediatrician%3Bpulmonologist%3Btherapist" "Mozilla/5.0 (Linux; Android 7.0;) AppleWebKit/537.36 (KHTML, like Gecko) Mobile Safari/537.36 (compatible; PetalBot;+https://webmaster.petalsearch.com/site/petalbot)" "-"
52.28.162.93 - - [26/Oct/2025:05:00:06 +0200 - 0.014 - 0.016] "HEAD / HTTP/1.1" 200 0 "https://emteko.com" "Mozilla/5.0+(compatible; UptimeRobot/2.0; http://www.uptimerobot.com/)" "-"
31.131.20.181 - - [26/Oct/2025:05:00:35 +0200 - 0.001 - 0.004] "POST /wp-cron.php?doing_wp_cron=1761447635.5937259197235107421875 HTTP/1.1" 499 0 "-" "WordPress/6.8.3; https://emteko.com/en/" "-"
114.119.133.35 - - [26/Oct/2025:05:00:37 +0200 - 2.863 - 1.220] "GET /en/publications?flt_products=diart%3Blorde-hyal%3Bnasisoft&flt_doctors=otolaryngologist%3Bpediatrician%3Bpulmonologist HTTP/1.1" 200 100506 "https://emteko.com/en/publications?flt_products=diart%3Blorde-hyal%3Bnasisoft&flt_doctors=orthopedic-traumatologist%3Botolaryngologist%3Bpediatrician%3Bpulmonologist" "Mozilla/5.0 (Linux; Android 7.0;) AppleWebKit/537.36 (KHTML, like Gecko) Mobile Safari/537.36 (compatible; PetalBot;+https://webmaster.petalsearch.com/site/petalbot)" "-"
167.235.143.113 - - [26/Oct/2025:05:01:11 +0200 - 0.015 - 0.016] "HEAD / HTTP/1.1" 200 0 "https://emteko.com" "Mozilla/5.0+(compatible; UptimeRobot/2.0; http://www.uptimerobot.com/)" "-"
31.131.20.181 - - [26/Oct/2025:05:02:03 +0200 - 0.000 - 0.000] "POST /wp-cron.php?doing_wp_cron=1761447723.5102460384368896484375 HTTP/1.1" 499 0 "-" "WordPress/6.8.3; https://emteko.com/en/" "-"
114.119.136.120 - - [26/Oct/2025:05:02:06 +0200 - 3.473 - 1.124] "GET /en/publications?flt_products=diart%3Blorde-hyal%3Bnasisoft&flt_doctors=otolaryngologist HTTP/1.1" 200 100412 "https://emteko.com/en/publications/?flt_products=diart%3Blorde-hyal%3Bnasisoft&flt_doctors=infectionist%3Botolaryngologist" "Mozilla/5.0 (Linux; Android 7.0;) AppleWebKit/537.36 (KHTML, like Gecko) Mobile Safari/537.36 (compatible; PetalBot;+https://webmaster.petalsearch.com/site/petalbot)" "-"
52.28.162.93 - - [26/Oct/2025:05:02:16 +0200 - 0.011 - 0.012] "HEAD / HTTP/1.1" 200 0 "https://emteko.com" "Mozilla/5.0+(compatible; UptimeRobot/2.0; http://www.uptimerobot.com/)" "-"
49.13.24.81 - - [26/Oct/2025:05:03:10 +0200 - 0.015 - 0.016] "HEAD / HTTP/1.1" 200 0 "https://emteko.com" "Mozilla/5.0+(compatible; UptimeRobot/2.0; http://www.uptimerobot.com/)" "-"
49.13.134.145 - - [26/Oct/2025:05:03:20 +0200 - 0.002 - 0.004] "HEAD / HTTP/1.1" 200 0 "https://emteko.com" "Mozilla/5.0+(compatible; UptimeRobot/2.0; http://www.uptimerobot.com/)" "-"
31.131.20.181 - - [26/Oct/2025:05:03:35 +0200 - 0.000 - 0.000] "POST /wp-cron.php?doing_wp_cron=1761447815.4621570110321044921875 HTTP/1.1" 499 0 "-" "WordPress/6.8.3; https://emteko.com/en/" "-"
114.119.154.89 - - [26/Oct/2025:05:03:37 +0200 - 2.785 - 1.056] "GET /en/publications?flt_products=diart%3Blorde-hyal%3Bnasisoft&flt_doctors=orthopedic-traumatologist%3Btherapist HTTP/1.1" 200 100455 "https://emteko.com/en/publications?flt_products=diart%3Blorde-hyal%3Bnasisoft&flt_doctors=infectionist%3Borthopedic-traumatologist%3Btherapist" "Mozilla/5.0 (Linux; Android 7.0;) AppleWebKit/537.36 (KHTML, like Gecko) Mobile Safari/537.36 (compatible; PetalBot;+https://webmaster.petalsearch.com/site/petalbot)" "-"
49.13.134.145 - - [26/Oct/2025:05:04:24 +0200 - 0.012 - 0.012] "HEAD / HTTP/1.1" 200 0 "https://emteko.com" "Mozilla/5.0+(compatible; UptimeRobot/2.0; http://www.uptimerobot.com/)" "-"
94.23.188.217 - - [26/Oct/2025:05:04:43 +0200 - 0.012 - 0.012] "GET /sitemap_index.xml HTTP/1.1" 200 354 "-" "Mozilla/5.0 (compatible; AhrefsBot/7.0; +http://ahrefs.com/robot/)" "-"
37.59.204.148 - - [26/Oct/2025:05:04:46 +0200 - 0.003 - 0.004] "GET /page-sitemap.xml HTTP/1.1" 200 601 "-" "Mozilla/5.0 (compatible; AhrefsBot/7.0; +http://ahrefs.com/robot/)" "-"
5.39.1.245 - - [26/Oct/2025:05:04:49 +0200 - 0.003 - 0.000] "GET /products-sitemap.xml HTTP/1.1" 200 563 "-" "Mozilla/5.0 (compatible; AhrefsBot/7.0; +http://ahrefs.com/robot/)" "-"
92.222.104.221 - - [26/Oct/2025:05:04:53 +0200 - 0.003 - 0.004] "GET /publications-sitemap.xml HTTP/1.1" 200 923 "-" "Mozilla/5.0 (compatible; AhrefsBot/7.0; +http://ahrefs.com/robot/)" "-"
