114.119.132.104 - - [26/Oct/2025:12:45:29 +0200 - 2.691 - 1.144] "GET /en/publications?flt_products=okistar-hyal-7&flt_doctors=general-practitioner%3Botolaryngologist%3Bpulmonologist HTTP/1.1" 200 99187 "https://emteko.com/en/publications?flt_products=okistar-hyal-7&flt_doctors=general-practitioner%3Botolaryngologist%3Bpulmonologist%3Btherapist" "Mozilla/5.0 (Linux; Android 7.0;) AppleWebKit/537.36 (KHTML, like Gecko) Mobile Safari/537.36 (compatible; PetalBot;+https://webmaster.petalsearch.com/site/petalbot)" "-"
52.59.43.236 - - [26/Oct/2025:12:46:31 +0200 - 0.012 - 0.012] "HEAD / HTTP/1.1" 200 0 "https://emteko.com" "Mozilla/5.0+(compatible; UptimeRobot/2.0; http://www.uptimerobot.com/)" "-"
31.131.20.181 - - [26/Oct/2025:12:46:50 +0200 - 0.001 - 0.000] "POST /wp-cron.php?doing_wp_cron=1761475610.7447900772094726562500 HTTP/1.1" 499 0 "-" "WordPress/6.8.3; https://emteko.com/en/" "-"
114.119.136.120 - - [26/Oct/2025:12:46:52 +0200 - 2.683 - 1.008] "GET /en/publications?flt_products=okistar-hyal-7&flt_doctors=general-practitioner%3Binfectionist%3Borthopedic-traumatologist%3Botolaryngologist%3Bpulmonologist HTTP/1.1" 200 99275 "https://emteko.com/en/publications?flt_products=okistar-hyal-7&flt_doctors=general-practitioner%3Binfectionist%3Botolaryngologist%3Bpulmonologist" "Mozilla/5.0 (Linux; Android 7.0;) AppleWebKit/537.36 (KHTML, like Gecko) Mobile Safari/537.36 (compatible; PetalBot;+https://webmaster.petalsearch.com/site/petalbot)" "-"
168.119.53.160 - - [26/Oct/2025:12:47:35 +0200 - 0.018 - 0.020] "HEAD / HTTP/1.1" 200 0 "https://emteko.com" "Mozilla/5.0+(compatible; UptimeRobot/2.0; http://www.uptimerobot.com/)" "-"
31.131.20.181 - - [26/Oct/2025:12:48:17 +0200 - 0.000 - 0.000] "POST /wp-cron.php?doing_wp_cron=1761475697.3467600345611572265625 HTTP/1.1" 499 0 "-" "WordPress/6.8.3; https://emteko.com/en/" "-"
114.119.154.181 - - [26/Oct/2025:12:48:18 +0200 - 2.356 - 1.040] "GET /en/publications?flt_products=nasisoft&flt_doctors=infectionist%3Bpulmonologist%3Btherapist HTTP/1.1" 200 98979 "https://emteko.com/en/publications?flt_products=nasisoft&flt_doctors=infectionist%3Btherapist" "Mozilla/5.0 (Linux; Android 7.0;) AppleWebKit/537.36 (KHTML, like Gecko) Mobile Safari/537.36 (compatible; PetalBot;+https://webmaster.petalsearch.com/site/petalbot)" "-"
78.46.190.63 - - [26/Oct/2025:12:48:40 +0200 - 0.013 - 0.016] "HEAD / HTTP/1.1" 200 0 "https://emteko.com" "Mozilla/5.0+(compatible; UptimeRobot/2.0; http://www.uptimerobot.com/)" "-"
31.131.20.181 - - [26/Oct/2025:12:49:44 +0200 - 0.000 - 0.000] "POST /wp-cron.php?doing_wp_cron=1761475783.9754428863525390625000 HTTP/1.1" 499 0 "-" "WordPress/6.8.3; https://emteko.com/en/" "-"
88.99.80.227 - - [26/Oct/2025:12:49:45 +0200 - 0.003 - 0.004] "HEAD / HTTP/1.1" 200 0 "https://emteko.com" "Mozilla/5.0+(compatible; UptimeRobot/2.0; http://www.uptimerobot.com/)" "-"
114.119.136.120 - - [26/Oct/2025:12:49:45 +0200 - 1.943 - 1.008] "GET /en/publications?flt_products=nasisoft&flt_doctors=infectionist%3Bpediatrician%3Btherapist HTTP/1.1" 200 98975 "https://emteko.com/en/publications?flt_products=diart%3Bnasisoft&flt_doctors=infectionist%3Bpediatrician%3Btherapist" "Mozilla/5.0 (Linux; Android 7.0;) AppleWebKit/537.36 (KHTML, like Gecko) Mobile Safari/537.36 (compatible; PetalBot;+https://webmaster.petalsearch.com/site/petalbot)" "-"
167.235.143.113 - - [26/Oct/2025:12:50:14 +0200 - 0.012 - 0.008] "HEAD / HTTP/1.1" 200 0 "https://emteko.com" "Mozilla/5.0+(compatible; UptimeRobot/2.0; http://www.uptimerobot.com/)" "-"
63.178.84.147 - - [26/Oct/2025:12:50:49 +0200 - 0.012 - 0.012] "HEAD / HTTP/1.1" 200 0 "https://emteko.com" "Mozilla/5.0+(compatible; UptimeRobot/2.0; http://www.uptimerobot.com/)" "-"
31.131.20.181 - - [26/Oct/2025:12:51:11 +0200 - 0.000 - 0.000] "POST /wp-cron.php?doing_wp_cron=1761475871.3410639762878417968750 HTTP/1.1" 499 0 "-" "WordPress/6.8.3; https://emteko.com/en/" "-"
114.119.133.35 - - [26/Oct/2025:12:51:12 +0200 - 1.894 - 0.992] "GET /en/publications?flt_products=nasisoft%3Bokistar-hyal-7&flt_doctors=infectionist%3Borthopedic-traumatologist%3Bpulmonologist HTTP/1.1" 200 99495 "https://emteko.com/en/publications?flt_products=nasisoft%3Bokistar-hyal-7&flt_doctors=general-practitioner%3Binfectionist%3Borthopedic-traumatologist%3Bpulmonologist" "Mozilla/5.0 (Linux; Android 7.0;) AppleWebKit/537.36 (KHTML, like Gecko) Mobile Safari/537.36 (compatible; PetalBot;+https://webmaster.petalsearch.com/site/petalbot)" "-"
63.178.84.147 - - [26/Oct/2025:12:51:53 +0200 - 0.014 - 0.012] "HEAD / HTTP/1.1" 200 0 "https://emteko.com" "Mozilla/5.0+(compatible; UptimeRobot/2.0; http://www.uptimerobot.com/)" "-"
74.7.36.80 - - [26/Oct/2025:12:52:22 +0200 - 0.012 - 0.012] "GET /en/products/lorde-hyal/ HTTP/1.1" 200 91956 "-" "Mozilla/5.0 AppleWebKit/537.36 (KHTML, like Gecko); compatible; ChatGPT-User/1.0; +https://openai.com/bot" "-"
74.7.36.82 - - [26/Oct/2025:12:52:22 +0200 - 0.007 - 0.004] "GET /en/catalog/ HTTP/1.1" 200 98316 "-" "Mozilla/5.0 AppleWebKit/537.36 (KHTML, like Gecko); compatible; ChatGPT-User/1.0; +https://openai.com/bot" "-"
74.7.36.86 - - [26/Oct/2025:12:52:24 +0200 - 0.002 - 0.004] "GET / HTTP/1.1" 200 89415 "-" "Mozilla/5.0 AppleWebKit/537.36 (KHTML, like Gecko); compatible; ChatGPT-User/1.0; +https://openai.com/bot" "-"
31.131.20.181 - - [26/Oct/2025:12:52:40 +0200 - 0.001 - 0.000] "POST /wp-cron.php?doing_wp_cron=1761475960.5003650188446044921875 HTTP/1.1" 499 0 "-" "WordPress/6.8.3; https://emteko.com/en/" "-"
114.119.154.89 - - [26/Oct/2025:12:52:42 +0200 - 2.822 - 1.236] "GET /en/publications?flt_products=nasisoft%3Bokistar-hyal-7&flt_doctors=general-practitioner%3Botolaryngologist HTTP/1.1" 200 99447 "https://emteko.com/en/publications?flt_products=nasisoft%3Bokistar-hyal-7&flt_doctors=general-practitioner" "Mozilla/5.0 (Linux; Android 7.0;) AppleWebKit/537.36 (KHTML, like Gecko) Mobile Safari/537.36 (compatible; PetalBot;+https://webmaster.petalsearch.com/site/petalbot)" "-"
49.13.130.29 - - [26/Oct/2025:12:52:58 +0200 - 0.012 - 0.016] "HEAD / HTTP/1.1" 200 0 "https://emteko.com" "Mozilla/5.0+(compatible; UptimeRobot/2.0; http://www.uptimerobot.com/)" "-"
167.235.143.113 - - [26/Oct/2025:12:54:02 +0200 - 0.014 - 0.016] "HEAD / HTTP/1.1" 200 0 "https://emteko.com" "Mozilla/5.0+(compatible; UptimeRobot/2.0; http://www.uptimerobot.com/)" "-"
114.119.136.120 - - [26/Oct/2025:12:54:05 +0200 - 0.929 - 0.004] "GET /en/publications?flt_products=nasisoft%3Bokistar-hyal-7&flt_doctors=general-practitioner%3Binfectionist%3Borthopedic-traumatologist%3Bpulmonologist HTTP/1.1" 200 99658 "https://emteko.com/en/publications/?flt_products=okistar-hyal-7&flt_doctors=general-practitioner%3Binfectionist%3Borthopedic-traumatologist%3Bpulmonologist" "Mozilla/5.0 (Linux; Android 7.0;) AppleWebKit/537.36 (KHTML, like Gecko) Mobile Safari/537.36 (compatible; PetalBot;+https://webmaster.petalsearch.com/site/petalbot)" "-"
31.131.20.181 - - [26/Oct/2025:12:54:37 +0200 - 0.000 - 0.000] "POST /wp-cron.php?doing_wp_cron=1761476077.6059479713439941406250 HTTP/1.1" 499 0 "-" "WordPress/6.8.3; https://emteko.com/en/" "-"
40.77.167.51 - - [26/Oct/2025:12:54:37 +0200 - 1.185 - 1.184] "GET /en/doctorspecial/general-practitioner/?flt_products=nasisoft&flt_doctors=general-practitioner;pulmonologist;therapist HTTP/1.1" 200 98688 "-" "Mozilla/5.0 AppleWebKit/537.36 (KHTML, like Gecko; compatible; bingbot/2.0; +http://www.bing.com/bingbot.htm) Chrome/116.0.1938.76 Safari/537.36" "-"
142.132.180.39 - - [26/Oct/2025:12:55:06 +0200 - 0.022 - 0.020] "HEAD / HTTP/1.1" 200 0 "https://emteko.com" "Mozilla/5.0+(compatible; UptimeRobot/2.0; http://www.uptimerobot.com/)" "-"
168.119.96.239 - - [26/Oct/2025:12:55:18 +0200 - 0.012 - 0.012] "HEAD / HTTP/1.1" 200 0 "https://emteko.com" "Mozilla/5.0+(compatible; UptimeRobot/2.0; http://www.uptimerobot.com/)" "-"
31.131.20.181 - - [26/Oct/2025:12:55:32 +0200 - 0.000 - 0.000] "POST /wp-cron.php?doing_wp_cron=1761476132.4355330467224121093750 HTTP/1.1" 499 0 "-" "WordPress/6.8.3; https://emteko.com/en/" "-"
114.119.134.51 - - [26/Oct/2025:12:55:33 +0200 - 1.893 - 0.988] "GET /en/publications?flt_products=nasisoft%3Bokistar-hyal-7&flt_doctors=general-practitioner%3Binfectionist HTTP/1.1" 200 99431 "https://emteko.com/en/publications?flt_products=lorde-hyal%3Bnasisoft%3Bokistar-hyal-7&flt_doctors=general-practitioner%3Binfectionist" "Mozilla/5.0 (Linux; Android 7.0;) AppleWebKit/537.36 (KHTML, like Gecko) Mobile Safari/537.36 (compatible; PetalBot;+https://webmaster.petalsearch.com/site/petalbot)" "-"
49.13.164.148 - - [26/Oct/2025:12:56:10 +0200 - 0.012 - 0.012] "HEAD / HTTP/1.1" 200 0 "https://emteko.com" "Mozilla/5.0+(compatible; UptimeRobot/2.0; http://www.uptimerobot.com/)" "-"
31.131.20.181 - - [26/Oct/2025:12:56:59 +0200 - 0.002 - 0.000] "POST /wp-cron.php?doing_wp_cron=1761476219.4782888889312744140625 HTTP/1.1" 499 0 "-" "WordPress/6.8.3; https://emteko.com/en/" "-"
114.119.134.51 - - [26/Oct/2025:12:57:00 +0200 - 1.901 - 1.000] "GET /en/publications?flt_products=lorde-hyal&flt_doctors=pulmonologist HTTP/1.1" 200 99806 "https://emteko.com/en/publications?flt_products=lorde-hyal&flt_doctors=orthopedic-traumatologist%3Bpulmonologist" "Mozilla/5.0 (Linux; Android 7.0;) AppleWebKit/537.36 (KHTML, like Gecko) Mobile Safari/537.36 (compatible; PetalBot;+https://webmaster.petalsearch.com/site/petalbot)" "-"
128.140.41.193 - - [26/Oct/2025:12:57:14 +0200 - 0.012 - 0.012] "HEAD / HTTP/1.1" 200 0 "https://emteko.com" "Mozilla/5.0+(compatible; UptimeRobot/2.0; http://www.uptimerobot.com/)" "-"
49.13.24.81 - - [26/Oct/2025:12:58:18 +0200 - 0.011 - 0.012] "HEAD / HTTP/1.1" 200 0 "https://emteko.com" "Mozilla/5.0+(compatible; UptimeRobot/2.0; http://www.uptimerobot.com/)" "-"
114.119.132.202 - - [26/Oct/2025:12:58:27 +0200 - 0.949 - 0.004] "GET /en/publications?flt_products=lorde-hyal&flt_doctors=orthopedic-traumatologist%3Bpulmonologist HTTP/1.1" 200 99997 "https://emteko.com/en/publications/?flt_products=lorde-hyal&flt_doctors=pulmonologist" "Mozilla/5.0 (Linux; Android 7.0;) AppleWebKit/537.36 (KHTML, like Gecko) Mobile Safari/537.36 (compatible; PetalBot;+https://webmaster.petalsearch.com/site/petalbot)" "-"
18.193.252.127 - - [26/Oct/2025:12:59:23 +0200 - 0.012 - 0.012] "HEAD / HTTP/1.1" 200 0 "https://emteko.com" "Mozilla/5.0+(compatible; UptimeRobot/2.0; http://www.uptimerobot.com/)" "-"
31.131.20.181 - - [26/Oct/2025:12:59:55 +0200 - 0.001 - 0.000] "POST /wp-cron.php?doing_wp_cron=1761476395.5823340415954589843750 HTTP/1.1" 499 0 "-" "WordPress/6.8.3; https://emteko.com/en/" "-"
114.119.154.181 - - [26/Oct/2025:12:59:56 +0200 - 2.041 - 1.068] "GET /en/publications?flt_products=lorde-hyal&flt_doctors=general-practitioner%3Binfectionist%3Bpulmonologist%3Btherapist HTTP/1.1" 200 100232 "https://emteko.com/en/publications?flt_products=lorde-hyal&flt_doctors=infectionist%3Bpulmonologist%3Btherapist" "Mozilla/5.0 (Linux; Android 7.0;) AppleWebKit/537.36 (KHTML, like Gecko) Mobile Safari/537.36 (compatible; PetalBot;+https://webmaster.petalsearch.com/site/petalbot)" "-"
63.178.84.147 - - [26/Oct/2025:13:00:23 +0200 - 0.011 - 0.008] "HEAD / HTTP/1.1" 200 0 "https://emteko.com" "Mozilla/5.0+(compatible; UptimeRobot/2.0; http://www.uptimerobot.com/)" "-"
104.207.39.8 - - [26/Oct/2025:13:00:23 +0200 - 0.003 - 0.004] "GET /contact-us/ HTTP/1.1" 200 89519 "-" "Mozilla/5.0 (X11; Linux x86_64) AppleWebKit/537.36 (KHTML, like Gecko) Chrome/114.0.0.0 Safari/537.36 OPR/89.0.4447.51" "-"
168.119.53.160 - - [26/Oct/2025:13:00:29 +0200 - 0.003 - 0.004] "HEAD / HTTP/1.1" 200 0 "https://emteko.com" "Mozilla/5.0+(compatible; UptimeRobot/2.0; http://www.uptimerobot.com/)" "-"
123.6.74.173 - - [26/Oct/2025:13:00:38 +0200 - 0.005 - 0.004] "GET /privacy-policy/ HTTP/1.1" 200 95925 "-" "Mozilla/5.0 (Windows NT 10.0; Win64; x64) AppleWebKit/537.36 (KHTML, like Gecko) Chrome/134.0.0.0 Safari/537.36" "-"
123.6.74.173 - - [26/Oct/2025:13:00:40 +0200 - 0.000 - -] "GET /wp-content/themes/emteko/fonts/NeoSansPro-Regular.woff HTTP/1.1" 200 75588 "https://emteko.com/privacy-policy/" "Mozilla/5.0 (Windows NT 10.0; Win64; x64) AppleWebKit/537.36 (KHTML, like Gecko) Chrome/134.0.0.0 Safari/537.36" "-"
123.6.74.173 - - [26/Oct/2025:13:00:40 +0200 - 0.000 - -] "GET /wp-content/themes/emteko/fonts/NeoSansPro-Medium.woff HTTP/1.1" 200 75064 "https://emteko.com/privacy-policy/" "Mozilla/5.0 (Windows NT 10.0; Win64; x64) AppleWebKit/537.36 (KHTML, like Gecko) Chrome/134.0.0.0 Safari/537.36" "-"
123.6.74.173 - - [26/Oct/2025:13:00:40 +0200 - 0.000 - -] "GET /wp-content/themes/emteko/fonts/NeoSansPro-Italic.woff HTTP/1.1" 200 82572 "https://emteko.com/privacy-policy/" "Mozilla/5.0 (Windows NT 10.0; Win64; x64) AppleWebKit/537.36 (KHTML, like Gecko) Chrome/134.0.0.0 Safari/537.36" "-"
123.6.74.173 - - [26/Oct/2025:13:00:40 +0200 - 0.254 - -] "GET /wp-content/themes/emteko/font-awesome/webfonts/fa-solid-900.woff2 HTTP/1.1" 200 157192 "https://emteko.com/privacy-policy/" "Mozilla/5.0 (Windows NT 10.0; Win64; x64) AppleWebKit/537.36 (KHTML, like Gecko) Chrome/134.0.0.0 Safari/537.36" "-"
123.6.74.173 - - [26/Oct/2025:13:00:40 +0200 - 0.000 - -] "GET /wp-content/themes/emteko/font-awesome/webfonts/fa-brands-400.woff2 HTTP/1.1" 200 118072 "https://emteko.com/privacy-policy/" "Mozilla/5.0 (Windows NT 10.0; Win64; x64) AppleWebKit/537.36 (KHTML, like Gecko) Chrome/134.0.0.0 Safari/537.36" "-"
123.6.74.173 - - [26/Oct/2025:13:00:41 +0200 - 0.000 - -] "GET /wp-content/themes/emteko/fonts/NeoSansPro-Bold.woff HTTP/1.1" 200 66132 "https://emteko.com/privacy-policy/" "Mozilla/5.0 (Windows NT 10.0; Win64; x64) AppleWebKit/537.36 (KHTML, like Gecko) Chrome/134.0.0.0 Safari/537.36" "-"
123.6.74.173 - - [26/Oct/2025:13:00:42 +0200 - 0.000 - -] "GET /wp-content/themes/emteko/images/favs/favicon-32x32.png HTTP/1.1" 200 1655 "https://emteko.com/privacy-policy/" "Mozilla/5.0 (Windows NT 10.0; Win64; x64) AppleWebKit/537.36 (KHTML, like Gecko) Chrome/134.0.0.0 Safari/537.36" "-"
31.131.20.181 - - [26/Oct/2025:13:01:23 +0200 - 0.000 - 0.000] "POST /wp-cron.php?doing_wp_cron=1761476482.9680318832397460937500 HTTP/1.1" 499 0 "-" "WordPress/6.8.3; https://emteko.com/en/" "-"
114.119.132.104 - - [26/Oct/2025:13:01:24 +0200 - 1.900 - 1.000] "GET /en/publications?flt_products=lorde-hyal%3Bokistar-hyal-7&flt_doctors=pediatrician HTTP/1.1" 200 99961 "https://emteko.com/en/publications/?flt_products=diart%3Blorde-hyal%3Bokistar-hyal-7&flt_doctors=pediatrician" "Mozilla/5.0 (Linux; Android 7.0;) AppleWebKit/537.36 (KHTML, like Gecko) Mobile Safari/537.36 (compatible; PetalBot;+https://webmaster.petalsearch.com/site/petalbot)" "-"
49.13.167.123 - - [26/Oct/2025:13:01:33 +0200 - 0.004 - 0.004] "HEAD / HTTP/1.1" 200 0 "https://emteko.com" "Mozilla/5.0+(compatible; UptimeRobot/2.0; http://www.uptimerobot.com/)" "-"
157.90.156.63 - - [26/Oct/2025:13:02:38 +0200 - 0.011 - 0.012] "HEAD / HTTP/1.1" 200 0 "https://emteko.com" "Mozilla/5.0+(compatible; UptimeRobot/2.0; http://www.uptimerobot.com/)" "-"
31.131.20.181 - - [26/Oct/2025:13:02:49 +0200 - 0.001 - 0.000] "POST /wp-cron.php?doing_wp_cron=1761476569.6837310791015625000000 HTTP/1.1" 499 0 "-" "WordPress/6.8.3; https://emteko.com/en/" "-"
114.119.154.89 - - [26/Oct/2025:13:02:52 +0200 - 3.977 - 0.972] "GET /en/publications?flt_products=okistar-hyal-7&flt_doctors=pulmonologist%3Btherapist HTTP/1.1" 200 81596 "https://emteko.com/en/publications?flt_products=okistar-hyal-7&flt_doctors=orthopedic-traumatologist%3Bpulmonologist%3Btherapist" "Mozilla/5.0 (Linux; Android 7.0;) AppleWebKit/537.36 (KHTML, like Gecko) Mobile Safari/537.36 (compatible; PetalBot;+https://webmaster.petalsearch.com/site/petalbot)" "-"
31.131.20.181 - - [26/Oct/2025:13:03:31 +0200 - 0.002 - 0.004] "POST /wp-cron.php?doing_wp_cron=1761476611.4978129863739013671875 HTTP/1.1" 499 0 "-" "WordPress/6.8.3; https://emteko.com" "-"
110.249.202.44 - - [26/Oct/2025:13:03:31 +0200 - 0.753 - 0.748] "GET /robots.txt HTTP/1.1" 200 132 "-" "Mozilla/5.0 (Linux; Android 5.0) AppleWebKit/537.36 (KHTML, like Gecko) Mobile Safari/537.36 (compatible; Bytespider; https://zhanzhang.toutiao.com/)" "-"
49.13.164.148 - - [26/Oct/2025:13:03:43 +0200 - 0.003 - 0.004] "HEAD / HTTP/1.1" 200 0 "https://emteko.com" "Mozilla/5.0+(compatible; UptimeRobot/2.0; http://www.uptimerobot.com/)" "-"
114.119.133.35 - - [26/Oct/2025:13:04:17 +0200 - 0.914 - 0.016] "GET /en/publications?flt_products=okistar-hyal-7&flt_doctors=orthopedic-traumatologist%3Botolaryngologist HTTP/1.1" 200 99134 "https://emteko.com/en/publications?flt_products=okistar-hyal-7&flt_doctors=orthopedic-traumatologist%3Botolaryngologist" "Mozilla/5.0 (Linux; Android 7.0;) AppleWebKit/537.36 (KHTML, like Gecko) Mobile Safari/537.36 (compatible; PetalBot;+https://webmaster.petalsearch.com/site/petalbot)" "-"
142.132.180.39 - - [26/Oct/2025:13:04:48 +0200 - 0.015 - 0.016] "HEAD / HTTP/1.1" 200 0 "https://emteko.com" "Mozilla/5.0+(compatible; UptimeRobot/2.0; http://www.uptimerobot.com/)" "-"
52.28.162.93 - - [26/Oct/2025:13:05:28 +0200 - 0.012 - 0.012] "HEAD / HTTP/1.1" 200 0 "https://emteko.com" "Mozilla/5.0+(compatible; UptimeRobot/2.0; http://www.uptimerobot.com/)" "-"
31.131.20.181 - - [26/Oct/2025:13:05:42 +0200 - 0.000 - 0.000] "POST /wp-cron.php?doing_wp_cron=1761476742.8405990600585937500000 HTTP/1.1" 499 0 "-" "WordPress/6.8.3; https://emteko.com/en/" "-"
114.119.134.51 - - [26/Oct/2025:13:05:44 +0200 - 1.978 - 1.076] "GET /en/publications?flt_products=okistar-hyal-7&flt_doctors=infectionist%3Borthopedic-traumatologist%3Bpulmonologist HTTP/1.1" 200 99181 "https://emteko.com/en/publications/?flt_products=okistar-hyal-7&flt_doctors=infectionist%3Bpulmonologist" "Mozilla/5.0 (Linux; Android 7.0;) AppleWebKit/537.36 (KHTML, like Gecko) Mobile Safari/537.36 (compatible; PetalBot;+https://webmaster.petalsearch.com/site/petalbot)" "-"
18.192.166.72 - - [26/Oct/2025:13:05:53 +0200 - 0.003 - 0.004] "HEAD / HTTP/1.1" 200 0 "https://emteko.com" "Mozilla/5.0+(compatible; UptimeRobot/2.0; http://www.uptimerobot.com/)" "-"
78.47.173.76 - - [26/Oct/2025:13:06:57 +0200 - 0.013 - 0.012] "HEAD / HTTP/1.1" 200 0 "https://emteko.com" "Mozilla/5.0+(compatible; UptimeRobot/2.0; http://www.uptimerobot.com/)" "-"
114.119.136.120 - - [26/Oct/2025:13:07:10 +0200 - 0.939 - 0.012] "GET /en/publications?flt_products=okistar-hyal-7&flt_doctors=general-practitioner%3Binfectionist%3Botolaryngologist%3Bpediatrician%3Bpulmonologist HTTP/1.1" 200 99268 "https://emteko.com/en/publications/?flt_products=okistar-hyal-7&flt_doctors=infectionist%3Botolaryngologist%3Bpediatrician%3Bpulmonologist" "Mozilla/5.0 (Linux; Android 7.0;) AppleWebKit/537.36 (KHTML, like Gecko) Mobile Safari/537.36 (compatible; PetalBot;+https://webmaster.petalsearch.com/site/petalbot)" "-"
168.119.123.75 - - [26/Oct/2025:13:08:02 +0200 - 0.014 - 0.016] "HEAD / HTTP/1.1" 200 0 "https://emteko.com" "Mozilla/5.0+(compatible; UptimeRobot/2.0; http://www.uptimerobot.com/)" "-"
31.131.20.181 - - [26/Oct/2025:13:08:36 +0200 - 0.000 - 0.000] "POST /wp-cron.php?doing_wp_cron=1761476916.8668799400329589843750 HTTP/1.1" 499 0 "-" "WordPress/6.8.3; https://emteko.com/en/" "-"
114.119.140.113 - - [26/Oct/2025:13:08:38 +0200 - 1.967 - 1.048] "GET /en/publications?flt_products=nasisoft&flt_doctors=pulmonologist%3Btherapist HTTP/1.1" 200 98910 "https://emteko.com/en/publications?flt_products=lorde-hyal%3Bnasisoft&flt_doctors=pulmonologist%3Btherapist" "Mozilla/5.0 (Linux; Android 7.0;) AppleWebKit/537.36 (KHTML, like Gecko) Mobile Safari/537.36 (compatible; PetalBot;+https://webmaster.petalsearch.com/site/petalbot)" "-"
49.13.130.29 - - [26/Oct/2025:13:09:07 +0200 - 0.011 - 0.012] "HEAD / HTTP/1.1" 200 0 "https://emteko.com" "Mozilla/5.0+(compatible; UptimeRobot/2.0; http://www.uptimerobot.com/)" "-"
31.131.20.181 - - [26/Oct/2025:13:10:05 +0200 - 0.001 - 0.000] "POST /wp-cron.php?doing_wp_cron=1761477005.9152719974517822265625 HTTP/1.1" 499 0 "-" "WordPress/6.8.3; https://emteko.com/en/" "-"
114.119.132.202 - - [26/Oct/2025:13:10:07 +0200 - 2.097 - 1.144] "GET /en/publications?flt_products=nasisoft%3Bokistar-hyal-7&flt_doctors=orthopedic-traumatologist%3Botolaryngologist%3Bpulmonologist HTTP/1.1" 200 99500 "https://emteko.com/en/publications/?flt_products=artro-patch%3Bnasisoft%3Bokistar-hyal-7&flt_doctors=orthopedic-traumatologist%3Botolaryngologist%3Bpulmonologist" "Mozilla/5.0 (Linux; Android 7.0;) AppleWebKit/537.36 (KHTML, like Gecko) Mobile Safari/537.36 (compatible; PetalBot;+https://webmaster.petalsearch.com/site/petalbot)" "-"
3.79.134.69 - - [26/Oct/2025:13:10:12 +0200 - 0.004 - 0.004] "HEAD / HTTP/1.1" 200 0 "https://emteko.com" "Mozilla/5.0+(compatible; UptimeRobot/2.0; http://www.uptimerobot.com/)" "-"
142.132.180.39 - - [26/Oct/2025:13:10:34 +0200 - 0.013 - 0.016] "HEAD / HTTP/1.1" 200 0 "https://emteko.com" "Mozilla/5.0+(compatible; UptimeRobot/2.0; http://www.uptimerobot.com/)" "-"
49.13.134.145 - - [26/Oct/2025:13:11:17 +0200 - 0.011 - 0.012] "HEAD / HTTP/1.1" 200 0 "https://emteko.com" "Mozilla/5.0+(compatible; UptimeRobot/2.0; http://www.uptimerobot.com/)" "-"
31.131.20.181 - - [26/Oct/2025:13:11:31 +0200 - 0.000 - 0.000] "POST /wp-cron.php?doing_wp_cron=1761477091.6708230972290039062500 HTTP/1.1" 499 0 "-" "WordPress/6.8.3; https://emteko.com/en/" "-"
114.119.154.181 - - [26/Oct/2025:13:11:32 +0200 - 1.930 - 0.980] "GET /en/publications?flt_products=nasisoft%3Bokistar-hyal-7&flt_doctors=infectionist%3Borthopedic-traumatologist%3Botolaryngologist%3Btherapist HTTP/1.1" 200 99645 "https://emteko.com/en/publications?flt_products=diart%3Bnasisoft%3Bokistar-hyal-7&flt_doctors=infectionist%3Borthopedic-traumatologist%3Botolaryngologist%3Btherapist" "Mozilla/5.0 (Linux; Android 7.0;) AppleWebKit/537.36 (KHTML, like Gecko) Mobile Safari/537.36 (compatible; PetalBot;+https://webmaster.petalsearch.com/site/petalbot)" "-"
18.192.166.72 - - [26/Oct/2025:13:12:22 +0200 - 0.020 - 0.020] "HEAD / HTTP/1.1" 200 0 "https://emteko.com" "Mozilla/5.0+(compatible; UptimeRobot/2.0; http://www.uptimerobot.com/)" "-"
31.131.20.181 - - [26/Oct/2025:13:12:59 +0200 - 0.000 - 0.000] "POST /wp-cron.php?doing_wp_cron=1761477178.9910089969635009765625 HTTP/1.1" 499 0 "-" "WordPress/6.8.3; https://emteko.com/en/" "-"
114.119.154.89 - - [26/Oct/2025:13:13:02 +0200 - 3.931 - 0.932] "GET /en/publications?flt_products=nasisoft%3Bokistar-hyal-7&flt_doctors=general-practitioner%3Bpediatrician HTTP/1.1" 200 81596 "https://emteko.com/en/publications?flt_products=nasisoft%3Bokistar-hyal-7&flt_doctors=general-practitioner%3Bpediatrician%3Bpulmonologist" "Mozilla/5.0 (Linux; Android 7.0;) AppleWebKit/537.36 (KHTML, like Gecko) Mobile Safari/537.36 (compatible; PetalBot;+https://webmaster.petalsearch.com/site/petalbot)" "-"
78.46.190.63 - - [26/Oct/2025:13:13:27 +0200 - 0.013 - 0.012] "HEAD / HTTP/1.1" 200 0 "https://emteko.com" "Mozilla/5.0+(compatible; UptimeRobot/2.0; http://www.uptimerobot.com/)" "-"
31.131.20.181 - - [26/Oct/2025:13:14:25 +0200 - 0.002 - 0.004] "POST /wp-cron.php?doing_wp_cron=1761477265.8447060585021972656250 HTTP/1.1" 499 0 "-" "WordPress/6.8.3; https://emteko.com/en/" "-"
114.119.132.104 - - [26/Oct/2025:13:14:26 +0200 - 1.881 - 0.980] "GET /en/publications?flt_products=nasisoft%3Bokistar-hyal-7&flt_doctors=general-practitioner%3Borthopedic-traumatologist%3Btherapist HTTP/1.1" 200 99489 "https://emteko.com/en/publications?flt_products=nasisoft%3Bokistar-hyal-7&flt_doctors=general-practitioner%3Borthopedic-traumatologist" "Mozilla/5.0 (Linux; Android 7.0;) AppleWebKit/537.36 (KHTML, like Gecko) Mobile Safari/537.36 (compatible; PetalBot;+https://webmaster.petalsearch.com/site/petalbot)" "-"
49.13.167.123 - - [26/Oct/2025:13:14:31 +0200 - 0.002 - 0.004] "HEAD / HTTP/1.1" 200 0 "https://emteko.com" "Mozilla/5.0+(compatible; UptimeRobot/2.0; http://www.uptimerobot.com/)" "-"
49.13.164.148 - - [26/Oct/2025:13:15:36 +0200 - 0.011 - 0.012] "HEAD / HTTP/1.1" 200 0 "https://emteko.com" "Mozilla/5.0+(compatible; UptimeRobot/2.0; http://www.uptimerobot.com/)" "-"
142.132.180.39 - - [26/Oct/2025:13:15:39 +0200 - 0.002 - 0.000] "HEAD / HTTP/1.1" 200 0 "https://emteko.com" "Mozilla/5.0+(compatible; UptimeRobot/2.0; http://www.uptimerobot.com/)" "-"
31.131.20.181 - - [26/Oct/2025:13:15:54 +0200 - 0.000 - 0.000] "POST /wp-cron.php?doing_wp_cron=1761477354.5886969566345214843750 HTTP/1.1" 499 0 "-" "WordPress/6.8.3; https://emteko.com/en/" "-"
114.119.154.89 - - [26/Oct/2025:13:15:56 +0200 - 2.954 - 1.000] "GET /en/publications?flt_products=nasisoft%3Bokistar-hyal-7&flt_doctors=general-practitioner%3Binfectionist%3Botolaryngologist%3Bpediatrician%3Bpulmonologist HTTP/1.1" 200 99812 "https://emteko.com/en/publications/?flt_products=lorde-hyal%3Bnasisoft%3Bokistar-hyal-7&flt_doctors=general-practitioner%3Binfectionist%3Botolaryngologist%3Bpediatrician%3Bpulmonologist" "Mozilla/5.0 (Linux; Android 7.0;) AppleWebKit/537.36 (KHTML, like Gecko) Mobile Safari/537.36 (compatible; PetalBot;+https://webmaster.petalsearch.com/site/petalbot)" "-"
157.90.155.240 - - [26/Oct/2025:13:16:40 +0200 - 0.015 - 0.016] "HEAD / HTTP/1.1" 200 0 "https://emteko.com" "Mozilla/5.0+(compatible; UptimeRobot/2.0; http://www.uptimerobot.com/)" "-"
5.39.109.168 - - [26/Oct/2025:13:17:05 +0200 - 0.030 - 0.016] "GET /doctorspecial/pediatrs/?flt_doctors=otolaringologs HTTP/1.1" 200 100154 "-" "Mozilla/5.0 (compatible; AhrefsBot/7.0; +http://ahrefs.com/robot/)" "-"
114.119.154.89 - - [26/Oct/2025:13:17:21 +0200 - 1.270 - 0.012] "GET /en/publications?flt_products=lorde-hyal&flt_doctors=general-practitioner%3Bpediatrician%3Btherapist HTTP/1.1" 200 100149 "https://emteko.com/en/publications/?flt_products=lorde-hyal&flt_doctors=general-practitioner%3Binfectionist%3Bpediatrician%3Btherapist" "Mozilla/5.0 (Linux; Android 7.0;) AppleWebKit/537.36 (KHTML, like Gecko) Mobile Safari/537.36 (compatible; PetalBot;+https://webmaster.petalsearch.com/site/petalbot)" "-"
167.235.143.113 - - [26/Oct/2025:13:17:45 +0200 - 0.017 - 0.016] "HEAD / HTTP/1.1" 200 0 "https://emteko.com" "Mozilla/5.0+(compatible; UptimeRobot/2.0; http://www.uptimerobot.com/)" "-"
114.119.140.113 - - [26/Oct/2025:13:18:47 +0200 - 0.952 - 0.032] "GET /en/publications?flt_products=lorde-hyal&flt_doctors=general-practitioner%3Bpediatrician%3Bpulmonologist HTTP/1.1" 200 100153 "https://emteko.com/en/publications?flt_products=lorde-hyal&flt_doctors=general-practitioner%3Botolaryngologist%3Bpediatrician%3Bpulmonologist" "Mozilla/5.0 (Linux; Android 7.0;) AppleWebKit/537.36 (KHTML, like Gecko) Mobile Safari/537.36 (compatible; PetalBot;+https://webmaster.petalsearch.com/site/petalbot)" "-"
78.47.173.76 - - [26/Oct/2025:13:18:49 +0200 - 0.002 - 0.000] "HEAD / HTTP/1.1" 200 0 "https://emteko.com" "Mozilla/5.0+(compatible; UptimeRobot/2.0; http://www.uptimerobot.com/)" "-"
168.119.123.75 - - [26/Oct/2025:13:19:54 +0200 - 0.012 - 0.012] "HEAD / HTTP/1.1" 200 0 "https://emteko.com" "Mozilla/5.0+(compatible; UptimeRobot/2.0; http://www.uptimerobot.com/)" "-"
31.131.20.181 - - [26/Oct/2025:13:20:13 +0200 - 0.000 - 0.000] "POST /wp-cron.php?doing_wp_cron=1761477613.6476140022277832031250 HTTP/1.1" 499 0 "-" "WordPress/6.8.3; https://emteko.com/en/" "-"
114.119.133.35 - - [26/Oct/2025:13:20:14 +0200 - 2.004 - 1.084] "GET /en/publications?flt_products=lorde-hyal&flt_doctors=general-practitioner%3Binfectionist%3Bpediatrician%3Btherapist HTTP/1.1" 200 100219 "https://emteko.com/en/publications?flt_products=lorde-hyal%3Bokistar-hyal-7&flt_doctors=general-practitioner%3Binfectionist%3Bpediatrician%3Btherapist" "Mozilla/5.0 (Linux; Android 7.0;) AppleWebKit/537.36 (KHTML, like Gecko) Mobile Safari/537.36 (compatible; PetalBot;+https://webmaster.petalsearch.com/site/petalbot)" "-"
63.178.84.147 - - [26/Oct/2025:13:20:43 +0200 - 0.012 - 0.012] "HEAD / HTTP/1.1" 200 0 "https://emteko.com" "Mozilla/5.0+(compatible; UptimeRobot/2.0; http://www.uptimerobot.com/)" "-"
167.235.143.113 - - [26/Oct/2025:13:20:58 +0200 - 0.017 - 0.016] "HEAD / HTTP/1.1" 200 0 "https://emteko.com" "Mozilla/5.0+(compatible; UptimeRobot/2.0; http://www.uptimerobot.com/)" "-"
31.131.20.181 - - [26/Oct/2025:13:21:39 +0200 - 0.001 - 0.000] "POST /wp-cron.php?doing_wp_cron=1761477699.4395289421081542968750 HTTP/1.1" 499 0 "-" "WordPress/6.8.3; https://emteko.com/en/" "-"
114.119.132.104 - - [26/Oct/2025:13:21:40 +0200 - 1.913 - 1.012] "GET /en/publications?flt_products=lorde-hyal%3Bokistar-hyal-7&flt_doctors=infectionist%3Bpulmonologist HTTP/1.1" 200 100148 "https://emteko.com/en/publications?flt_products=lorde-hyal%3Bnasisoft%3Bokistar-hyal-7&flt_doctors=infectionist%3Bpulmonologist" "Mozilla/5.0 (Linux; Android 7.0;) AppleWebKit/537.36 (KHTML, like Gecko) Mobile Safari/537.36 (compatible; PetalBot;+https://webmaster.petalsearch.com/site/petalbot)" "-"
157.90.155.240 - - [26/Oct/2025:13:22:03 +0200 - 0.013 - 0.012] "HEAD / HTTP/1.1" 200 0 "https://emteko.com" "Mozilla/5.0+(compatible; UptimeRobot/2.0; http://www.uptimerobot.com/)" "-"
31.131.20.181 - - [26/Oct/2025:13:23:07 +0200 - 0.002 - 0.000] "POST /wp-cron.php?doing_wp_cron=1761477787.6317319869995117187500 HTTP/1.1" 499 0 "-" "WordPress/6.8.3; https://emteko.com/en/" "-"
78.47.98.55 - - [26/Oct/2025:13:23:08 +0200 - 0.002 - 0.004] "HEAD / HTTP/1.1" 200 0 "https://emteko.com" "Mozilla/5.0+(compatible; UptimeRobot/2.0; http://www.uptimerobot.com/)" "-"
114.119.154.89 - - [26/Oct/2025:13:23:08 +0200 - 2.095 - 1.148] "GET /en/publications?flt_products=lorde-hyal%3Bokistar-hyal-7&flt_doctors=general-practitioner%3Binfectionist%3Borthopedic-traumatologist%3Botolaryngologist%3Btherapist HTTP/1.1" 200 100313 "https://emteko.com/en/publications?flt_products=lorde-hyal%3Bokistar-hyal-7&flt_doctors=infectionist%3Borthopedic-traumatologist%3Botolaryngologist%3Btherapist" "Mozilla/5.0 (Linux; Android 7.0;) AppleWebKit/537.36 (KHTML, like Gecko) Mobile Safari/537.36 (compatible; PetalBot;+https://webmaster.petalsearch.com/site/petalbot)" "-"
78.47.173.76 - - [26/Oct/2025:13:24:13 +0200 - 0.013 - 0.012] "HEAD / HTTP/1.1" 200 0 "https://emteko.com" "Mozilla/5.0+(compatible; UptimeRobot/2.0; http://www.uptimerobot.com/)" "-"
114.119.154.181 - - [26/Oct/2025:13:24:34 +0200 - 0.992 - 0.012] "GET /en/publications?flt_products=lorde-hyal%3Bokistar-hyal-7&flt_doctors=general-practitioner%3Binfectionist%3Borthopedic-traumatologist HTTP/1.1" 200 100236 "https://emteko.com/en/publications/?flt_products=lorde-hyal%3Bokistar-hyal-7&flt_doctors=general-practitioner%3Binfectionist%3Borthopedic-traumatologist%3Bpulmonologist" "Mozilla/5.0 (Linux; Android 7.0;) AppleWebKit/537.36 (KHTML, like Gecko) Mobile Safari/537.36 (compatible; PetalBot;+https://webmaster.petalsearch.com/site/petalbot)" "-"
168.119.96.239 - - [26/Oct/2025:13:25:16 +0200 - 0.012 - 0.012] "HEAD / HTTP/1.1" 200 0 "https://emteko.com" "Mozilla/5.0+(compatible; UptimeRobot/2.0; http://www.uptimerobot.com/)" "-"
168.119.96.239 - - [26/Oct/2025:13:25:48 +0200 - 0.014 - 0.016] "HEAD / HTTP/1.1" 200 0 "https://emteko.com" "Mozilla/5.0+(compatible; UptimeRobot/2.0; http://www.uptimerobot.com/)" "-"
114.119.154.181 - - [26/Oct/2025:13:26:00 +0200 - 0.985 - 0.012] "GET /en/publications?flt_products=okistar-hyal-7&flt_doctors=infectionist%3Btherapist HTTP/1.1" 200 99114 "https://emteko.com/en/publications?flt_products=diart%3Bokistar-hyal-7&flt_doctors=infectionist%3Btherapist" "Mozilla/5.0 (Linux; Android 7.0;) AppleWebKit/537.36 (KHTML, like Gecko) Mobile Safari/537.36 (compatible; PetalBot;+https://webmaster.petalsearch.com/site/petalbot)" "-"
168.119.53.160 - - [26/Oct/2025:13:26:20 +0200 - 0.012 - 0.012] "HEAD / HTTP/1.1" 200 0 "https://emteko.com" "Mozilla/5.0+(compatible; UptimeRobot/2.0; http://www.uptimerobot.com/)" "-"
31.131.20.181 - - [26/Oct/2025:13:27:21 +0200 - 0.001 - 0.000] "POST /wp-cron.php?doing_wp_cron=1761478041.5360279083251953125000 HTTP/1.1" 499 0 "-" "WordPress/6.8.3; https://emteko.com/en/" "-"
52.167.144.146 - - [26/Oct/2025:13:27:21 +0200 - 1.035 - 1.036] "GET /en/doctorspecial/general-practitioner/?flt_products=lorde-hyal&flt_doctors=general-practitioner;pulmonologist HTTP/1.1" 200 99844 "-" "Mozilla/5.0 AppleWebKit/537.36 (KHTML, like Gecko; compatible; bingbot/2.0; +http://www.bing.com/bingbot.htm) Chrome/116.0.1938.76 Safari/537.36" "-"
78.47.173.76 - - [26/Oct/2025:13:27:25 +0200 - 0.003 - 0.000] "HEAD / HTTP/1.1" 200 0 "https://emteko.com" "Mozilla/5.0+(compatible; UptimeRobot/2.0; http://www.uptimerobot.com/)" "-"
207.46.13.14 - - [26/Oct/2025:13:27:33 +0200 - 0.890 - 0.888] "GET /doctorspecial/gimenes-arsts/?flt_products=okistar-hyal-7-lv&flt_doctors=gimenes-arsts;infektologs HTTP/1.1" 200 99135 "-" "Mozilla/5.0 AppleWebKit/537.36 (KHTML, like Gecko; compatible; bingbot/2.0; +http://www.bing.com/bingbot.htm) Chrome/116.0.1938.76 Safari/537.36" "-"
114.119.134.51 - - [26/Oct/2025:13:27:34 +0200 - 1.834 - 0.932] "GET /en/publications?flt_products=okistar-hyal-7&flt_doctors=general-practitioner%3Botolaryngologist%3Bpediatrician%3Bpulmonologist%3Btherapist HTTP/1.1" 200 99269 "https://emteko.com/en/publications?flt_products=nasisoft%3Bokistar-hyal-7&flt_doctors=general-practitioner%3Botolaryngologist%3Bpediatrician%3Bpulmonologist%3Btherapist" "Mozilla/5.0 (Linux; Android 7.0;) AppleWebKit/537.36 (KHTML, like Gecko) Mobile Safari/537.36 (compatible; PetalBot;+https://webmaster.petalsearch.com/site/petalbot)" "-"
49.13.24.81 - - [26/Oct/2025:13:28:28 +0200 - 0.012 - 0.012] "HEAD / HTTP/1.1" 200 0 "https://emteko.com" "Mozilla/5.0+(compatible; UptimeRobot/2.0; http://www.uptimerobot.com/)" "-"
114.119.154.181 - - [26/Oct/2025:13:28:56 +0200 - 0.998 - 0.020] "GET /en/publications?flt_products=nasisoft&flt_doctors=general-practitioner%3Binfectionist%3Borthopedic-traumatologist%3Bpulmonologist HTTP/1.1" 200 99045 "https://emteko.com/en/publications?flt_products=nasisoft%3Bokistar-hyal-7&flt_doctors=general-practitioner%3Binfectionist%3Borthopedic-traumatologist%3Bpulmonologist" "Mozilla/5.0 (Linux; Android 7.0;) AppleWebKit/537.36 (KHTML, like Gecko) Mobile Safari/537.36 (compatible; PetalBot;+https://webmaster.petalsearch.com/site/petalbot)" "-"
167.235.143.113 - - [26/Oct/2025:13:29:33 +0200 - 0.011 - 0.012] "HEAD / HTTP/1.1" 200 0 "https://emteko.com" "Mozilla/5.0+(compatible; UptimeRobot/2.0; http://www.uptimerobot.com/)" "-"
31.131.20.181 - - [26/Oct/2025:13:30:22 +0200 - 0.000 - 0.000] "POST /wp-cron.php?doing_wp_cron=1761478222.7785170078277587890625 HTTP/1.1" 499 0 "-" "WordPress/6.8.3; https://emteko.com/en/" "-"
114.119.154.89 - - [26/Oct/2025:13:30:24 +0200 - 2.683 - 1.112] "GET /en/publications?flt_products=nasisoft%3Bokistar-hyal-7&flt_doctors=orthopedic-traumatologist HTTP/1.1" 200 98588 "https://emteko.com/en/publications?flt_products=nasisoft%3Bokistar-hyal-7&flt_doctors=general-practitioner%3Borthopedic-traumatologist" "Mozilla/5.0 (Linux; Android 7.0;) AppleWebKit/537.36 (KHTML, like Gecko) Mobile Safari/537.36 (compatible; PetalBot;+https://webmaster.petalsearch.com/site/petalbot)" "-"
157.90.155.240 - - [26/Oct/2025:13:30:37 +0200 - 0.016 - 0.016] "HEAD / HTTP/1.1" 200 0 "https://emteko.com" "Mozilla/5.0+(compatible; UptimeRobot/2.0; http://www.uptimerobot.com/)" "-"
167.235.143.113 - - [26/Oct/2025:13:30:52 +0200 - 0.017 - 0.016] "HEAD / HTTP/1.1" 200 0 "https://emteko.com" "Mozilla/5.0+(compatible; UptimeRobot/2.0; http://www.uptimerobot.com/)" "-"
52.28.162.93 - - [26/Oct/2025:13:31:42 +0200 - 0.013 - 0.012] "HEAD / HTTP/1.1" 200 0 "https://emteko.com" "Mozilla/5.0+(compatible; UptimeRobot/2.0; http://www.uptimerobot.com/)" "-"
31.131.20.181 - - [26/Oct/2025:13:31:49 +0200 - 0.000 - 0.004] "POST /wp-cron.php?doing_wp_cron=1761478309.7177340984344482421875 HTTP/1.1" 499 0 "-" "WordPress/6.8.3; https://emteko.com/en/" "-"
114.119.154.181 - - [26/Oct/2025:13:31:51 +0200 - 2.558 - 1.204] "GET /en/publications?flt_products=lorde-hyal&flt_doctors=general-practitioner%3Borthopedic-traumatologist%3Botolaryngologist%3Bpediatrician%3Btherapist HTTP/1.1" 200 100277 "https://emteko.com/en/publications?flt_products=lorde-hyal&flt_doctors=general-practitioner%3Botolaryngologist%3Bpediatrician%3Btherapist" "Mozilla/5.0 (Linux; Android 7.0;) AppleWebKit/537.36 (KHTML, like Gecko) Mobile Safari/537.36 (compatible; PetalBot;+https://webmaster.petalsearch.com/site/petalbot)" "-"
88.99.80.227 - - [26/Oct/2025:13:32:46 +0200 - 0.012 - 0.012] "HEAD / HTTP/1.1" 200 0 "https://emteko.com" "Mozilla/5.0+(compatible; UptimeRobot/2.0; http://www.uptimerobot.com/)" "-"
31.131.20.181 - - [26/Oct/2025:13:33:19 +0200 - 0.002 - 0.000] "POST /wp-cron.php?doing_wp_cron=1761478399.1295409202575683593750 HTTP/1.1" 499 0 "-" "WordPress/6.8.3; https://emteko.com/en/" "-"
114.119.140.113 - - [26/Oct/2025:13:33:20 +0200 - 2.245 - 1.016] "GET /en/publications?flt_products=lorde-hyal%3Bnasisoft&flt_doctors=orthopedic-traumatologist%3Botolaryngologist%3Bpediatrician%3Btherapist HTTP/1.1" 200 100508 "https://emteko.com/en/publications?flt_products=lorde-hyal%3Bnasisoft&flt_doctors=orthopedic-traumatologist%3Botolaryngologist%3Btherapist" "Mozilla/5.0 (Linux; Android 7.0;) AppleWebKit/537.36 (KHTML, like Gecko) Mobile Safari/537.36 (compatible; PetalBot;+https://webmaster.petalsearch.com/site/petalbot)" "-"
168.119.53.160 - - [26/Oct/2025:13:33:50 +0200 - 0.016 - 0.016] "HEAD / HTTP/1.1" 200 0 "https://emteko.com" "Mozilla/5.0+(compatible; UptimeRobot/2.0; http://www.uptimerobot.com/)" "-"
114.119.132.202 - - [26/Oct/2025:13:34:47 +0200 - 1.001 - 0.012] "GET /en/publications?flt_products=lorde-hyal%3Bnasisoft&flt_doctors=orthopedic-traumatologist%3Botolaryngologist%3Bpediatrician HTTP/1.1" 200 100468 "https://emteko.com/en/publications/?flt_products=lorde-hyal%3Bnasisoft&flt_doctors=infectionist%3Borthopedic-traumatologist%3Botolaryngologist%3Bpediatrician" "Mozilla/5.0 (Linux; Android 7.0;) AppleWebKit/537.36 (KHTML, like Gecko) Mobile Safari/537.36 (compatible; PetalBot;+https://webmaster.petalsearch.com/site/petalbot)" "-"
49.13.24.81 - - [26/Oct/2025:13:34:55 +0200 - 0.002 - 0.004] "HEAD / HTTP/1.1" 200 0 "https://emteko.com" "Mozilla/5.0+(compatible; UptimeRobot/2.0; http://www.uptimerobot.com/)" "-"
3.77.67.4 - - [26/Oct/2025:13:35:57 +0200 - 0.013 - 0.012] "HEAD / HTTP/1.1" 200 0 "https://emteko.com" "Mozilla/5.0+(compatible; UptimeRobot/2.0; http://www.uptimerobot.com/)" "-"
128.140.41.193 - - [26/Oct/2025:13:36:00 +0200 - 0.003 - 0.000] "HEAD / HTTP/1.1" 200 0 "https://emteko.com" "Mozilla/5.0+(compatible; UptimeRobot/2.0; http://www.uptimerobot.com/)" "-"
31.131.20.181 - - [26/Oct/2025:13:36:11 +0200 - 0.000 - 0.000] "POST /wp-cron.php?doing_wp_cron=1761478571.7966549396514892578125 HTTP/1.1" 499 0 "-" "WordPress/6.8.3; https://emteko.com/en/" "-"
114.119.132.202 - - [26/Oct/2025:13:36:13 +0200 - 2.633 - 1.060] "GET /en/publications?flt_products=lorde-hyal%3Bnasisoft&flt_doctors=infectionist%3Botolaryngologist%3Bpediatrician%3Bpulmonologist%3Btherapist HTTP/1.1" 200 100534 "https://emteko.com/en/publications/?flt_products=lorde-hyal%3Bnasisoft&flt_doctors=infectionist%3Botolaryngologist%3Bpediatrician%3Bpulmonologist" "Mozilla/5.0 (Linux; Android 7.0;) AppleWebKit/537.36 (KHTML, like Gecko) Mobile Safari/537.36 (compatible; PetalBot;+https://webmaster.petalsearch.com/site/petalbot)" "-"
78.46.215.1 - - [26/Oct/2025:13:37:04 +0200 - 0.020 - 0.020] "HEAD / HTTP/1.1" 200 0 "https://emteko.com" "Mozilla/5.0+(compatible; UptimeRobot/2.0; http://www.uptimerobot.com/)" "-"
31.131.20.181 - - [26/Oct/2025:13:37:39 +0200 - 0.000 - 0.000] "POST /wp-cron.php?doing_wp_cron=1761478659.0617640018463134765625 HTTP/1.1" 499 0 "-" "WordPress/6.8.3; https://emteko.com/en/" "-"
114.119.133.35 - - [26/Oct/2025:13:37:40 +0200 - 2.009 - 1.088] "GET /en/publications?flt_products=lorde-hyal%3Bnasisoft&flt_doctors=infectionist%3Borthopedic-traumatologist%3Botolaryngologist%3Bpediatrician%3Bpulmonologist HTTP/1.1" 200 100544 "https://emteko.com/en/publications?flt_products=lorde-hyal%3Bnasisoft%3Bokistar-hyal-7&flt_doctors=infectionist%3Borthopedic-traumatologist%3Botolaryngologist%3Bpediatrician%3Bpulmonologist" "Mozilla/5.0 (Linux; Android 7.0;) AppleWebKit/537.36 (KHTML, like Gecko) Mobile Safari/537.36 (compatible; PetalBot;+https://webmaster.petalsearch.com/site/petalbot)" "-"
88.99.80.227 - - [26/Oct/2025:13:38:09 +0200 - 0.011 - 0.012] "HEAD / HTTP/1.1" 200 0 "https://emteko.com" "Mozilla/5.0+(compatible; UptimeRobot/2.0; http://www.uptimerobot.com/)" "-"
31.131.20.181 - - [26/Oct/2025:13:39:06 +0200 - 0.001 - 0.000] "POST /wp-cron.php?doing_wp_cron=1761478745.9549279212951660156250 HTTP/1.1" 499 0 "-" "WordPress/6.8.3; https://emteko.com/en/" "-"
114.119.154.181 - - [26/Oct/2025:13:39:07 +0200 - 2.104 - 1.112] "GET /en/publications?flt_products=lorde-hyal%3Bnasisoft&flt_doctors=general-practitioner%3Borthopedic-traumatologist%3Botolaryngologist%3Bpulmonologist HTTP/1.1" 200 100505 "https://emteko.com/en/publications?flt_products=lorde-hyal%3Bnasisoft&flt_doctors=general-practitioner%3Botolaryngologist%3Bpulmonologist" "Mozilla/5.0 (Linux; Android 7.0;) AppleWebKit/537.36 (KHTML, like Gecko) Mobile Safari/537.36 (compatible; PetalBot;+https://webmaster.petalsearch.com/site/petalbot)" "-"
88.99.80.227 - - [26/Oct/2025:13:39:14 +0200 - 0.002 - 0.004] "HEAD / HTTP/1.1" 200 0 "https://emteko.com" "Mozilla/5.0+(compatible; UptimeRobot/2.0; http://www.uptimerobot.com/)" "-"
31.131.20.181 - - [26/Oct/2025:13:39:58 +0200 - 0.003 - 0.004] "POST /wp-cron.php?doing_wp_cron=1761478798.0175731182098388671875 HTTP/1.1" 499 0 "-" "WordPress/6.8.3; https://emteko.com" "-"
74.125.208.110 - - [26/Oct/2025:13:39:58 +0200 - 0.889 - 0.888] "GET /.well-known/traffic-advice HTTP/1.1" 404 87002 "-" "Chrome Privacy Preserving Prefetch Proxy" "-"
209.198.143.90 - - [26/Oct/2025:13:39:59 +0200 - 0.002 - 0.000] "GET / HTTP/1.1" 200 89415 "https://www.google.com/" "Mozilla/5.0 (Windows NT 10.0; Win64; x64) AppleWebKit/537.36 (KHTML, like Gecko) Chrome/141.0.0.0 Safari/537.36" "-"
209.198.143.90 - - [26/Oct/2025:13:39:59 +0200 - 0.000 - -] "GET /wp-content/themes/emteko/images/main-bg.webp HTTP/1.1" 200 68940 "https://emteko.com/" "Mozilla/5.0 (Windows NT 10.0; Win64; x64) AppleWebKit/537.36 (KHTML, like Gecko) Chrome/141.0.0.0 Safari/537.36" "-"
209.198.143.90 - - [26/Oct/2025:13:39:59 +0200 - 0.000 - -] "GET /wp-content/themes/emteko/images/about-right.webp HTTP/1.1" 200 3316 "https://emteko.com/" "Mozilla/5.0 (Windows NT 10.0; Win64; x64) AppleWebKit/537.36 (KHTML, like Gecko) Chrome/141.0.0.0 Safari/537.36" "-"
209.198.143.90 - - [26/Oct/2025:13:39:59 +0200 - 0.000 - -] "GET /wp-content/themes/emteko/images/about-left.webp HTTP/1.1" 200 2920 "https://emteko.com/" "Mozilla/5.0 (Windows NT 10.0; Win64; x64) AppleWebKit/537.36 (KHTML, like Gecko) Chrome/141.0.0.0 Safari/537.36" "-"
209.198.143.90 - - [26/Oct/2025:13:39:59 +0200 - 0.000 - -] "GET /wp-content/themes/emteko/fonts/NeoSansPro-Regular.woff HTTP/1.1" 200 75588 "https://emteko.com/" "Mozilla/5.0 (Windows NT 10.0; Win64; x64) AppleWebKit/537.36 (KHTML, like Gecko) Chrome/141.0.0.0 Safari/537.36" "-"
209.198.143.90 - - [26/Oct/2025:13:39:59 +0200 - 0.000 - -] "GET /wp-content/themes/emteko/fonts/NeoSansPro-Italic.woff HTTP/1.1" 200 82572 "https://emteko.com/" "Mozilla/5.0 (Windows NT 10.0; Win64; x64) AppleWebKit/537.36 (KHTML, like Gecko) Chrome/141.0.0.0 Safari/537.36" "-"
209.198.143.90 - - [26/Oct/2025:13:39:59 +0200 - 0.058 - -] "GET /wp-content/themes/emteko/fonts/NeoSansPro-Medium.woff HTTP/1.1" 200 75064 "https://emteko.com/" "Mozilla/5.0 (Windows NT 10.0; Win64; x64) AppleWebKit/537.36 (KHTML, like Gecko) Chrome/141.0.0.0 Safari/537.36" "-"
209.198.143.90 - - [26/Oct/2025:13:39:59 +0200 - 0.049 - -] "GET /wp-content/themes/emteko/font-awesome/webfonts/fa-solid-900.woff2 HTTP/1.1" 200 157192 "https://emteko.com/" "Mozilla/5.0 (Windows NT 10.0; Win64; x64) AppleWebKit/537.36 (KHTML, like Gecko) Chrome/141.0.0.0 Safari/537.36" "-"
209.198.143.90 - - [26/Oct/2025:13:39:59 +0200 - 0.060 - -] "GET /wp-content/themes/emteko/font-awesome/webfonts/fa-brands-400.woff2 HTTP/1.1" 200 118072 "https://emteko.com/" "Mozilla/5.0 (Windows NT 10.0; Win64; x64) AppleWebKit/537.36 (KHTML, like Gecko) Chrome/141.0.0.0 Safari/537.36" "-"
209.198.143.90 - - [26/Oct/2025:13:39:59 +0200 - 0.000 - -] "GET /wp-content/themes/emteko/font-awesome/webfonts/fa-regular-400.woff2 HTTP/1.1" 200 25464 "https://emteko.com/" "Mozilla/5.0 (Windows NT 10.0; Win64; x64) AppleWebKit/537.36 (KHTML, like Gecko) Chrome/141.0.0.0 Safari/537.36" "-"
209.198.143.90 - - [26/Oct/2025:13:39:59 +0200 - 0.000 - -] "GET /wp-content/uploads/2024/06/advantagesbg.webp HTTP/1.1" 200 68830 "https://emteko.com/" "Mozilla/5.0 (Windows NT 10.0; Win64; x64) AppleWebKit/537.36 (KHTML, like Gecko) Chrome/141.0.0.0 Safari/537.36" "-"
209.198.143.90 - - [26/Oct/2025:13:39:59 +0200 - 0.000 - -] "GET /wp-content/themes/emteko/fonts/NeoSansPro-Bold.woff HTTP/1.1" 200 66132 "https://emteko.com/" "Mozilla/5.0 (Windows NT 10.0; Win64; x64) AppleWebKit/537.36 (KHTML, like Gecko) Chrome/141.0.0.0 Safari/537.36" "-"
209.198.143.90 - - [26/Oct/2025:13:40:00 +0200 - 0.000 - -] "GET /wp-content/themes/emteko/images/mainbg.webp HTTP/1.1" 200 29824 "https://emteko.com/" "Mozilla/5.0 (Windows NT 10.0; Win64; x64) AppleWebKit/537.36 (KHTML, like Gecko) Chrome/141.0.0.0 Safari/537.36" "-"
209.198.143.90 - - [26/Oct/2025:13:40:00 +0200 - 0.000 - -] "GET /wp-content/uploads/2024/06/aboutbg.webp HTTP/1.1" 200 25092 "https://emteko.com/" "Mozilla/5.0 (Windows NT 10.0; Win64; x64) AppleWebKit/537.36 (KHTML, like Gecko) Chrome/141.0.0.0 Safari/537.36" "-"
209.198.143.90 - - [26/Oct/2025:13:40:01 +0200 - 0.000 - -] "GET /wp-content/themes/emteko/images/favs/favicon-32x32.png HTTP/1.1" 200 1655 "https://emteko.com/" "Mozilla/5.0 (Windows NT 10.0; Win64; x64) AppleWebKit/537.36 (KHTML, like Gecko) Chrome/141.0.0.0 Safari/537.36" "-"
209.198.143.90 - - [26/Oct/2025:13:40:01 +0200 - 0.000 - -] "GET /wp-content/themes/emteko/images/favs/site.webmanifest HTTP/1.1" 200 426 "https://emteko.com/" "Mozilla/5.0 (Windows NT 10.0; Win64; x64) AppleWebKit/537.36 (KHTML, like Gecko) Chrome/141.0.0.0 Safari/537.36" "-"
209.198.143.90 - - [26/Oct/2025:13:40:03 +0200 - 0.022 - 0.024] "GET /contacts/ HTTP/1.1" 200 90827 "https://emteko.com/" "Mozilla/5.0 (Windows NT 10.0; Win64; x64) AppleWebKit/537.36 (KHTML, like Gecko) Chrome/141.0.0.0 Safari/537.36" "-"
31.131.20.181 - - [26/Oct/2025:13:40:05 +0200 - 0.000 - 0.000] "POST /wp-cron.php?doing_wp_cron=1761478804.9567270278930664062500 HTTP/1.1" 499 0 "-" "WordPress/6.8.3; https://emteko.com" "-"
209.198.143.90 - - [26/Oct/2025:13:40:05 +0200 - 1.184 - 1.184] "GET /wp-json/contact-form-7/v1/contact-forms/367/feedback/schema HTTP/1.1" 200 341 "https://emteko.com/contacts/" "Mozilla/5.0 (Windows NT 10.0; Win64; x64) AppleWebKit/537.36 (KHTML, like Gecko) Chrome/141.0.0.0 Safari/537.36" "-"
209.198.143.90 - - [26/Oct/2025:13:40:06 +0200 - 0.000 - -] "GET /wp-content/uploads/2024/09/aptieka-retina-logotips.png HTTP/1.1" 200 62834 "https://emteko.com/contacts/" "Mozilla/5.0 (Windows NT 10.0; Win64; x64) AppleWebKit/537.36 (KHTML, like Gecko) Chrome/141.0.0.0 Safari/537.36" "-"
209.198.143.90 - - [26/Oct/2025:13:40:06 +0200 - 0.000 - -] "GET /wp-content/uploads/2024/05/thumbnail_ia-logo-color-1.png HTTP/1.1" 200 9637 "https://emteko.com/contacts/" "Mozilla/5.0 (Windows NT 10.0; Win64; x64) AppleWebKit/537.36 (KHTML, like Gecko) Chrome/141.0.0.0 Safari/537.36" "-"
209.198.143.90 - - [26/Oct/2025:13:40:07 +0200 - 0.818 - 0.820] "GET /wp-json/contact-form-7/v1/contact-forms/367/refill HTTP/1.1" 200 33 "https://emteko.com/contacts/" "Mozilla/5.0 (Windows NT 10.0; Win64; x64) AppleWebKit/537.36 (KHTML, like Gecko) Chrome/141.0.0.0 Safari/537.36" "-"
49.13.167.123 - - [26/Oct/2025:13:40:19 +0200 - 0.012 - 0.008] "HEAD / HTTP/1.1" 200 0 "https://emteko.com" "Mozilla/5.0+(compatible; UptimeRobot/2.0; http://www.uptimerobot.com/)" "-"
209.198.143.90 - - [26/Oct/2025:13:40:31 +0200 - 0.013 - 0.012] "GET /about-us/ HTTP/1.1" 200 89638 "https://emteko.com/contacts/" "Mozilla/5.0 (Windows NT 10.0; Win64; x64) AppleWebKit/537.36 (KHTML, like Gecko) Chrome/141.0.0.0 Safari/537.36" "-"
209.198.143.90 - - [26/Oct/2025:13:40:32 +0200 - 0.000 - -] "GET /wp-content/uploads/2024/06/location-bg.webp HTTP/1.1" 200 120106 "https://emteko.com/about-us/" "Mozilla/5.0 (Windows NT 10.0; Win64; x64) AppleWebKit/537.36 (KHTML, like Gecko) Chrome/141.0.0.0 Safari/537.36" "-"
209.198.143.90 - - [26/Oct/2025:13:40:32 +0200 - 0.000 - -] "GET /wp-content/uploads/2024/06/advantages-bg.webp HTTP/1.1" 200 22050 "https://emteko.com/about-us/" "Mozilla/5.0 (Windows NT 10.0; Win64; x64) AppleWebKit/537.36 (KHTML, like Gecko) Chrome/141.0.0.0 Safari/537.36" "-"
209.198.143.90 - - [26/Oct/2025:13:40:32 +0200 - 0.000 - -] "GET /wp-content/uploads/2024/06/about.webp HTTP/1.1" 200 31336 "https://emteko.com/about-us/" "Mozilla/5.0 (Windows NT 10.0; Win64; x64) AppleWebKit/537.36 (KHTML, like Gecko) Chrome/141.0.0.0 Safari/537.36" "-"
209.198.143.90 - - [26/Oct/2025:13:40:33 +0200 - 0.000 - -] "GET /wp-content/uploads/2024/06/sales-photo.webp HTTP/1.1" 200 18494 "https://emteko.com/about-us/" "Mozilla/5.0 (Windows NT 10.0; Win64; x64) AppleWebKit/537.36 (KHTML, like Gecko) Chrome/141.0.0.0 Safari/537.36" "-"
209.198.143.90 - - [26/Oct/2025:13:40:33 +0200 - 0.000 - -] "GET /wp-content/themes/emteko/images/sales-photo2.webp HTTP/1.1" 200 21012 "https://emteko.com/about-us/" "Mozilla/5.0 (Windows NT 10.0; Win64; x64) AppleWebKit/537.36 (KHTML, like Gecko) Chrome/141.0.0.0 Safari/537.36" "-"
