77.243.86.76 - - [26/Oct/2025:16:43:05 +0200 - 0.000 - -] "GET /wp-content/themes/emteko/font-awesome/webfonts/fa-brands-400.woff2 HTTP/1.1" 200 118072 "https://emteko.com/" "Mozilla/5.0 (Macintosh; Intel Mac OS X 10_15_7) AppleWebKit/537.36 (KHTML, like Gecko) Chrome/139.0.0.0 Safari/537.36" "-"
77.243.86.76 - - [26/Oct/2025:16:43:05 +0200 - 0.000 - -] "GET /wp-content/themes/emteko/fonts/NeoSansPro-Bold.woff HTTP/1.1" 200 66132 "https://emteko.com/" "Mozilla/5.0 (Macintosh; Intel Mac OS X 10_15_7) AppleWebKit/537.36 (KHTML, like Gecko) Chrome/139.0.0.0 Safari/537.36" "-"
77.243.86.76 - - [26/Oct/2025:16:43:05 +0200 - 0.000 - -] "GET /wp-content/themes/emteko/font-awesome/webfonts/fa-regular-400.woff2 HTTP/1.1" 200 25464 "https://emteko.com/" "Mozilla/5.0 (Macintosh; Intel Mac OS X 10_15_7) AppleWebKit/537.36 (KHTML, like Gecko) Chrome/139.0.0.0 Safari/537.36" "-"
77.243.86.76 - - [26/Oct/2025:16:43:05 +0200 - 0.000 - -] "GET /wp-content/themes/emteko/images/mainbg.webp HTTP/1.1" 200 29824 "https://emteko.com/" "Mozilla/5.0 (Macintosh; Intel Mac OS X 10_15_7) AppleWebKit/537.36 (KHTML, like Gecko) Chrome/139.0.0.0 Safari/537.36" "-"
77.243.86.76 - - [26/Oct/2025:16:43:07 +0200 - 0.000 - -] "GET /wp-content/uploads/2024/06/aboutbg.webp HTTP/1.1" 200 25092 "https://emteko.com/" "Mozilla/5.0 (Macintosh; Intel Mac OS X 10_15_7) AppleWebKit/537.36 (KHTML, like Gecko) Chrome/139.0.0.0 Safari/537.36" "-"
77.243.86.76 - - [26/Oct/2025:16:43:07 +0200 - 0.000 - -] "GET /wp-content/themes/emteko/images/favs/favicon-32x32.png HTTP/1.1" 200 1655 "https://emteko.com/" "Mozilla/5.0 (Macintosh; Intel Mac OS X 10_15_7) AppleWebKit/537.36 (KHTML, like Gecko) Chrome/139.0.0.0 Safari/537.36" "-"
77.243.86.76 - - [26/Oct/2025:16:43:07 +0200 - 0.000 - -] "GET /wp-content/themes/emteko/images/favs/site.webmanifest HTTP/1.1" 200 426 "https://emteko.com/" "Mozilla/5.0 (Macintosh; Intel Mac OS X 10_15_7) AppleWebKit/537.36 (KHTML, like Gecko) Chrome/139.0.0.0 Safari/537.36" "-"
31.131.20.181 - - [26/Oct/2025:16:43:15 +0200 - 0.000 - 0.000] "POST /wp-cron.php?doing_wp_cron=1761489795.6381940841674804687500 HTTP/1.1" 499 0 "-" "WordPress/6.8.3; https://emteko.com/en/" "-"
207.46.13.14 - - [26/Oct/2025:16:43:15 +0200 - 0.987 - 0.988] "GET /en/doctorspecial/pulmonologist/?flt_products=nasisoft&flt_doctors=infectionist;orthopedic-traumatologist;pulmonologist HTTP/1.1" 200 98654 "-" "Mozilla/5.0 AppleWebKit/537.36 (KHTML, like Gecko; compatible; bingbot/2.0; +http://www.bing.com/bingbot.htm) Chrome/116.0.1938.76 Safari/537.36" "-"
77.243.86.76 - - [26/Oct/2025:16:43:16 +0200 - 0.000 - -] "GET /wp-content/uploads/2024/06/license.webp HTTP/1.1" 200 12474 "https://emteko.com/" "Mozilla/5.0 (Macintosh; Intel Mac OS X 10_15_7) AppleWebKit/537.36 (KHTML, like Gecko) Chrome/139.0.0.0 Safari/537.36" "-"
77.243.86.76 - - [26/Oct/2025:16:43:17 +0200 - 0.035 - 0.004] "GET /catalog/ HTTP/1.1" 200 98529 "https://emteko.com/" "Mozilla/5.0 (Macintosh; Intel Mac OS X 10_15_7) AppleWebKit/537.36 (KHTML, like Gecko) Chrome/139.0.0.0 Safari/537.36" "-"
77.243.86.76 - - [26/Oct/2025:16:43:18 +0200 - 0.000 - -] "GET /wp-content/uploads/2025/09/2025-09-02-04723-1-e1757491295543-628x1024.png HTTP/1.1" 200 94861 "https://emteko.com/catalog/" "Mozilla/5.0 (Macintosh; Intel Mac OS X 10_15_7) AppleWebKit/537.36 (KHTML, like Gecko) Chrome/139.0.0.0 Safari/537.36" "-"
77.243.86.76 - - [26/Oct/2025:16:43:18 +0200 - 0.000 - -] "GET /wp-content/uploads/2024/05/2025-10-15-emteko-06251-1024x683.jpg HTTP/1.1" 200 81704 "https://emteko.com/catalog/" "Mozilla/5.0 (Macintosh; Intel Mac OS X 10_15_7) AppleWebKit/537.36 (KHTML, like Gecko) Chrome/139.0.0.0 Safari/537.36" "-"
77.243.86.76 - - [26/Oct/2025:16:43:19 +0200 - 0.000 - -] "GET /wp-content/uploads/2024/05/2025-10-15-emteko-06247-1024x683.jpg HTTP/1.1" 200 53458 "https://emteko.com/catalog/" "Mozilla/5.0 (Macintosh; Intel Mac OS X 10_15_7) AppleWebKit/537.36 (KHTML, like Gecko) Chrome/139.0.0.0 Safari/537.36" "-"
77.243.86.76 - - [26/Oct/2025:16:43:19 +0200 - 0.000 - -] "GET /wp-content/uploads/2024/05/2025-10-15-emteko-06243-1024x683.jpg HTTP/1.1" 200 60509 "https://emteko.com/catalog/" "Mozilla/5.0 (Macintosh; Intel Mac OS X 10_15_7) AppleWebKit/537.36 (KHTML, like Gecko) Chrome/139.0.0.0 Safari/537.36" "-"
77.243.86.76 - - [26/Oct/2025:16:43:20 +0200 - 0.002 - 0.004] "GET / HTTP/1.1" 200 89415 "https://emteko.com/catalog/" "Mozilla/5.0 (Macintosh; Intel Mac OS X 10_15_7) AppleWebKit/537.36 (KHTML, like Gecko) Chrome/139.0.0.0 Safari/537.36" "-"
77.243.86.76 - - [26/Oct/2025:16:43:23 +0200 - 0.031 - 0.000] "GET /catalog/ HTTP/1.1" 200 98529 "https://emteko.com/" "Mozilla/5.0 (Macintosh; Intel Mac OS X 10_15_7) AppleWebKit/537.36 (KHTML, like Gecko) Chrome/139.0.0.0 Safari/537.36" "-"
77.243.86.76 - - [26/Oct/2025:16:43:29 +0200 - 0.035 - 0.004] "GET /products/reo/ HTTP/1.1" 200 89806 "https://emteko.com/catalog/" "Mozilla/5.0 (Macintosh; Intel Mac OS X 10_15_7) AppleWebKit/537.36 (KHTML, like Gecko) Chrome/139.0.0.0 Safari/537.36" "-"
114.119.132.104 - - [26/Oct/2025:16:43:36 +0200 - 1.916 - 1.008] "GET /en/publications?flt_products=diart%3Blorde-hyal%3Bokistar-hyal-7&flt_doctors=general-practitioner%3Bpediatrician%3Bpulmonologist%3Btherapist HTTP/1.1" 200 100305 "https://emteko.com/en/publications?flt_products=lorde-hyal%3Bokistar-hyal-7&flt_doctors=general-practitioner%3Bpediatrician%3Bpulmonologist%3Btherapist" "Mozilla/5.0 (Linux; Android 7.0;) AppleWebKit/537.36 (KHTML, like Gecko) Mobile Safari/537.36 (compatible; PetalBot;+https://webmaster.petalsearch.com/site/petalbot)" "-"
63.178.84.147 - - [26/Oct/2025:16:43:44 +0200 - 0.002 - 0.000] "HEAD / HTTP/1.1" 200 0 "https://emteko.com" "Mozilla/5.0+(compatible; UptimeRobot/2.0; http://www.uptimerobot.com/)" "-"
167.235.143.113 - - [26/Oct/2025:16:44:04 +0200 - 0.031 - 0.028] "HEAD / HTTP/1.1" 200 0 "https://emteko.com" "Mozilla/5.0+(compatible; UptimeRobot/2.0; http://www.uptimerobot.com/)" "-"
114.119.154.181 - - [26/Oct/2025:16:44:59 +0200 - 0.944 - 0.020] "GET /en/publications?flt_products=diart%3Blorde-hyal%3Bokistar-hyal-7&flt_doctors=general-practitioner%3Botolaryngologist%3Bpediatrician HTTP/1.1" 200 100277 "https://emteko.com/en/publications/?flt_products=diart%3Blorde-hyal%3Bokistar-hyal-7&flt_doctors=general-practitioner%3Botolaryngologist%3Bpediatrician%3Bpulmonologist" "Mozilla/5.0 (Linux; Android 7.0;) AppleWebKit/537.36 (KHTML, like Gecko) Mobile Safari/537.36 (compatible; PetalBot;+https://webmaster.petalsearch.com/site/petalbot)" "-"
52.59.43.236 - - [26/Oct/2025:16:45:09 +0200 - 0.003 - 0.004] "HEAD / HTTP/1.1" 200 0 "https://emteko.com" "Mozilla/5.0+(compatible; UptimeRobot/2.0; http://www.uptimerobot.com/)" "-"
159.69.158.189 - - [26/Oct/2025:16:46:14 +0200 - 0.012 - 0.012] "HEAD / HTTP/1.1" 200 0 "https://emteko.com" "Mozilla/5.0+(compatible; UptimeRobot/2.0; http://www.uptimerobot.com/)" "-"
31.131.20.181 - - [26/Oct/2025:16:46:21 +0200 - 0.002 - 0.004] "POST /wp-cron.php?doing_wp_cron=1761489981.1338679790496826171875 HTTP/1.1" 499 0 "-" "WordPress/6.8.3; https://emteko.com/en/" "-"
114.119.136.120 - - [26/Oct/2025:16:46:22 +0200 - 1.733 - 1.092] "GET /en/publications?flt_products=diart%3Blorde-hyal%3Bokistar-hyal-7&flt_doctors=general-practitioner%3Borthopedic-traumatologist%3Bpediatrician%3Bpulmonologist%3Btherapist HTTP/1.1" 200 100360 "https://emteko.com/en/publications?flt_products=diart%3Blorde-hyal&flt_doctors=general-practitioner%3Borthopedic-traumatologist%3Bpediatrician%3Bpulmonologist%3Btherapist" "Mozilla/5.0 (Linux; Android 7.0;) AppleWebKit/537.36 (KHTML, like Gecko) Mobile Safari/537.36 (compatible; PetalBot;+https://webmaster.petalsearch.com/site/petalbot)" "-"
49.13.134.145 - - [26/Oct/2025:16:47:18 +0200 - 0.015 - 0.016] "HEAD / HTTP/1.1" 200 0 "https://emteko.com" "Mozilla/5.0+(compatible; UptimeRobot/2.0; http://www.uptimerobot.com/)" "-"
31.131.20.181 - - [26/Oct/2025:16:47:45 +0200 - 0.001 - 0.000] "POST /wp-cron.php?doing_wp_cron=1761490065.8093299865722656250000 HTTP/1.1" 499 0 "-" "WordPress/6.8.3; https://emteko.com/en/" "-"
114.119.134.51 - - [26/Oct/2025:16:47:46 +0200 - 1.946 - 1.044] "GET /en/publications?flt_products=diart%3Blorde-hyal%3Bokistar-hyal-7&flt_doctors=general-practitioner%3Borthopedic-traumatologist%3Bpediatrician%3Bpulmonologist HTTP/1.1" 200 100317 "https://emteko.com/en/publications?flt_products=diart%3Blorde-hyal&flt_doctors=general-practitioner%3Borthopedic-traumatologist%3Bpediatrician%3Bpulmonologist" "Mozilla/5.0 (Linux; Android 7.0;) AppleWebKit/537.36 (KHTML, like Gecko) Mobile Safari/537.36 (compatible; PetalBot;+https://webmaster.petalsearch.com/site/petalbot)" "-"
81.198.221.134 - - [26/Oct/2025:16:47:56 +0200 - 0.002 - 0.000] "GET /products/reo/ HTTP/1.1" 200 89806 "-" "Mozilla/5.0 (Macintosh; Intel Mac OS X 10_15_7) AppleWebKit/537.36 (KHTML, like Gecko) Chrome/140.0.0.0 Safari/537.36" "-"
81.198.221.134 - - [26/Oct/2025:16:47:59 +0200 - 0.000 - -] "GET /wp-content/themes/emteko/fonts/NeoSansPro-Regular.woff HTTP/1.1" 200 75588 "https://emteko.com/products/reo/" "Mozilla/5.0 (Macintosh; Intel Mac OS X 10_15_7) AppleWebKit/537.36 (KHTML, like Gecko) Chrome/140.0.0.0 Safari/537.36" "-"
81.198.221.134 - - [26/Oct/2025:16:47:59 +0200 - 0.000 - -] "GET /wp-content/themes/emteko/font-awesome/webfonts/fa-brands-400.woff2 HTTP/1.1" 200 118072 "https://emteko.com/products/reo/" "Mozilla/5.0 (Macintosh; Intel Mac OS X 10_15_7) AppleWebKit/537.36 (KHTML, like Gecko) Chrome/140.0.0.0 Safari/537.36" "-"
81.198.221.134 - - [26/Oct/2025:16:47:59 +0200 - 0.109 - -] "GET /wp-content/themes/emteko/fonts/NeoSansPro-Italic.woff HTTP/1.1" 200 82572 "https://emteko.com/products/reo/" "Mozilla/5.0 (Macintosh; Intel Mac OS X 10_15_7) AppleWebKit/537.36 (KHTML, like Gecko) Chrome/140.0.0.0 Safari/537.36" "-"
81.198.221.134 - - [26/Oct/2025:16:47:59 +0200 - 0.000 - -] "GET /wp-content/themes/emteko/fonts/NeoSansPro-Bold.woff HTTP/1.1" 200 66132 "https://emteko.com/products/reo/" "Mozilla/5.0 (Macintosh; Intel Mac OS X 10_15_7) AppleWebKit/537.36 (KHTML, like Gecko) Chrome/140.0.0.0 Safari/537.36" "-"
81.198.221.134 - - [26/Oct/2025:16:47:59 +0200 - 0.000 - -] "GET /wp-content/themes/emteko/fonts/NeoSansPro-Medium.woff HTTP/1.1" 200 75064 "https://emteko.com/products/reo/" "Mozilla/5.0 (Macintosh; Intel Mac OS X 10_15_7) AppleWebKit/537.36 (KHTML, like Gecko) Chrome/140.0.0.0 Safari/537.36" "-"
81.198.221.134 - - [26/Oct/2025:16:48:00 +0200 - 0.000 - -] "GET /wp-content/uploads/2025/09/2025-09-02-04723-1-e1757491295543-628x1024.png HTTP/1.1" 200 94861 "https://emteko.com/products/reo/" "Mozilla/5.0 (Macintosh; Intel Mac OS X 10_15_7) AppleWebKit/537.36 (KHTML, like Gecko) Chrome/140.0.0.0 Safari/537.36" "-"
81.198.221.134 - - [26/Oct/2025:16:48:00 +0200 - 0.053 - -] "GET /wp-content/themes/emteko/font-awesome/webfonts/fa-solid-900.woff2 HTTP/1.1" 200 157192 "https://emteko.com/products/reo/" "Mozilla/5.0 (Macintosh; Intel Mac OS X 10_15_7) AppleWebKit/537.36 (KHTML, like Gecko) Chrome/140.0.0.0 Safari/537.36" "-"
81.198.221.134 - - [26/Oct/2025:16:48:01 +0200 - 0.000 - -] "GET /wp-content/themes/emteko/images/favs/favicon-32x32.png HTTP/1.1" 200 1655 "https://emteko.com/products/reo/" "Mozilla/5.0 (Macintosh; Intel Mac OS X 10_15_7) AppleWebKit/537.36 (KHTML, like Gecko) Chrome/140.0.0.0 Safari/537.36" "-"
81.198.221.134 - - [26/Oct/2025:16:48:01 +0200 - 0.000 - -] "GET /wp-content/themes/emteko/images/favs/site.webmanifest HTTP/1.1" 200 426 "https://emteko.com/products/reo/" "Mozilla/5.0 (Macintosh; Intel Mac OS X 10_15_7) AppleWebKit/537.36 (KHTML, like Gecko) Chrome/140.0.0.0 Safari/537.36" "-"
167.235.143.113 - - [26/Oct/2025:16:48:22 +0200 - 0.012 - 0.012] "HEAD / HTTP/1.1" 200 0 "https://emteko.com" "Mozilla/5.0+(compatible; UptimeRobot/2.0; http://www.uptimerobot.com/)" "-"
88.99.80.227 - - [26/Oct/2025:16:48:48 +0200 - 0.012 - 0.012] "HEAD / HTTP/1.1" 200 0 "https://emteko.com" "Mozilla/5.0+(compatible; UptimeRobot/2.0; http://www.uptimerobot.com/)" "-"
159.69.158.189 - - [26/Oct/2025:16:49:26 +0200 - 0.019 - 0.020] "HEAD / HTTP/1.1" 200 0 "https://emteko.com" "Mozilla/5.0+(compatible; UptimeRobot/2.0; http://www.uptimerobot.com/)" "-"
78.47.173.76 - - [26/Oct/2025:16:50:31 +0200 - 0.012 - 0.012] "HEAD / HTTP/1.1" 200 0 "https://emteko.com" "Mozilla/5.0+(compatible; UptimeRobot/2.0; http://www.uptimerobot.com/)" "-"
68.221.67.161 - - [26/Oct/2025:16:50:32 +0200 - 0.002 - 0.000] "GET /en/products/lorde-hyal/ HTTP/1.1" 200 91956 "-" "Mozilla/5.0 AppleWebKit/537.36 (KHTML, like Gecko); compatible; ChatGPT-User/1.0; +https://openai.com/bot" "-"
68.221.67.161 - - [26/Oct/2025:16:50:35 +0200 - 0.002 - 0.004] "GET / HTTP/1.1" 200 89415 "-" "Mozilla/5.0 AppleWebKit/537.36 (KHTML, like Gecko); compatible; ChatGPT-User/1.0; +https://openai.com/bot" "-"
114.119.132.202 - - [26/Oct/2025:16:50:38 +0200 - 1.012 - 0.004] "GET /en/publications?flt_products=diart%3Blorde-hyal%3Bokistar-hyal-7&flt_doctors=general-practitioner%3Borthopedic-traumatologist%3Botolaryngologist%3Bpediatrician HTTP/1.1" 200 100319 "https://emteko.com/en/publications/?flt_products=diart%3Blorde-hyal%3Bnasisoft%3Bokistar-hyal-7&flt_doctors=general-practitioner%3Borthopedic-traumatologist%3Botolaryngologist%3Bpediatrician" "Mozilla/5.0 (Linux; Android 7.0;) AppleWebKit/537.36 (KHTML, like Gecko) Mobile Safari/537.36 (compatible; PetalBot;+https://webmaster.petalsearch.com/site/petalbot)" "-"
78.46.215.1 - - [26/Oct/2025:16:51:36 +0200 - 0.011 - 0.012] "HEAD / HTTP/1.1" 200 0 "https://emteko.com" "Mozilla/5.0+(compatible; UptimeRobot/2.0; http://www.uptimerobot.com/)" "-"
31.131.20.181 - - [26/Oct/2025:16:51:55 +0200 - 0.000 - 0.000] "POST /wp-cron.php?doing_wp_cron=1761490315.7847878932952880859375 HTTP/1.1" 499 0 "-" "WordPress/6.8.3; https://emteko.com/en/" "-"
114.119.136.120 - - [26/Oct/2025:16:51:57 +0200 - 2.210 - 1.196] "GET /en/publications?flt_products=diart%3Blorde-hyal%3Bokistar-hyal-7&flt_doctors=general-practitioner%3Borthopedic-traumatologist%3Botolaryngologist HTTP/1.1" 200 100275 "https://emteko.com/en/publications?flt_products=artro-patch%3Bdiart%3Blorde-hyal%3Bokistar-hyal-7&flt_doctors=general-practitioner%3Borthopedic-traumatologist%3Botolaryngologist" "Mozilla/5.0 (Linux; Android 7.0;) AppleWebKit/537.36 (KHTML, like Gecko) Mobile Safari/537.36 (compatible; PetalBot;+https://webmaster.petalsearch.com/site/petalbot)" "-"
167.235.143.113 - - [26/Oct/2025:16:52:40 +0200 - 0.017 - 0.016] "HEAD / HTTP/1.1" 200 0 "https://emteko.com" "Mozilla/5.0+(compatible; UptimeRobot/2.0; http://www.uptimerobot.com/)" "-"
31.131.20.181 - - [26/Oct/2025:16:53:23 +0200 - 0.000 - 0.000] "POST /wp-cron.php?doing_wp_cron=1761490403.1703619956970214843750 HTTP/1.1" 499 0 "-" "WordPress/6.8.3; https://emteko.com/en/" "-"
114.119.132.202 - - [26/Oct/2025:16:53:24 +0200 - 2.027 - 1.092] "GET /en/publications?flt_products=diart%3Blorde-hyal%3Bokistar-hyal-7&flt_doctors=general-practitioner%3Borthopedic-traumatologist HTTP/1.1" 200 100231 "https://emteko.com/en/publications?flt_products=diart%3Blorde-hyal&flt_doctors=general-practitioner%3Borthopedic-traumatologist" "Mozilla/5.0 (Linux; Android 7.0;) AppleWebKit/537.36 (KHTML, like Gecko) Mobile Safari/537.36 (compatible; PetalBot;+https://webmaster.petalsearch.com/site/petalbot)" "-"
207.46.13.141 - - [26/Oct/2025:16:53:27 +0200 - 0.004 - 0.004] "GET /doctorspecial/infektologs/?flt_products=artro-patch-lv HTTP/1.1" 200 95281 "-" "Mozilla/5.0 AppleWebKit/537.36 (KHTML, like Gecko; compatible; bingbot/2.0; +http://www.bing.com/bingbot.htm) Chrome/116.0.1938.76 Safari/537.36" "-"
78.47.98.55 - - [26/Oct/2025:16:53:45 +0200 - 0.012 - 0.012] "HEAD / HTTP/1.1" 200 0 "https://emteko.com" "Mozilla/5.0+(compatible; UptimeRobot/2.0; http://www.uptimerobot.com/)" "-"
78.47.173.76 - - [26/Oct/2025:16:53:52 +0200 - 0.002 - 0.004] "HEAD / HTTP/1.1" 200 0 "https://emteko.com" "Mozilla/5.0+(compatible; UptimeRobot/2.0; http://www.uptimerobot.com/)" "-"
20.77.178.242 - - [26/Oct/2025:16:53:56 +0200 - 0.005 - 0.004] "GET /en/publications/acute-respiratory-viral-infections-arvi-influenza-and-common-cold/ HTTP/1.1" 200 91625 "-" "Mozilla/5.0 AppleWebKit/537.36 (KHTML, like Gecko); compatible; ChatGPT-User/1.0; +https://openai.com/bot" "-"
31.131.20.181 - - [26/Oct/2025:16:54:42 +0200 - 0.001 - 0.000] "POST /wp-cron.php?doing_wp_cron=1761490482.4033489227294921875000 HTTP/1.1" 499 0 "-" "WordPress/6.8.3; https://emteko.com/en/" "-"
114.119.154.181 - - [26/Oct/2025:16:54:43 +0200 - 1.956 - 1.033] "GET /en/publications?flt_products=diart%3Blorde-hyal%3Bokistar-hyal-7&flt_doctors=general-practitioner%3Binfectionist%3Bpediatrician%3Bpulmonologist%3Btherapist HTTP/1.1" 200 100342 "https://emteko.com/en/publications/?flt_products=artro-patch%3Bdiart%3Blorde-hyal%3Bokistar-hyal-7&flt_doctors=general-practitioner%3Binfectionist%3Bpediatrician%3Bpulmonologist%3Btherapist" "Mozilla/5.0 (Linux; Android 7.0;) AppleWebKit/537.36 (KHTML, like Gecko) Mobile Safari/537.36 (compatible; PetalBot;+https://webmaster.petalsearch.com/site/petalbot)" "-"
49.13.24.81 - - [26/Oct/2025:16:54:49 +0200 - 0.003 - 0.004] "HEAD / HTTP/1.1" 200 0 "https://emteko.com" "Mozilla/5.0+(compatible; UptimeRobot/2.0; http://www.uptimerobot.com/)" "-"
49.13.24.81 - - [26/Oct/2025:16:55:54 +0200 - 0.011 - 0.012] "HEAD / HTTP/1.1" 200 0 "https://emteko.com" "Mozilla/5.0+(compatible; UptimeRobot/2.0; http://www.uptimerobot.com/)" "-"
114.119.134.51 - - [26/Oct/2025:16:56:12 +0200 - 0.909 - 0.012] "GET /en/publications?flt_products=diart%3Blorde-hyal%3Bokistar-hyal-7&flt_doctors=general-practitioner%3Binfectionist%3Borthopedic-traumatologist%3Botolaryngologist%3Bpediatrician%3Bpulmonologist%3Btherapist HTTP/1.1" 200 100455 "https://emteko.com/en/publications?flt_products=diart%3Blorde-hyal&flt_doctors=general-practitioner%3Binfectionist%3Borthopedic-traumatologist%3Botolaryngologist%3Bpediatrician%3Bpulmonologist%3Btherapist" "Mozilla/5.0 (Linux; Android 7.0;) AppleWebKit/537.36 (KHTML, like Gecko) Mobile Safari/537.36 (compatible; PetalBot;+https://webmaster.petalsearch.com/site/petalbot)" "-"
128.140.106.114 - - [26/Oct/2025:16:56:58 +0200 - 0.013 - 0.012] "HEAD / HTTP/1.1" 200 0 "https://emteko.com" "Mozilla/5.0+(compatible; UptimeRobot/2.0; http://www.uptimerobot.com/)" "-"
104.28.210.70 - - [26/Oct/2025:16:57:24 +0200 - 0.000 - -] "GET //xmlrpc.php?rsd HTTP/1.1" 404 576 "areuready.com/wp-login.php" "Mozilla/5.0 (Windows NT 10.0; Win64; x64) AppleWebKit/537.36 (KHTML, like Gecko) Chrome/134.0.0.0 Safari/537.36" "-"
31.131.20.181 - - [26/Oct/2025:16:57:25 +0200 - 0.004 - 0.004] "POST /wp-cron.php?doing_wp_cron=1761490645.7608640193939208984375 HTTP/1.1" 499 0 "-" "WordPress/6.8.3; https://emteko.com" "-"
104.28.210.70 - - [26/Oct/2025:16:57:25 +0200 - 0.826 - 0.828] "GET //blog/robots.txt HTTP/1.1" 301 5 "areuready.com/wp-login.php" "Mozilla/5.0 (Windows NT 10.0; Win64; x64) AppleWebKit/537.36 (KHTML, like Gecko) Chrome/134.0.0.0 Safari/537.36" "-"
104.28.210.70 - - [26/Oct/2025:16:57:26 +0200 - 0.690 - 0.692] "GET //blog/ HTTP/1.1" 301 5 "areuready.com/wp-login.php" "Mozilla/5.0 (Windows NT 10.0; Win64; x64) AppleWebKit/537.36 (KHTML, like Gecko) Chrome/134.0.0.0 Safari/537.36" "-"
104.28.210.70 - - [26/Oct/2025:16:57:27 +0200 - 1.113 - 1.112] "GET //wordpress/ HTTP/1.1" 301 5 "areuready.com/wp-login.php" "Mozilla/5.0 (Windows NT 10.0; Win64; x64) AppleWebKit/537.36 (KHTML, like Gecko) Chrome/134.0.0.0 Safari/537.36" "-"
104.28.210.70 - - [26/Oct/2025:16:57:28 +0200 - 0.707 - 0.708] "GET //wp/ HTTP/1.1" 301 5 "areuready.com/wp-login.php" "Mozilla/5.0 (Windows NT 10.0; Win64; x64) AppleWebKit/537.36 (KHTML, like Gecko) Chrome/134.0.0.0 Safari/537.36" "-"
114.119.134.51 - - [26/Oct/2025:16:57:31 +0200 - 1.771 - 0.840] "GET /en/publications?flt_products=diart%3Blorde-hyal%3Bokistar-hyal-7&flt_doctors=general-practitioner%3Binfectionist%3Borthopedic-traumatologist%3Botolaryngologist%3Bpediatrician HTTP/1.1" 200 100360 "https://emteko.com/en/publications?flt_products=lorde-hyal%3Bokistar-hyal-7&flt_doctors=general-practitioner%3Binfectionist%3Borthopedic-traumatologist%3Botolaryngologist%3Bpediatrician" "Mozilla/5.0 (Linux; Android 7.0;) AppleWebKit/537.36 (KHTML, like Gecko) Mobile Safari/537.36 (compatible; PetalBot;+https://webmaster.petalsearch.com/site/petalbot)" "-"
78.46.190.63 - - [26/Oct/2025:16:58:03 +0200 - 0.011 - 0.012] "HEAD / HTTP/1.1" 200 0 "https://emteko.com" "Mozilla/5.0+(compatible; UptimeRobot/2.0; http://www.uptimerobot.com/)" "-"
31.131.20.181 - - [26/Oct/2025:16:58:56 +0200 - 0.000 - 0.004] "POST /wp-cron.php?doing_wp_cron=1761490736.1429450511932373046875 HTTP/1.1" 499 0 "-" "WordPress/6.8.3; https://emteko.com/en/" "-"
168.119.123.75 - - [26/Oct/2025:16:58:56 +0200 - 0.027 - 0.028] "HEAD / HTTP/1.1" 200 0 "https://emteko.com" "Mozilla/5.0+(compatible; UptimeRobot/2.0; http://www.uptimerobot.com/)" "-"
114.119.136.120 - - [26/Oct/2025:16:58:57 +0200 - 2.012 - 0.988] "GET /en/publications?flt_products=diart%3Blorde-hyal%3Bnasisoft&flt_doctors=pulmonologist%3Btherapist HTTP/1.1" 200 100455 "https://emteko.com/en/publications?flt_products=lorde-hyal%3Bnasisoft&flt_doctors=pulmonologist%3Btherapist" "Mozilla/5.0 (Linux; Android 7.0;) AppleWebKit/537.36 (KHTML, like Gecko) Mobile Safari/537.36 (compatible; PetalBot;+https://webmaster.petalsearch.com/site/petalbot)" "-"
49.13.164.148 - - [26/Oct/2025:16:59:06 +0200 - 0.002 - 0.004] "HEAD / HTTP/1.1" 200 0 "https://emteko.com" "Mozilla/5.0+(compatible; UptimeRobot/2.0; http://www.uptimerobot.com/)" "-"
47.128.17.179 - - [26/Oct/2025:16:59:54 +0200 - 0.215 - 0.016] "GET /publications/?flt_doctors=gimenes-arsts%3Binfektologs%3Botolaringologs%3Bpulmonologs%3Bterapeits&flt_products=diart-lv%3Blorde-hyal-lv HTTP/1.1" 200 100781 "-" "Mozilla/5.0 (compatible; Bytespider; spider-feedback@bytedance.com) AppleWebKit/537.36 (KHTML, like Gecko) Chrome/70.0.0.0 Safari/537.36" "-"
49.13.134.145 - - [26/Oct/2025:17:00:10 +0200 - 0.012 - 0.012] "HEAD / HTTP/1.1" 200 0 "https://emteko.com" "Mozilla/5.0+(compatible; UptimeRobot/2.0; http://www.uptimerobot.com/)" "-"
31.131.20.181 - - [26/Oct/2025:17:00:18 +0200 - 0.001 - 0.000] "POST /wp-cron.php?doing_wp_cron=1761490818.1191630363464355468750 HTTP/1.1" 499 0 "-" "WordPress/6.8.3; https://emteko.com/en/" "-"
114.119.140.113 - - [26/Oct/2025:17:00:19 +0200 - 2.010 - 1.028] "GET /en/publications?flt_products=diart%3Blorde-hyal%3Bnasisoft&flt_doctors=pediatrician%3Btherapist HTTP/1.1" 200 100454 "https://emteko.com/en/publications/?flt_products=artro-patch%3Bdiart%3Blorde-hyal%3Bnasisoft&flt_doctors=pediatrician%3Btherapist" "Mozilla/5.0 (Linux; Android 7.0;) AppleWebKit/537.36 (KHTML, like Gecko) Mobile Safari/537.36 (compatible; PetalBot;+https://webmaster.petalsearch.com/site/petalbot)" "-"
159.69.158.189 - - [26/Oct/2025:17:01:16 +0200 - 0.015 - 0.016] "HEAD / HTTP/1.1" 200 0 "https://emteko.com" "Mozilla/5.0+(compatible; UptimeRobot/2.0; http://www.uptimerobot.com/)" "-"
114.119.132.104 - - [26/Oct/2025:17:01:42 +0200 - 0.636 - 0.012] "GET /en/publications?flt_products=diart%3Blorde-hyal%3Bnasisoft&flt_doctors=orthopedic-traumatologist%3Bpulmonologist%3Btherapist HTTP/1.1" 200 100502 "https://emteko.com/en/publications/?flt_products=diart%3Blorde-hyal%3Bnasisoft&flt_doctors=orthopedic-traumatologist%3Btherapist" "Mozilla/5.0 (Linux; Android 7.0;) AppleWebKit/537.36 (KHTML, like Gecko) Mobile Safari/537.36 (compatible; PetalBot;+https://webmaster.petalsearch.com/site/petalbot)" "-"
78.47.98.55 - - [26/Oct/2025:17:02:21 +0200 - 0.017 - 0.020] "HEAD / HTTP/1.1" 200 0 "https://emteko.com" "Mozilla/5.0+(compatible; UptimeRobot/2.0; http://www.uptimerobot.com/)" "-"
31.131.20.181 - - [26/Oct/2025:17:03:06 +0200 - 0.001 - 0.000] "POST /wp-cron.php?doing_wp_cron=1761490986.5106689929962158203125 HTTP/1.1" 499 0 "-" "WordPress/6.8.3; https://emteko.com/en/" "-"
114.119.136.120 - - [26/Oct/2025:17:03:07 +0200 - 2.186 - 1.176] "GET /en/publications?flt_products=diart%3Blorde-hyal%3Bnasisoft&flt_doctors=infectionist%3Bpediatrician HTTP/1.1" 200 100453 "https://emteko.com/en/publications?flt_products=diart%3Bnasisoft&flt_doctors=infectionist%3Bpediatrician" "Mozilla/5.0 (Linux; Android 7.0;) AppleWebKit/537.36 (KHTML, like Gecko) Mobile Safari/537.36 (compatible; PetalBot;+https://webmaster.petalsearch.com/site/petalbot)" "-"
168.119.123.75 - - [26/Oct/2025:17:03:25 +0200 - 0.010 - 0.008] "HEAD / HTTP/1.1" 200 0 "https://emteko.com" "Mozilla/5.0+(compatible; UptimeRobot/2.0; http://www.uptimerobot.com/)" "-"
63.178.84.147 - - [26/Oct/2025:17:04:01 +0200 - 0.013 - 0.012] "HEAD / HTTP/1.1" 200 0 "https://emteko.com" "Mozilla/5.0+(compatible; UptimeRobot/2.0; http://www.uptimerobot.com/)" "-"
3.77.67.4 - - [26/Oct/2025:17:04:30 +0200 - 0.012 - 0.008] "HEAD / HTTP/1.1" 200 0 "https://emteko.com" "Mozilla/5.0+(compatible; UptimeRobot/2.0; http://www.uptimerobot.com/)" "-"
31.131.20.181 - - [26/Oct/2025:17:04:32 +0200 - 0.000 - 0.000] "POST /wp-cron.php?doing_wp_cron=1761491072.6837110519409179687500 HTTP/1.1" 499 0 "-" "WordPress/6.8.3; https://emteko.com/en/" "-"
114.119.154.181 - - [26/Oct/2025:17:04:33 +0200 - 1.925 - 1.004] "GET /en/publications?flt_products=diart%3Blorde-hyal%3Bnasisoft&flt_doctors=infectionist%3Borthopedic-traumatologist%3Bpediatrician%3Btherapist HTTP/1.1" 200 100540 "https://emteko.com/en/publications?flt_products=diart%3Bnasisoft&flt_doctors=infectionist%3Borthopedic-traumatologist%3Bpediatrician%3Btherapist" "Mozilla/5.0 (Linux; Android 7.0;) AppleWebKit/537.36 (KHTML, like Gecko) Mobile Safari/537.36 (compatible; PetalBot;+https://webmaster.petalsearch.com/site/petalbot)" "-"
31.131.20.181 - - [26/Oct/2025:17:05:32 +0200 - 0.000 - 0.000] "POST /wp-cron.php?doing_wp_cron=1761491132.9522390365600585937500 HTTP/1.1" 499 0 "-" "WordPress/6.8.3; https://emteko.com" "-"
40.77.167.121 - - [26/Oct/2025:17:05:33 +0200 - 0.976 - 0.976] "GET /doctorspecial/traumatologs-ortopeds/?flt_doctors=gimenes-arsts;pulmonologs HTTP/1.1" 200 98458 "-" "Mozilla/5.0 AppleWebKit/537.36 (KHTML, like Gecko; compatible; bingbot/2.0; +http://www.bing.com/bingbot.htm) Chrome/116.0.1938.76 Safari/537.36" "-"
52.59.43.236 - - [26/Oct/2025:17:05:34 +0200 - 0.002 - 0.004] "HEAD / HTTP/1.1" 200 0 "https://emteko.com" "Mozilla/5.0+(compatible; UptimeRobot/2.0; http://www.uptimerobot.com/)" "-"
114.119.140.113 - - [26/Oct/2025:17:05:56 +0200 - 1.932 - 0.976] "GET /en/publications?flt_products=diart%3Blorde-hyal%3Bnasisoft&flt_doctors=infectionist%3Borthopedic-traumatologist%3Botolaryngologist%3Btherapist HTTP/1.1" 200 100534 "https://emteko.com/en/publications?flt_products=diart%3Blorde-hyal%3Bnasisoft&flt_doctors=infectionist%3Borthopedic-traumatologist%3Btherapist" "Mozilla/5.0 (Linux; Android 7.0;) AppleWebKit/537.36 (KHTML, like Gecko) Mobile Safari/537.36 (compatible; PetalBot;+https://webmaster.petalsearch.com/site/petalbot)" "-"
49.13.164.148 - - [26/Oct/2025:17:06:39 +0200 - 0.011 - 0.008] "HEAD / HTTP/1.1" 200 0 "https://emteko.com" "Mozilla/5.0+(compatible; UptimeRobot/2.0; http://www.uptimerobot.com/)" "-"
31.131.20.181 - - [26/Oct/2025:17:06:45 +0200 - 0.000 - 0.000] "POST /wp-cron.php?doing_wp_cron=1761491205.8943219184875488281250 HTTP/1.1" 499 0 "-" "WordPress/6.8.3; https://emteko.com/en/" "-"
17.241.219.22 - - [26/Oct/2025:17:06:46 +0200 - 0.917 - 0.916] "GET /en/publications/?flt_products=diart&flt_doctors=otolaryngologist;therapist HTTP/1.1" 200 95568 "-" "Mozilla/5.0 (Macintosh; Intel Mac OS X 10_15_7) AppleWebKit/605.1.15 (KHTML, like Gecko) Version/17.4 Safari/605.1.15 (Applebot/0.1; +http://www.apple.com/go/applebot)" "-"
114.119.154.89 - - [26/Oct/2025:17:07:18 +0200 - 1.008 - 0.052] "GET /en/publications?flt_products=diart%3Blorde-hyal%3Bnasisoft&flt_doctors=general-practitioner%3Bpulmonologist HTTP/1.1" 200 100451 "https://emteko.com/en/publications?flt_products=diart%3Blorde-hyal&flt_doctors=general-practitioner%3Bpulmonologist" "Mozilla/5.0 (Linux; Android 7.0;) AppleWebKit/537.36 (KHTML, like Gecko) Mobile Safari/537.36 (compatible; PetalBot;+https://webmaster.petalsearch.com/site/petalbot)" "-"
31.131.20.181 - - [26/Oct/2025:17:07:26 +0200 - 0.000 - 0.000] "POST /wp-cron.php?doing_wp_cron=1761491246.8649370670318603515625 HTTP/1.1" 499 0 "-" "WordPress/6.8.3; https://emteko.com/en/" "-"
17.246.15.164 - - [26/Oct/2025:17:07:27 +0200 - 1.012 - 1.012] "GET /en/publications/?flt_products=lorde-hyal&flt_doctors=general-practitioner;pediatrician HTTP/1.1" 200 100004 "-" "Mozilla/5.0 (Macintosh; Intel Mac OS X 10_15_7) AppleWebKit/605.1.15 (KHTML, like Gecko) Version/17.4 Safari/605.1.15 (Applebot/0.1; +http://www.apple.com/go/applebot)" "-"
49.13.164.148 - - [26/Oct/2025:17:07:43 +0200 - 0.014 - 0.016] "HEAD / HTTP/1.1" 200 0 "https://emteko.com" "Mozilla/5.0+(compatible; UptimeRobot/2.0; http://www.uptimerobot.com/)" "-"
31.131.20.181 - - [26/Oct/2025:17:08:43 +0200 - 0.001 - 0.000] "POST /wp-cron.php?doing_wp_cron=1761491323.0115909576416015625000 HTTP/1.1" 499 0 "-" "WordPress/6.8.3; https://emteko.com/en/" "-"
114.119.132.104 - - [26/Oct/2025:17:08:44 +0200 - 1.934 - 1.036] "GET /en/publications?flt_products=diart%3Blorde-hyal%3Bnasisoft&flt_doctors=general-practitioner%3Borthopedic-traumatologist%3Bpediatrician%3Bpulmonologist%3Btherapist HTTP/1.1" 200 100587 "https://emteko.com/en/publications?flt_products=diart%3Blorde-hyal&flt_doctors=general-practitioner%3Borthopedic-traumatologist%3Bpediatrician%3Bpulmonologist%3Btherapist" "Mozilla/5.0 (Linux; Android 7.0;) AppleWebKit/537.36 (KHTML, like Gecko) Mobile Safari/537.36 (compatible; PetalBot;+https://webmaster.petalsearch.com/site/petalbot)" "-"
78.47.173.76 - - [26/Oct/2025:17:08:48 +0200 - 0.006 - 0.004] "HEAD / HTTP/1.1" 200 0 "https://emteko.com" "Mozilla/5.0+(compatible; UptimeRobot/2.0; http://www.uptimerobot.com/)" "-"
40.77.167.121 - - [26/Oct/2025:17:08:51 +0200 - 0.006 - 0.004] "GET /en/doctorspecial/therapist/?flt_doctors=therapist HTTP/1.1" 200 99691 "-" "Mozilla/5.0 AppleWebKit/537.36 (KHTML, like Gecko; compatible; bingbot/2.0; +http://www.bing.com/bingbot.htm) Chrome/116.0.1938.76 Safari/537.36" "-"
49.13.24.81 - - [26/Oct/2025:17:09:06 +0200 - 0.013 - 0.012] "HEAD / HTTP/1.1" 200 0 "https://emteko.com" "Mozilla/5.0+(compatible; UptimeRobot/2.0; http://www.uptimerobot.com/)" "-"
3.77.67.4 - - [26/Oct/2025:17:09:52 +0200 - 0.013 - 0.012] "HEAD / HTTP/1.1" 200 0 "https://emteko.com" "Mozilla/5.0+(compatible; UptimeRobot/2.0; http://www.uptimerobot.com/)" "-"
31.131.20.181 - - [26/Oct/2025:17:10:03 +0200 - 0.001 - 0.000] "POST /wp-cron.php?doing_wp_cron=1761491403.5058729648590087890625 HTTP/1.1" 499 0 "-" "WordPress/6.8.3; https://emteko.com/en/" "-"
114.119.140.113 - - [26/Oct/2025:17:10:04 +0200 - 2.718 - 1.728] "GET /en/publications?flt_products=diart%3Blorde-hyal%3Bnasisoft&flt_doctors=general-practitioner%3Borthopedic-traumatologist%3Bpediatrician HTTP/1.1" 200 100499 "https://emteko.com/en/publications?flt_products=lorde-hyal%3Bnasisoft&flt_doctors=general-practitioner%3Borthopedic-traumatologist%3Bpediatrician" "Mozilla/5.0 (Linux; Android 7.0;) AppleWebKit/537.36 (KHTML, like Gecko) Mobile Safari/537.36 (compatible; PetalBot;+https://webmaster.petalsearch.com/site/petalbot)" "-"
17.241.227.198 - - [26/Oct/2025:17:10:12 +0200 - 0.011 - 0.008] "GET /publications/?flt_doctors=gimenes-arsts;otolaringologs;pulmonologs HTTP/1.1" 200 100736 "-" "Mozilla/5.0 (Macintosh; Intel Mac OS X 10_15_7) AppleWebKit/605.1.15 (KHTML, like Gecko) Version/17.4 Safari/605.1.15 (Applebot/0.1; +http://www.apple.com/go/applebot)" "-"
167.235.143.113 - - [26/Oct/2025:17:10:55 +0200 - 0.012 - 0.012] "HEAD / HTTP/1.1" 200 0 "https://emteko.com" "Mozilla/5.0+(compatible; UptimeRobot/2.0; http://www.uptimerobot.com/)" "-"
114.119.132.104 - - [26/Oct/2025:17:11:27 +0200 - 0.635 - 0.020] "GET /en/publications?flt_products=diart%3Blorde-hyal%3Bnasisoft&flt_doctors=general-practitioner%3Borthopedic-traumatologist%3Botolaryngologist%3Bpulmonologist HTTP/1.1" 200 100542 "https://emteko.com/en/publications?flt_products=diart%3Blorde-hyal%3Bnasisoft&flt_doctors=general-practitioner%3Binfectionist%3Borthopedic-traumatologist%3Botolaryngologist%3Bpulmonologist" "Mozilla/5.0 (Linux; Android 7.0;) AppleWebKit/537.36 (KHTML, like Gecko) Mobile Safari/537.36 (compatible; PetalBot;+https://webmaster.petalsearch.com/site/petalbot)" "-"
54.37.118.95 - - [26/Oct/2025:17:11:27 +0200 - 0.017 - 0.004] "GET /doctorspecial/pediatrs/?flt_doctors=otolaringologs HTTP/1.1" 200 100154 "-" "Mozilla/5.0 (compatible; AhrefsBot/7.0; +http://ahrefs.com/robot/)" "-"
52.28.162.93 - - [26/Oct/2025:17:12:00 +0200 - 0.017 - 0.016] "HEAD / HTTP/1.1" 200 0 "https://emteko.com" "Mozilla/5.0+(compatible; UptimeRobot/2.0; http://www.uptimerobot.com/)" "-"
114.119.134.51 - - [26/Oct/2025:17:12:51 +0200 - 0.955 - 0.012] "GET /en/publications?flt_products=diart%3Blorde-hyal%3Bnasisoft&flt_doctors=general-practitioner%3Binfectionist%3Bpediatrician HTTP/1.1" 200 100495 "https://emteko.com/en/publications?flt_products=diart%3Blorde-hyal&flt_doctors=general-practitioner%3Binfectionist%3Bpediatrician" "Mozilla/5.0 (Linux; Android 7.0;) AppleWebKit/537.36 (KHTML, like Gecko) Mobile Safari/537.36 (compatible; PetalBot;+https://webmaster.petalsearch.com/site/petalbot)" "-"
128.140.106.114 - - [26/Oct/2025:17:13:04 +0200 - 0.015 - 0.016] "HEAD / HTTP/1.1" 200 0 "https://emteko.com" "Mozilla/5.0+(compatible; UptimeRobot/2.0; http://www.uptimerobot.com/)" "-"
3.77.67.4 - - [26/Oct/2025:17:14:09 +0200 - 0.012 - 0.008] "HEAD / HTTP/1.1" 200 0 "https://emteko.com" "Mozilla/5.0+(compatible; UptimeRobot/2.0; http://www.uptimerobot.com/)" "-"
128.140.41.193 - - [26/Oct/2025:17:14:11 +0200 - 0.002 - 0.004] "HEAD / HTTP/1.1" 200 0 "https://emteko.com" "Mozilla/5.0+(compatible; UptimeRobot/2.0; http://www.uptimerobot.com/)" "-"
31.131.20.181 - - [26/Oct/2025:17:14:21 +0200 - 0.002 - 0.000] "POST /wp-cron.php?doing_wp_cron=1761491661.0548849105834960937500 HTTP/1.1" 499 0 "-" "WordPress/6.8.3; https://emteko.com/en/" "-"
114.119.133.35 - - [26/Oct/2025:17:14:22 +0200 - 2.253 - 1.056] "GET /en/publications?flt_products=diart%3Blorde-hyal%3Bnasisoft&flt_doctors=general-practitioner%3Binfectionist%3Borthopedic-traumatologist%3Botolaryngologist%3Btherapist HTTP/1.1" 200 100587 "https://emteko.com/en/publications?flt_products=diart%3Blorde-hyal&flt_doctors=general-practitioner%3Binfectionist%3Borthopedic-traumatologist%3Botolaryngologist%3Btherapist" "Mozilla/5.0 (Linux; Android 7.0;) AppleWebKit/537.36 (KHTML, like Gecko) Mobile Safari/537.36 (compatible; PetalBot;+https://webmaster.petalsearch.com/site/petalbot)" "-"
3.79.134.69 - - [26/Oct/2025:17:15:14 +0200 - 0.011 - 0.012] "HEAD / HTTP/1.1" 200 0 "https://emteko.com" "Mozilla/5.0+(compatible; UptimeRobot/2.0; http://www.uptimerobot.com/)" "-"
31.131.20.181 - - [26/Oct/2025:17:15:38 +0200 - 0.001 - 0.000] "POST /wp-cron.php?doing_wp_cron=1761491738.6263520717620849609375 HTTP/1.1" 499 0 "-" "WordPress/6.8.3; https://emteko.com/en/" "-"
114.119.140.113 - - [26/Oct/2025:17:15:39 +0200 - 2.022 - 1.088] "GET /en/publications?flt_products=diart%3Blorde-hyal%3Bnasisoft&flt_doctors=general-practitioner%3Binfectionist%3Borthopedic-traumatologist%3Botolaryngologist HTTP/1.1" 200 100539 "https://emteko.com/en/publications?flt_products=lorde-hyal%3Bnasisoft&flt_doctors=general-practitioner%3Binfectionist%3Borthopedic-traumatologist%3Botolaryngologist" "Mozilla/5.0 (Linux; Android 7.0;) AppleWebKit/537.36 (KHTML, like Gecko) Mobile Safari/537.36 (compatible; PetalBot;+https://webmaster.petalsearch.com/site/petalbot)" "-"
52.59.43.236 - - [26/Oct/2025:17:16:18 +0200 - 0.014 - 0.016] "HEAD / HTTP/1.1" 200 0 "https://emteko.com" "Mozilla/5.0+(compatible; UptimeRobot/2.0; http://www.uptimerobot.com/)" "-"
212.34.132.22 - - [26/Oct/2025:17:16:51 +0200 - 0.012 - 0.012] "GET / HTTP/1.1" 200 89415 "http://EMTEKO.COM" "Mozilla/5.0 (Windows NT 10.0; Win64; x64) AppleWebKit/537.36 (KHTML, like Gecko) Chrome/120.0.0.0 Safari/537.36" "-"
31.131.20.181 - - [26/Oct/2025:17:17:03 +0200 - 0.000 - 0.000] "POST /wp-cron.php?doing_wp_cron=1761491823.2281179428100585937500 HTTP/1.1" 499 0 "-" "WordPress/6.8.3; https://emteko.com/en/" "-"
114.119.154.181 - - [26/Oct/2025:17:17:04 +0200 - 1.969 - 1.040] "GET /en/publications?flt_products=diart%3Blorde-hyal%3Bnasisoft%3Bokistar-hyal-7&flt_doctors=otolaryngologist%3Btherapist HTTP/1.1" 200 100495 "https://emteko.com/en/publications?flt_products=lorde-hyal%3Bnasisoft%3Bokistar-hyal-7&flt_doctors=otolaryngologist%3Btherapist" "Mozilla/5.0 (Linux; Android 7.0;) AppleWebKit/537.36 (KHTML, like Gecko) Mobile Safari/537.36 (compatible; PetalBot;+https://webmaster.petalsearch.com/site/petalbot)" "-"
88.99.80.227 - - [26/Oct/2025:17:17:23 +0200 - 0.018 - 0.016] "HEAD / HTTP/1.1" 200 0 "https://emteko.com" "Mozilla/5.0+(compatible; UptimeRobot/2.0; http://www.uptimerobot.com/)" "-"
31.131.20.181 - - [26/Oct/2025:17:18:25 +0200 - 0.001 - 0.000] "POST /wp-cron.php?doing_wp_cron=1761491905.7597689628601074218750 HTTP/1.1" 499 0 "-" "WordPress/6.8.3; https://emteko.com/en/" "-"
114.119.132.202 - - [26/Oct/2025:17:18:27 +0200 - 1.979 - 0.992] "GET /en/publications?flt_products=diart%3Blorde-hyal%3Bnasisoft%3Bokistar-hyal-7&flt_doctors=orthopedic-traumatologist%3Bpulmonologist HTTP/1.1" 200 100493 "https://emteko.com/en/publications?flt_products=lorde-hyal%3Bnasisoft%3Bokistar-hyal-7&flt_doctors=orthopedic-traumatologist%3Bpulmonologist" "Mozilla/5.0 (Linux; Android 7.0;) AppleWebKit/537.36 (KHTML, like Gecko) Mobile Safari/537.36 (compatible; PetalBot;+https://webmaster.petalsearch.com/site/petalbot)" "-"
159.69.158.189 - - [26/Oct/2025:17:18:28 +0200 - 0.003 - 0.004] "HEAD / HTTP/1.1" 200 0 "https://emteko.com" "Mozilla/5.0+(compatible; UptimeRobot/2.0; http://www.uptimerobot.com/)" "-"
49.13.134.145 - - [26/Oct/2025:17:19:15 +0200 - 0.011 - 0.012] "HEAD / HTTP/1.1" 200 0 "https://emteko.com" "Mozilla/5.0+(compatible; UptimeRobot/2.0; http://www.uptimerobot.com/)" "-"
31.131.20.181 - - [26/Oct/2025:17:19:21 +0200 - 0.001 - 0.000] "POST /wp-cron.php?doing_wp_cron=1761491961.6865150928497314453125 HTTP/1.1" 499 0 "-" "WordPress/6.8.3; https://emteko.com" "-"
172.200.226.194 - - [26/Oct/2025:17:19:21 +0200 - 0.776 - 0.772] "HEAD /wordpress HTTP/1.1" 404 0 "http://emteko.com/wordpress" "Mozilla/5.0 (Windows NT 10.0; Win64; x64) AppleWebKit/537.36 (KHTML, like Gecko) Chrome/74.0.3729.169 Safari/537.36" "-"
172.200.226.194 - - [26/Oct/2025:17:19:21 +0200 - 0.006 - 0.008] "HEAD / HTTP/1.1" 200 0 "http://emteko.com/" "Mozilla/5.0 (Windows NT 10.0; Win64; x64) AppleWebKit/537.36 (KHTML, like Gecko) Chrome/74.0.3729.169 Safari/537.36" "-"
172.200.226.194 - - [26/Oct/2025:17:19:22 +0200 - 0.712 - 0.712] "HEAD /wp HTTP/1.1" 404 0 "http://emteko.com/wp" "Mozilla/5.0 (Windows NT 10.0; Win64; x64) AppleWebKit/537.36 (KHTML, like Gecko) Chrome/74.0.3729.169 Safari/537.36" "-"
172.200.226.194 - - [26/Oct/2025:17:19:23 +0200 - 0.673 - 0.672] "HEAD /bc HTTP/1.1" 404 0 "http://emteko.com/bc" "Mozilla/5.0 (Windows NT 10.0; Win64; x64) AppleWebKit/537.36 (KHTML, like Gecko) Chrome/74.0.3729.169 Safari/537.36" "-"
172.200.226.194 - - [26/Oct/2025:17:19:24 +0200 - 0.706 - 0.704] "HEAD /bk HTTP/1.1" 404 0 "http://emteko.com/bk" "Mozilla/5.0 (Windows NT 10.0; Win64; x64) AppleWebKit/537.36 (KHTML, like Gecko) Chrome/74.0.3729.169 Safari/537.36" "-"
172.200.226.194 - - [26/Oct/2025:17:19:25 +0200 - 0.660 - 0.656] "HEAD /backup HTTP/1.1" 404 0 "http://emteko.com/backup" "Mozilla/5.0 (Windows NT 10.0; Win64; x64) AppleWebKit/537.36 (KHTML, like Gecko) Chrome/74.0.3729.169 Safari/537.36" "-"
172.200.226.194 - - [26/Oct/2025:17:19:26 +0200 - 0.664 - 0.664] "HEAD /old HTTP/1.1" 404 0 "http://emteko.com/old" "Mozilla/5.0 (Windows NT 10.0; Win64; x64) AppleWebKit/537.36 (KHTML, like Gecko) Chrome/74.0.3729.169 Safari/537.36" "-"
172.200.226.194 - - [26/Oct/2025:17:19:27 +0200 - 0.628 - 0.632] "HEAD /new HTTP/1.1" 404 0 "http://emteko.com/new" "Mozilla/5.0 (Windows NT 10.0; Win64; x64) AppleWebKit/537.36 (KHTML, like Gecko) Chrome/74.0.3729.169 Safari/537.36" "-"
172.200.226.194 - - [26/Oct/2025:17:19:27 +0200 - 0.646 - 0.648] "HEAD /main HTTP/1.1" 404 0 "http://emteko.com/main" "Mozilla/5.0 (Windows NT 10.0; Win64; x64) AppleWebKit/537.36 (KHTML, like Gecko) Chrome/74.0.3729.169 Safari/537.36" "-"
172.200.226.194 - - [26/Oct/2025:17:19:28 +0200 - 0.627 - 0.628] "HEAD /home HTTP/1.1" 301 0 "http://emteko.com/home" "Mozilla/5.0 (Windows NT 10.0; Win64; x64) AppleWebKit/537.36 (KHTML, like Gecko) Chrome/74.0.3729.169 Safari/537.36" "-"
172.200.226.194 - - [26/Oct/2025:17:19:28 +0200 - 0.002 - 0.000] "HEAD / HTTP/1.1" 200 0 "https://emteko.com/home" "Mozilla/5.0 (Windows NT 10.0; Win64; x64) AppleWebKit/537.36 (KHTML, like Gecko) Chrome/74.0.3729.169 Safari/537.36" "-"
168.119.123.75 - - [26/Oct/2025:17:19:32 +0200 - 0.003 - 0.004] "HEAD / HTTP/1.1" 200 0 "https://emteko.com" "Mozilla/5.0+(compatible; UptimeRobot/2.0; http://www.uptimerobot.com/)" "-"
114.119.132.104 - - [26/Oct/2025:17:19:50 +0200 - 1.878 - 0.980] "GET /en/publications?flt_products=diart%3Blorde-hyal%3Bnasisoft%3Bokistar-hyal-7&flt_doctors=orthopedic-traumatologist%3Bpediatrician%3Btherapist HTTP/1.1" 200 100532 "https://emteko.com/en/publications?flt_products=lorde-hyal%3Bnasisoft%3Bokistar-hyal-7&flt_doctors=orthopedic-traumatologist%3Bpediatrician%3Btherapist" "Mozilla/5.0 (Linux; Android 7.0;) AppleWebKit/537.36 (KHTML, like Gecko) Mobile Safari/537.36 (compatible; PetalBot;+https://webmaster.petalsearch.com/site/petalbot)" "-"
157.90.155.240 - - [26/Oct/2025:17:20:38 +0200 - 0.012 - 0.012] "HEAD / HTTP/1.1" 200 0 "https://emteko.com" "Mozilla/5.0+(compatible; UptimeRobot/2.0; http://www.uptimerobot.com/)" "-"
31.131.20.181 - - [26/Oct/2025:17:21:12 +0200 - 0.000 - 0.000] "POST /wp-cron.php?doing_wp_cron=1761492072.2857410907745361328125 HTTP/1.1" 499 0 "-" "WordPress/6.8.3; https://emteko.com/en/" "-"
114.119.134.51 - - [26/Oct/2025:17:21:13 +0200 - 1.988 - 1.088] "GET /en/publications?flt_products=diart%3Blorde-hyal%3Bnasisoft%3Bokistar-hyal-7&flt_doctors=orthopedic-traumatologist%3Botolaryngologist%3Btherapist HTTP/1.1" 200 100532 "https://emteko.com/en/publications/?flt_products=artro-patch%3Bdiart%3Blorde-hyal%3Bnasisoft%3Bokistar-hyal-7&flt_doctors=orthopedic-traumatologist%3Botolaryngologist%3Btherapist" "Mozilla/5.0 (Linux; Android 7.0;) AppleWebKit/537.36 (KHTML, like Gecko) Mobile Safari/537.36 (compatible; PetalBot;+https://webmaster.petalsearch.com/site/petalbot)" "-"
18.193.252.127 - - [26/Oct/2025:17:21:41 +0200 - 0.014 - 0.012] "HEAD / HTTP/1.1" 200 0 "https://emteko.com" "Mozilla/5.0+(compatible; UptimeRobot/2.0; http://www.uptimerobot.com/)" "-"
31.131.20.181 - - [26/Oct/2025:17:22:35 +0200 - 0.000 - 0.000] "POST /wp-cron.php?doing_wp_cron=1761492155.9370698928833007812500 HTTP/1.1" 499 0 "-" "WordPress/6.8.3; https://emteko.com/en/" "-"
114.119.134.51 - - [26/Oct/2025:17:22:37 +0200 - 1.883 - 0.984] "GET /en/publications?flt_products=diart%3Blorde-hyal%3Bnasisoft%3Bokistar-hyal-7&flt_doctors=orthopedic-traumatologist%3Botolaryngologist%3Bpediatrician%3Bpulmonologist%3Btherapist HTTP/1.1" 200 100632 "https://emteko.com/en/publications/?flt_products=diart%3Blorde-hyal%3Bnasisoft%3Bokistar-hyal-7&flt_doctors=orthopedic-traumatologist%3Botolaryngologist%3Bpulmonologist%3Btherapist" "Mozilla/5.0 (Linux; Android 7.0;) AppleWebKit/537.36 (KHTML, like Gecko) Mobile Safari/537.36 (compatible; PetalBot;+https://webmaster.petalsearch.com/site/petalbot)" "-"
128.140.41.193 - - [26/Oct/2025:17:22:46 +0200 - 0.003 - 0.004] "HEAD / HTTP/1.1" 200 0 "https://emteko.com" "Mozilla/5.0+(compatible; UptimeRobot/2.0; http://www.uptimerobot.com/)" "-"
168.119.96.239 - - [26/Oct/2025:17:23:50 +0200 - 0.012 - 0.012] "HEAD / HTTP/1.1" 200 0 "https://emteko.com" "Mozilla/5.0+(compatible; UptimeRobot/2.0; http://www.uptimerobot.com/)" "-"
31.131.20.181 - - [26/Oct/2025:17:23:51 +0200 - 0.000 - 0.000] "POST /wp-cron.php?doing_wp_cron=1761492231.7541830539703369140625 HTTP/1.1" 499 0 "-" "WordPress/6.8.3; https://emteko.com/en/" "-"
57.141.0.13 - - [26/Oct/2025:17:23:52 +0200 - 1.340 - 1.016] "GET /en/doctorspecial/pediatrician/?flt_products=diart;nasisoft;okistar-hyal-7&flt_doctors=orthopedic-traumatologist;pediatrician;therapist HTTP/1.1" 200 602726 "-" "meta-externalagent/1.1 (+https://developers.facebook.com/docs/sharing/webmasters/crawler)" "-"
114.119.140.113 - - [26/Oct/2025:17:24:00 +0200 - 1.856 - 0.900] "GET /en/publications?flt_products=diart%3Blorde-hyal%3Bnasisoft%3Bokistar-hyal-7&flt_doctors=orthopedic-traumatologist%3Botolaryngologist%3Bpediatrician HTTP/1.1" 200 100537 "https://emteko.com/en/publications?flt_products=diart%3Blorde-hyal%3Bokistar-hyal-7&flt_doctors=orthopedic-traumatologist%3Botolaryngologist%3Bpediatrician" "Mozilla/5.0 (Linux; Android 7.0;) AppleWebKit/537.36 (KHTML, like Gecko) Mobile Safari/537.36 (compatible; PetalBot;+https://webmaster.petalsearch.com/site/petalbot)" "-"
52.28.162.93 - - [26/Oct/2025:17:24:19 +0200 - 0.012 - 0.012] "HEAD / HTTP/1.1" 200 0 "https://emteko.com" "Mozilla/5.0+(compatible; UptimeRobot/2.0; http://www.uptimerobot.com/)" "-"
159.69.158.189 - - [26/Oct/2025:17:24:54 +0200 - 0.019 - 0.020] "HEAD / HTTP/1.1" 200 0 "https://emteko.com" "Mozilla/5.0+(compatible; UptimeRobot/2.0; http://www.uptimerobot.com/)" "-"
31.131.20.181 - - [26/Oct/2025:17:25:22 +0200 - 0.001 - 0.000] "POST /wp-cron.php?doing_wp_cron=1761492322.8232429027557373046875 HTTP/1.1" 499 0 "-" "WordPress/6.8.3; https://emteko.com/en/" "-"
114.119.140.113 - - [26/Oct/2025:17:25:24 +0200 - 2.239 - 1.224] "GET /en/publications?flt_products=diart%3Blorde-hyal%3Bnasisoft%3Bokistar-hyal-7&flt_doctors=orthopedic-traumatologist%3Botolaryngologist HTTP/1.1" 200 100495 "https://emteko.com/en/publications?flt_products=diart%3Blorde-hyal%3Bnasisoft%3Bokistar-hyal-7&flt_doctors=orthopedic-traumatologist" "Mozilla/5.0 (Linux; Android 7.0;) AppleWebKit/537.36 (KHTML, like Gecko) Mobile Safari/537.36 (compatible; PetalBot;+https://webmaster.petalsearch.com/site/petalbot)" "-"
159.69.158.189 - - [26/Oct/2025:17:25:58 +0200 - 0.016 - 0.016] "HEAD / HTTP/1.1" 200 0 "https://emteko.com" "Mozilla/5.0+(compatible; UptimeRobot/2.0; http://www.uptimerobot.com/)" "-"
31.131.20.181 - - [26/Oct/2025:17:26:47 +0200 - 0.001 - 0.000] "POST /wp-cron.php?doing_wp_cron=1761492407.9139049053192138671875 HTTP/1.1" 499 0 "-" "WordPress/6.8.3; https://emteko.com/en/" "-"
114.119.136.120 - - [26/Oct/2025:17:26:49 +0200 - 2.043 - 1.028] "GET /en/publications?flt_products=diart%3Blorde-hyal%3Bnasisoft%3Bokistar-hyal-7&flt_doctors=infectionist%3Btherapist HTTP/1.1" 200 100484 "https://emteko.com/en/publications?flt_products=diart%3Blorde-hyal%3Bnasisoft%3Bokistar-hyal-7&flt_doctors=infectionist" "Mozilla/5.0 (Linux; Android 7.0;) AppleWebKit/537.36 (KHTML, like Gecko) Mobile Safari/537.36 (compatible; PetalBot;+https://webmaster.petalsearch.com/site/petalbot)" "-"
18.193.252.127 - - [26/Oct/2025:17:27:02 +0200 - 0.015 - 0.016] "HEAD / HTTP/1.1" 200 0 "https://emteko.com" "Mozilla/5.0+(compatible; UptimeRobot/2.0; http://www.uptimerobot.com/)" "-"
52.59.43.236 - - [26/Oct/2025:17:28:07 +0200 - 0.012 - 0.012] "HEAD / HTTP/1.1" 200 0 "https://emteko.com" "Mozilla/5.0+(compatible; UptimeRobot/2.0; http://www.uptimerobot.com/)" "-"
31.131.20.181 - - [26/Oct/2025:17:28:10 +0200 - 0.001 - 0.000] "POST /wp-cron.php?doing_wp_cron=1761492490.1099340915679931640625 HTTP/1.1" 499 0 "-" "WordPress/6.8.3; https://emteko.com/en/" "-"
114.119.133.35 - - [26/Oct/2025:17:28:11 +0200 - 1.955 - 1.052] "GET /en/publications?flt_products=okistar-hyal-7&flt_doctors=infectionist%3Botolaryngologist%3Bpediatrician%3Btherapist HTTP/1.1" 200 99219 "https://emteko.com/en/publications?flt_products=nasisoft%3Bokistar-hyal-7&flt_doctors=infectionist%3Botolaryngologist%3Bpediatrician%3Btherapist" "Mozilla/5.0 (Linux; Android 7.0;) AppleWebKit/537.36 (KHTML, like Gecko) Mobile Safari/537.36 (compatible; PetalBot;+https://webmaster.petalsearch.com/site/petalbot)" "-"
40.77.167.151 - - [26/Oct/2025:17:28:53 +0200 - 0.951 - 0.948] "GET /en/doctorspecial/infectionist/?flt_products=okistar-hyal-7 HTTP/1.1" 200 98617 "-" "Mozilla/5.0 AppleWebKit/537.36 (KHTML, like Gecko; compatible; bingbot/2.0; +http://www.bing.com/bingbot.htm) Chrome/116.0.1938.76 Safari/537.36" "-"
39.156.169.192 - - [26/Oct/2025:17:29:03 +0200 - 0.994 - 0.992] "GET /publications/?flt_products=lorde-hyal-lv;nasisoft-lv&flt_doctors=infektologs;otolaringologs HTTP/1.1" 200 100895 "-" "Mozilla/5.0 (Windows NT 10.0; Win64; x64; rv:123.0) Gecko/20100101 Firefox/123.0" "-"
128.140.106.114 - - [26/Oct/2025:17:29:11 +0200 - 0.003 - 0.004] "HEAD / HTTP/1.1" 200 0 "https://emteko.com" "Mozilla/5.0+(compatible; UptimeRobot/2.0; http://www.uptimerobot.com/)" "-"
18.192.166.72 - - [26/Oct/2025:17:29:24 +0200 - 0.011 - 0.012] "HEAD / HTTP/1.1" 200 0 "https://emteko.com" "Mozilla/5.0+(compatible; UptimeRobot/2.0; http://www.uptimerobot.com/)" "-"
31.131.20.181 - - [26/Oct/2025:17:29:34 +0200 - 0.002 - 0.000] "POST /wp-cron.php?doing_wp_cron=1761492574.0698239803314208984375 HTTP/1.1" 499 0 "-" "WordPress/6.8.3; https://emteko.com" "-"
111.13.116.233 - - [26/Oct/2025:17:29:34 +0200 - 0.975 - 0.976] "GET /publications/?flt_products=diart-lv;nasisoft-lv&flt_doctors=pediatrs;pulmonologs HTTP/1.1" 200 99306 "-" "Mozilla/5.0 (Windows NT 10.0; Win64; x64) AppleWebKit/537.36 (KHTML, like Gecko) Chrome/121.0.0.0 Safari/537.36 Edg/121.0.0.0 Viewer/99.9.9009.89" "-"
