114.119.154.181 - - [26/Oct/2025:07:25:52 +0200 - 2.235 - 1.024] "GET /en/publications?flt_products=lorde-hyal&flt_doctors=general-practitioner%3Binfectionist%3Borthopedic-traumatologist%3Botolaryngologist%3Bpediatrician%3Bpulmonologist HTTP/1.1" 200 100322 "https://emteko.com/en/publications?flt_products=lorde-hyal&flt_doctors=general-practitioner%3Binfectionist%3Borthopedic-traumatologist%3Botolaryngologist%3Bpulmonologist" "Mozilla/5.0 (Linux; Android 7.0;) AppleWebKit/537.36 (KHTML, like Gecko) Mobile Safari/537.36 (compatible; PetalBot;+https://webmaster.petalsearch.com/site/petalbot)" "-"
63.178.84.147 - - [26/Oct/2025:07:26:24 +0200 - 0.011 - 0.012] "HEAD / HTTP/1.1" 200 0 "https://emteko.com" "Mozilla/5.0+(compatible; UptimeRobot/2.0; http://www.uptimerobot.com/)" "-"
114.119.134.51 - - [26/Oct/2025:07:27:21 +0200 - 0.967 - 0.016] "GET /en/publications?flt_products=lorde-hyal&flt_doctors=general-practitioner%3Binfectionist HTTP/1.1" 200 99978 "https://emteko.com/en/publications/?flt_doctors=general-practitioner%3Binfectionist" "Mozilla/5.0 (Linux; Android 7.0;) AppleWebKit/537.36 (KHTML, like Gecko) Mobile Safari/537.36 (compatible; PetalBot;+https://webmaster.petalsearch.com/site/petalbot)" "-"
18.192.166.72 - - [26/Oct/2025:07:27:28 +0200 - 0.003 - 0.000] "HEAD / HTTP/1.1" 200 0 "https://emteko.com" "Mozilla/5.0+(compatible; UptimeRobot/2.0; http://www.uptimerobot.com/)" "-"
157.90.156.63 - - [26/Oct/2025:07:28:31 +0200 - 0.012 - 0.012] "HEAD / HTTP/1.1" 200 0 "https://emteko.com" "Mozilla/5.0+(compatible; UptimeRobot/2.0; http://www.uptimerobot.com/)" "-"
114.119.140.113 - - [26/Oct/2025:07:28:44 +0200 - 0.980 - 0.020] "GET /en/publications?flt_products=lorde-hyal%3Bokistar-hyal-7&flt_doctors=otolaryngologist HTTP/1.1" 200 99988 "https://emteko.com/en/publications?flt_products=lorde-hyal%3Bokistar-hyal-7&flt_doctors=otolaryngologist%3Btherapist" "Mozilla/5.0 (Linux; Android 7.0;) AppleWebKit/537.36 (KHTML, like Gecko) Mobile Safari/537.36 (compatible; PetalBot;+https://webmaster.petalsearch.com/site/petalbot)" "-"
49.13.130.29 - - [26/Oct/2025:07:29:35 +0200 - 0.012 - 0.012] "HEAD / HTTP/1.1" 200 0 "https://emteko.com" "Mozilla/5.0+(compatible; UptimeRobot/2.0; http://www.uptimerobot.com/)" "-"
31.131.20.181 - - [26/Oct/2025:07:30:15 +0200 - 0.001 - 0.000] "POST /wp-cron.php?doing_wp_cron=1761456615.6297659873962402343750 HTTP/1.1" 499 0 "-" "WordPress/6.8.3; https://emteko.com/en/" "-"
114.119.154.89 - - [26/Oct/2025:07:30:17 +0200 - 2.325 - 1.084] "GET /en/publications?flt_products=lorde-hyal%3Bokistar-hyal-7&flt_doctors=orthopedic-traumatologist%3Botolaryngologist%3Btherapist HTTP/1.1" 200 100232 "https://emteko.com/en/publications?flt_products=lorde-hyal%3Bokistar-hyal-7&flt_doctors=orthopedic-traumatologist%3Botolaryngologist%3Bpediatrician%3Btherapist" "Mozilla/5.0 (Linux; Android 7.0;) AppleWebKit/537.36 (KHTML, like Gecko) Mobile Safari/537.36 (compatible; PetalBot;+https://webmaster.petalsearch.com/site/petalbot)" "-"
49.13.167.123 - - [26/Oct/2025:07:30:23 +0200 - 0.003 - 0.004] "HEAD / HTTP/1.1" 200 0 "https://emteko.com" "Mozilla/5.0+(compatible; UptimeRobot/2.0; http://www.uptimerobot.com/)" "-"
94.23.188.221 - - [26/Oct/2025:07:30:29 +0200 - 0.016 - 0.000] "GET / HTTP/1.1" 200 89415 "-" "Mozilla/5.0 (compatible; AhrefsBot/7.0; +http://ahrefs.com/robot/)" "-"
49.13.134.145 - - [26/Oct/2025:07:30:39 +0200 - 0.017 - 0.020] "HEAD / HTTP/1.1" 200 0 "https://emteko.com" "Mozilla/5.0+(compatible; UptimeRobot/2.0; http://www.uptimerobot.com/)" "-"
31.131.20.181 - - [26/Oct/2025:07:31:40 +0200 - 0.000 - 0.000] "POST /wp-cron.php?doing_wp_cron=1761456700.6302969455718994140625 HTTP/1.1" 499 0 "-" "WordPress/6.8.3; https://emteko.com/en/" "-"
114.119.136.120 - - [26/Oct/2025:07:31:41 +0200 - 2.042 - 1.032] "GET /en/publications?flt_products=lorde-hyal%3Bokistar-hyal-7&flt_doctors=infectionist%3Botolaryngologist%3Bpulmonologist%3Btherapist HTTP/1.1" 200 100266 "https://emteko.com/en/publications/?flt_products=lorde-hyal%3Bokistar-hyal-7&flt_doctors=general-practitioner%3Binfectionist%3Botolaryngologist%3Bpulmonologist%3Btherapist" "Mozilla/5.0 (Linux; Android 7.0;) AppleWebKit/537.36 (KHTML, like Gecko) Mobile Safari/537.36 (compatible; PetalBot;+https://webmaster.petalsearch.com/site/petalbot)" "-"
78.46.190.63 - - [26/Oct/2025:07:31:43 +0200 - 0.003 - 0.004] "HEAD / HTTP/1.1" 200 0 "https://emteko.com" "Mozilla/5.0+(compatible; UptimeRobot/2.0; http://www.uptimerobot.com/)" "-"
159.69.158.189 - - [26/Oct/2025:07:32:48 +0200 - 0.012 - 0.008] "HEAD / HTTP/1.1" 200 0 "https://emteko.com" "Mozilla/5.0+(compatible; UptimeRobot/2.0; http://www.uptimerobot.com/)" "-"
31.131.20.181 - - [26/Oct/2025:07:33:05 +0200 - 0.000 - 0.000] "POST /wp-cron.php?doing_wp_cron=1761456785.3264911174774169921875 HTTP/1.1" 499 0 "-" "WordPress/6.8.3; https://emteko.com/en/" "-"
114.119.136.120 - - [26/Oct/2025:07:33:06 +0200 - 2.006 - 1.012] "GET /en/publications?flt_products=lorde-hyal%3Bokistar-hyal-7&flt_doctors=infectionist%3Borthopedic-traumatologist%3Bpediatrician HTTP/1.1" 200 100233 "https://emteko.com/en/publications?flt_products=lorde-hyal%3Bokistar-hyal-7&flt_doctors=infectionist%3Bpediatrician" "Mozilla/5.0 (Linux; Android 7.0;) AppleWebKit/537.36 (KHTML, like Gecko) Mobile Safari/537.36 (compatible; PetalBot;+https://webmaster.petalsearch.com/site/petalbot)" "-"
49.13.134.145 - - [26/Oct/2025:07:33:52 +0200 - 0.012 - 0.012] "HEAD / HTTP/1.1" 200 0 "https://emteko.com" "Mozilla/5.0+(compatible; UptimeRobot/2.0; http://www.uptimerobot.com/)" "-"
114.119.134.51 - - [26/Oct/2025:07:34:33 +0200 - 0.989 - 0.012] "GET /en/publications?flt_products=lorde-hyal%3Bokistar-hyal-7&flt_doctors=infectionist%3Borthopedic-traumatologist%3Botolaryngologist%3Bpediatrician%3Bpulmonologist HTTP/1.1" 200 100316 "https://emteko.com/en/publications/?flt_products=artro-patch%3Blorde-hyal%3Bokistar-hyal-7&flt_doctors=infectionist%3Borthopedic-traumatologist%3Botolaryngologist%3Bpediatrician%3Bpulmonologist" "Mozilla/5.0 (Linux; Android 7.0;) AppleWebKit/537.36 (KHTML, like Gecko) Mobile Safari/537.36 (compatible; PetalBot;+https://webmaster.petalsearch.com/site/petalbot)" "-"
47.128.25.190 - - [26/Oct/2025:07:34:39 +0200 - 0.231 - 0.008] "GET /publications/?flt_products=artro-patch-lv;okistar-hyal-7-lv&flt_doctors=gimenes-arsts;otolaringologs;pediatrs;pulmonologs HTTP/1.1" 200 99599 "-" "Mozilla/5.0 (compatible; Bytespider; spider-feedback@bytedance.com) AppleWebKit/537.36 (KHTML, like Gecko) Chrome/70.0.0.0 Safari/537.36" "-"
49.13.134.145 - - [26/Oct/2025:07:34:58 +0200 - 0.013 - 0.016] "HEAD / HTTP/1.1" 200 0 "https://emteko.com" "Mozilla/5.0+(compatible; UptimeRobot/2.0; http://www.uptimerobot.com/)" "-"
49.13.24.81 - - [26/Oct/2025:07:35:29 +0200 - 0.011 - 0.012] "HEAD / HTTP/1.1" 200 0 "https://emteko.com" "Mozilla/5.0+(compatible; UptimeRobot/2.0; http://www.uptimerobot.com/)" "-"
31.131.20.181 - - [26/Oct/2025:07:36:01 +0200 - 0.000 - 0.000] "POST /wp-cron.php?doing_wp_cron=1761456961.2732260227203369140625 HTTP/1.1" 499 0 "-" "WordPress/6.8.3; https://emteko.com/en/" "-"
114.119.134.51 - - [26/Oct/2025:07:36:03 +0200 - 2.782 - 1.156] "GET /en/publications?flt_products=lorde-hyal%3Bokistar-hyal-7&flt_doctors=general-practitioner%3Bpediatrician%3Btherapist HTTP/1.1" 200 100230 "https://emteko.com/en/publications/?flt_products=artro-patch%3Blorde-hyal%3Bokistar-hyal-7&flt_doctors=general-practitioner%3Bpediatrician%3Btherapist" "Mozilla/5.0 (Linux; Android 7.0;) AppleWebKit/537.36 (KHTML, like Gecko) Mobile Safari/537.36 (compatible; PetalBot;+https://webmaster.petalsearch.com/site/petalbot)" "-"
3.77.67.4 - - [26/Oct/2025:07:36:03 +0200 - 0.002 - 0.000] "HEAD / HTTP/1.1" 200 0 "https://emteko.com" "Mozilla/5.0+(compatible; UptimeRobot/2.0; http://www.uptimerobot.com/)" "-"
78.84.69.138 - - [26/Oct/2025:07:36:49 +0200 - 0.011 - 0.012] "GET / HTTP/1.1" 200 89415 "-" "Mozilla/5.0 (Windows NT 10.0; Win64; x64) AppleWebKit/537.36 (KHTML, like Gecko) Chrome/141.0.0.0 Safari/537.36" "-"
78.84.69.138 - - [26/Oct/2025:07:36:50 +0200 - 0.000 - -] "GET /wp-content/themes/emteko/images/main-bg.webp HTTP/1.1" 200 68940 "https://emteko.com/" "Mozilla/5.0 (Windows NT 10.0; Win64; x64) AppleWebKit/537.36 (KHTML, like Gecko) Chrome/141.0.0.0 Safari/537.36" "-"
78.84.69.138 - - [26/Oct/2025:07:36:50 +0200 - 0.000 - -] "GET /wp-content/themes/emteko/images/about-left.webp HTTP/1.1" 200 2920 "https://emteko.com/" "Mozilla/5.0 (Windows NT 10.0; Win64; x64) AppleWebKit/537.36 (KHTML, like Gecko) Chrome/141.0.0.0 Safari/537.36" "-"
78.84.69.138 - - [26/Oct/2025:07:36:50 +0200 - 0.000 - -] "GET /wp-content/themes/emteko/images/about-right.webp HTTP/1.1" 200 3316 "https://emteko.com/" "Mozilla/5.0 (Windows NT 10.0; Win64; x64) AppleWebKit/537.36 (KHTML, like Gecko) Chrome/141.0.0.0 Safari/537.36" "-"
78.84.69.138 - - [26/Oct/2025:07:36:50 +0200 - 0.000 - -] "GET /wp-content/uploads/2024/06/advantagesbg.webp HTTP/1.1" 200 68830 "https://emteko.com/" "Mozilla/5.0 (Windows NT 10.0; Win64; x64) AppleWebKit/537.36 (KHTML, like Gecko) Chrome/141.0.0.0 Safari/537.36" "-"
78.84.69.138 - - [26/Oct/2025:07:36:50 +0200 - 0.000 - -] "GET /wp-content/themes/emteko/fonts/NeoSansPro-Medium.woff HTTP/1.1" 200 75064 "https://emteko.com/" "Mozilla/5.0 (Windows NT 10.0; Win64; x64) AppleWebKit/537.36 (KHTML, like Gecko) Chrome/141.0.0.0 Safari/537.36" "-"
78.84.69.138 - - [26/Oct/2025:07:36:50 +0200 - 0.057 - -] "GET /wp-content/themes/emteko/fonts/NeoSansPro-Regular.woff HTTP/1.1" 200 75588 "https://emteko.com/" "Mozilla/5.0 (Windows NT 10.0; Win64; x64) AppleWebKit/537.36 (KHTML, like Gecko) Chrome/141.0.0.0 Safari/537.36" "-"
78.84.69.138 - - [26/Oct/2025:07:36:50 +0200 - 0.067 - -] "GET /wp-content/themes/emteko/font-awesome/webfonts/fa-solid-900.woff2 HTTP/1.1" 200 157192 "https://emteko.com/" "Mozilla/5.0 (Windows NT 10.0; Win64; x64) AppleWebKit/537.36 (KHTML, like Gecko) Chrome/141.0.0.0 Safari/537.36" "-"
78.84.69.138 - - [26/Oct/2025:07:36:50 +0200 - 0.064 - -] "GET /wp-content/themes/emteko/fonts/NeoSansPro-Italic.woff HTTP/1.1" 200 82572 "https://emteko.com/" "Mozilla/5.0 (Windows NT 10.0; Win64; x64) AppleWebKit/537.36 (KHTML, like Gecko) Chrome/141.0.0.0 Safari/537.36" "-"
78.84.69.138 - - [26/Oct/2025:07:36:50 +0200 - 0.000 - -] "GET /wp-content/themes/emteko/fonts/NeoSansPro-Bold.woff HTTP/1.1" 200 66132 "https://emteko.com/" "Mozilla/5.0 (Windows NT 10.0; Win64; x64) AppleWebKit/537.36 (KHTML, like Gecko) Chrome/141.0.0.0 Safari/537.36" "-"
78.84.69.138 - - [26/Oct/2025:07:36:50 +0200 - 0.000 - -] "GET /wp-content/themes/emteko/font-awesome/webfonts/fa-regular-400.woff2 HTTP/1.1" 200 25464 "https://emteko.com/" "Mozilla/5.0 (Windows NT 10.0; Win64; x64) AppleWebKit/537.36 (KHTML, like Gecko) Chrome/141.0.0.0 Safari/537.36" "-"
78.84.69.138 - - [26/Oct/2025:07:36:50 +0200 - 0.065 - -] "GET /wp-content/themes/emteko/font-awesome/webfonts/fa-brands-400.woff2 HTTP/1.1" 200 118072 "https://emteko.com/" "Mozilla/5.0 (Windows NT 10.0; Win64; x64) AppleWebKit/537.36 (KHTML, like Gecko) Chrome/141.0.0.0 Safari/537.36" "-"
78.84.69.138 - - [26/Oct/2025:07:36:50 +0200 - 0.000 - -] "GET /wp-content/themes/emteko/images/mainbg.webp HTTP/1.1" 200 29824 "https://emteko.com/" "Mozilla/5.0 (Windows NT 10.0; Win64; x64) AppleWebKit/537.36 (KHTML, like Gecko) Chrome/141.0.0.0 Safari/537.36" "-"
78.84.69.138 - - [26/Oct/2025:07:36:51 +0200 - 0.000 - -] "GET /wp-content/themes/emteko/images/favs/favicon-32x32.png HTTP/1.1" 200 1655 "https://emteko.com/" "Mozilla/5.0 (Windows NT 10.0; Win64; x64) AppleWebKit/537.36 (KHTML, like Gecko) Chrome/141.0.0.0 Safari/537.36" "-"
78.84.69.138 - - [26/Oct/2025:07:36:51 +0200 - 0.000 - -] "GET /wp-content/themes/emteko/images/favs/site.webmanifest HTTP/1.1" 200 426 "https://emteko.com/" "Mozilla/5.0 (Windows NT 10.0; Win64; x64) AppleWebKit/537.36 (KHTML, like Gecko) Chrome/141.0.0.0 Safari/537.36" "-"
78.84.69.138 - - [26/Oct/2025:07:36:52 +0200 - 0.000 - -] "GET /wp-content/uploads/2024/06/aboutbg.webp HTTP/1.1" 200 25092 "https://emteko.com/" "Mozilla/5.0 (Windows NT 10.0; Win64; x64) AppleWebKit/537.36 (KHTML, like Gecko) Chrome/141.0.0.0 Safari/537.36" "-"
78.84.69.138 - - [26/Oct/2025:07:36:53 +0200 - 0.000 - -] "GET /wp-content/uploads/2024/06/license.webp HTTP/1.1" 200 12474 "https://emteko.com/" "Mozilla/5.0 (Windows NT 10.0; Win64; x64) AppleWebKit/537.36 (KHTML, like Gecko) Chrome/141.0.0.0 Safari/537.36" "-"
78.84.69.138 - - [26/Oct/2025:07:37:02 +0200 - 0.018 - 0.016] "GET /catalog/ HTTP/1.1" 200 98529 "https://emteko.com/" "Mozilla/5.0 (Windows NT 10.0; Win64; x64) AppleWebKit/537.36 (KHTML, like Gecko) Chrome/141.0.0.0 Safari/537.36" "-"
78.84.69.138 - - [26/Oct/2025:07:37:03 +0200 - 0.000 - -] "GET /wp-content/uploads/2025/09/2025-09-02-04723-1-e1757491295543-628x1024.png HTTP/1.1" 200 94861 "https://emteko.com/catalog/" "Mozilla/5.0 (Windows NT 10.0; Win64; x64) AppleWebKit/537.36 (KHTML, like Gecko) Chrome/141.0.0.0 Safari/537.36" "-"
78.84.69.138 - - [26/Oct/2025:07:37:03 +0200 - 0.054 - -] "GET /wp-content/uploads/2024/05/2025-10-15-emteko-06251-1024x683.jpg HTTP/1.1" 200 81704 "https://emteko.com/catalog/" "Mozilla/5.0 (Windows NT 10.0; Win64; x64) AppleWebKit/537.36 (KHTML, like Gecko) Chrome/141.0.0.0 Safari/537.36" "-"
78.84.69.138 - - [26/Oct/2025:07:37:04 +0200 - 0.000 - -] "GET /wp-content/uploads/2024/05/2025-10-15-emteko-06247-1024x683.jpg HTTP/1.1" 200 53458 "https://emteko.com/catalog/" "Mozilla/5.0 (Windows NT 10.0; Win64; x64) AppleWebKit/537.36 (KHTML, like Gecko) Chrome/141.0.0.0 Safari/537.36" "-"
78.84.69.138 - - [26/Oct/2025:07:37:04 +0200 - 0.000 - -] "GET /wp-content/uploads/2024/05/2025-10-15-emteko-06243-1024x683.jpg HTTP/1.1" 200 60509 "https://emteko.com/catalog/" "Mozilla/5.0 (Windows NT 10.0; Win64; x64) AppleWebKit/537.36 (KHTML, like Gecko) Chrome/141.0.0.0 Safari/537.36" "-"
88.99.80.227 - - [26/Oct/2025:07:37:08 +0200 - 0.003 - 0.000] "HEAD / HTTP/1.1" 200 0 "https://emteko.com" "Mozilla/5.0+(compatible; UptimeRobot/2.0; http://www.uptimerobot.com/)" "-"
114.119.134.51 - - [26/Oct/2025:07:37:34 +0200 - 1.297 - 0.012] "GET /en/publications?flt_products=lorde-hyal%3Bokistar-hyal-7&flt_doctors=general-practitioner%3Binfectionist%3Btherapist HTTP/1.1" 200 100221 "https://emteko.com/en/publications/?flt_products=lorde-hyal%3Bokistar-hyal-7&flt_doctors=infectionist%3Btherapist" "Mozilla/5.0 (Linux; Android 7.0;) AppleWebKit/537.36 (KHTML, like Gecko) Mobile Safari/537.36 (compatible; PetalBot;+https://webmaster.petalsearch.com/site/petalbot)" "-"
128.140.41.193 - - [26/Oct/2025:07:38:13 +0200 - 0.011 - 0.008] "HEAD / HTTP/1.1" 200 0 "https://emteko.com" "Mozilla/5.0+(compatible; UptimeRobot/2.0; http://www.uptimerobot.com/)" "-"
47.128.48.22 - - [26/Oct/2025:07:38:39 +0200 - 0.188 - 0.016] "GET /publications/?flt_doctors=otolaringologs&flt_products=artro-patch-lv%3Bokistar-hyal-7-lv HTTP/1.1" 200 99493 "-" "Mozilla/5.0 (compatible; Bytespider; spider-feedback@bytedance.com) AppleWebKit/537.36 (KHTML, like Gecko) Chrome/70.0.0.0 Safari/537.36" "-"
31.131.20.181 - - [26/Oct/2025:07:38:55 +0200 - 0.000 - 0.000] "POST /wp-cron.php?doing_wp_cron=1761457135.0791211128234863281250 HTTP/1.1" 499 0 "-" "WordPress/6.8.3; https://emteko.com/en/" "-"
114.119.133.35 - - [26/Oct/2025:07:38:56 +0200 - 1.963 - 0.988] "GET /en/publications?flt_products=lorde-hyal%3Bnasisoft&flt_doctors=pediatrician%3Bpulmonologist%3Btherapist HTTP/1.1" 200 100457 "https://emteko.com/en/publications?flt_products=lorde-hyal%3Bnasisoft&flt_doctors=pulmonologist%3Btherapist" "Mozilla/5.0 (Linux; Android 7.0;) AppleWebKit/537.36 (KHTML, like Gecko) Mobile Safari/537.36 (compatible; PetalBot;+https://webmaster.petalsearch.com/site/petalbot)" "-"
63.178.84.147 - - [26/Oct/2025:07:39:16 +0200 - 0.013 - 0.012] "HEAD / HTTP/1.1" 200 0 "https://emteko.com" "Mozilla/5.0+(compatible; UptimeRobot/2.0; http://www.uptimerobot.com/)" "-"
157.90.156.63 - - [26/Oct/2025:07:40:20 +0200 - 0.011 - 0.012] "HEAD / HTTP/1.1" 200 0 "https://emteko.com" "Mozilla/5.0+(compatible; UptimeRobot/2.0; http://www.uptimerobot.com/)" "-"
31.131.20.181 - - [26/Oct/2025:07:40:21 +0200 - 0.000 - 0.000] "POST /wp-cron.php?doing_wp_cron=1761457221.6324961185455322265625 HTTP/1.1" 499 0 "-" "WordPress/6.8.3; https://emteko.com/en/" "-"
114.119.132.104 - - [26/Oct/2025:07:40:22 +0200 - 2.006 - 1.044] "GET /en/publications?flt_products=lorde-hyal%3Bnasisoft&flt_doctors=orthopedic-traumatologist%3Botolaryngologist HTTP/1.1" 200 100425 "https://emteko.com/en/publications?flt_products=lorde-hyal&flt_doctors=orthopedic-traumatologist%3Botolaryngologist" "Mozilla/5.0 (Linux; Android 7.0;) AppleWebKit/537.36 (KHTML, like Gecko) Mobile Safari/537.36 (compatible; PetalBot;+https://webmaster.petalsearch.com/site/petalbot)" "-"
49.13.164.148 - - [26/Oct/2025:07:40:33 +0200 - 0.003 - 0.004] "HEAD / HTTP/1.1" 200 0 "https://emteko.com" "Mozilla/5.0+(compatible; UptimeRobot/2.0; http://www.uptimerobot.com/)" "-"
57.141.0.23 - - [26/Oct/2025:07:40:40 +0200 - 1.125 - 0.800] "GET /index.html HTTP/1.1" 404 515272 "-" "meta-externalagent/1.1 (+https://developers.facebook.com/docs/sharing/webmasters/crawler)" "-"
49.13.134.145 - - [26/Oct/2025:07:41:24 +0200 - 0.047 - 0.044] "HEAD / HTTP/1.1" 200 0 "https://emteko.com" "Mozilla/5.0+(compatible; UptimeRobot/2.0; http://www.uptimerobot.com/)" "-"
31.131.20.181 - - [26/Oct/2025:07:41:48 +0200 - 0.000 - 0.000] "POST /wp-cron.php?doing_wp_cron=1761457308.5858469009399414062500 HTTP/1.1" 499 0 "-" "WordPress/6.8.3; https://emteko.com/en/" "-"
114.119.132.104 - - [26/Oct/2025:07:41:49 +0200 - 1.958 - 0.984] "GET /en/publications?flt_products=lorde-hyal%3Bnasisoft&flt_doctors=infectionist%3Borthopedic-traumatologist%3Bpediatrician%3Bpulmonologist HTTP/1.1" 200 100505 "https://emteko.com/en/publications?flt_products=lorde-hyal%3Bnasisoft&flt_doctors=infectionist%3Borthopedic-traumatologist%3Bpulmonologist" "Mozilla/5.0 (Linux; Android 7.0;) AppleWebKit/537.36 (KHTML, like Gecko) Mobile Safari/537.36 (compatible; PetalBot;+https://webmaster.petalsearch.com/site/petalbot)" "-"
52.28.162.93 - - [26/Oct/2025:07:42:30 +0200 - 0.012 - 0.012] "HEAD / HTTP/1.1" 200 0 "https://emteko.com" "Mozilla/5.0+(compatible; UptimeRobot/2.0; http://www.uptimerobot.com/)" "-"
43.173.180.213 - - [26/Oct/2025:07:42:56 +0200 - 0.015 - 0.016] "GET /en/products/okistar-hyal-7/ HTTP/1.1" 200 92384 "-" "Mozilla/5.0 (Windows NT 6.1; Win64; x64) AppleWebKit/537.36 (KHTML, like Gecko) Chrome/126.0.6478.114 Safari/537.36" "-"
31.131.20.181 - - [26/Oct/2025:07:43:17 +0200 - 0.000 - 0.000] "POST /wp-cron.php?doing_wp_cron=1761457397.5945870876312255859375 HTTP/1.1" 499 0 "-" "WordPress/6.8.3; https://emteko.com/en/" "-"
114.119.136.120 - - [26/Oct/2025:07:43:18 +0200 - 1.630 - 0.980] "GET /en/publications?flt_products=lorde-hyal%3Bnasisoft&flt_doctors=general-practitioner%3Botolaryngologist%3Bpulmonologist%3Btherapist HTTP/1.1" 200 100502 "https://emteko.com/en/publications?flt_products=lorde-hyal&flt_doctors=general-practitioner%3Botolaryngologist%3Bpulmonologist%3Btherapist" "Mozilla/5.0 (Linux; Android 7.0;) AppleWebKit/537.36 (KHTML, like Gecko) Mobile Safari/537.36 (compatible; PetalBot;+https://webmaster.petalsearch.com/site/petalbot)" "-"
168.119.53.160 - - [26/Oct/2025:07:43:34 +0200 - 0.011 - 0.012] "HEAD / HTTP/1.1" 200 0 "https://emteko.com" "Mozilla/5.0+(compatible; UptimeRobot/2.0; http://www.uptimerobot.com/)" "-"
128.140.41.193 - - [26/Oct/2025:07:44:38 +0200 - 0.019 - 0.020] "HEAD / HTTP/1.1" 200 0 "https://emteko.com" "Mozilla/5.0+(compatible; UptimeRobot/2.0; http://www.uptimerobot.com/)" "-"
114.119.132.202 - - [26/Oct/2025:07:44:44 +0200 - 0.990 - 0.008] "GET /en/publications?flt_products=lorde-hyal%3Bnasisoft&flt_doctors=general-practitioner%3Borthopedic-traumatologist%3Botolaryngologist%3Bpediatrician HTTP/1.1" 200 100506 "https://emteko.com/en/publications/?flt_products=artro-patch%3Blorde-hyal%3Bnasisoft&flt_doctors=general-practitioner%3Borthopedic-traumatologist%3Botolaryngologist%3Bpediatrician" "Mozilla/5.0 (Linux; Android 7.0;) AppleWebKit/537.36 (KHTML, like Gecko) Mobile Safari/537.36 (compatible; PetalBot;+https://webmaster.petalsearch.com/site/petalbot)" "-"
168.119.96.239 - - [26/Oct/2025:07:45:38 +0200 - 0.011 - 0.012] "HEAD / HTTP/1.1" 200 0 "https://emteko.com" "Mozilla/5.0+(compatible; UptimeRobot/2.0; http://www.uptimerobot.com/)" "-"
167.235.143.113 - - [26/Oct/2025:07:45:42 +0200 - 0.002 - 0.004] "HEAD / HTTP/1.1" 200 0 "https://emteko.com" "Mozilla/5.0+(compatible; UptimeRobot/2.0; http://www.uptimerobot.com/)" "-"
114.119.132.202 - - [26/Oct/2025:07:46:10 +0200 - 0.967 - 0.016] "GET /en/publications?flt_products=lorde-hyal%3Bnasisoft&flt_doctors=general-practitioner HTTP/1.1" 200 100345 "https://emteko.com/en/publications?flt_products=lorde-hyal%3Bnasisoft&flt_doctors=general-practitioner%3Bpulmonologist" "Mozilla/5.0 (Linux; Android 7.0;) AppleWebKit/537.36 (KHTML, like Gecko) Mobile Safari/537.36 (compatible; PetalBot;+https://webmaster.petalsearch.com/site/petalbot)" "-"
34.1.27.17 - - [26/Oct/2025:07:46:13 +0200 - 0.002 - 0.000] "GET / HTTP/1.1" 200 89415 "https://www.emteko.com/" "Mozilla/5.0 (Macintosh; Intel Mac OS X 10_15_7) AppleWebKit/537.36 (KHTML, like Gecko) Chrome/135.0.0.0 Safari/537.36" "-"
31.131.20.181 - - [26/Oct/2025:07:46:15 +0200 - 0.000 - 0.004] "POST /wp-cron.php?doing_wp_cron=1761457574.9949240684509277343750 HTTP/1.1" 499 0 "-" "WordPress/6.8.3; https://emteko.com" "-"
34.1.27.17 - - [26/Oct/2025:07:46:15 +0200 - 0.882 - 0.884] "GET /app/ HTTP/1.1" 404 87002 "-" "Mozilla/5.0 (Macintosh; Intel Mac OS X 10_15_7) AppleWebKit/537.36 (KHTML, like Gecko) Chrome/135.0.0.0 Safari/537.36" "-"
34.1.27.17 - - [26/Oct/2025:07:46:16 +0200 - 0.670 - 0.672] "GET /login/ HTTP/1.1" 302 5 "-" "Mozilla/5.0 (Macintosh; Intel Mac OS X 10_15_7) AppleWebKit/537.36 (KHTML, like Gecko) Chrome/135.0.0.0 Safari/537.36" "-"
34.1.27.17 - - [26/Oct/2025:07:46:17 +0200 - 0.671 - 0.672] "GET /wp-login.php HTTP/1.1" 403 2242 "https://emteko.com/login/" "Mozilla/5.0 (Macintosh; Intel Mac OS X 10_15_7) AppleWebKit/537.36 (KHTML, like Gecko) Chrome/135.0.0.0 Safari/537.36" "-"
34.1.27.17 - - [26/Oct/2025:07:46:25 +0200 - 0.123 - 0.004] "GET / HTTP/1.1" 200 89415 "http://emteko.com/" "Mozilla/5.0 (Macintosh; Intel Mac OS X 10_15_7) AppleWebKit/537.36 (KHTML, like Gecko) Chrome/135.0.0.0 Safari/537.36" "-"
34.1.27.17 - - [26/Oct/2025:07:46:27 +0200 - 0.770 - 0.768] "GET /app/ HTTP/1.1" 404 87002 "-" "Mozilla/5.0 (Macintosh; Intel Mac OS X 10_15_7) AppleWebKit/537.36 (KHTML, like Gecko) Chrome/135.0.0.0 Safari/537.36" "-"
34.1.27.17 - - [26/Oct/2025:07:46:28 +0200 - 0.671 - 0.672] "GET /login/ HTTP/1.1" 302 5 "-" "Mozilla/5.0 (Macintosh; Intel Mac OS X 10_15_7) AppleWebKit/537.36 (KHTML, like Gecko) Chrome/135.0.0.0 Safari/537.36" "-"
34.1.27.17 - - [26/Oct/2025:07:46:28 +0200 - 0.662 - 0.664] "GET /wp-login.php HTTP/1.1" 403 2242 "https://emteko.com/login/" "Mozilla/5.0 (Macintosh; Intel Mac OS X 10_15_7) AppleWebKit/537.36 (KHTML, like Gecko) Chrome/135.0.0.0 Safari/537.36" "-"
34.1.27.17 - - [26/Oct/2025:07:46:32 +0200 - 0.002 - 0.000] "GET / HTTP/1.1" 200 89415 "https://www.emteko.com/" "Mozilla/5.0 (Macintosh; Intel Mac OS X 10_15_7) AppleWebKit/537.36 (KHTML, like Gecko) Chrome/135.0.0.0 Safari/537.36" "-"
31.131.20.181 - - [26/Oct/2025:07:46:34 +0200 - 0.000 - 0.000] "POST /wp-cron.php?doing_wp_cron=1761457594.1356759071350097656250 HTTP/1.1" 499 0 "-" "WordPress/6.8.3; https://emteko.com" "-"
34.1.27.17 - - [26/Oct/2025:07:46:34 +0200 - 0.762 - 0.764] "GET /app/ HTTP/1.1" 404 87002 "-" "Mozilla/5.0 (Macintosh; Intel Mac OS X 10_15_7) AppleWebKit/537.36 (KHTML, like Gecko) Chrome/135.0.0.0 Safari/537.36" "-"
34.1.27.17 - - [26/Oct/2025:07:46:35 +0200 - 0.636 - 0.636] "GET /login/ HTTP/1.1" 302 5 "-" "Mozilla/5.0 (Macintosh; Intel Mac OS X 10_15_7) AppleWebKit/537.36 (KHTML, like Gecko) Chrome/135.0.0.0 Safari/537.36" "-"
34.1.27.17 - - [26/Oct/2025:07:46:36 +0200 - 0.716 - 0.716] "GET /wp-login.php HTTP/1.1" 403 2242 "https://emteko.com/login/" "Mozilla/5.0 (Macintosh; Intel Mac OS X 10_15_7) AppleWebKit/537.36 (KHTML, like Gecko) Chrome/135.0.0.0 Safari/537.36" "-"
78.46.215.1 - - [26/Oct/2025:07:46:47 +0200 - 0.002 - 0.004] "HEAD / HTTP/1.1" 200 0 "https://emteko.com" "Mozilla/5.0+(compatible; UptimeRobot/2.0; http://www.uptimerobot.com/)" "-"
40.77.167.151 - - [26/Oct/2025:07:46:56 +0200 - 0.006 - 0.008] "GET /publications/bronchitis-what-is-bronchitis-and-why-does-it-occur/ HTTP/1.1" 200 92331 "-" "Mozilla/5.0 AppleWebKit/537.36 (KHTML, like Gecko; compatible; bingbot/2.0; +http://www.bing.com/bingbot.htm) Chrome/116.0.1938.76 Safari/537.36" "-"
40.77.167.151 - - [26/Oct/2025:07:47:06 +0200 - 0.000 - -] "GET /wp-content/themes/emteko/font-awesome/webfonts/fa-brands-400.woff2 HTTP/1.1" 200 118072 "-" "Mozilla/5.0 AppleWebKit/537.36 (KHTML, like Gecko; compatible; bingbot/2.0; +http://www.bing.com/bingbot.htm) Chrome/116.0.1938.76 Safari/537.36" "-"
40.77.167.151 - - [26/Oct/2025:07:47:07 +0200 - 0.000 - -] "GET /wp-content/themes/emteko/fonts/NeoSansPro-Medium.woff HTTP/1.1" 200 75064 "-" "Mozilla/5.0 AppleWebKit/537.36 (KHTML, like Gecko; compatible; bingbot/2.0; +http://www.bing.com/bingbot.htm) Chrome/116.0.1938.76 Safari/537.36" "-"
52.167.144.176 - - [26/Oct/2025:07:47:13 +0200 - 0.175 - -] "GET /wp-content/themes/emteko/font-awesome/webfonts/fa-solid-900.woff2 HTTP/1.1" 200 157192 "-" "Mozilla/5.0 AppleWebKit/537.36 (KHTML, like Gecko; compatible; bingbot/2.0; +http://www.bing.com/bingbot.htm) Chrome/116.0.1938.76 Safari/537.36" "-"
52.167.144.176 - - [26/Oct/2025:07:47:14 +0200 - 0.000 - -] "GET /wp-content/themes/emteko/fonts/NeoSansPro-Italic.woff HTTP/1.1" 200 82572 "-" "Mozilla/5.0 AppleWebKit/537.36 (KHTML, like Gecko; compatible; bingbot/2.0; +http://www.bing.com/bingbot.htm) Chrome/116.0.1938.76 Safari/537.36" "-"
52.167.144.176 - - [26/Oct/2025:07:47:14 +0200 - 0.000 - -] "GET /wp-content/themes/emteko/fonts/NeoSansPro-Bold.woff HTTP/1.1" 200 66132 "-" "Mozilla/5.0 AppleWebKit/537.36 (KHTML, like Gecko; compatible; bingbot/2.0; +http://www.bing.com/bingbot.htm) Chrome/116.0.1938.76 Safari/537.36" "-"
157.55.39.62 - - [26/Oct/2025:07:47:23 +0200 - 0.000 - -] "GET /wp-content/themes/emteko/fonts/NeoSansPro-Regular.woff HTTP/1.1" 200 75588 "-" "Mozilla/5.0 AppleWebKit/537.36 (KHTML, like Gecko; compatible; bingbot/2.0; +http://www.bing.com/bingbot.htm) Chrome/116.0.1938.76 Safari/537.36" "-"
31.131.20.181 - - [26/Oct/2025:07:47:37 +0200 - 0.000 - 0.004] "POST /wp-cron.php?doing_wp_cron=1761457657.7935628890991210937500 HTTP/1.1" 499 0 "-" "WordPress/6.8.3; https://emteko.com/en/" "-"
114.119.140.113 - - [26/Oct/2025:07:47:39 +0200 - 2.140 - 1.184] "GET /en/publications?flt_products=lorde-hyal%3Bnasisoft%3Bokistar-hyal-7&flt_doctors=pediatrician%3Btherapist HTTP/1.1" 200 100451 "https://emteko.com/en/publications?flt_products=lorde-hyal%3Bnasisoft%3Bokistar-hyal-7&flt_doctors=orthopedic-traumatologist%3Bpediatrician%3Btherapist" "Mozilla/5.0 (Linux; Android 7.0;) AppleWebKit/537.36 (KHTML, like Gecko) Mobile Safari/537.36 (compatible; PetalBot;+https://webmaster.petalsearch.com/site/petalbot)" "-"
168.119.123.75 - - [26/Oct/2025:07:47:52 +0200 - 0.012 - 0.012] "HEAD / HTTP/1.1" 200 0 "https://emteko.com" "Mozilla/5.0+(compatible; UptimeRobot/2.0; http://www.uptimerobot.com/)" "-"
49.13.24.81 - - [26/Oct/2025:07:48:56 +0200 - 0.016 - 0.016] "HEAD / HTTP/1.1" 200 0 "https://emteko.com" "Mozilla/5.0+(compatible; UptimeRobot/2.0; http://www.uptimerobot.com/)" "-"
114.119.136.120 - - [26/Oct/2025:07:49:05 +0200 - 0.970 - 0.004] "GET /en/publications?flt_products=lorde-hyal%3Bnasisoft%3Bokistar-hyal-7&flt_doctors=otolaryngologist%3Bpulmonologist HTTP/1.1" 200 100461 "https://emteko.com/en/publications/?flt_products=diart%3Blorde-hyal%3Bnasisoft%3Bokistar-hyal-7&flt_doctors=otolaryngologist%3Bpulmonologist" "Mozilla/5.0 (Linux; Android 7.0;) AppleWebKit/537.36 (KHTML, like Gecko) Mobile Safari/537.36 (compatible; PetalBot;+https://webmaster.petalsearch.com/site/petalbot)" "-"
43.173.180.180 - - [26/Oct/2025:07:49:16 +0200 - 0.015 - 0.016] "GET /en/doctorspecial/general-practitioner/?flt_doctors=pediatrician HTTP/1.1" 200 99788 "-" "Mozilla/5.0 (Windows NT 6.1; Win64; x64) AppleWebKit/537.36 (KHTML, like Gecko) Chrome/126.0.6478.114 Safari/537.36" "-"
52.59.43.236 - - [26/Oct/2025:07:50:01 +0200 - 0.027 - 0.028] "HEAD / HTTP/1.1" 200 0 "https://emteko.com" "Mozilla/5.0+(compatible; UptimeRobot/2.0; http://www.uptimerobot.com/)" "-"
31.131.20.181 - - [26/Oct/2025:07:50:31 +0200 - 0.000 - 0.000] "POST /wp-cron.php?doing_wp_cron=1761457831.6706058979034423828125 HTTP/1.1" 499 0 "-" "WordPress/6.8.3; https://emteko.com/en/" "-"
114.119.132.202 - - [26/Oct/2025:07:50:32 +0200 - 2.049 - 1.100] "GET /en/publications?flt_products=lorde-hyal%3Bnasisoft%3Bokistar-hyal-7&flt_doctors=infectionist%3Bpulmonologist%3Btherapist HTTP/1.1" 200 100489 "https://emteko.com/en/publications?flt_products=lorde-hyal%3Bnasisoft&flt_doctors=infectionist%3Bpulmonologist%3Btherapist" "Mozilla/5.0 (Linux; Android 7.0;) AppleWebKit/537.36 (KHTML, like Gecko) Mobile Safari/537.36 (compatible; PetalBot;+https://webmaster.petalsearch.com/site/petalbot)" "-"
168.119.53.160 - - [26/Oct/2025:07:50:42 +0200 - 0.003 - 0.004] "HEAD / HTTP/1.1" 200 0 "https://emteko.com" "Mozilla/5.0+(compatible; UptimeRobot/2.0; http://www.uptimerobot.com/)" "-"
128.140.41.193 - - [26/Oct/2025:07:51:05 +0200 - 0.014 - 0.012] "HEAD / HTTP/1.1" 200 0 "https://emteko.com" "Mozilla/5.0+(compatible; UptimeRobot/2.0; http://www.uptimerobot.com/)" "-"
34.1.26.61 - - [26/Oct/2025:07:51:22 +0200 - 0.012 - 0.012] "GET / HTTP/1.1" 200 89415 "https://www.emteko.com/" "Mozilla/5.0 (Macintosh; Intel Mac OS X 10_15_7) AppleWebKit/537.36 (KHTML, like Gecko) Chrome/135.0.0.0 Safari/537.36" "-"
31.131.20.181 - - [26/Oct/2025:07:51:23 +0200 - 0.001 - 0.000] "POST /wp-cron.php?doing_wp_cron=1761457883.9031679630279541015625 HTTP/1.1" 499 0 "-" "WordPress/6.8.3; https://emteko.com" "-"
34.1.26.61 - - [26/Oct/2025:07:51:24 +0200 - 0.936 - 0.936] "GET /app/ HTTP/1.1" 404 87002 "-" "Mozilla/5.0 (Macintosh; Intel Mac OS X 10_15_7) AppleWebKit/537.36 (KHTML, like Gecko) Chrome/135.0.0.0 Safari/537.36" "-"
34.1.26.61 - - [26/Oct/2025:07:51:25 +0200 - 0.713 - 0.712] "GET /login/ HTTP/1.1" 302 5 "-" "Mozilla/5.0 (Macintosh; Intel Mac OS X 10_15_7) AppleWebKit/537.36 (KHTML, like Gecko) Chrome/135.0.0.0 Safari/537.36" "-"
34.1.26.61 - - [26/Oct/2025:07:51:26 +0200 - 0.729 - 0.724] "GET /wp-login.php HTTP/1.1" 403 2242 "https://emteko.com/login/" "Mozilla/5.0 (Macintosh; Intel Mac OS X 10_15_7) AppleWebKit/537.36 (KHTML, like Gecko) Chrome/135.0.0.0 Safari/537.36" "-"
31.131.20.181 - - [26/Oct/2025:07:52:03 +0200 - 0.000 - 0.000] "POST /wp-cron.php?doing_wp_cron=1761457923.4718649387359619140625 HTTP/1.1" 499 0 "-" "WordPress/6.8.3; https://emteko.com/en/" "-"
114.119.133.35 - - [26/Oct/2025:07:52:05 +0200 - 2.508 - 1.196] "GET /en/publications?flt_products=lorde-hyal%3Bnasisoft%3Bokistar-hyal-7&flt_doctors=infectionist%3Borthopedic-traumatologist%3Btherapist HTTP/1.1" 200 100489 "https://emteko.com/en/publications?flt_products=diart%3Blorde-hyal%3Bnasisoft%3Bokistar-hyal-7&flt_doctors=infectionist%3Borthopedic-traumatologist%3Btherapist" "Mozilla/5.0 (Linux; Android 7.0;) AppleWebKit/537.36 (KHTML, like Gecko) Mobile Safari/537.36 (compatible; PetalBot;+https://webmaster.petalsearch.com/site/petalbot)" "-"
168.119.53.160 - - [26/Oct/2025:07:52:10 +0200 - 0.002 - 0.000] "HEAD / HTTP/1.1" 200 0 "https://emteko.com" "Mozilla/5.0+(compatible; UptimeRobot/2.0; http://www.uptimerobot.com/)" "-"
43.173.179.234 - - [26/Oct/2025:07:52:43 +0200 - 0.014 - 0.016] "GET /en/products/nasisoft/ HTTP/1.1" 200 91617 "-" "Mozilla/5.0 (Windows NT 10.0; Win64; x64) AppleWebKit/537.36 (KHTML, like Gecko) Chrome/124.0.0.0 Safari/537.36" "-"
168.119.53.160 - - [26/Oct/2025:07:53:14 +0200 - 0.019 - 0.020] "HEAD / HTTP/1.1" 200 0 "https://emteko.com" "Mozilla/5.0+(compatible; UptimeRobot/2.0; http://www.uptimerobot.com/)" "-"
114.119.140.113 - - [26/Oct/2025:07:53:27 +0200 - 0.946 - 0.016] "GET /en/publications?flt_products=lorde-hyal%3Bnasisoft%3Bokistar-hyal-7&flt_doctors=infectionist%3Borthopedic-traumatologist%3Bpediatrician%3Bpulmonologist HTTP/1.1" 200 100537 "https://emteko.com/en/publications?flt_products=lorde-hyal%3Bnasisoft%3Bokistar-hyal-7&flt_doctors=infectionist%3Bpediatrician%3Bpulmonologist" "Mozilla/5.0 (Linux; Android 7.0;) AppleWebKit/537.36 (KHTML, like Gecko) Mobile Safari/537.36 (compatible; PetalBot;+https://webmaster.petalsearch.com/site/petalbot)" "-"
3.77.67.4 - - [26/Oct/2025:07:54:19 +0200 - 0.018 - 0.020] "HEAD / HTTP/1.1" 200 0 "https://emteko.com" "Mozilla/5.0+(compatible; UptimeRobot/2.0; http://www.uptimerobot.com/)" "-"
114.119.136.120 - - [26/Oct/2025:07:54:53 +0200 - 0.938 - 0.012] "GET /en/publications?flt_products=lorde-hyal%3Bnasisoft%3Bokistar-hyal-7&flt_doctors=infectionist%3Borthopedic-traumatologist%3Botolaryngologist%3Bpediatrician%3Bpulmonologist HTTP/1.1" 200 100594 "https://emteko.com/en/publications/?flt_products=lorde-hyal%3Bnasisoft%3Bokistar-hyal-7&flt_doctors=infectionist%3Borthopedic-traumatologist%3Botolaryngologist%3Bpediatrician" "Mozilla/5.0 (Linux; Android 7.0;) AppleWebKit/537.36 (KHTML, like Gecko) Mobile Safari/537.36 (compatible; PetalBot;+https://webmaster.petalsearch.com/site/petalbot)" "-"
142.132.180.39 - - [26/Oct/2025:07:55:23 +0200 - 0.012 - 0.012] "HEAD / HTTP/1.1" 200 0 "https://emteko.com" "Mozilla/5.0+(compatible; UptimeRobot/2.0; http://www.uptimerobot.com/)" "-"
78.46.190.63 - - [26/Oct/2025:07:55:48 +0200 - 0.011 - 0.012] "HEAD / HTTP/1.1" 200 0 "https://emteko.com" "Mozilla/5.0+(compatible; UptimeRobot/2.0; http://www.uptimerobot.com/)" "-"
114.119.134.51 - - [26/Oct/2025:07:56:21 +0200 - 0.991 - 0.012] "GET /en/publications?flt_products=lorde-hyal%3Bnasisoft%3Bokistar-hyal-7&flt_doctors=general-practitioner%3Bpulmonologist%3Btherapist HTTP/1.1" 200 100494 "https://emteko.com/en/publications?flt_products=lorde-hyal%3Bnasisoft%3Bokistar-hyal-7&flt_doctors=general-practitioner%3Bpediatrician%3Bpulmonologist%3Btherapist" "Mozilla/5.0 (Linux; Android 7.0;) AppleWebKit/537.36 (KHTML, like Gecko) Mobile Safari/537.36 (compatible; PetalBot;+https://webmaster.petalsearch.com/site/petalbot)" "-"
3.79.134.69 - - [26/Oct/2025:07:56:27 +0200 - 0.003 - 0.004] "HEAD / HTTP/1.1" 200 0 "https://emteko.com" "Mozilla/5.0+(compatible; UptimeRobot/2.0; http://www.uptimerobot.com/)" "-"
40.77.167.30 - - [26/Oct/2025:07:56:52 +0200 - 0.014 - 0.012] "GET /publications/?flt_products=artro-patch-lv&flt_doctors=gimenes-arsts;pulmonologs HTTP/1.1" 200 95733 "-" "Mozilla/5.0 AppleWebKit/537.36 (KHTML, like Gecko; compatible; bingbot/2.0; +http://www.bing.com/bingbot.htm) Chrome/116.0.1938.76 Safari/537.36" "-"
49.13.24.81 - - [26/Oct/2025:07:57:32 +0200 - 0.012 - 0.012] "HEAD / HTTP/1.1" 200 0 "https://emteko.com" "Mozilla/5.0+(compatible; UptimeRobot/2.0; http://www.uptimerobot.com/)" "-"
31.131.20.181 - - [26/Oct/2025:07:57:47 +0200 - 0.002 - 0.004] "POST /wp-cron.php?doing_wp_cron=1761458267.7003030776977539062500 HTTP/1.1" 499 0 "-" "WordPress/6.8.3; https://emteko.com/en/" "-"
114.119.136.120 - - [26/Oct/2025:07:57:48 +0200 - 2.079 - 1.152] "GET /en/publications?flt_products=lorde-hyal%3Bnasisoft%3Bokistar-hyal-7&flt_doctors=general-practitioner%3Botolaryngologist%3Bpulmonologist HTTP/1.1" 200 100500 "https://emteko.com/en/publications?flt_products=lorde-hyal%3Bokistar-hyal-7&flt_doctors=general-practitioner%3Botolaryngologist%3Bpulmonologist" "Mozilla/5.0 (Linux; Android 7.0;) AppleWebKit/537.36 (KHTML, like Gecko) Mobile Safari/537.36 (compatible; PetalBot;+https://webmaster.petalsearch.com/site/petalbot)" "-"
49.13.24.81 - - [26/Oct/2025:07:58:37 +0200 - 0.017 - 0.020] "HEAD / HTTP/1.1" 200 0 "https://emteko.com" "Mozilla/5.0+(compatible; UptimeRobot/2.0; http://www.uptimerobot.com/)" "-"
114.119.140.113 - - [26/Oct/2025:07:59:22 +0200 - 1.082 - 0.020] "GET /en/publications?flt_products=lorde-hyal%3Bnasisoft%3Bokistar-hyal-7&flt_doctors=general-practitioner%3Borthopedic-traumatologist%3Bpediatrician%3Btherapist HTTP/1.1" 200 100547 "https://emteko.com/en/publications?flt_products=lorde-hyal%3Bnasisoft%3Bokistar-hyal-7&flt_doctors=general-practitioner%3Borthopedic-traumatologist%3Bpediatrician" "Mozilla/5.0 (Linux; Android 7.0;) AppleWebKit/537.36 (KHTML, like Gecko) Mobile Safari/537.36 (compatible; PetalBot;+https://webmaster.petalsearch.com/site/petalbot)" "-"
63.178.84.147 - - [26/Oct/2025:07:59:41 +0200 - 0.012 - 0.012] "HEAD / HTTP/1.1" 200 0 "https://emteko.com" "Mozilla/5.0+(compatible; UptimeRobot/2.0; http://www.uptimerobot.com/)" "-"
31.131.20.181 - - [26/Oct/2025:07:59:52 +0200 - 0.003 - 0.004] "POST /wp-cron.php?doing_wp_cron=1761458392.5180180072784423828125 HTTP/1.1" 499 0 "-" "WordPress/6.8.3; https://emteko.com" "-"
5.39.109.170 - - [26/Oct/2025:07:59:52 +0200 - 0.787 - 0.788] "GET /robots.txt HTTP/1.1" 200 132 "-" "Mozilla/5.0 (compatible; AhrefsBot/7.0; +http://ahrefs.com/robot/)" "-"
51.68.247.209 - - [26/Oct/2025:07:59:55 +0200 - 0.019 - 0.008] "GET /contact-us/ HTTP/1.1" 200 89519 "-" "Mozilla/5.0 (compatible; AhrefsBot/7.0; +http://ahrefs.com/robot/)" "-"
18.193.252.127 - - [26/Oct/2025:08:00:46 +0200 - 0.011 - 0.012] "HEAD / HTTP/1.1" 200 0 "https://emteko.com" "Mozilla/5.0+(compatible; UptimeRobot/2.0; http://www.uptimerobot.com/)" "-"
31.131.20.181 - - [26/Oct/2025:08:00:46 +0200 - 0.001 - 0.000] "POST /wp-cron.php?doing_wp_cron=1761458446.4718229770660400390625 HTTP/1.1" 499 0 "-" "WordPress/6.8.3; https://emteko.com/en/" "-"
114.119.132.104 - - [26/Oct/2025:08:00:48 +0200 - 2.367 - 1.096] "GET /en/publications?flt_products=lorde-hyal%3Bnasisoft%3Bokistar-hyal-7&flt_doctors=general-practitioner%3Binfectionist%3Bpediatrician%3Btherapist HTTP/1.1" 200 100529 "https://emteko.com/en/publications/?flt_products=lorde-hyal%3Bnasisoft%3Bokistar-hyal-7&flt_doctors=general-practitioner%3Binfectionist%3Borthopedic-traumatologist%3Bpediatrician%3Btherapist" "Mozilla/5.0 (Linux; Android 7.0;) AppleWebKit/537.36 (KHTML, like Gecko) Mobile Safari/537.36 (compatible; PetalBot;+https://webmaster.petalsearch.com/site/petalbot)" "-"
78.46.190.63 - - [26/Oct/2025:08:00:52 +0200 - 0.003 - 0.004] "HEAD / HTTP/1.1" 200 0 "https://emteko.com" "Mozilla/5.0+(compatible; UptimeRobot/2.0; http://www.uptimerobot.com/)" "-"
167.235.143.113 - - [26/Oct/2025:08:01:50 +0200 - 0.011 - 0.012] "HEAD / HTTP/1.1" 200 0 "https://emteko.com" "Mozilla/5.0+(compatible; UptimeRobot/2.0; http://www.uptimerobot.com/)" "-"
114.119.136.120 - - [26/Oct/2025:08:02:10 +0200 - 0.949 - 0.020] "GET /en/publications?flt_products=lorde-hyal%3Bnasisoft%3Bokistar-hyal-7&flt_doctors=general-practitioner%3Binfectionist HTTP/1.1" 200 100441 "https://emteko.com/en/publications?flt_products=lorde-hyal%3Bnasisoft%3Bokistar-hyal-7&flt_doctors=general-practitioner%3Binfectionist%3Btherapist" "Mozilla/5.0 (Linux; Android 7.0;) AppleWebKit/537.36 (KHTML, like Gecko) Mobile Safari/537.36 (compatible; PetalBot;+https://webmaster.petalsearch.com/site/petalbot)" "-"
31.131.20.181 - - [26/Oct/2025:08:02:49 +0200 - 0.000 - 0.000] "POST /wp-cron.php?doing_wp_cron=1761458569.1764159202575683593750 HTTP/1.1" 499 0 "-" "WordPress/6.8.3; https://emteko.com" "-"
40.77.167.9 - - [26/Oct/2025:08:02:49 +0200 - 0.901 - 0.900] "GET /?s=2026 HTTP/1.1" 200 86912 "-" "Mozilla/5.0 AppleWebKit/537.36 (KHTML, like Gecko; compatible; bingbot/2.0; +http://www.bing.com/bingbot.htm) Chrome/116.0.1938.76 Safari/537.36" "-"
78.47.173.76 - - [26/Oct/2025:08:02:54 +0200 - 0.002 - 0.004] "HEAD / HTTP/1.1" 200 0 "https://emteko.com" "Mozilla/5.0+(compatible; UptimeRobot/2.0; http://www.uptimerobot.com/)" "-"
157.55.39.62 - - [26/Oct/2025:08:03:29 +0200 - 0.000 - -] "GET /wp-content/uploads/2024/04/bronquitis.webp HTTP/1.1" 200 35118 "-" "Mozilla/5.0 AppleWebKit/537.36 (KHTML, like Gecko; compatible; bingbot/2.0; +http://www.bing.com/bingbot.htm) Chrome/116.0.1938.76 Safari/537.36" "-"
31.131.20.181 - - [26/Oct/2025:08:03:36 +0200 - 0.000 - 0.000] "POST /wp-cron.php?doing_wp_cron=1761458615.9509229660034179687500 HTTP/1.1" 499 0 "-" "WordPress/6.8.3; https://emteko.com/en/" "-"
114.119.136.120 - - [26/Oct/2025:08:03:36 +0200 - 0.923 - 0.924] "GET /en/publications?flt_products=diart&flt_doctors=pulmonologist%3Btherapist HTTP/1.1" 200 95578 "https://emteko.com/en/publications?flt_products=diart&flt_doctors=pediatrician%3Bpulmonologist%3Btherapist" "Mozilla/5.0 (Linux; Android 7.0;) AppleWebKit/537.36 (KHTML, like Gecko) Mobile Safari/537.36 (compatible; PetalBot;+https://webmaster.petalsearch.com/site/petalbot)" "-"
49.13.130.29 - - [26/Oct/2025:08:03:58 +0200 - 0.011 - 0.012] "HEAD / HTTP/1.1" 200 0 "https://emteko.com" "Mozilla/5.0+(compatible; UptimeRobot/2.0; http://www.uptimerobot.com/)" "-"
157.90.156.63 - - [26/Oct/2025:08:05:02 +0200 - 0.018 - 0.016] "HEAD / HTTP/1.1" 200 0 "https://emteko.com" "Mozilla/5.0+(compatible; UptimeRobot/2.0; http://www.uptimerobot.com/)" "-"
114.119.134.51 - - [26/Oct/2025:08:05:03 +0200 - 0.951 - 0.008] "GET /en/publications?flt_products=diart&flt_doctors=infectionist%3Bpulmonologist%3Btherapist HTTP/1.1" 200 95606 "https://emteko.com/en/publications?flt_products=diart&flt_doctors=infectionist%3Bpediatrician%3Bpulmonologist%3Btherapist" "Mozilla/5.0 (Linux; Android 7.0;) AppleWebKit/537.36 (KHTML, like Gecko) Mobile Safari/537.36 (compatible; PetalBot;+https://webmaster.petalsearch.com/site/petalbot)" "-"
157.90.155.240 - - [26/Oct/2025:08:05:57 +0200 - 0.017 - 0.016] "HEAD / HTTP/1.1" 200 0 "https://emteko.com" "Mozilla/5.0+(compatible; UptimeRobot/2.0; http://www.uptimerobot.com/)" "-"
49.13.167.123 - - [26/Oct/2025:08:06:07 +0200 - 0.002 - 0.004] "HEAD / HTTP/1.1" 200 0 "https://emteko.com" "Mozilla/5.0+(compatible; UptimeRobot/2.0; http://www.uptimerobot.com/)" "-"
40.77.167.9 - - [26/Oct/2025:08:06:08 +0200 - 0.005 - 0.008] "GET /en/products/reo/ HTTP/1.1" 200 89615 "-" "Mozilla/5.0 AppleWebKit/537.36 (KHTML, like Gecko; compatible; bingbot/2.0; +http://www.bing.com/bingbot.htm) Chrome/116.0.1938.76 Safari/537.36" "-"
31.131.20.181 - - [26/Oct/2025:08:06:30 +0200 - 0.002 - 0.004] "POST /wp-cron.php?doing_wp_cron=1761458790.8744180202484130859375 HTTP/1.1" 499 0 "-" "WordPress/6.8.3; https://emteko.com/en/" "-"
114.119.132.202 - - [26/Oct/2025:08:06:31 +0200 - 0.992 - 0.988] "GET /en/publications?flt_products=diart&flt_doctors=infectionist%3Botolaryngologist%3Btherapist HTTP/1.1" 200 95605 "https://emteko.com/en/publications/?flt_products=diart&flt_doctors=general-practitioner%3Binfectionist%3Botolaryngologist%3Btherapist" "Mozilla/5.0 (Linux; Android 7.0;) AppleWebKit/537.36 (KHTML, like Gecko) Mobile Safari/537.36 (compatible; PetalBot;+https://webmaster.petalsearch.com/site/petalbot)" "-"
157.90.156.63 - - [26/Oct/2025:08:07:11 +0200 - 0.013 - 0.012] "HEAD / HTTP/1.1" 200 0 "https://emteko.com" "Mozilla/5.0+(compatible; UptimeRobot/2.0; http://www.uptimerobot.com/)" "-"
13.89.224.123 - - [26/Oct/2025:08:07:12 +0200 - 0.000 - -] "GET /.__info.php HTTP/1.1" 404 173 "-" "-" "-"
13.89.224.123 - - [26/Oct/2025:08:07:12 +0200 - 0.000 - -] "GET /0.php HTTP/1.1" 404 173 "-" "-" "-"
13.89.224.123 - - [26/Oct/2025:08:07:13 +0200 - 0.000 - -] "GET /07.php HTTP/1.1" 404 173 "-" "-" "-"
13.89.224.123 - - [26/Oct/2025:08:07:13 +0200 - 0.000 - -] "GET /1.php HTTP/1.1" 404 173 "-" "-" "-"
13.89.224.123 - - [26/Oct/2025:08:07:13 +0200 - 0.000 - -] "GET /123.php HTTP/1.1" 404 173 "-" "-" "-"
13.89.224.123 - - [26/Oct/2025:08:07:13 +0200 - 0.000 - -] "GET /aa.php HTTP/1.1" 404 173 "-" "-" "-"
13.89.224.123 - - [26/Oct/2025:08:07:14 +0200 - 0.000 - -] "GET /abcd.php HTTP/1.1" 404 173 "-" "-" "-"
13.89.224.123 - - [26/Oct/2025:08:07:14 +0200 - 0.000 - -] "GET /about.php HTTP/1.1" 404 173 "-" "-" "-"
13.89.224.123 - - [26/Oct/2025:08:07:14 +0200 - 0.000 - -] "GET /admin.php HTTP/1.1" 404 173 "-" "-" "-"
13.89.224.123 - - [26/Oct/2025:08:07:15 +0200 - 0.000 - -] "GET /adminfuns.php HTTP/1.1" 404 173 "-" "-" "-"
13.89.224.123 - - [26/Oct/2025:08:07:15 +0200 - 0.000 - -] "GET /akc.php HTTP/1.1" 404 173 "-" "-" "-"
13.89.224.123 - - [26/Oct/2025:08:07:15 +0200 - 0.000 - -] "GET /akcc.php HTTP/1.1" 404 173 "-" "-" "-"
13.89.224.123 - - [26/Oct/2025:08:07:16 +0200 - 0.000 - -] "GET /asasx.php HTTP/1.1" 404 173 "-" "-" "-"
13.89.224.123 - - [26/Oct/2025:08:07:16 +0200 - 0.000 - -] "GET /asd.php HTTP/1.1" 404 173 "-" "-" "-"
13.89.224.123 - - [26/Oct/2025:08:07:16 +0200 - 0.000 - -] "GET /atomlib.php HTTP/1.1" 404 173 "-" "-" "-"
13.89.224.123 - - [26/Oct/2025:08:07:17 +0200 - 0.000 - -] "GET /autoload_classmap.php HTTP/1.1" 404 173 "-" "-" "-"
13.89.224.123 - - [26/Oct/2025:08:07:17 +0200 - 0.000 - -] "GET /axx.php HTTP/1.1" 404 173 "-" "-" "-"
13.89.224.123 - - [26/Oct/2025:08:07:17 +0200 - 0.000 - -] "GET /berax.php HTTP/1.1" 404 173 "-" "-" "-"
13.89.224.123 - - [26/Oct/2025:08:07:18 +0200 - 0.000 - -] "GET /build.php HTTP/1.1" 404 173 "-" "-" "-"
13.89.224.123 - - [26/Oct/2025:08:07:18 +0200 - 0.000 - -] "GET /buy.php HTTP/1.1" 404 173 "-" "-" "-"
13.89.224.123 - - [26/Oct/2025:08:07:18 +0200 - 0.000 - -] "GET /checkbox.php HTTP/1.1" 404 173 "-" "-" "-"
13.89.224.123 - - [26/Oct/2025:08:07:19 +0200 - 0.000 - -] "GET /chosen.php HTTP/1.1" 404 173 "-" "-" "-"
13.89.224.123 - - [26/Oct/2025:08:07:19 +0200 - 0.000 - -] "GET /classwithtostring.php HTTP/1.1" 404 173 "-" "-" "-"
13.89.224.123 - - [26/Oct/2025:08:07:19 +0200 - 0.000 - -] "GET /cong.php HTTP/1.1" 404 173 "-" "-" "-"
13.89.224.123 - - [26/Oct/2025:08:07:20 +0200 - 0.000 - -] "GET /css.php HTTP/1.1" 404 173 "-" "-" "-"
13.89.224.123 - - [26/Oct/2025:08:07:20 +0200 - 0.000 - -] "GET /default.php HTTP/1.1" 404 173 "-" "-" "-"
13.89.224.123 - - [26/Oct/2025:08:07:20 +0200 - 0.000 - -] "GET /dropdown.php HTTP/1.1" 404 173 "-" "-" "-"
13.89.224.123 - - [26/Oct/2025:08:07:21 +0200 - 0.000 - -] "GET /ds.php HTTP/1.1" 404 173 "-" "-" "-"
13.89.224.123 - - [26/Oct/2025:08:07:21 +0200 - 0.000 - -] "GET /edit.php HTTP/1.1" 404 173 "-" "-" "-"
13.89.224.123 - - [26/Oct/2025:08:07:21 +0200 - 0.000 - -] "GET /f5.php HTTP/1.1" 404 173 "-" "-" "-"
13.89.224.123 - - [26/Oct/2025:08:07:22 +0200 - 0.000 - -] "GET /file.php HTTP/1.1" 404 173 "-" "-" "-"
13.89.224.123 - - [26/Oct/2025:08:07:22 +0200 - 0.000 - -] "GET /file2.php HTTP/1.1" 404 173 "-" "-" "-"
13.89.224.123 - - [26/Oct/2025:08:07:23 +0200 - 0.000 - -] "GET /file4.php HTTP/1.1" 404 173 "-" "-" "-"
13.89.224.123 - - [26/Oct/2025:08:07:23 +0200 - 0.000 - -] "GET /filemanager.php HTTP/1.1" 404 173 "-" "-" "-"
13.89.224.123 - - [26/Oct/2025:08:07:23 +0200 - 0.000 - -] "GET /flower.php HTTP/1.1" 404 173 "-" "-" "-"
13.89.224.123 - - [26/Oct/2025:08:07:24 +0200 - 0.000 - -] "GET /form.php HTTP/1.1" 404 173 "-" "-" "-"
13.89.224.123 - - [26/Oct/2025:08:07:24 +0200 - 0.000 - -] "GET /gecko.php HTTP/1.1" 404 173 "-" "-" "-"
13.89.224.123 - - [26/Oct/2025:08:07:24 +0200 - 0.000 - -] "GET /god4m.php HTTP/1.1" 404 173 "-" "-" "-"
13.89.224.123 - - [26/Oct/2025:08:07:25 +0200 - 0.000 - -] "GET /info.php HTTP/1.1" 404 173 "-" "-" "-"
13.89.224.123 - - [26/Oct/2025:08:07:25 +0200 - 0.000 - -] "GET /kyami.php HTTP/1.1" 404 173 "-" "-" "-"
13.89.224.123 - - [26/Oct/2025:08:07:25 +0200 - 0.000 - -] "GET /makeasmtp.php HTTP/1.1" 404 173 "-" "-" "-"
13.89.224.123 - - [26/Oct/2025:08:07:26 +0200 - 0.000 - -] "GET /manager.php HTTP/1.1" 404 173 "-" "-" "-"
13.89.224.123 - - [26/Oct/2025:08:07:26 +0200 - 0.000 - -] "GET /mari.php HTTP/1.1" 404 173 "-" "-" "-"
13.89.224.123 - - [26/Oct/2025:08:07:26 +0200 - 0.000 - -] "GET /moon.php HTTP/1.1" 404 173 "-" "-" "-"
13.89.224.123 - - [26/Oct/2025:08:07:27 +0200 - 0.000 - -] "GET /nc4.php HTTP/1.1" 404 173 "-" "-" "-"
13.89.224.123 - - [26/Oct/2025:08:07:27 +0200 - 0.000 - -] "GET /new.php HTTP/1.1" 404 173 "-" "-" "-"
13.89.224.123 - - [26/Oct/2025:08:07:28 +0200 - 0.000 - -] "GET /sallu.php HTTP/1.1" 404 173 "-" "-" "-"
13.89.224.123 - - [26/Oct/2025:08:07:28 +0200 - 0.000 - -] "GET /test1.php HTTP/1.1" 404 173 "-" "-" "-"
31.131.20.181 - - [26/Oct/2025:08:07:29 +0200 - 0.001 - 0.000] "POST /wp-cron.php?doing_wp_cron=1761458849.2727289199829101562500 HTTP/1.1" 499 0 "-" "WordPress/6.8.3; https://emteko.com" "-"
13.89.224.123 - - [26/Oct/2025:08:07:29 +0200 - 0.302 - 0.300] "GET /wp-activate.php HTTP/1.1" 302 5 "-" "-" "-"
31.131.20.181 - - [26/Oct/2025:08:07:30 +0200 - 0.000 - 0.000] "POST /wp-cron.php?doing_wp_cron=1761458850.1915419101715087890625 HTTP/1.1" 499 0 "-" "WordPress/6.8.3; https://emteko.com" "-"
13.89.224.123 - - [26/Oct/2025:08:07:30 +0200 - 0.830 - 0.832] "GET /wp-login.php?action=register HTTP/1.1" 302 5 "-" "-" "-"
13.89.224.123 - - [26/Oct/2025:08:07:31 +0200 - 0.732 - 0.732] "GET /wp-login.php?registration=disabled HTTP/1.1" 403 6966 "-" "-" "-"
13.89.224.123 - - [26/Oct/2025:08:07:31 +0200 - 0.000 - -] "GET /wp-admin.php HTTP/1.1" 404 173 "-" "-" "-"
13.89.224.123 - - [26/Oct/2025:08:07:31 +0200 - 0.000 - -] "GET /wp-good.php HTTP/1.1" 404 173 "-" "-" "-"
13.89.224.123 - - [26/Oct/2025:08:07:32 +0200 - 0.867 - 0.868] "GET /wp-trackback.php HTTP/1.1" 404 146 "-" "-" "-"
13.89.224.123 - - [26/Oct/2025:08:07:33 +0200 - 0.000 - -] "GET /xmlrpc.php HTTP/1.1" 404 173 "-" "-" "-"
13.89.224.123 - - [26/Oct/2025:08:07:33 +0200 - 0.000 - -] "GET /xmrlpc.php HTTP/1.1" 404 173 "-" "-" "-"
114.119.154.89 - - [26/Oct/2025:08:07:59 +0200 - 0.992 - 0.012] "GET /en/publications?flt_products=diart&flt_doctors=general-practitioner%3Bpulmonologist HTTP/1.1" 200 95578 "https://emteko.com/en/publications?flt_products=diart&flt_doctors=general-practitioner%3Binfectionist%3Bpulmonologist" "Mozilla/5.0 (Linux; Android 7.0;) AppleWebKit/537.36 (KHTML, like Gecko) Mobile Safari/537.36 (compatible; PetalBot;+https://webmaster.petalsearch.com/site/petalbot)" "-"
