114.119.132.104 - - [27/Oct/2025:06:12:05 +0200 - 3.052 - 0.052] "GET /en/publications?flt_products=diart%3Blorde-hyal%3Bokistar-hyal-7&flt_doctors=general-practitioner%3Binfectionist%3Botolaryngologist%3Bpediatrician%3Btherapist HTTP/1.1" 200 81596 "https://emteko.com/en/publications?flt_products=diart%3Blorde-hyal&flt_doctors=general-practitioner%3Binfectionist%3Botolaryngologist%3Bpediatrician%3Btherapist" "Mozilla/5.0 (Linux; Android 7.0;) AppleWebKit/537.36 (KHTML, like Gecko) Mobile Safari/537.36 (compatible; PetalBot;+https://webmaster.petalsearch.com/site/petalbot)" "-"
52.28.162.93 - - [27/Oct/2025:06:12:45 +0200 - 0.018 - 0.020] "HEAD / HTTP/1.1" 200 0 "https://emteko.com" "Mozilla/5.0+(compatible; UptimeRobot/2.0; http://www.uptimerobot.com/)" "-"
114.119.154.181 - - [27/Oct/2025:06:13:25 +0200 - 1.586 - 0.024] "GET /en/publications?flt_products=diart%3Blorde-hyal%3Bokistar-hyal-7&flt_doctors=general-practitioner%3Binfectionist%3Borthopedic-traumatologist%3Bpediatrician%3Bpulmonologist%3Btherapist HTTP/1.1" 200 100409 "-" "Mozilla/5.0 (Linux; Android 7.0;) AppleWebKit/537.36 (KHTML, like Gecko) Mobile Safari/537.36 (compatible; PetalBot;+https://webmaster.petalsearch.com/site/petalbot)" "-"
78.47.98.55 - - [27/Oct/2025:06:13:51 +0200 - 0.013 - 0.012] "HEAD / HTTP/1.1" 200 0 "https://emteko.com" "Mozilla/5.0+(compatible; UptimeRobot/2.0; http://www.uptimerobot.com/)" "-"
31.131.20.181 - - [27/Oct/2025:06:14:48 +0200 - 0.001 - 0.000] "POST /wp-cron.php?doing_wp_cron=1761538488.3753631114959716796875 HTTP/1.1" 499 0 "-" "WordPress/6.8.3; https://emteko.com/en/" "-"
114.119.136.120 - - [27/Oct/2025:06:14:51 +0200 - 4.348 - 1.348] "GET /en/publications?flt_products=diart%3Blorde-hyal%3Bokistar-hyal-7&flt_doctors=general-practitioner%3Binfectionist%3Borthopedic-traumatologist%3Bpediatrician%3Bpulmonologist HTTP/1.1" 200 81596 "https://emteko.com/en/publications?flt_products=diart%3Blorde-hyal&flt_doctors=general-practitioner%3Binfectionist%3Borthopedic-traumatologist%3Bpediatrician%3Bpulmonologist" "Mozilla/5.0 (Linux; Android 7.0;) AppleWebKit/537.36 (KHTML, like Gecko) Mobile Safari/537.36 (compatible; PetalBot;+https://webmaster.petalsearch.com/site/petalbot)" "-"
157.90.156.63 - - [27/Oct/2025:06:14:56 +0200 - 0.002 - 0.004] "HEAD / HTTP/1.1" 200 0 "https://emteko.com" "Mozilla/5.0+(compatible; UptimeRobot/2.0; http://www.uptimerobot.com/)" "-"
168.119.96.239 - - [27/Oct/2025:06:16:02 +0200 - 0.017 - 0.020] "HEAD / HTTP/1.1" 200 0 "https://emteko.com" "Mozilla/5.0+(compatible; UptimeRobot/2.0; http://www.uptimerobot.com/)" "-"
116.197.130.58 - - [27/Oct/2025:06:16:15 +0200 - 0.635 - 0.636] "GET /core/.env HTTP/1.1" 403 5 "-" "Mozilla/5.0 (X11; Linux x86_64)" "-"
116.197.130.58 - - [27/Oct/2025:06:16:15 +0200 - 0.819 - 0.816] "GET /laravel/.env HTTP/1.1" 403 5 "-" "Mozilla/5.0 (X11; Linux x86_64)" "-"
116.197.130.58 - - [27/Oct/2025:06:16:15 +0200 - 0.859 - 0.856] "GET /.env HTTP/1.1" 403 5 "-" "Mozilla/5.0 (X11; Linux x86_64)" "-"
114.119.133.35 - - [27/Oct/2025:06:16:15 +0200 - 2.528 - 0.016] "GET /en/publications?flt_products=diart%3Blorde-hyal%3Bokistar-hyal-7&flt_doctors=general-practitioner%3Binfectionist%3Borthopedic-traumatologist%3Botolaryngologist%3Bpediatrician HTTP/1.1" 200 100360 "https://emteko.com/en/publications/?flt_products=diart%3Blorde-hyal&flt_doctors=general-practitioner%3Binfectionist%3Borthopedic-traumatologist%3Botolaryngologist%3Bpediatrician" "Mozilla/5.0 (Linux; Android 7.0;) AppleWebKit/537.36 (KHTML, like Gecko) Mobile Safari/537.36 (compatible; PetalBot;+https://webmaster.petalsearch.com/site/petalbot)" "-"
116.197.130.58 - - [27/Oct/2025:06:16:16 +0200 - 0.937 - 0.936] "GET /.env HTTP/1.1" 403 5 "https://www.emteko.com/.env" "Mozilla/5.0 (X11; Linux x86_64)" "-"
116.197.130.58 - - [27/Oct/2025:06:16:16 +0200 - 1.113 - 1.112] "GET /core/.env HTTP/1.1" 403 5 "https://www.emteko.com/core/.env" "Mozilla/5.0 (X11; Linux x86_64)" "-"
116.197.130.58 - - [27/Oct/2025:06:16:16 +0200 - 1.137 - 1.136] "GET /laravel/.env HTTP/1.1" 403 5 "https://www.emteko.com/laravel/.env" "Mozilla/5.0 (X11; Linux x86_64)" "-"
3.77.67.4 - - [27/Oct/2025:06:16:20 +0200 - 0.003 - 0.000] "HEAD / HTTP/1.1" 200 0 "https://emteko.com" "Mozilla/5.0+(compatible; UptimeRobot/2.0; http://www.uptimerobot.com/)" "-"
31.131.20.181 - - [27/Oct/2025:06:16:42 +0200 - 0.000 - 0.004] "POST /wp-cron.php?doing_wp_cron=1761538602.4445331096649169921875 HTTP/1.1" 499 0 "-" "WordPress/6.8.3; https://emteko.com/en/" "-"
40.77.167.121 - - [27/Oct/2025:06:16:42 +0200 - 1.059 - 1.060] "GET /en/doctorspecial/infectionist/?flt_products=okistar-hyal-7&flt_doctors=infectionist;orthopedic-traumatologist;otolaryngologist;therapist HTTP/1.1" 200 98863 "-" "Mozilla/5.0 AppleWebKit/537.36 (KHTML, like Gecko; compatible; bingbot/2.0; +http://www.bing.com/bingbot.htm) Chrome/116.0.1938.76 Safari/537.36" "-"
157.90.155.240 - - [27/Oct/2025:06:17:07 +0200 - 0.011 - 0.012] "HEAD / HTTP/1.1" 200 0 "https://emteko.com" "Mozilla/5.0+(compatible; UptimeRobot/2.0; http://www.uptimerobot.com/)" "-"
31.131.20.181 - - [27/Oct/2025:06:17:37 +0200 - 0.000 - 0.000] "POST /wp-cron.php?doing_wp_cron=1761538657.3445749282836914062500 HTTP/1.1" 499 0 "-" "WordPress/6.8.3; https://emteko.com/en/" "-"
114.119.132.202 - - [27/Oct/2025:06:17:40 +0200 - 4.107 - 1.104] "GET /en/publications?flt_products=diart%3Blorde-hyal%3Bokistar-hyal-7&flt_doctors=general-practitioner HTTP/1.1" 200 81596 "https://emteko.com/en/publications?flt_products=diart%3Blorde-hyal%3Bokistar-hyal-7" "Mozilla/5.0 (Linux; Android 7.0;) AppleWebKit/537.36 (KHTML, like Gecko) Mobile Safari/537.36 (compatible; PetalBot;+https://webmaster.petalsearch.com/site/petalbot)" "-"
168.119.53.160 - - [27/Oct/2025:06:18:11 +0200 - 0.016 - 0.016] "HEAD / HTTP/1.1" 200 0 "https://emteko.com" "Mozilla/5.0+(compatible; UptimeRobot/2.0; http://www.uptimerobot.com/)" "-"
114.119.154.181 - - [27/Oct/2025:06:19:02 +0200 - 2.345 - 0.052] "GET /en/publications?flt_products=diart%3Blorde-hyal%3Bnasisoft&flt_doctors=orthopedic-traumatologist%3Bpediatrician%3Bpulmonologist HTTP/1.1" 200 100502 "https://emteko.com/en/publications/?flt_products=diart%3Bnasisoft&flt_doctors=orthopedic-traumatologist%3Bpediatrician%3Bpulmonologist" "Mozilla/5.0 (Linux; Android 7.0;) AppleWebKit/537.36 (KHTML, like Gecko) Mobile Safari/537.36 (compatible; PetalBot;+https://webmaster.petalsearch.com/site/petalbot)" "-"
3.77.67.4 - - [27/Oct/2025:06:19:16 +0200 - 0.012 - 0.012] "HEAD / HTTP/1.1" 200 0 "https://emteko.com" "Mozilla/5.0+(compatible; UptimeRobot/2.0; http://www.uptimerobot.com/)" "-"
168.119.96.239 - - [27/Oct/2025:06:20:21 +0200 - 0.013 - 0.012] "HEAD / HTTP/1.1" 200 0 "https://emteko.com" "Mozilla/5.0+(compatible; UptimeRobot/2.0; http://www.uptimerobot.com/)" "-"
31.131.20.181 - - [27/Oct/2025:06:20:25 +0200 - 0.000 - 0.000] "POST /wp-cron.php?doing_wp_cron=1761538825.7994289398193359375000 HTTP/1.1" 499 0 "-" "WordPress/6.8.3; https://emteko.com/en/" "-"
114.119.133.35 - - [27/Oct/2025:06:20:29 +0200 - 4.138 - 1.136] "GET /en/publications?flt_products=diart%3Blorde-hyal%3Bnasisoft&flt_doctors=orthopedic-traumatologist%3Bpediatrician HTTP/1.1" 200 81596 "https://emteko.com/en/publications?flt_products=diart%3Bnasisoft&flt_doctors=orthopedic-traumatologist%3Bpediatrician" "Mozilla/5.0 (Linux; Android 7.0;) AppleWebKit/537.36 (KHTML, like Gecko) Mobile Safari/537.36 (compatible; PetalBot;+https://webmaster.petalsearch.com/site/petalbot)" "-"
159.69.158.189 - - [27/Oct/2025:06:21:26 +0200 - 0.013 - 0.012] "HEAD / HTTP/1.1" 200 0 "https://emteko.com" "Mozilla/5.0+(compatible; UptimeRobot/2.0; http://www.uptimerobot.com/)" "-"
63.178.84.147 - - [27/Oct/2025:06:21:26 +0200 - 0.002 - 0.000] "HEAD / HTTP/1.1" 200 0 "https://emteko.com" "Mozilla/5.0+(compatible; UptimeRobot/2.0; http://www.uptimerobot.com/)" "-"
114.119.133.35 - - [27/Oct/2025:06:21:50 +0200 - 3.016 - 0.016] "GET /en/publications?flt_products=diart%3Blorde-hyal%3Bnasisoft&flt_doctors=infectionist%3Borthopedic-traumatologist%3Bpediatrician%3Btherapist HTTP/1.1" 200 81596 "https://emteko.com/en/publications/?flt_products=diart%3Blorde-hyal%3Bnasisoft%3Bokistar-hyal-7&flt_doctors=infectionist%3Borthopedic-traumatologist%3Bpediatrician%3Btherapist" "Mozilla/5.0 (Linux; Android 7.0;) AppleWebKit/537.36 (KHTML, like Gecko) Mobile Safari/537.36 (compatible; PetalBot;+https://webmaster.petalsearch.com/site/petalbot)" "-"
128.140.41.193 - - [27/Oct/2025:06:22:30 +0200 - 0.012 - 0.012] "HEAD / HTTP/1.1" 200 0 "https://emteko.com" "Mozilla/5.0+(compatible; UptimeRobot/2.0; http://www.uptimerobot.com/)" "-"
43.173.182.88 - - [27/Oct/2025:06:22:54 +0200 - 0.015 - 0.012] "GET /en/doctorspecial/general-practitioner/?flt_products=nasisoft HTTP/1.1" 200 98445 "-" "Mozilla/5.0 (Windows NT 10.0; Win64; x64) AppleWebKit/537.36 (KHTML, like Gecko) Chrome/124.0.0.0 Safari/537.36" "-"
31.131.20.181 - - [27/Oct/2025:06:23:11 +0200 - 0.000 - 0.000] "POST /wp-cron.php?doing_wp_cron=1761538991.5256509780883789062500 HTTP/1.1" 499 0 "-" "WordPress/6.8.3; https://emteko.com/en/" "-"
114.119.132.202 - - [27/Oct/2025:06:23:14 +0200 - 4.255 - 1.256] "GET /en/publications?flt_products=diart%3Blorde-hyal%3Bnasisoft&flt_doctors=infectionist%3Borthopedic-traumatologist%3Botolaryngologist%3Bpediatrician HTTP/1.1" 200 81596 "https://emteko.com/en/publications?flt_products=diart%3Blorde-hyal&flt_doctors=infectionist%3Borthopedic-traumatologist%3Botolaryngologist%3Bpediatrician" "Mozilla/5.0 (Linux; Android 7.0;) AppleWebKit/537.36 (KHTML, like Gecko) Mobile Safari/537.36 (compatible; PetalBot;+https://webmaster.petalsearch.com/site/petalbot)" "-"
142.132.180.39 - - [27/Oct/2025:06:23:35 +0200 - 0.013 - 0.012] "HEAD / HTTP/1.1" 200 0 "https://emteko.com" "Mozilla/5.0+(compatible; UptimeRobot/2.0; http://www.uptimerobot.com/)" "-"
31.131.20.181 - - [27/Oct/2025:06:24:34 +0200 - 0.002 - 0.004] "POST /wp-cron.php?doing_wp_cron=1761539074.8915989398956298828125 HTTP/1.1" 499 0 "-" "WordPress/6.8.3; https://emteko.com/en/" "-"
114.119.154.89 - - [27/Oct/2025:06:24:38 +0200 - 4.185 - 1.184] "GET /en/publications?flt_products=diart%3Blorde-hyal%3Bnasisoft&flt_doctors=general-practitioner%3Borthopedic-traumatologist%3Bpulmonologist%3Btherapist HTTP/1.1" 200 81596 "https://emteko.com/en/publications?flt_products=diart%3Blorde-hyal%3Bnasisoft&flt_doctors=orthopedic-traumatologist%3Bpulmonologist%3Btherapist" "Mozilla/5.0 (Linux; Android 7.0;) AppleWebKit/537.36 (KHTML, like Gecko) Mobile Safari/537.36 (compatible; PetalBot;+https://webmaster.petalsearch.com/site/petalbot)" "-"
49.13.164.148 - - [27/Oct/2025:06:24:38 +0200 - 0.004 - 0.004] "HEAD / HTTP/1.1" 200 0 "https://emteko.com" "Mozilla/5.0+(compatible; UptimeRobot/2.0; http://www.uptimerobot.com/)" "-"
3.79.134.69 - - [27/Oct/2025:06:25:43 +0200 - 0.019 - 0.016] "HEAD / HTTP/1.1" 200 0 "https://emteko.com" "Mozilla/5.0+(compatible; UptimeRobot/2.0; http://www.uptimerobot.com/)" "-"
49.13.167.123 - - [27/Oct/2025:06:26:31 +0200 - 0.012 - 0.012] "HEAD / HTTP/1.1" 200 0 "https://emteko.com" "Mozilla/5.0+(compatible; UptimeRobot/2.0; http://www.uptimerobot.com/)" "-"
40.69.132.179 - - [27/Oct/2025:06:26:31 +0200 - 0.000 - -] "GET /wp-admin/asasx.php HTTP/1.1" 404 173 "-" "-" "-"
40.69.132.179 - - [27/Oct/2025:06:26:31 +0200 - 0.000 - -] "GET /wp-content/makeasmtp.php HTTP/1.1" 404 173 "-" "-" "-"
40.69.132.179 - - [27/Oct/2025:06:26:31 +0200 - 0.000 - -] "GET /wp-content/classwithtostring.php HTTP/1.1" 404 173 "-" "-" "-"
40.69.132.179 - - [27/Oct/2025:06:26:32 +0200 - 0.000 - -] "GET /wp-admin/alfa.php HTTP/1.1" 404 173 "-" "-" "-"
40.69.132.179 - - [27/Oct/2025:06:26:32 +0200 - 0.000 - -] "GET /wp-content/function.php HTTP/1.1" 404 173 "-" "-" "-"
40.69.132.179 - - [27/Oct/2025:06:26:32 +0200 - 0.000 - -] "GET /wp-content/bala.php HTTP/1.1" 404 173 "-" "-" "-"
40.69.132.179 - - [27/Oct/2025:06:26:32 +0200 - 0.000 - -] "GET /wp-admin/atomlib.php HTTP/1.1" 404 173 "-" "-" "-"
40.69.132.179 - - [27/Oct/2025:06:26:33 +0200 - 0.000 - -] "GET /wp-content/autoload_classmap/function.php HTTP/1.1" 404 173 "-" "-" "-"
40.69.132.179 - - [27/Oct/2025:06:26:33 +0200 - 0.000 - -] "GET /wp-content/flower.php HTTP/1.1" 404 173 "-" "-" "-"
40.69.132.179 - - [27/Oct/2025:06:26:33 +0200 - 0.000 - -] "GET /wp-content/goat.php HTTP/1.1" 404 173 "-" "-" "-"
40.69.132.179 - - [27/Oct/2025:06:26:33 +0200 - 0.000 - -] "GET /wp-admin/ab.php HTTP/1.1" 404 173 "-" "-" "-"
31.131.20.181 - - [27/Oct/2025:06:26:34 +0200 - 0.003 - 0.000] "POST /wp-cron.php?doing_wp_cron=1761539194.3145399093627929687500 HTTP/1.1" 499 0 "-" "WordPress/6.8.3; https://emteko.com" "-"
40.69.132.179 - - [27/Oct/2025:06:26:34 +0200 - 0.346 - 0.348] "GET /wp-admin/install.php HTTP/1.1" 200 1267 "-" "-" "-"
40.69.132.179 - - [27/Oct/2025:06:26:34 +0200 - 0.000 - -] "GET /wp-admin/akc.php HTTP/1.1" 404 173 "-" "-" "-"
40.69.132.179 - - [27/Oct/2025:06:26:34 +0200 - 0.000 - -] "GET /wp-content/aa.php HTTP/1.1" 404 173 "-" "-" "-"
40.69.132.179 - - [27/Oct/2025:06:26:35 +0200 - 0.000 - -] "GET /wp-content/lock360.php HTTP/1.1" 404 173 "-" "-" "-"
40.69.132.179 - - [27/Oct/2025:06:26:35 +0200 - 0.000 - -] "GET /wp-admin/file2.php HTTP/1.1" 404 173 "-" "-" "-"
40.69.132.179 - - [27/Oct/2025:06:26:35 +0200 - 0.000 - -] "GET /wp-admin/wsa.php HTTP/1.1" 404 173 "-" "-" "-"
40.69.132.179 - - [27/Oct/2025:06:26:35 +0200 - 0.000 - -] "GET /wp-admin/mm.php HTTP/1.1" 404 173 "-" "-" "-"
40.69.132.179 - - [27/Oct/2025:06:26:36 +0200 - 0.000 - -] "GET /wp-admin/wp.php HTTP/1.1" 404 173 "-" "-" "-"
40.69.132.179 - - [27/Oct/2025:06:26:36 +0200 - 0.000 - -] "GET /wp-admin/abcd.php HTTP/1.1" 404 173 "-" "-" "-"
40.69.132.179 - - [27/Oct/2025:06:26:36 +0200 - 0.000 - -] "GET /wp-admin/lock360.php HTTP/1.1" 404 173 "-" "-" "-"
40.69.132.179 - - [27/Oct/2025:06:26:36 +0200 - 0.000 - -] "GET /wp-content/ioxi-o.php HTTP/1.1" 404 173 "-" "-" "-"
40.69.132.179 - - [27/Oct/2025:06:26:36 +0200 - 0.000 - -] "GET /wp-content/abcd.php HTTP/1.1" 404 173 "-" "-" "-"
40.69.132.179 - - [27/Oct/2025:06:26:37 +0200 - 0.000 - -] "GET /wp-content/ova.php HTTP/1.1" 404 173 "-" "-" "-"
40.69.132.179 - - [27/Oct/2025:06:26:37 +0200 - 0.000 - -] "GET /wp-admin/classwithtostring.php HTTP/1.1" 404 173 "-" "-" "-"
40.69.132.179 - - [27/Oct/2025:06:26:37 +0200 - 0.000 - -] "GET /wp-admin/function.php HTTP/1.1" 404 173 "-" "-" "-"
40.69.132.179 - - [27/Oct/2025:06:26:37 +0200 - 0.000 - -] "GET /wp-admin/moon.php HTTP/1.1" 404 173 "-" "-" "-"
40.69.132.179 - - [27/Oct/2025:06:26:38 +0200 - 0.000 - -] "GET /wp-content/wp.php HTTP/1.1" 404 173 "-" "-" "-"
40.69.132.179 - - [27/Oct/2025:06:26:38 +0200 - 0.000 - -] "GET /wp-content/w.php HTTP/1.1" 404 173 "-" "-" "-"
40.69.132.179 - - [27/Oct/2025:06:26:38 +0200 - 0.000 - -] "GET /wp-content/moon.php HTTP/1.1" 404 173 "-" "-" "-"
40.69.132.179 - - [27/Oct/2025:06:26:38 +0200 - 0.000 - -] "GET /wp-content/gecko.php HTTP/1.1" 404 173 "-" "-" "-"
40.69.132.179 - - [27/Oct/2025:06:26:39 +0200 - 0.000 - -] "GET /wp-admin/flower.php HTTP/1.1" 404 173 "-" "-" "-"
40.69.132.179 - - [27/Oct/2025:06:26:39 +0200 - 0.000 - -] "GET /wp-admin/buy.php HTTP/1.1" 404 173 "-" "-" "-"
40.69.132.179 - - [27/Oct/2025:06:26:39 +0200 - 0.000 - -] "GET /wp-content/ab.php HTTP/1.1" 404 173 "-" "-" "-"
40.69.132.179 - - [27/Oct/2025:06:26:39 +0200 - 0.000 - -] "GET /wp-content/tinyfilemanager.php HTTP/1.1" 404 173 "-" "-" "-"
40.69.132.179 - - [27/Oct/2025:06:26:39 +0200 - 0.000 - -] "GET /wp-content/edit.php HTTP/1.1" 404 173 "-" "-" "-"
40.69.132.179 - - [27/Oct/2025:06:26:40 +0200 - 0.000 - -] "GET /wp-content/admin.php HTTP/1.1" 404 173 "-" "-" "-"
40.69.132.179 - - [27/Oct/2025:06:26:40 +0200 - 0.000 - -] "GET /wp-admin/cong.php HTTP/1.1" 404 173 "-" "-" "-"
40.69.132.179 - - [27/Oct/2025:06:26:40 +0200 - 0.000 - -] "GET /wp-admin/autoload_classmap.php HTTP/1.1" 404 173 "-" "-" "-"
40.69.132.179 - - [27/Oct/2025:06:26:40 +0200 - 0.000 - -] "GET /wp-admin/file.php HTTP/1.1" 404 173 "-" "-" "-"
40.69.132.179 - - [27/Oct/2025:06:26:41 +0200 - 0.000 - -] "GET /wp-content/cong.php HTTP/1.1" 404 173 "-" "-" "-"
31.131.20.181 - - [27/Oct/2025:06:26:43 +0200 - 0.000 - 0.000] "POST /wp-cron.php?doing_wp_cron=1761539203.0023779869079589843750 HTTP/1.1" 499 0 "-" "WordPress/6.8.3; https://emteko.com" "-"
40.69.132.179 - - [27/Oct/2025:06:26:43 +0200 - 1.747 - 1.748] "GET /wp-admin/edit.php HTTP/1.1" 302 5 "-" "-" "-"
40.69.132.179 - - [27/Oct/2025:06:26:43 +0200 - 0.753 - 0.752] "GET /wp-login.php?redirect_to=https%3A%2F%2Femteko.com%2Fwp-admin%2Fedit.php&reauth=1 HTTP/1.1" 403 6974 "-" "-" "-"
40.69.132.179 - - [27/Oct/2025:06:26:44 +0200 - 0.000 - -] "GET /wp-content/atomlib.php HTTP/1.1" 404 173 "-" "-" "-"
40.69.132.179 - - [27/Oct/2025:06:26:45 +0200 - 0.874 - 0.872] "GET /wp-admin/users.php HTTP/1.1" 302 5 "-" "-" "-"
40.69.132.179 - - [27/Oct/2025:06:26:46 +0200 - 0.695 - 0.696] "GET /wp-login.php?redirect_to=https%3A%2F%2Femteko.com%2Fwp-admin%2Fusers.php&reauth=1 HTTP/1.1" 403 6975 "-" "-" "-"
40.69.132.179 - - [27/Oct/2025:06:26:46 +0200 - 0.000 - -] "GET /wp-content/autoload_classmap.php HTTP/1.1" 404 173 "-" "-" "-"
40.69.132.179 - - [27/Oct/2025:06:26:46 +0200 - 0.000 - -] "GET /wp-admin/makeasmtp.php HTTP/1.1" 404 173 "-" "-" "-"
40.69.132.179 - - [27/Oct/2025:06:26:46 +0200 - 0.000 - -] "GET /wp-admin/w.php HTTP/1.1" 404 173 "-" "-" "-"
40.69.132.179 - - [27/Oct/2025:06:26:47 +0200 - 0.000 - -] "GET /wp-content/goods.php HTTP/1.1" 404 173 "-" "-" "-"
40.69.132.179 - - [27/Oct/2025:06:26:47 +0200 - 0.000 - -] "GET /wp-content/buy.php HTTP/1.1" 404 173 "-" "-" "-"
40.69.132.179 - - [27/Oct/2025:06:26:47 +0200 - 0.000 - -] "GET /wp-admin/chosen.php HTTP/1.1" 404 173 "-" "-" "-"
40.69.132.179 - - [27/Oct/2025:06:26:47 +0200 - 0.000 - -] "GET /wp-admin/goat.php HTTP/1.1" 404 173 "-" "-" "-"
40.69.132.179 - - [27/Oct/2025:06:26:47 +0200 - 0.000 - -] "GET /wp-content/about.php HTTP/1.1" 404 173 "-" "-" "-"
168.119.123.75 - - [27/Oct/2025:06:26:48 +0200 - 0.003 - 0.000] "HEAD / HTTP/1.1" 200 0 "https://emteko.com" "Mozilla/5.0+(compatible; UptimeRobot/2.0; http://www.uptimerobot.com/)" "-"
40.69.132.179 - - [27/Oct/2025:06:26:49 +0200 - 0.906 - 0.908] "GET /wp-admin/index.php HTTP/1.1" 302 5 "-" "-" "-"
40.69.132.179 - - [27/Oct/2025:06:26:49 +0200 - 0.706 - 0.704] "GET /wp-login.php?redirect_to=https%3A%2F%2Femteko.com%2Fwp-admin%2Findex.php&reauth=1 HTTP/1.1" 403 6975 "-" "-" "-"
40.69.132.179 - - [27/Oct/2025:06:26:50 +0200 - 0.000 - -] "GET /wp-content/asasx.php HTTP/1.1" 404 173 "-" "-" "-"
40.69.132.179 - - [27/Oct/2025:06:26:50 +0200 - 0.000 - -] "GET /wp-admin/gecko.php HTTP/1.1" 404 173 "-" "-" "-"
40.69.132.179 - - [27/Oct/2025:06:26:50 +0200 - 0.000 - -] "GET /wp-content/install.php HTTP/1.1" 404 173 "-" "-" "-"
40.69.132.179 - - [27/Oct/2025:06:26:50 +0200 - 0.000 - -] "GET /wp-content/users.php HTTP/1.1" 404 173 "-" "-" "-"
40.69.132.179 - - [27/Oct/2025:06:26:51 +0200 - 0.000 - -] "GET /wp-content/alfa.php HTTP/1.1" 404 173 "-" "-" "-"
40.69.132.179 - - [27/Oct/2025:06:26:51 +0200 - 0.000 - -] "GET /wp-content/chosen.php HTTP/1.1" 404 173 "-" "-" "-"
40.69.132.179 - - [27/Oct/2025:06:26:51 +0200 - 0.000 - -] "GET /wp-content/akc.php HTTP/1.1" 404 173 "-" "-" "-"
40.69.132.179 - - [27/Oct/2025:06:26:51 +0200 - 0.000 - -] "GET /wp-admin/goods.php HTTP/1.1" 404 173 "-" "-" "-"
40.69.132.179 - - [27/Oct/2025:06:26:51 +0200 - 0.000 - -] "GET /wp-admin/bala.php HTTP/1.1" 404 173 "-" "-" "-"
40.69.132.179 - - [27/Oct/2025:06:26:52 +0200 - 0.000 - -] "GET /wp-content/file.php HTTP/1.1" 404 173 "-" "-" "-"
40.69.132.179 - - [27/Oct/2025:06:26:52 +0200 - 0.000 - -] "GET /wp-admin/aa.php HTTP/1.1" 404 173 "-" "-" "-"
40.69.132.179 - - [27/Oct/2025:06:26:52 +0200 - 0.000 - -] "GET /wp-admin/autoload_classmap/function.php HTTP/1.1" 404 173 "-" "-" "-"
40.69.132.179 - - [27/Oct/2025:06:26:53 +0200 - 0.874 - 0.876] "GET /wp-admin/about.php HTTP/1.1" 302 5 "-" "-" "-"
40.69.132.179 - - [27/Oct/2025:06:26:54 +0200 - 0.715 - 0.712] "GET /wp-login.php?redirect_to=https%3A%2F%2Femteko.com%2Fwp-admin%2Fabout.php&reauth=1 HTTP/1.1" 403 6975 "-" "-" "-"
40.69.132.179 - - [27/Oct/2025:06:26:54 +0200 - 0.000 - -] "GET /wp-admin/ioxi-o.php HTTP/1.1" 404 173 "-" "-" "-"
40.69.132.179 - - [27/Oct/2025:06:26:55 +0200 - 0.000 - -] "GET /wp-admin/ova.php HTTP/1.1" 404 173 "-" "-" "-"
40.69.132.179 - - [27/Oct/2025:06:26:55 +0200 - 0.000 - -] "GET /wp-content/wsa.php HTTP/1.1" 404 173 "-" "-" "-"
40.69.132.179 - - [27/Oct/2025:06:26:55 +0200 - 0.000 - -] "GET /wp-content/file2.php HTTP/1.1" 404 173 "-" "-" "-"
40.69.132.179 - - [27/Oct/2025:06:26:56 +0200 - 0.837 - 0.832] "GET /wp-admin/admin.php HTTP/1.1" 302 5 "-" "-" "-"
40.69.132.179 - - [27/Oct/2025:06:26:57 +0200 - 0.668 - 0.668] "GET /wp-login.php?redirect_to=https%3A%2F%2Femteko.com%2Fwp-admin%2Fadmin.php&reauth=1 HTTP/1.1" 403 7151 "-" "-" "-"
40.69.132.179 - - [27/Oct/2025:06:26:57 +0200 - 0.000 - -] "GET /wp-content/index.php HTTP/1.1" 404 173 "-" "-" "-"
40.69.132.179 - - [27/Oct/2025:06:26:57 +0200 - 0.000 - -] "GET /wp-content/mm.php HTTP/1.1" 404 173 "-" "-" "-"
40.69.132.179 - - [27/Oct/2025:06:26:58 +0200 - 0.000 - -] "GET /wp-admin/tinyfilemanager.php HTTP/1.1" 404 173 "-" "-" "-"
40.69.132.179 - - [27/Oct/2025:06:26:58 +0200 - 0.000 - -] "GET /aa.php HTTP/1.1" 404 173 "-" "-" "-"
40.69.132.179 - - [27/Oct/2025:06:26:58 +0200 - 0.000 - -] "GET /abcd.php HTTP/1.1" 404 173 "-" "-" "-"
40.69.132.179 - - [27/Oct/2025:06:26:58 +0200 - 0.000 - -] "GET /about.php HTTP/1.1" 404 173 "-" "-" "-"
40.69.132.179 - - [27/Oct/2025:06:26:59 +0200 - 0.000 - -] "GET /admin.php HTTP/1.1" 404 173 "-" "-" "-"
40.69.132.179 - - [27/Oct/2025:06:26:59 +0200 - 0.000 - -] "GET /alfa.php HTTP/1.1" 404 173 "-" "-" "-"
40.69.132.179 - - [27/Oct/2025:06:26:59 +0200 - 0.000 - -] "GET /chosen.php HTTP/1.1" 404 173 "-" "-" "-"
40.69.132.179 - - [27/Oct/2025:06:26:59 +0200 - 0.000 - -] "GET /classwithtostring.php HTTP/1.1" 404 173 "-" "-" "-"
40.69.132.179 - - [27/Oct/2025:06:26:59 +0200 - 0.000 - -] "GET /code.php HTTP/1.1" 404 173 "-" "-" "-"
40.69.132.179 - - [27/Oct/2025:06:27:00 +0200 - 0.000 - -] "GET /edit.php HTTP/1.1" 404 173 "-" "-" "-"
40.69.132.179 - - [27/Oct/2025:06:27:00 +0200 - 0.000 - -] "GET /file.php HTTP/1.1" 404 173 "-" "-" "-"
40.69.132.179 - - [27/Oct/2025:06:27:00 +0200 - 0.000 - -] "GET /flower.php HTTP/1.1" 404 173 "-" "-" "-"
40.69.132.179 - - [27/Oct/2025:06:27:00 +0200 - 0.000 - -] "GET /goods.php HTTP/1.1" 404 173 "-" "-" "-"
40.69.132.179 - - [27/Oct/2025:06:27:01 +0200 - 0.000 - -] "GET /ioxi-o.php HTTP/1.1" 404 173 "-" "-" "-"
40.69.132.179 - - [27/Oct/2025:06:27:01 +0200 - 0.000 - -] "GET /moon.php HTTP/1.1" 404 173 "-" "-" "-"
40.69.132.179 - - [27/Oct/2025:06:27:01 +0200 - 0.000 - -] "GET /w.php HTTP/1.1" 404 173 "-" "-" "-"
40.69.132.179 - - [27/Oct/2025:06:27:01 +0200 - 0.000 - -] "GET /wp-admin/css/colors/blue/index.php HTTP/1.1" 404 173 "-" "-" "-"
40.69.132.179 - - [27/Oct/2025:06:27:02 +0200 - 0.000 - -] "GET /wp-admin/js/widgets/ HTTP/1.1" 403 173 "-" "-" "-"
40.69.132.179 - - [27/Oct/2025:06:27:02 +0200 - 0.000 - -] "GET /wp-admin/network/chosen.php HTTP/1.1" 404 173 "-" "-" "-"
40.69.132.179 - - [27/Oct/2025:06:27:02 +0200 - 0.000 - -] "GET /wp-content/code.php HTTP/1.1" 404 173 "-" "-" "-"
40.69.132.179 - - [27/Oct/2025:06:27:02 +0200 - 0.000 - -] "GET /wp-content/themes/about.php HTTP/1.1" 404 173 "-" "-" "-"
40.69.132.179 - - [27/Oct/2025:06:27:02 +0200 - 0.000 - -] "GET /wp-content/themes/news-portal/error.php HTTP/1.1" 404 173 "-" "-" "-"
40.69.132.179 - - [27/Oct/2025:06:27:03 +0200 - 0.000 - -] "GET /wp-content/wp-conflg.php HTTP/1.1" 404 173 "-" "-" "-"
40.69.132.179 - - [27/Oct/2025:06:27:03 +0200 - 0.000 - -] "GET /wp-includes/blocks/comments/ HTTP/1.1" 403 173 "-" "-" "-"
40.69.132.179 - - [27/Oct/2025:06:27:03 +0200 - 0.000 - -] "GET /wp-setup.php HTTP/1.1" 404 173 "-" "-" "-"
40.69.132.179 - - [27/Oct/2025:06:27:04 +0200 - 0.000 - -] "GET /wp.php HTTP/1.1" 404 173 "-" "-" "-"
40.69.132.179 - - [27/Oct/2025:06:27:04 +0200 - 0.000 - -] "GET /wsa.php HTTP/1.1" 404 173 "-" "-" "-"
31.131.20.181 - - [27/Oct/2025:06:27:22 +0200 - 0.001 - 0.000] "POST /wp-cron.php?doing_wp_cron=1761539242.3467690944671630859375 HTTP/1.1" 499 0 "-" "WordPress/6.8.3; https://emteko.com/en/" "-"
114.119.140.113 - - [27/Oct/2025:06:27:25 +0200 - 4.010 - 1.008] "GET /en/publications?flt_products=diart%3Blorde-hyal%3Bnasisoft&flt_doctors=general-practitioner%3Binfectionist%3Bpediatrician%3Bpulmonologist%3Btherapist HTTP/1.1" 200 81596 "https://emteko.com/en/publications/?flt_products=diart%3Blorde-hyal%3Bnasisoft%3Bokistar-hyal-7&flt_doctors=general-practitioner%3Binfectionist%3Bpediatrician%3Bpulmonologist%3Btherapist" "Mozilla/5.0 (Linux; Android 7.0;) AppleWebKit/537.36 (KHTML, like Gecko) Mobile Safari/537.36 (compatible; PetalBot;+https://webmaster.petalsearch.com/site/petalbot)" "-"
49.13.24.81 - - [27/Oct/2025:06:27:52 +0200 - 0.012 - 0.012] "HEAD / HTTP/1.1" 200 0 "https://emteko.com" "Mozilla/5.0+(compatible; UptimeRobot/2.0; http://www.uptimerobot.com/)" "-"
114.119.154.89 - - [27/Oct/2025:06:28:55 +0200 - 3.014 - 0.012] "GET /en/publications?flt_products=diart%3Blorde-hyal%3Bnasisoft&flt_doctors=general-practitioner%3Binfectionist%3Borthopedic-traumatologist%3Botolaryngologist%3Bpediatrician HTTP/1.1" 200 81596 "https://emteko.com/en/publications?flt_products=lorde-hyal%3Bnasisoft&flt_doctors=general-practitioner%3Binfectionist%3Borthopedic-traumatologist%3Botolaryngologist%3Bpediatrician" "Mozilla/5.0 (Linux; Android 7.0;) AppleWebKit/537.36 (KHTML, like Gecko) Mobile Safari/537.36 (compatible; PetalBot;+https://webmaster.petalsearch.com/site/petalbot)" "-"
78.47.173.76 - - [27/Oct/2025:06:28:56 +0200 - 0.003 - 0.000] "HEAD / HTTP/1.1" 200 0 "https://emteko.com" "Mozilla/5.0+(compatible; UptimeRobot/2.0; http://www.uptimerobot.com/)" "-"
168.119.53.160 - - [27/Oct/2025:06:30:02 +0200 - 0.072 - 0.072] "HEAD / HTTP/1.1" 200 0 "https://emteko.com" "Mozilla/5.0+(compatible; UptimeRobot/2.0; http://www.uptimerobot.com/)" "-"
31.131.20.181 - - [27/Oct/2025:06:30:11 +0200 - 0.001 - 0.000] "POST /wp-cron.php?doing_wp_cron=1761539411.2754509449005126953125 HTTP/1.1" 499 0 "-" "WordPress/6.8.3; https://emteko.com/en/" "-"
114.119.132.202 - - [27/Oct/2025:06:30:14 +0200 - 4.507 - 1.504] "GET /en/publications?flt_products=diart%3Blorde-hyal%3Bnasisoft&flt_doctors=general-practitioner%3Binfectionist%3Borthopedic-traumatologist HTTP/1.1" 200 81596 "https://emteko.com/en/publications?flt_products=diart%3Bnasisoft&flt_doctors=general-practitioner%3Binfectionist%3Borthopedic-traumatologist" "Mozilla/5.0 (Linux; Android 7.0;) AppleWebKit/537.36 (KHTML, like Gecko) Mobile Safari/537.36 (compatible; PetalBot;+https://webmaster.petalsearch.com/site/petalbot)" "-"
52.28.162.93 - - [27/Oct/2025:06:31:06 +0200 - 0.013 - 0.012] "HEAD / HTTP/1.1" 200 0 "https://emteko.com" "Mozilla/5.0+(compatible; UptimeRobot/2.0; http://www.uptimerobot.com/)" "-"
31.131.20.181 - - [27/Oct/2025:06:31:34 +0200 - 0.000 - 0.000] "POST /wp-cron.php?doing_wp_cron=1761539493.9631900787353515625000 HTTP/1.1" 499 0 "-" "WordPress/6.8.3; https://emteko.com/en/" "-"
52.167.144.16 - - [27/Oct/2025:06:31:34 +0200 - 1.132 - 1.132] "GET /en/doctorspecial/general-practitioner/?flt_products=lorde-hyal&flt_doctors=infectionist;orthopedic-traumatologist;otolaryngologist;pulmonologist;therapist HTTP/1.1" 200 99960 "-" "Mozilla/5.0 AppleWebKit/537.36 (KHTML, like Gecko; compatible; bingbot/2.0; +http://www.bing.com/bingbot.htm) Chrome/116.0.1938.76 Safari/537.36" "-"
52.59.43.236 - - [27/Oct/2025:06:31:36 +0200 - 0.003 - 0.004] "HEAD / HTTP/1.1" 200 0 "https://emteko.com" "Mozilla/5.0+(compatible; UptimeRobot/2.0; http://www.uptimerobot.com/)" "-"
114.119.136.120 - - [27/Oct/2025:06:31:38 +0200 - 2.978 - 0.988] "GET /en/publications?flt_products=diart%3Blorde-hyal%3Bnasisoft%3Bokistar-hyal-7&flt_doctors=pulmonologist%3Btherapist HTTP/1.1" 200 100491 "https://emteko.com/en/publications?flt_products=diart%3Bnasisoft%3Bokistar-hyal-7&flt_doctors=pulmonologist%3Btherapist" "Mozilla/5.0 (Linux; Android 7.0;) AppleWebKit/537.36 (KHTML, like Gecko) Mobile Safari/537.36 (compatible; PetalBot;+https://webmaster.petalsearch.com/site/petalbot)" "-"
54.37.118.86 - - [27/Oct/2025:06:32:02 +0200 - 0.033 - 0.016] "GET /doctorspecial/pediatrs/?flt_products=okistar-hyal-7-lv HTTP/1.1" 200 98918 "-" "Mozilla/5.0 (compatible; AhrefsBot/7.0; +http://ahrefs.com/robot/)" "-"
49.13.164.148 - - [27/Oct/2025:06:32:11 +0200 - 0.003 - 0.004] "HEAD / HTTP/1.1" 200 0 "https://emteko.com" "Mozilla/5.0+(compatible; UptimeRobot/2.0; http://www.uptimerobot.com/)" "-"
31.131.20.181 - - [27/Oct/2025:06:32:55 +0200 - 0.000 - 0.000] "POST /wp-cron.php?doing_wp_cron=1761539575.8363749980926513671875 HTTP/1.1" 499 0 "-" "WordPress/6.8.3; https://emteko.com/en/" "-"
114.119.154.89 - - [27/Oct/2025:06:32:58 +0200 - 3.160 - 1.144] "GET /en/publications?flt_products=diart%3Blorde-hyal%3Bnasisoft%3Bokistar-hyal-7&flt_doctors=pulmonologist HTTP/1.1" 200 100448 "https://emteko.com/en/publications/?flt_products=diart%3Blorde-hyal%3Bnasisoft%3Bokistar-hyal-7&flt_doctors=pulmonologist%3Btherapist" "Mozilla/5.0 (Linux; Android 7.0;) AppleWebKit/537.36 (KHTML, like Gecko) Mobile Safari/537.36 (compatible; PetalBot;+https://webmaster.petalsearch.com/site/petalbot)" "-"
78.46.190.63 - - [27/Oct/2025:06:33:15 +0200 - 0.014 - 0.012] "HEAD / HTTP/1.1" 200 0 "https://emteko.com" "Mozilla/5.0+(compatible; UptimeRobot/2.0; http://www.uptimerobot.com/)" "-"
52.28.162.93 - - [27/Oct/2025:06:34:18 +0200 - 0.024 - 0.024] "HEAD / HTTP/1.1" 200 0 "https://emteko.com" "Mozilla/5.0+(compatible; UptimeRobot/2.0; http://www.uptimerobot.com/)" "-"
31.131.20.181 - - [27/Oct/2025:06:34:19 +0200 - 0.001 - 0.000] "POST /wp-cron.php?doing_wp_cron=1761539658.9700980186462402343750 HTTP/1.1" 499 0 "-" "WordPress/6.8.3; https://emteko.com/en/" "-"
114.119.133.35 - - [27/Oct/2025:06:34:20 +0200 - 2.145 - 1.164] "GET /en/publications?flt_products=diart%3Blorde-hyal%3Bnasisoft%3Bokistar-hyal-7&flt_doctors=otolaryngologist%3Bpulmonologist%3Btherapist HTTP/1.1" 200 100534 "https://emteko.com/en/publications?flt_products=lorde-hyal%3Bnasisoft%3Bokistar-hyal-7&flt_doctors=otolaryngologist%3Bpulmonologist%3Btherapist" "Mozilla/5.0 (Linux; Android 7.0;) AppleWebKit/537.36 (KHTML, like Gecko) Mobile Safari/537.36 (compatible; PetalBot;+https://webmaster.petalsearch.com/site/petalbot)" "-"
63.178.84.147 - - [27/Oct/2025:06:35:24 +0200 - 0.014 - 0.016] "HEAD / HTTP/1.1" 200 0 "https://emteko.com" "Mozilla/5.0+(compatible; UptimeRobot/2.0; http://www.uptimerobot.com/)" "-"
52.167.144.16 - - [27/Oct/2025:06:35:43 +0200 - 0.014 - 0.016] "GET /doctorspecial/traumatologs-ortopeds/?flt_products=diart-lv;lorde-hyal-lv&flt_doctors=infektologs;otolaringologs HTTP/1.1" 200 98613 "-" "Mozilla/5.0 AppleWebKit/537.36 (KHTML, like Gecko; compatible; bingbot/2.0; +http://www.bing.com/bingbot.htm) Chrome/116.0.1938.76 Safari/537.36" "-"
114.119.132.202 - - [27/Oct/2025:06:35:47 +0200 - 1.544 - 0.004] "GET /en/publications?flt_products=diart%3Blorde-hyal%3Bnasisoft%3Bokistar-hyal-7&flt_doctors=orthopedic-traumatologist%3Btherapist HTTP/1.1" 200 100490 "https://emteko.com/en/publications/?flt_products=diart%3Blorde-hyal%3Bnasisoft&flt_doctors=orthopedic-traumatologist%3Btherapist" "Mozilla/5.0 (Linux; Android 7.0;) AppleWebKit/537.36 (KHTML, like Gecko) Mobile Safari/537.36 (compatible; PetalBot;+https://webmaster.petalsearch.com/site/petalbot)" "-"
168.119.96.239 - - [27/Oct/2025:06:36:28 +0200 - 0.016 - 0.016] "HEAD / HTTP/1.1" 200 0 "https://emteko.com" "Mozilla/5.0+(compatible; UptimeRobot/2.0; http://www.uptimerobot.com/)" "-"
168.119.96.239 - - [27/Oct/2025:06:36:41 +0200 - 0.014 - 0.016] "HEAD / HTTP/1.1" 200 0 "https://emteko.com" "Mozilla/5.0+(compatible; UptimeRobot/2.0; http://www.uptimerobot.com/)" "-"
31.131.20.181 - - [27/Oct/2025:06:37:05 +0200 - 0.000 - 0.000] "POST /wp-cron.php?doing_wp_cron=1761539825.2502501010894775390625 HTTP/1.1" 499 0 "-" "WordPress/6.8.3; https://emteko.com/en/" "-"
114.119.132.202 - - [27/Oct/2025:06:37:08 +0200 - 4.037 - 1.188] "GET /en/publications?flt_products=diart%3Blorde-hyal%3Bnasisoft%3Bokistar-hyal-7&flt_doctors=orthopedic-traumatologist%3Botolaryngologist%3Bpediatrician%3Bpulmonologist HTTP/1.1" 200 100584 "https://emteko.com/en/publications/?flt_products=diart%3Blorde-hyal%3Bnasisoft%3Bokistar-hyal-7&flt_doctors=orthopedic-traumatologist%3Botolaryngologist%3Bpediatrician" "Mozilla/5.0 (Linux; Android 7.0;) AppleWebKit/537.36 (KHTML, like Gecko) Mobile Safari/537.36 (compatible; PetalBot;+https://webmaster.petalsearch.com/site/petalbot)" "-"
159.69.158.189 - - [27/Oct/2025:06:37:33 +0200 - 0.012 - 0.012] "HEAD / HTTP/1.1" 200 0 "https://emteko.com" "Mozilla/5.0+(compatible; UptimeRobot/2.0; http://www.uptimerobot.com/)" "-"
43.173.177.211 - - [27/Oct/2025:06:37:53 +0200 - 0.015 - 0.016] "GET /en/publications/acute-respiratory-viral-infections-arvi-influenza-and-common-cold/ HTTP/1.1" 200 91625 "-" "Mozilla/5.0 (Windows NT 6.1; Win64; x64) AppleWebKit/537.36 (KHTML, like Gecko) Chrome/126.0.6478.114 Safari/537.36" "-"
31.131.20.181 - - [27/Oct/2025:06:38:30 +0200 - 0.001 - 0.000] "POST /wp-cron.php?doing_wp_cron=1761539910.1212060451507568359375 HTTP/1.1" 499 0 "-" "WordPress/6.8.3; https://emteko.com/en/" "-"
114.119.140.113 - - [27/Oct/2025:06:38:33 +0200 - 4.092 - 1.092] "GET /en/publications?flt_products=diart%3Blorde-hyal%3Bnasisoft%3Bokistar-hyal-7&flt_doctors=infectionist%3Botolaryngologist%3Btherapist HTTP/1.1" 200 81596 "https://emteko.com/en/publications?flt_products=diart%3Blorde-hyal%3Bnasisoft&flt_doctors=infectionist%3Botolaryngologist%3Btherapist" "Mozilla/5.0 (Linux; Android 7.0;) AppleWebKit/537.36 (KHTML, like Gecko) Mobile Safari/537.36 (compatible; PetalBot;+https://webmaster.petalsearch.com/site/petalbot)" "-"
78.47.98.55 - - [27/Oct/2025:06:38:37 +0200 - 0.003 - 0.000] "HEAD / HTTP/1.1" 200 0 "https://emteko.com" "Mozilla/5.0+(compatible; UptimeRobot/2.0; http://www.uptimerobot.com/)" "-"
20.171.207.109 - - [27/Oct/2025:06:39:09 +0200 - 0.012 - 0.016] "GET /sitemap_index.xml HTTP/1.1" 200 354 "-" "Mozilla/5.0 AppleWebKit/537.36 (KHTML, like Gecko; compatible; GPTBot/1.2; +https://openai.com/gptbot)" "-"
88.99.80.227 - - [27/Oct/2025:06:39:41 +0200 - 0.013 - 0.012] "HEAD / HTTP/1.1" 200 0 "https://emteko.com" "Mozilla/5.0+(compatible; UptimeRobot/2.0; http://www.uptimerobot.com/)" "-"
31.131.20.181 - - [27/Oct/2025:06:40:09 +0200 - 0.001 - 0.000] "POST /wp-cron.php?doing_wp_cron=1761540009.3832700252532958984375 HTTP/1.1" 499 0 "-" "WordPress/6.8.3; https://emteko.com/en/" "-"
114.119.132.202 - - [27/Oct/2025:06:40:11 +0200 - 3.711 - 1.516] "GET /en/publications?flt_products=diart%3Blorde-hyal%3Bnasisoft%3Bokistar-hyal-7&flt_doctors=infectionist%3Borthopedic-traumatologist%3Botolaryngologist%3Bpediatrician%3Bpulmonologist HTTP/1.1" 200 100632 "https://emteko.com/en/publications/?flt_products=diart%3Bnasisoft%3Bokistar-hyal-7&flt_doctors=infectionist%3Borthopedic-traumatologist%3Botolaryngologist%3Bpediatrician%3Bpulmonologist" "Mozilla/5.0 (Linux; Android 7.0;) AppleWebKit/537.36 (KHTML, like Gecko) Mobile Safari/537.36 (compatible; PetalBot;+https://webmaster.petalsearch.com/site/petalbot)" "-"
18.192.166.72 - - [27/Oct/2025:06:40:46 +0200 - 0.239 - 0.240] "HEAD / HTTP/1.1" 200 0 "https://emteko.com" "Mozilla/5.0+(compatible; UptimeRobot/2.0; http://www.uptimerobot.com/)" "-"
114.119.154.89 - - [27/Oct/2025:06:41:31 +0200 - 3.024 - 0.020] "GET /en/publications?flt_products=diart%3Blorde-hyal%3Bnasisoft%3Bokistar-hyal-7&flt_doctors=general-practitioner%3Bpulmonologist%3Btherapist HTTP/1.1" 200 81596 "https://emteko.com/en/publications?flt_products=lorde-hyal%3Bnasisoft%3Bokistar-hyal-7&flt_doctors=general-practitioner%3Bpulmonologist%3Btherapist" "Mozilla/5.0 (Linux; Android 7.0;) AppleWebKit/537.36 (KHTML, like Gecko) Mobile Safari/537.36 (compatible; PetalBot;+https://webmaster.petalsearch.com/site/petalbot)" "-"
52.28.162.93 - - [27/Oct/2025:06:41:45 +0200 - 0.017 - 0.020] "HEAD / HTTP/1.1" 200 0 "https://emteko.com" "Mozilla/5.0+(compatible; UptimeRobot/2.0; http://www.uptimerobot.com/)" "-"
168.119.53.160 - - [27/Oct/2025:06:41:51 +0200 - 0.006 - 0.008] "HEAD / HTTP/1.1" 200 0 "https://emteko.com" "Mozilla/5.0+(compatible; UptimeRobot/2.0; http://www.uptimerobot.com/)" "-"
31.131.20.181 - - [27/Oct/2025:06:42:54 +0200 - 0.000 - 0.004] "POST /wp-cron.php?doing_wp_cron=1761540174.3599619865417480468750 HTTP/1.1" 499 0 "-" "WordPress/6.8.3; https://emteko.com/en/" "-"
52.28.162.93 - - [27/Oct/2025:06:42:55 +0200 - 0.003 - 0.000] "HEAD / HTTP/1.1" 200 0 "https://emteko.com" "Mozilla/5.0+(compatible; UptimeRobot/2.0; http://www.uptimerobot.com/)" "-"
114.119.132.104 - - [27/Oct/2025:06:42:57 +0200 - 5.411 - 2.412] "GET /en/publications?flt_products=diart%3Blorde-hyal%3Bnasisoft%3Bokistar-hyal-7&flt_doctors=general-practitioner%3Bpediatrician HTTP/1.1" 200 81596 "https://emteko.com/en/publications?flt_products=diart%3Bnasisoft%3Bokistar-hyal-7&flt_doctors=general-practitioner%3Bpediatrician" "Mozilla/5.0 (Linux; Android 7.0;) AppleWebKit/537.36 (KHTML, like Gecko) Mobile Safari/537.36 (compatible; PetalBot;+https://webmaster.petalsearch.com/site/petalbot)" "-"
157.90.156.63 - - [27/Oct/2025:06:44:00 +0200 - 0.012 - 0.012] "HEAD / HTTP/1.1" 200 0 "https://emteko.com" "Mozilla/5.0+(compatible; UptimeRobot/2.0; http://www.uptimerobot.com/)" "-"
114.119.154.89 - - [27/Oct/2025:06:44:11 +0200 - 3.011 - 0.008] "GET /en/publications?flt_products=diart%3Blorde-hyal%3Bnasisoft%3Bokistar-hyal-7&flt_doctors=general-practitioner%3Botolaryngologist HTTP/1.1" 200 81596 "https://emteko.com/en/publications/?flt_products=lorde-hyal%3Bnasisoft%3Bokistar-hyal-7&flt_doctors=general-practitioner%3Botolaryngologist" "Mozilla/5.0 (Linux; Android 7.0;) AppleWebKit/537.36 (KHTML, like Gecko) Mobile Safari/537.36 (compatible; PetalBot;+https://webmaster.petalsearch.com/site/petalbot)" "-"
49.13.24.81 - - [27/Oct/2025:06:45:04 +0200 - 0.018 - 0.016] "HEAD / HTTP/1.1" 200 0 "https://emteko.com" "Mozilla/5.0+(compatible; UptimeRobot/2.0; http://www.uptimerobot.com/)" "-"
114.119.134.51 - - [27/Oct/2025:06:45:45 +0200 - 3.013 - 0.012] "GET /en/publications?flt_products=diart%3Blorde-hyal%3Bnasisoft%3Bokistar-hyal-7&flt_doctors=general-practitioner%3Borthopedic-traumatologist%3Botolaryngologist%3Bpediatrician%3Bpulmonologist HTTP/1.1" 200 81596 "https://emteko.com/en/publications?flt_products=diart%3Blorde-hyal%3Bokistar-hyal-7&flt_doctors=general-practitioner%3Borthopedic-traumatologist%3Botolaryngologist%3Bpediatrician%3Bpulmonologist" "Mozilla/5.0 (Linux; Android 7.0;) AppleWebKit/537.36 (KHTML, like Gecko) Mobile Safari/537.36 (compatible; PetalBot;+https://webmaster.petalsearch.com/site/petalbot)" "-"
168.119.53.160 - - [27/Oct/2025:06:46:09 +0200 - 0.013 - 0.012] "HEAD / HTTP/1.1" 200 0 "https://emteko.com" "Mozilla/5.0+(compatible; UptimeRobot/2.0; http://www.uptimerobot.com/)" "-"
168.119.53.160 - - [27/Oct/2025:06:46:49 +0200 - 0.012 - 0.012] "HEAD / HTTP/1.1" 200 0 "https://emteko.com" "Mozilla/5.0+(compatible; UptimeRobot/2.0; http://www.uptimerobot.com/)" "-"
31.131.20.181 - - [27/Oct/2025:06:47:02 +0200 - 0.000 - 0.000] "POST /wp-cron.php?doing_wp_cron=1761540422.6988699436187744140625 HTTP/1.1" 499 0 "-" "WordPress/6.8.3; https://emteko.com/en/" "-"
114.119.132.104 - - [27/Oct/2025:06:47:06 +0200 - 4.346 - 1.340] "GET /en/publications?flt_products=diart%3Blorde-hyal%3Bnasisoft%3Bokistar-hyal-7&flt_doctors=general-practitioner%3Binfectionist%3Bpediatrician%3Bpulmonologist%3Btherapist HTTP/1.1" 200 81596 "https://emteko.com/en/publications?flt_products=diart%3Blorde-hyal%3Bnasisoft%3Bokistar-hyal-7&flt_doctors=infectionist%3Bpediatrician%3Bpulmonologist%3Btherapist" "Mozilla/5.0 (Linux; Android 7.0;) AppleWebKit/537.36 (KHTML, like Gecko) Mobile Safari/537.36 (compatible; PetalBot;+https://webmaster.petalsearch.com/site/petalbot)" "-"
52.28.162.93 - - [27/Oct/2025:06:47:14 +0200 - 0.003 - 0.000] "HEAD / HTTP/1.1" 200 0 "https://emteko.com" "Mozilla/5.0+(compatible; UptimeRobot/2.0; http://www.uptimerobot.com/)" "-"
52.28.162.93 - - [27/Oct/2025:06:48:19 +0200 - 0.014 - 0.016] "HEAD / HTTP/1.1" 200 0 "https://emteko.com" "Mozilla/5.0+(compatible; UptimeRobot/2.0; http://www.uptimerobot.com/)" "-"
31.131.20.181 - - [27/Oct/2025:06:48:34 +0200 - 0.001 - 0.000] "POST /wp-cron.php?doing_wp_cron=1761540514.9126899242401123046875 HTTP/1.1" 499 0 "-" "WordPress/6.8.3; https://emteko.com/en/" "-"
114.119.136.120 - - [27/Oct/2025:06:48:38 +0200 - 4.098 - 1.096] "GET /en/publications?flt_products=diart%3Blorde-hyal%3Bnasisoft%3Bokistar-hyal-7&flt_doctors=general-practitioner%3Binfectionist%3Borthopedic-traumatologist%3Bpediatrician HTTP/1.1" 200 81596 "https://emteko.com/en/publications/?flt_products=diart%3Blorde-hyal%3Bnasisoft%3Bokistar-hyal-7&flt_doctors=general-practitioner%3Binfectionist%3Borthopedic-traumatologist%3Bpediatrician%3Bpulmonologist" "Mozilla/5.0 (Linux; Android 7.0;) AppleWebKit/537.36 (KHTML, like Gecko) Mobile Safari/537.36 (compatible; PetalBot;+https://webmaster.petalsearch.com/site/petalbot)" "-"
168.119.96.239 - - [27/Oct/2025:06:49:23 +0200 - 0.016 - 0.016] "HEAD / HTTP/1.1" 200 0 "https://emteko.com" "Mozilla/5.0+(compatible; UptimeRobot/2.0; http://www.uptimerobot.com/)" "-"
114.119.132.104 - - [27/Oct/2025:06:49:46 +0200 - 3.017 - 0.016] "GET /en/publications?flt_products=diart%3Blorde-hyal%3Bnasisoft%3Bokistar-hyal-7&flt_doctors=general-practitioner%3Binfectionist%3Borthopedic-traumatologist%3Botolaryngologist%3Btherapist HTTP/1.1" 200 81596 "https://emteko.com/en/publications/?flt_products=diart%3Blorde-hyal%3Bnasisoft%3Bokistar-hyal-7&flt_doctors=general-practitioner%3Binfectionist%3Borthopedic-traumatologist%3Btherapist" "Mozilla/5.0 (Linux; Android 7.0;) AppleWebKit/537.36 (KHTML, like Gecko) Mobile Safari/537.36 (compatible; PetalBot;+https://webmaster.petalsearch.com/site/petalbot)" "-"
78.47.98.55 - - [27/Oct/2025:06:50:28 +0200 - 0.015 - 0.016] "HEAD / HTTP/1.1" 200 0 "https://emteko.com" "Mozilla/5.0+(compatible; UptimeRobot/2.0; http://www.uptimerobot.com/)" "-"
31.131.20.181 - - [27/Oct/2025:06:51:17 +0200 - 0.000 - 0.000] "POST /wp-cron.php?doing_wp_cron=1761540677.4390859603881835937500 HTTP/1.1" 499 0 "-" "WordPress/6.8.3; https://emteko.com/en/" "-"
114.119.132.104 - - [27/Oct/2025:06:51:17 +0200 - 1.537 - 1.540] "GET /en/publications?flt_products=artro-patch&flt_doctors=pediatrician%3Bpulmonologist HTTP/1.1" 200 95575 "https://emteko.com/en/publications?flt_products=artro-patch&flt_doctors=otolaryngologist%3Bpediatrician%3Bpulmonologist" "Mozilla/5.0 (Linux; Android 7.0;) AppleWebKit/537.36 (KHTML, like Gecko) Mobile Safari/537.36 (compatible; PetalBot;+https://webmaster.petalsearch.com/site/petalbot)" "-"
128.140.106.114 - - [27/Oct/2025:06:51:32 +0200 - 0.018 - 0.016] "HEAD / HTTP/1.1" 200 0 "https://emteko.com" "Mozilla/5.0+(compatible; UptimeRobot/2.0; http://www.uptimerobot.com/)" "-"
157.90.156.63 - - [27/Oct/2025:06:51:55 +0200 - 0.012 - 0.012] "HEAD / HTTP/1.1" 200 0 "https://emteko.com" "Mozilla/5.0+(compatible; UptimeRobot/2.0; http://www.uptimerobot.com/)" "-"
31.131.20.181 - - [27/Oct/2025:06:52:13 +0200 - 0.000 - 0.000] "POST /wp-cron.php?doing_wp_cron=1761540733.4418940544128417968750 HTTP/1.1" 499 0 "-" "WordPress/6.8.3; https://emteko.com" "-"
154.26.212.222 - - [27/Oct/2025:06:52:13 +0200 - 1.189 - 1.188] "GET /static/images/nopic.png HTTP/1.1" 404 87002 "-" "Mozilla/5.0 (Windows NT 10.0; WOW64; rv:48.0) Gecko/20100101 Firefox/48.0" "-"
128.140.41.193 - - [27/Oct/2025:06:52:37 +0200 - 0.020 - 0.016] "HEAD / HTTP/1.1" 200 0 "https://emteko.com" "Mozilla/5.0+(compatible; UptimeRobot/2.0; http://www.uptimerobot.com/)" "-"
114.119.132.202 - - [27/Oct/2025:06:52:41 +0200 - 1.924 - 0.004] "GET /en/publications?flt_products=artro-patch&flt_doctors=pediatrician HTTP/1.1" 200 95540 "https://emteko.com/en/publications?flt_products=artro-patch&flt_doctors=general-practitioner%3Bpediatrician" "Mozilla/5.0 (Linux; Android 7.0;) AppleWebKit/537.36 (KHTML, like Gecko) Mobile Safari/537.36 (compatible; PetalBot;+https://webmaster.petalsearch.com/site/petalbot)" "-"
49.13.164.148 - - [27/Oct/2025:06:53:41 +0200 - 0.014 - 0.012] "HEAD / HTTP/1.1" 200 0 "https://emteko.com" "Mozilla/5.0+(compatible; UptimeRobot/2.0; http://www.uptimerobot.com/)" "-"
114.119.132.202 - - [27/Oct/2025:06:54:08 +0200 - 2.588 - 0.032] "GET /en/publications?flt_products=artro-patch&flt_doctors=orthopedic-traumatologist%3Botolaryngologist%3Bpediatrician HTTP/1.1" 200 95613 "https://emteko.com/en/publications/?flt_products=artro-patch%3Bdiart&flt_doctors=orthopedic-traumatologist%3Botolaryngologist%3Bpediatrician" "Mozilla/5.0 (Linux; Android 7.0;) AppleWebKit/537.36 (KHTML, like Gecko) Mobile Safari/537.36 (compatible; PetalBot;+https://webmaster.petalsearch.com/site/petalbot)" "-"
78.46.190.63 - - [27/Oct/2025:06:54:46 +0200 - 0.016 - 0.016] "HEAD / HTTP/1.1" 200 0 "https://emteko.com" "Mozilla/5.0+(compatible; UptimeRobot/2.0; http://www.uptimerobot.com/)" "-"
31.131.20.181 - - [27/Oct/2025:06:55:32 +0200 - 0.002 - 0.000] "POST /wp-cron.php?doing_wp_cron=1761540932.9002330303192138671875 HTTP/1.1" 499 0 "-" "WordPress/6.8.3; https://emteko.com/en/" "-"
114.119.154.89 - - [27/Oct/2025:06:55:33 +0200 - 1.175 - 1.176] "GET /en/publications?flt_products=artro-patch&flt_doctors=infectionist%3Borthopedic-traumatologist%3Bpediatrician%3Bpulmonologist%3Btherapist HTTP/1.1" 200 95677 "https://emteko.com/en/publications/?flt_products=artro-patch&flt_doctors=general-practitioner%3Binfectionist%3Borthopedic-traumatologist%3Bpediatrician%3Bpulmonologist%3Btherapist" "Mozilla/5.0 (Linux; Android 7.0;) AppleWebKit/537.36 (KHTML, like Gecko) Mobile Safari/537.36 (compatible; PetalBot;+https://webmaster.petalsearch.com/site/petalbot)" "-"
157.90.156.63 - - [27/Oct/2025:06:55:50 +0200 - 0.013 - 0.012] "HEAD / HTTP/1.1" 200 0 "https://emteko.com" "Mozilla/5.0+(compatible; UptimeRobot/2.0; http://www.uptimerobot.com/)" "-"
31.131.20.181 - - [27/Oct/2025:06:56:41 +0200 - 0.000 - 0.004] "POST /wp-cron.php?doing_wp_cron=1761541001.7825090885162353515625 HTTP/1.1" 499 0 "-" "WordPress/6.8.3; https://emteko.com/en/" "-"
114.119.133.35 - - [27/Oct/2025:06:56:42 +0200 - 1.199 - 1.200] "GET /en/publications?flt_products=artro-patch&flt_doctors=infectionist%3Borthopedic-traumatologist%3Bpediatrician%3Bpulmonologist HTTP/1.1" 200 95646 "https://emteko.com/en/publications/?flt_products=artro-patch&flt_doctors=infectionist%3Borthopedic-traumatologist%3Bpediatrician" "Mozilla/5.0 (Linux; Android 7.0;) AppleWebKit/537.36 (KHTML, like Gecko) Mobile Safari/537.36 (compatible; PetalBot;+https://webmaster.petalsearch.com/site/petalbot)" "-"
49.13.130.29 - - [27/Oct/2025:06:56:55 +0200 - 0.015 - 0.016] "HEAD / HTTP/1.1" 200 0 "https://emteko.com" "Mozilla/5.0+(compatible; UptimeRobot/2.0; http://www.uptimerobot.com/)" "-"
128.140.41.193 - - [27/Oct/2025:06:57:00 +0200 - 0.003 - 0.004] "HEAD / HTTP/1.1" 200 0 "https://emteko.com" "Mozilla/5.0+(compatible; UptimeRobot/2.0; http://www.uptimerobot.com/)" "-"
128.140.41.193 - - [27/Oct/2025:06:57:58 +0200 - 0.013 - 0.012] "HEAD / HTTP/1.1" 200 0 "https://emteko.com" "Mozilla/5.0+(compatible; UptimeRobot/2.0; http://www.uptimerobot.com/)" "-"
20.171.207.109 - - [27/Oct/2025:06:58:12 +0200 - 0.017 - 0.016] "GET /sitemap_index.xml HTTP/1.1" 200 354 "-" "Mozilla/5.0 AppleWebKit/537.36 (KHTML, like Gecko; compatible; GPTBot/1.2; +https://openai.com/gptbot)" "-"
31.131.20.181 - - [27/Oct/2025:06:58:16 +0200 - 0.001 - 0.004] "POST /wp-cron.php?doing_wp_cron=1761541096.3088490962982177734375 HTTP/1.1" 499 0 "-" "WordPress/6.8.3; https://emteko.com/en/" "-"
114.119.132.202 - - [27/Oct/2025:06:58:19 +0200 - 4.031 - 1.032] "GET /en/publications?flt_products=artro-patch&flt_doctors=infectionist%3Borthopedic-traumatologist%3Bpediatrician HTTP/1.1" 200 81596 "https://emteko.com/en/publications?flt_products=artro-patch&flt_doctors=infectionist%3Borthopedic-traumatologist%3Botolaryngologist%3Bpediatrician" "Mozilla/5.0 (Linux; Android 7.0;) AppleWebKit/537.36 (KHTML, like Gecko) Mobile Safari/537.36 (compatible; PetalBot;+https://webmaster.petalsearch.com/site/petalbot)" "-"
184.105.108.2 - - [27/Oct/2025:06:58:38 +0200 - 0.152 - 0.012] "GET / HTTP/1.1" 200 89415 "-" "Mozilla/5.0 (Windows NT 10.0; Win64; x64) AppleWebKit/537.36 (KHTML, like Gecko) Chrome/141.0.7390.78 Safari/537.36" "-"
142.132.180.39 - - [27/Oct/2025:06:59:02 +0200 - 0.016 - 0.016] "HEAD / HTTP/1.1" 200 0 "https://emteko.com" "Mozilla/5.0+(compatible; UptimeRobot/2.0; http://www.uptimerobot.com/)" "-"
31.131.20.181 - - [27/Oct/2025:06:59:27 +0200 - 0.000 - 0.000] "POST /wp-cron.php?doing_wp_cron=1761541167.4270019531250000000000 HTTP/1.1" 499 0 "-" "WordPress/6.8.3; https://emteko.com/en/" "-"
114.119.134.51 - - [27/Oct/2025:06:59:30 +0200 - 4.026 - 1.028] "GET /en/publications?flt_products=artro-patch&flt_doctors=infectionist%3Borthopedic-traumatologist%3Botolaryngologist%3Btherapist HTTP/1.1" 200 81596 "https://emteko.com/en/publications?flt_products=artro-patch%3Bnasisoft&flt_doctors=infectionist%3Borthopedic-traumatologist%3Botolaryngologist%3Btherapist" "Mozilla/5.0 (Linux; Android 7.0;) AppleWebKit/537.36 (KHTML, like Gecko) Mobile Safari/537.36 (compatible; PetalBot;+https://webmaster.petalsearch.com/site/petalbot)" "-"
40.77.167.65 - - [27/Oct/2025:07:00:06 +0200 - 27.338 - 27.340] "GET /doctorspecial/gimenes-arsts/?flt_products=nasisoft-lv HTTP/1.1" 200 98743 "-" "Mozilla/5.0 AppleWebKit/537.36 (KHTML, like Gecko; compatible; bingbot/2.0; +http://www.bing.com/bingbot.htm) Chrome/116.0.1938.76 Safari/537.36" "-"
49.13.24.81 - - [27/Oct/2025:07:00:06 +0200 - 0.027 - 0.028] "HEAD / HTTP/1.1" 200 0 "https://emteko.com" "Mozilla/5.0+(compatible; UptimeRobot/2.0; http://www.uptimerobot.com/)" "-"
