168.119.53.160 - - [26/Oct/2025:08:08:16 +0200 - 0.016 - 0.016] "HEAD / HTTP/1.1" 200 0 "https://emteko.com" "Mozilla/5.0+(compatible; UptimeRobot/2.0; http://www.uptimerobot.com/)" "-"
63.178.84.147 - - [26/Oct/2025:08:09:20 +0200 - 0.013 - 0.016] "HEAD / HTTP/1.1" 200 0 "https://emteko.com" "Mozilla/5.0+(compatible; UptimeRobot/2.0; http://www.uptimerobot.com/)" "-"
51.38.121.102 - - [26/Oct/2025:08:09:21 +0200 - 0.000 - -] "GET /images/images/cache.php HTTP/1.1" 404 576 "-" "Mozilla/5.0 (Windows NT 10.0; Win64; x64) AppleWebKit/537.36 (KHTML, like Gecko) Chrome/127.0.0.0 Safari/537.36" "-"
114.119.140.113 - - [26/Oct/2025:08:09:25 +0200 - 0.988 - 0.004] "GET /en/publications?flt_products=diart%3Bokistar-hyal-7&flt_doctors=pediatrician%3Btherapist HTTP/1.1" 200 99170 "https://emteko.com/en/publications?flt_products=diart%3Bokistar-hyal-7&flt_doctors=infectionist%3Bpediatrician%3Btherapist" "Mozilla/5.0 (Linux; Android 7.0;) AppleWebKit/537.36 (KHTML, like Gecko) Mobile Safari/537.36 (compatible; PetalBot;+https://webmaster.petalsearch.com/site/petalbot)" "-"
18.192.166.72 - - [26/Oct/2025:08:10:24 +0200 - 0.016 - 0.016] "HEAD / HTTP/1.1" 200 0 "https://emteko.com" "Mozilla/5.0+(compatible; UptimeRobot/2.0; http://www.uptimerobot.com/)" "-"
31.131.20.181 - - [26/Oct/2025:08:10:51 +0200 - 0.002 - 0.000] "POST /wp-cron.php?doing_wp_cron=1761459051.3882660865783691406250 HTTP/1.1" 499 0 "-" "WordPress/6.8.3; https://emteko.com/en/" "-"
114.119.140.113 - - [26/Oct/2025:08:10:52 +0200 - 2.019 - 1.060] "GET /en/publications?flt_products=diart%3Bokistar-hyal-7&flt_doctors=otolaryngologist%3Bpediatrician%3Btherapist HTTP/1.1" 200 99224 "https://emteko.com/en/publications?flt_products=diart%3Bokistar-hyal-7&flt_doctors=otolaryngologist%3Bpediatrician%3Bpulmonologist%3Btherapist" "Mozilla/5.0 (Linux; Android 7.0;) AppleWebKit/537.36 (KHTML, like Gecko) Mobile Safari/537.36 (compatible; PetalBot;+https://webmaster.petalsearch.com/site/petalbot)" "-"
168.119.96.239 - - [26/Oct/2025:08:11:02 +0200 - 0.003 - 0.004] "HEAD / HTTP/1.1" 200 0 "https://emteko.com" "Mozilla/5.0+(compatible; UptimeRobot/2.0; http://www.uptimerobot.com/)" "-"
168.119.123.75 - - [26/Oct/2025:08:11:29 +0200 - 0.017 - 0.020] "HEAD / HTTP/1.1" 200 0 "https://emteko.com" "Mozilla/5.0+(compatible; UptimeRobot/2.0; http://www.uptimerobot.com/)" "-"
31.131.20.181 - - [26/Oct/2025:08:12:25 +0200 - 0.002 - 0.000] "POST /wp-cron.php?doing_wp_cron=1761459145.2537970542907714843750 HTTP/1.1" 499 0 "-" "WordPress/6.8.3; https://emteko.com/en/" "-"
114.119.140.113 - - [26/Oct/2025:08:12:26 +0200 - 1.930 - 0.948] "GET /en/publications?flt_products=diart%3Bokistar-hyal-7&flt_doctors=orthopedic-traumatologist%3Botolaryngologist%3Bpediatrician HTTP/1.1" 200 99227 "https://emteko.com/en/publications?flt_products=diart%3Blorde-hyal%3Bokistar-hyal-7&flt_doctors=orthopedic-traumatologist%3Botolaryngologist%3Bpediatrician" "Mozilla/5.0 (Linux; Android 7.0;) AppleWebKit/537.36 (KHTML, like Gecko) Mobile Safari/537.36 (compatible; PetalBot;+https://webmaster.petalsearch.com/site/petalbot)" "-"
3.77.67.4 - - [26/Oct/2025:08:12:33 +0200 - 0.002 - 0.000] "HEAD / HTTP/1.1" 200 0 "https://emteko.com" "Mozilla/5.0+(compatible; UptimeRobot/2.0; http://www.uptimerobot.com/)" "-"
62.129.2.2 - - [26/Oct/2025:08:13:03 +0200 - 0.906 - 0.908] "GET /contact-us HTTP/1.1" 301 5 "-" "Mozilla/5.0 (X11; Linux x86_64) AppleWebKit/537.11 (KHTML, like Gecko) Chrome/23.0.1271.64 Safari/537.11" "-"
62.129.2.2 - - [26/Oct/2025:08:13:03 +0200 - 0.048 - 0.008] "GET /contact-us/ HTTP/1.1" 200 532296 "-" "Mozilla/5.0 (X11; Linux x86_64) AppleWebKit/537.11 (KHTML, like Gecko) Chrome/23.0.1271.64 Safari/537.11" "-"
52.59.43.236 - - [26/Oct/2025:08:13:38 +0200 - 0.012 - 0.012] "HEAD / HTTP/1.1" 200 0 "https://emteko.com" "Mozilla/5.0+(compatible; UptimeRobot/2.0; http://www.uptimerobot.com/)" "-"
114.119.154.89 - - [26/Oct/2025:08:13:52 +0200 - 3.015 - 0.012] "GET /en/publications?flt_products=diart%3Bokistar-hyal-7&flt_doctors=infectionist%3Botolaryngologist%3Bpediatrician HTTP/1.1" 200 81596 "https://emteko.com/en/publications?flt_products=diart%3Bokistar-hyal-7&flt_doctors=infectionist%3Botolaryngologist%3Bpediatrician" "Mozilla/5.0 (Linux; Android 7.0;) AppleWebKit/537.36 (KHTML, like Gecko) Mobile Safari/537.36 (compatible; PetalBot;+https://webmaster.petalsearch.com/site/petalbot)" "-"
128.140.106.114 - - [26/Oct/2025:08:14:42 +0200 - 0.014 - 0.016] "HEAD / HTTP/1.1" 200 0 "https://emteko.com" "Mozilla/5.0+(compatible; UptimeRobot/2.0; http://www.uptimerobot.com/)" "-"
114.119.154.89 - - [26/Oct/2025:08:15:13 +0200 - 0.955 - 0.012] "GET /en/publications?flt_products=diart%3Bokistar-hyal-7&flt_doctors=general-practitioner%3Bpediatrician%3Btherapist HTTP/1.1" 200 99219 "https://emteko.com/en/publications?flt_products=diart%3Bokistar-hyal-7&flt_doctors=general-practitioner%3Bpediatrician%3Bpulmonologist%3Btherapist" "Mozilla/5.0 (Linux; Android 7.0;) AppleWebKit/537.36 (KHTML, like Gecko) Mobile Safari/537.36 (compatible; PetalBot;+https://webmaster.petalsearch.com/site/petalbot)" "-"
167.235.143.113 - - [26/Oct/2025:08:15:46 +0200 - 0.011 - 0.012] "HEAD / HTTP/1.1" 200 0 "https://emteko.com" "Mozilla/5.0+(compatible; UptimeRobot/2.0; http://www.uptimerobot.com/)" "-"
168.119.96.239 - - [26/Oct/2025:08:16:06 +0200 - 0.012 - 0.008] "HEAD / HTTP/1.1" 200 0 "https://emteko.com" "Mozilla/5.0+(compatible; UptimeRobot/2.0; http://www.uptimerobot.com/)" "-"
114.119.136.120 - - [26/Oct/2025:08:16:43 +0200 - 0.938 - 0.012] "GET /en/publications?flt_products=diart%3Bokistar-hyal-7&flt_doctors=general-practitioner%3Botolaryngologist%3Bpediatrician%3Bpulmonologist HTTP/1.1" 200 99275 "https://emteko.com/en/publications/?flt_products=diart%3Bnasisoft%3Bokistar-hyal-7&flt_doctors=general-practitioner%3Botolaryngologist%3Bpediatrician%3Bpulmonologist" "Mozilla/5.0 (Linux; Android 7.0;) AppleWebKit/537.36 (KHTML, like Gecko) Mobile Safari/537.36 (compatible; PetalBot;+https://webmaster.petalsearch.com/site/petalbot)" "-"
168.119.123.75 - - [26/Oct/2025:08:16:51 +0200 - 0.002 - 0.004] "HEAD / HTTP/1.1" 200 0 "https://emteko.com" "Mozilla/5.0+(compatible; UptimeRobot/2.0; http://www.uptimerobot.com/)" "-"
157.90.156.63 - - [26/Oct/2025:08:17:55 +0200 - 0.012 - 0.012] "HEAD / HTTP/1.1" 200 0 "https://emteko.com" "Mozilla/5.0+(compatible; UptimeRobot/2.0; http://www.uptimerobot.com/)" "-"
114.119.132.202 - - [26/Oct/2025:08:18:10 +0200 - 0.968 - 0.012] "GET /en/publications?flt_products=diart%3Bokistar-hyal-7&flt_doctors=general-practitioner%3Binfectionist%3Btherapist HTTP/1.1" 200 99209 "https://emteko.com/en/publications/?flt_products=diart%3Bokistar-hyal-7&flt_doctors=general-practitioner%3Binfectionist%3Borthopedic-traumatologist%3Btherapist" "Mozilla/5.0 (Linux; Android 7.0;) AppleWebKit/537.36 (KHTML, like Gecko) Mobile Safari/537.36 (compatible; PetalBot;+https://webmaster.petalsearch.com/site/petalbot)" "-"
52.28.162.93 - - [26/Oct/2025:08:19:00 +0200 - 0.012 - 0.012] "HEAD / HTTP/1.1" 200 0 "https://emteko.com" "Mozilla/5.0+(compatible; UptimeRobot/2.0; http://www.uptimerobot.com/)" "-"
31.131.20.181 - - [26/Oct/2025:08:19:35 +0200 - 0.000 - 0.000] "POST /wp-cron.php?doing_wp_cron=1761459575.6782829761505126953125 HTTP/1.1" 499 0 "-" "WordPress/6.8.3; https://emteko.com/en/" "-"
114.119.154.181 - - [26/Oct/2025:08:19:37 +0200 - 2.825 - 1.016] "GET /en/publications?flt_products=diart%3Bokistar-hyal-7&flt_doctors=general-practitioner%3Binfectionist%3Botolaryngologist%3Bpediatrician%3Btherapist HTTP/1.1" 200 99324 "https://emteko.com/en/publications?flt_products=diart&flt_doctors=general-practitioner%3Binfectionist%3Botolaryngologist%3Bpediatrician%3Btherapist" "Mozilla/5.0 (Linux; Android 7.0;) AppleWebKit/537.36 (KHTML, like Gecko) Mobile Safari/537.36 (compatible; PetalBot;+https://webmaster.petalsearch.com/site/petalbot)" "-"
78.46.215.1 - - [26/Oct/2025:08:20:05 +0200 - 0.012 - 0.012] "HEAD / HTTP/1.1" 200 0 "https://emteko.com" "Mozilla/5.0+(compatible; UptimeRobot/2.0; http://www.uptimerobot.com/)" "-"
114.119.136.120 - - [26/Oct/2025:08:21:04 +0200 - 0.942 - 0.016] "GET /en/publications?flt_products=diart%3Bokistar-hyal-7&flt_doctors=general-practitioner%3Binfectionist%3Botolaryngologist HTTP/1.1" 200 99216 "https://emteko.com/en/publications?flt_products=diart%3Bokistar-hyal-7&flt_doctors=general-practitioner%3Binfectionist%3Botolaryngologist%3Bpulmonologist" "Mozilla/5.0 (Linux; Android 7.0;) AppleWebKit/537.36 (KHTML, like Gecko) Mobile Safari/537.36 (compatible; PetalBot;+https://webmaster.petalsearch.com/site/petalbot)" "-"
18.192.166.72 - - [26/Oct/2025:08:21:09 +0200 - 0.002 - 0.000] "HEAD / HTTP/1.1" 200 0 "https://emteko.com" "Mozilla/5.0+(compatible; UptimeRobot/2.0; http://www.uptimerobot.com/)" "-"
18.192.166.72 - - [26/Oct/2025:08:21:11 +0200 - 0.002 - 0.000] "HEAD / HTTP/1.1" 200 0 "https://emteko.com" "Mozilla/5.0+(compatible; UptimeRobot/2.0; http://www.uptimerobot.com/)" "-"
168.119.123.75 - - [26/Oct/2025:08:22:13 +0200 - 0.011 - 0.012] "HEAD / HTTP/1.1" 200 0 "https://emteko.com" "Mozilla/5.0+(compatible; UptimeRobot/2.0; http://www.uptimerobot.com/)" "-"
114.119.140.113 - - [26/Oct/2025:08:22:29 +0200 - 1.027 - 0.016] "GET /en/publications?flt_products=diart%3Bokistar-hyal-7&flt_doctors=general-practitioner%3Binfectionist%3Borthopedic-traumatologist%3Bpediatrician%3Bpulmonologist HTTP/1.1" 200 99414 "https://emteko.com/en/publications?flt_products=diart&flt_doctors=general-practitioner%3Binfectionist%3Borthopedic-traumatologist%3Bpediatrician%3Bpulmonologist" "Mozilla/5.0 (Linux; Android 7.0;) AppleWebKit/537.36 (KHTML, like Gecko) Mobile Safari/537.36 (compatible; PetalBot;+https://webmaster.petalsearch.com/site/petalbot)" "-"
78.46.190.63 - - [26/Oct/2025:08:23:18 +0200 - 0.011 - 0.012] "HEAD / HTTP/1.1" 200 0 "https://emteko.com" "Mozilla/5.0+(compatible; UptimeRobot/2.0; http://www.uptimerobot.com/)" "-"
31.131.20.181 - - [26/Oct/2025:08:23:59 +0200 - 0.001 - 0.000] "POST /wp-cron.php?doing_wp_cron=1761459839.9309210777282714843750 HTTP/1.1" 499 0 "-" "WordPress/6.8.3; https://emteko.com/en/" "-"
114.119.154.181 - - [26/Oct/2025:08:24:01 +0200 - 2.332 - 1.124] "GET /en/publications?flt_products=diart%3Bokistar-hyal-7&flt_doctors=general-practitioner%3Binfectionist%3Borthopedic-traumatologist%3Bpediatrician HTTP/1.1" 200 99274 "https://emteko.com/en/publications/?flt_products=diart%3Bokistar-hyal-7&flt_doctors=infectionist%3Borthopedic-traumatologist%3Bpediatrician" "Mozilla/5.0 (Linux; Android 7.0;) AppleWebKit/537.36 (KHTML, like Gecko) Mobile Safari/537.36 (compatible; PetalBot;+https://webmaster.petalsearch.com/site/petalbot)" "-"
159.69.158.189 - - [26/Oct/2025:08:24:22 +0200 - 0.011 - 0.012] "HEAD / HTTP/1.1" 200 0 "https://emteko.com" "Mozilla/5.0+(compatible; UptimeRobot/2.0; http://www.uptimerobot.com/)" "-"
51.38.121.102 - - [26/Oct/2025:08:25:01 +0200 - 0.047 - 0.020] "GET /?check_plugin HTTP/1.1" 200 532315 "-" "Mozilla/5.0 (Windows NT 10.0; Win64; x64) AppleWebKit/537.36 (KHTML, like Gecko) Chrome/127.0.0.0 Safari/537.36" "-"
114.119.132.104 - - [26/Oct/2025:08:25:25 +0200 - 1.363 - 0.012] "GET /en/publications?flt_products=diart%3Bokistar-hyal-7&flt_doctors=general-practitioner HTTP/1.1" 200 99118 "https://emteko.com/en/publications?flt_products=okistar-hyal-7&flt_doctors=general-practitioner" "Mozilla/5.0 (Linux; Android 7.0;) AppleWebKit/537.36 (KHTML, like Gecko) Mobile Safari/537.36 (compatible; PetalBot;+https://webmaster.petalsearch.com/site/petalbot)" "-"
157.90.155.240 - - [26/Oct/2025:08:25:27 +0200 - 0.005 - 0.004] "HEAD / HTTP/1.1" 200 0 "https://emteko.com" "Mozilla/5.0+(compatible; UptimeRobot/2.0; http://www.uptimerobot.com/)" "-"
128.140.106.114 - - [26/Oct/2025:08:26:15 +0200 - 0.012 - 0.012] "HEAD / HTTP/1.1" 200 0 "https://emteko.com" "Mozilla/5.0+(compatible; UptimeRobot/2.0; http://www.uptimerobot.com/)" "-"
49.13.167.123 - - [26/Oct/2025:08:26:31 +0200 - 0.018 - 0.016] "HEAD / HTTP/1.1" 200 0 "https://emteko.com" "Mozilla/5.0+(compatible; UptimeRobot/2.0; http://www.uptimerobot.com/)" "-"
114.119.154.181 - - [26/Oct/2025:08:26:52 +0200 - 0.919 - 0.012] "GET /en/publications?flt_products=diart%3Bnasisoft&flt_doctors=pediatrician%3Bpulmonologist%3Btherapist HTTP/1.1" 200 99034 "https://emteko.com/en/publications?flt_products=diart&flt_doctors=pediatrician%3Bpulmonologist%3Btherapist" "Mozilla/5.0 (Linux; Android 7.0;) AppleWebKit/537.36 (KHTML, like Gecko) Mobile Safari/537.36 (compatible; PetalBot;+https://webmaster.petalsearch.com/site/petalbot)" "-"
49.13.134.145 - - [26/Oct/2025:08:27:37 +0200 - 0.012 - 0.012] "HEAD / HTTP/1.1" 200 0 "https://emteko.com" "Mozilla/5.0+(compatible; UptimeRobot/2.0; http://www.uptimerobot.com/)" "-"
31.131.20.181 - - [26/Oct/2025:08:28:18 +0200 - 0.001 - 0.000] "POST /wp-cron.php?doing_wp_cron=1761460098.5678100585937500000000 HTTP/1.1" 499 0 "-" "WordPress/6.8.3; https://emteko.com/en/" "-"
114.119.134.51 - - [26/Oct/2025:08:28:20 +0200 - 2.314 - 1.020] "GET /en/publications?flt_products=diart%3Bnasisoft&flt_doctors=orthopedic-traumatologist%3Botolaryngologist%3Bpediatrician%3Bpulmonologist%3Btherapist HTTP/1.1" 200 99128 "https://emteko.com/en/publications/?flt_products=diart&flt_doctors=orthopedic-traumatologist%3Botolaryngologist%3Bpediatrician%3Bpulmonologist%3Btherapist" "Mozilla/5.0 (Linux; Android 7.0;) AppleWebKit/537.36 (KHTML, like Gecko) Mobile Safari/537.36 (compatible; PetalBot;+https://webmaster.petalsearch.com/site/petalbot)" "-"
194.26.192.85 - - [26/Oct/2025:08:28:22 +0200 - 0.035 - 0.012] "GET / HTTP/1.1" 200 532364 "-" "Mozilla/5.0 (Windows NT 10.0; Win64; x64) AppleWebKit/537.36 (KHTML, like Gecko) Chrome/78.0.3904.108 Safari/537.36" "-"
194.26.192.85 - - [26/Oct/2025:08:28:23 +0200 - 0.693 - 0.668] "GET //wp-includes/wlwmanifest.xml HTTP/1.1" 301 5 "-" "Mozilla/5.0 (Windows NT 10.0; Win64; x64) AppleWebKit/537.36 (KHTML, like Gecko) Chrome/78.0.3904.108 Safari/537.36" "-"
194.26.192.85 - - [26/Oct/2025:08:28:23 +0200 - 0.003 - -] "GET //xmlrpc.php?rsd HTTP/1.1" 404 576 "-" "Mozilla/5.0 (Windows NT 10.0; Win64; x64) AppleWebKit/537.36 (KHTML, like Gecko) Chrome/78.0.3904.108 Safari/537.36" "-"
194.26.192.85 - - [26/Oct/2025:08:28:23 +0200 - 0.022 - 0.004] "GET / HTTP/1.1" 200 532364 "-" "Mozilla/5.0 (Windows NT 10.0; Win64; x64) AppleWebKit/537.36 (KHTML, like Gecko) Chrome/78.0.3904.108 Safari/537.36" "-"
194.26.192.85 - - [26/Oct/2025:08:28:24 +0200 - 0.652 - 0.612] "GET //?author=1 HTTP/1.1" 404 164 "-" "Mozilla/5.0 (Windows NT 10.0; Win64; x64) AppleWebKit/537.36 (KHTML, like Gecko) Chrome/78.0.3904.108 Safari/537.36" "-"
194.26.192.85 - - [26/Oct/2025:08:28:24 +0200 - 0.733 - 0.732] "GET //?author=2 HTTP/1.1" 404 164 "-" "Mozilla/5.0 (Windows NT 10.0; Win64; x64) AppleWebKit/537.36 (KHTML, like Gecko) Chrome/78.0.3904.108 Safari/537.36" "-"
194.26.192.85 - - [26/Oct/2025:08:28:25 +0200 - 0.580 - 0.576] "GET //wp-json/wp/v2/users/ HTTP/1.1" 403 2023 "-" "Mozilla/5.0 (Windows NT 10.0; Win64; x64) AppleWebKit/537.36 (KHTML, like Gecko) Chrome/78.0.3904.108 Safari/537.36" "-"
194.26.192.85 - - [26/Oct/2025:08:28:25 +0200 - 0.219 - 0.216] "GET //wp-json/oembed/1.0/embed?url=https://emteko.com/ HTTP/1.1" 403 5 "-" "Mozilla/5.0 (Windows NT 10.0; Win64; x64) AppleWebKit/537.36 (KHTML, like Gecko) Chrome/78.0.3904.108 Safari/537.36" "-"
194.26.192.85 - - [26/Oct/2025:08:28:25 +0200 - 0.000 - -] "POST //xmlrpc.php HTTP/1.1" 404 576 "-" "Mozilla/5.0 (Windows NT 10.0; Win64; x64) AppleWebKit/537.36 (KHTML, like Gecko) Chrome/78.0.3904.108 Safari/537.36" "-"
78.46.190.63 - - [26/Oct/2025:08:28:40 +0200 - 0.010 - 0.008] "HEAD / HTTP/1.1" 200 0 "https://emteko.com" "Mozilla/5.0+(compatible; UptimeRobot/2.0; http://www.uptimerobot.com/)" "-"
103.131.71.37 - - [26/Oct/2025:08:28:48 +0200 - 0.694 - 0.696] "GET /robots.txt HTTP/1.1" 200 132 "-" "Mozilla/5.0 (compatible; coccocbot-image/1.0; +http://help.coccoc.com/searchengine)" "-"
51.68.247.211 - - [26/Oct/2025:08:28:48 +0200 - 0.020 - 0.004] "GET /doctorspecial/traumatologs-ortopeds/?flt_doctors=traumatologs-ortopeds HTTP/1.1" 200 98403 "-" "Mozilla/5.0 (compatible; AhrefsBot/7.0; +http://ahrefs.com/robot/)" "-"
103.131.71.23 - - [26/Oct/2025:08:28:49 +0200 - 0.000 - -] "GET /wp-content/uploads/2024/04/gripp-2.webp HTTP/1.1" 304 0 "-" "Mozilla/5.0 (compatible; coccocbot-image/1.0; +http://help.coccoc.com/searchengine)" "-"
63.178.84.147 - - [26/Oct/2025:08:29:45 +0200 - 0.011 - 0.012] "HEAD / HTTP/1.1" 200 0 "https://emteko.com" "Mozilla/5.0+(compatible; UptimeRobot/2.0; http://www.uptimerobot.com/)" "-"
31.131.20.181 - - [26/Oct/2025:08:29:45 +0200 - 0.000 - 0.000] "POST /wp-cron.php?doing_wp_cron=1761460185.7644319534301757812500 HTTP/1.1" 499 0 "-" "WordPress/6.8.3; https://emteko.com/en/" "-"
114.119.132.202 - - [26/Oct/2025:08:29:46 +0200 - 1.869 - 0.916] "GET /en/publications?flt_products=diart%3Bnasisoft&flt_doctors=infectionist%3Botolaryngologist%3Btherapist HTTP/1.1" 200 99027 "https://emteko.com/en/publications/?flt_products=diart%3Bnasisoft&flt_doctors=infectionist%3Botolaryngologist%3Bpulmonologist%3Btherapist" "Mozilla/5.0 (Linux; Android 7.0;) AppleWebKit/537.36 (KHTML, like Gecko) Mobile Safari/537.36 (compatible; PetalBot;+https://webmaster.petalsearch.com/site/petalbot)" "-"
52.28.162.93 - - [26/Oct/2025:08:30:49 +0200 - 0.017 - 0.016] "HEAD / HTTP/1.1" 200 0 "https://emteko.com" "Mozilla/5.0+(compatible; UptimeRobot/2.0; http://www.uptimerobot.com/)" "-"
31.131.20.181 - - [26/Oct/2025:08:31:15 +0200 - 0.001 - 0.000] "POST /wp-cron.php?doing_wp_cron=1761460275.7471709251403808593750 HTTP/1.1" 499 0 "-" "WordPress/6.8.3; https://emteko.com/en/" "-"
114.119.132.202 - - [26/Oct/2025:08:31:17 +0200 - 2.563 - 0.988] "GET /en/publications?flt_products=diart%3Bnasisoft&flt_doctors=infectionist%3Botolaryngologist%3Bpediatrician%3Btherapist HTTP/1.1" 200 99074 "https://emteko.com/en/publications?flt_products=diart&flt_doctors=infectionist%3Botolaryngologist%3Bpediatrician%3Btherapist" "Mozilla/5.0 (Linux; Android 7.0;) AppleWebKit/537.36 (KHTML, like Gecko) Mobile Safari/537.36 (compatible; PetalBot;+https://webmaster.petalsearch.com/site/petalbot)" "-"
168.119.96.239 - - [26/Oct/2025:08:31:20 +0200 - 0.003 - 0.000] "HEAD / HTTP/1.1" 200 0 "https://emteko.com" "Mozilla/5.0+(compatible; UptimeRobot/2.0; http://www.uptimerobot.com/)" "-"
128.140.106.114 - - [26/Oct/2025:08:31:53 +0200 - 0.012 - 0.012] "HEAD / HTTP/1.1" 200 0 "https://emteko.com" "Mozilla/5.0+(compatible; UptimeRobot/2.0; http://www.uptimerobot.com/)" "-"
114.119.132.104 - - [26/Oct/2025:08:32:40 +0200 - 0.948 - 0.012] "GET /en/publications?flt_products=diart%3Bnasisoft&flt_doctors=infectionist%3Botolaryngologist%3Bpediatrician%3Bpulmonologist%3Btherapist HTTP/1.1" 200 99116 "https://emteko.com/en/publications/?flt_products=diart%3Bnasisoft&flt_doctors=infectionist%3Bpediatrician%3Bpulmonologist%3Btherapist" "Mozilla/5.0 (Linux; Android 7.0;) AppleWebKit/537.36 (KHTML, like Gecko) Mobile Safari/537.36 (compatible; PetalBot;+https://webmaster.petalsearch.com/site/petalbot)" "-"
78.47.98.55 - - [26/Oct/2025:08:32:57 +0200 - 0.012 - 0.012] "HEAD / HTTP/1.1" 200 0 "https://emteko.com" "Mozilla/5.0+(compatible; UptimeRobot/2.0; http://www.uptimerobot.com/)" "-"
18.192.166.72 - - [26/Oct/2025:08:34:02 +0200 - 0.012 - 0.012] "HEAD / HTTP/1.1" 200 0 "https://emteko.com" "Mozilla/5.0+(compatible; UptimeRobot/2.0; http://www.uptimerobot.com/)" "-"
114.119.132.104 - - [26/Oct/2025:08:34:07 +0200 - 0.992 - 0.008] "GET /en/publications?flt_products=diart%3Bnasisoft&flt_doctors=infectionist%3Borthopedic-traumatologist%3Btherapist HTTP/1.1" 200 99031 "https://emteko.com/en/publications?flt_products=diart%3Bnasisoft&flt_doctors=infectionist%3Borthopedic-traumatologist%3Bpulmonologist%3Btherapist" "Mozilla/5.0 (Linux; Android 7.0;) AppleWebKit/537.36 (KHTML, like Gecko) Mobile Safari/537.36 (compatible; PetalBot;+https://webmaster.petalsearch.com/site/petalbot)" "-"
170.106.37.134 - - [26/Oct/2025:08:34:23 +0200 - 0.097 - 0.012] "GET / HTTP/1.1" 200 89415 "https://www.emteko.com/" "Mozilla/5.0 (iPhone; CPU iPhone OS 13_2_3 like Mac OS X) AppleWebKit/605.1.15 (KHTML, like Gecko) Version/13.0.3 Mobile/15E148 Safari/604.1" "-"
167.235.143.113 - - [26/Oct/2025:08:35:06 +0200 - 0.016 - 0.016] "HEAD / HTTP/1.1" 200 0 "https://emteko.com" "Mozilla/5.0+(compatible; UptimeRobot/2.0; http://www.uptimerobot.com/)" "-"
31.131.20.181 - - [26/Oct/2025:08:35:35 +0200 - 0.001 - 0.000] "POST /wp-cron.php?doing_wp_cron=1761460534.9738850593566894531250 HTTP/1.1" 499 0 "-" "WordPress/6.8.3; https://emteko.com/en/" "-"
114.119.154.181 - - [26/Oct/2025:08:35:36 +0200 - 2.174 - 0.968] "GET /en/publications?flt_products=diart%3Bnasisoft&flt_doctors=infectionist%3Borthopedic-traumatologist%3Bpediatrician HTTP/1.1" 200 99040 "https://emteko.com/en/publications?flt_products=diart%3Bnasisoft&flt_doctors=infectionist%3Borthopedic-traumatologist%3Bpediatrician%3Bpulmonologist" "Mozilla/5.0 (Linux; Android 7.0;) AppleWebKit/537.36 (KHTML, like Gecko) Mobile Safari/537.36 (compatible; PetalBot;+https://webmaster.petalsearch.com/site/petalbot)" "-"
78.47.98.55 - - [26/Oct/2025:08:36:10 +0200 - 0.012 - 0.016] "HEAD / HTTP/1.1" 200 0 "https://emteko.com" "Mozilla/5.0+(compatible; UptimeRobot/2.0; http://www.uptimerobot.com/)" "-"
49.13.167.123 - - [26/Oct/2025:08:36:25 +0200 - 0.012 - 0.012] "HEAD / HTTP/1.1" 200 0 "https://emteko.com" "Mozilla/5.0+(compatible; UptimeRobot/2.0; http://www.uptimerobot.com/)" "-"
31.131.20.181 - - [26/Oct/2025:08:37:02 +0200 - 0.000 - 0.000] "POST /wp-cron.php?doing_wp_cron=1761460622.8448629379272460937500 HTTP/1.1" 499 0 "-" "WordPress/6.8.3; https://emteko.com/en/" "-"
114.119.136.120 - - [26/Oct/2025:08:37:04 +0200 - 2.127 - 1.200] "GET /en/publications?flt_products=diart%3Bnasisoft&flt_doctors=infectionist%3Borthopedic-traumatologist%3Botolaryngologist HTTP/1.1" 200 99035 "https://emteko.com/en/publications?flt_products=diart&flt_doctors=infectionist%3Borthopedic-traumatologist%3Botolaryngologist" "Mozilla/5.0 (Linux; Android 7.0;) AppleWebKit/537.36 (KHTML, like Gecko) Mobile Safari/537.36 (compatible; PetalBot;+https://webmaster.petalsearch.com/site/petalbot)" "-"
78.47.98.55 - - [26/Oct/2025:08:37:15 +0200 - 0.012 - 0.012] "HEAD / HTTP/1.1" 200 0 "https://emteko.com" "Mozilla/5.0+(compatible; UptimeRobot/2.0; http://www.uptimerobot.com/)" "-"
49.13.24.81 - - [26/Oct/2025:08:38:19 +0200 - 0.018 - 0.020] "HEAD / HTTP/1.1" 200 0 "https://emteko.com" "Mozilla/5.0+(compatible; UptimeRobot/2.0; http://www.uptimerobot.com/)" "-"
31.131.20.181 - - [26/Oct/2025:08:38:32 +0200 - 0.000 - 0.000] "POST /wp-cron.php?doing_wp_cron=1761460712.8199839591979980468750 HTTP/1.1" 499 0 "-" "WordPress/6.8.3; https://emteko.com/en/" "-"
114.119.132.104 - - [26/Oct/2025:08:38:34 +0200 - 2.046 - 1.048] "GET /en/publications?flt_products=diart%3Bnasisoft&flt_doctors=general-practitioner%3Btherapist HTTP/1.1" 200 98967 "https://emteko.com/en/publications?flt_products=diart%3Bnasisoft&flt_doctors=general-practitioner%3Bpediatrician%3Btherapist" "Mozilla/5.0 (Linux; Android 7.0;) AppleWebKit/537.36 (KHTML, like Gecko) Mobile Safari/537.36 (compatible; PetalBot;+https://webmaster.petalsearch.com/site/petalbot)" "-"
78.47.98.55 - - [26/Oct/2025:08:39:23 +0200 - 0.011 - 0.012] "HEAD / HTTP/1.1" 200 0 "https://emteko.com" "Mozilla/5.0+(compatible; UptimeRobot/2.0; http://www.uptimerobot.com/)" "-"
31.131.20.181 - - [26/Oct/2025:08:39:59 +0200 - 0.000 - 0.000] "POST /wp-cron.php?doing_wp_cron=1761460799.0396139621734619140625 HTTP/1.1" 499 0 "-" "WordPress/6.8.3; https://emteko.com/en/" "-"
114.119.133.35 - - [26/Oct/2025:08:40:00 +0200 - 2.192 - 0.920] "GET /en/publications?flt_products=diart%3Bnasisoft&flt_doctors=general-practitioner%3Bpediatrician%3Bpulmonologist HTTP/1.1" 200 99036 "https://emteko.com/en/publications?flt_products=diart%3Bnasisoft&flt_doctors=general-practitioner%3Bpediatrician%3Bpulmonologist%3Btherapist" "Mozilla/5.0 (Linux; Android 7.0;) AppleWebKit/537.36 (KHTML, like Gecko) Mobile Safari/537.36 (compatible; PetalBot;+https://webmaster.petalsearch.com/site/petalbot)" "-"
159.69.158.189 - - [26/Oct/2025:08:40:28 +0200 - 0.021 - 0.020] "HEAD / HTTP/1.1" 200 0 "https://emteko.com" "Mozilla/5.0+(compatible; UptimeRobot/2.0; http://www.uptimerobot.com/)" "-"
47.128.50.180 - - [26/Oct/2025:08:41:00 +0200 - 1.246 - 0.012] "GET /publications/?flt_products=nasisoft-lv HTTP/1.1" 200 99027 "-" "Mozilla/5.0 (compatible; Bytespider; spider-feedback@bytedance.com) AppleWebKit/537.36 (KHTML, like Gecko) Chrome/70.0.0.0 Safari/537.36" "-"
31.131.20.181 - - [26/Oct/2025:08:41:26 +0200 - 0.000 - 0.004] "POST /wp-cron.php?doing_wp_cron=1761460885.9596130847930908203125 HTTP/1.1" 499 0 "-" "WordPress/6.8.3; https://emteko.com/en/" "-"
114.119.132.104 - - [26/Oct/2025:08:41:27 +0200 - 2.546 - 0.953] "GET /en/publications?flt_products=diart%3Bnasisoft&flt_doctors=general-practitioner%3Borthopedic-traumatologist%3Botolaryngologist%3Bpulmonologist HTTP/1.1" 200 99089 "https://emteko.com/en/publications?flt_products=diart%3Bnasisoft&flt_doctors=general-practitioner%3Borthopedic-traumatologist%3Botolaryngologist%3Bpulmonologist%3Btherapist" "Mozilla/5.0 (Linux; Android 7.0;) AppleWebKit/537.36 (KHTML, like Gecko) Mobile Safari/537.36 (compatible; PetalBot;+https://webmaster.petalsearch.com/site/petalbot)" "-"
78.46.215.1 - - [26/Oct/2025:08:41:29 +0200 - 0.002 - 0.004] "HEAD / HTTP/1.1" 200 0 "https://emteko.com" "Mozilla/5.0+(compatible; UptimeRobot/2.0; http://www.uptimerobot.com/)" "-"
3.79.134.69 - - [26/Oct/2025:08:41:33 +0200 - 0.002 - 0.000] "HEAD / HTTP/1.1" 200 0 "https://emteko.com" "Mozilla/5.0+(compatible; UptimeRobot/2.0; http://www.uptimerobot.com/)" "-"
3.79.134.69 - - [26/Oct/2025:08:42:37 +0200 - 0.013 - 0.016] "HEAD / HTTP/1.1" 200 0 "https://emteko.com" "Mozilla/5.0+(compatible; UptimeRobot/2.0; http://www.uptimerobot.com/)" "-"
31.131.20.181 - - [26/Oct/2025:08:42:53 +0200 - 0.000 - 0.000] "POST /wp-cron.php?doing_wp_cron=1761460973.9421091079711914062500 HTTP/1.1" 499 0 "-" "WordPress/6.8.3; https://emteko.com/en/" "-"
114.119.132.202 - - [26/Oct/2025:08:42:55 +0200 - 2.153 - 1.184] "GET /en/publications?flt_products=diart%3Bnasisoft&flt_doctors=general-practitioner%3Binfectionist%3Btherapist HTTP/1.1" 200 99018 "https://emteko.com/en/publications?flt_products=diart%3Bnasisoft&flt_doctors=general-practitioner%3Binfectionist%3Bpulmonologist%3Btherapist" "Mozilla/5.0 (Linux; Android 7.0;) AppleWebKit/537.36 (KHTML, like Gecko) Mobile Safari/537.36 (compatible; PetalBot;+https://webmaster.petalsearch.com/site/petalbot)" "-"
49.13.24.81 - - [26/Oct/2025:08:43:41 +0200 - 0.012 - 0.012] "HEAD / HTTP/1.1" 200 0 "https://emteko.com" "Mozilla/5.0+(compatible; UptimeRobot/2.0; http://www.uptimerobot.com/)" "-"
31.131.20.181 - - [26/Oct/2025:08:44:20 +0200 - 0.000 - 0.000] "POST /wp-cron.php?doing_wp_cron=1761461060.9083299636840820312500 HTTP/1.1" 499 0 "-" "WordPress/6.8.3; https://emteko.com/en/" "-"
114.119.132.104 - - [26/Oct/2025:08:44:23 +0200 - 3.443 - 1.008] "GET /en/publications?flt_products=diart%3Bnasisoft&flt_doctors=general-practitioner%3Binfectionist%3Botolaryngologist HTTP/1.1" 200 99030 "https://emteko.com/en/publications?flt_products=nasisoft&flt_doctors=general-practitioner%3Binfectionist%3Botolaryngologist" "Mozilla/5.0 (Linux; Android 7.0;) AppleWebKit/537.36 (KHTML, like Gecko) Mobile Safari/537.36 (compatible; PetalBot;+https://webmaster.petalsearch.com/site/petalbot)" "-"
49.13.134.145 - - [26/Oct/2025:08:44:45 +0200 - 0.013 - 0.012] "HEAD / HTTP/1.1" 200 0 "https://emteko.com" "Mozilla/5.0+(compatible; UptimeRobot/2.0; http://www.uptimerobot.com/)" "-"
31.131.20.181 - - [26/Oct/2025:08:45:46 +0200 - 0.002 - 0.004] "POST /wp-cron.php?doing_wp_cron=1761461146.5710880756378173828125 HTTP/1.1" 499 0 "-" "WordPress/6.8.3; https://emteko.com/en/" "-"
114.119.134.51 - - [26/Oct/2025:08:45:47 +0200 - 1.980 - 0.988] "GET /en/publications?flt_products=diart%3Bnasisoft&flt_doctors=general-practitioner%3Binfectionist%3Borthopedic-traumatologist%3Bpediatrician%3Btherapist HTTP/1.1" 200 99121 "https://emteko.com/en/publications?flt_products=diart%3Bnasisoft&flt_doctors=general-practitioner%3Binfectionist%3Borthopedic-traumatologist%3Bpediatrician%3Bpulmonologist%3Btherapist" "Mozilla/5.0 (Linux; Android 7.0;) AppleWebKit/537.36 (KHTML, like Gecko) Mobile Safari/537.36 (compatible; PetalBot;+https://webmaster.petalsearch.com/site/petalbot)" "-"
78.46.215.1 - - [26/Oct/2025:08:45:49 +0200 - 0.008 - 0.008] "HEAD / HTTP/1.1" 200 0 "https://emteko.com" "Mozilla/5.0+(compatible; UptimeRobot/2.0; http://www.uptimerobot.com/)" "-"
63.178.84.147 - - [26/Oct/2025:08:46:33 +0200 - 0.012 - 0.012] "HEAD / HTTP/1.1" 200 0 "https://emteko.com" "Mozilla/5.0+(compatible; UptimeRobot/2.0; http://www.uptimerobot.com/)" "-"
78.46.215.1 - - [26/Oct/2025:08:46:53 +0200 - 0.016 - 0.016] "HEAD / HTTP/1.1" 200 0 "https://emteko.com" "Mozilla/5.0+(compatible; UptimeRobot/2.0; http://www.uptimerobot.com/)" "-"
114.119.154.181 - - [26/Oct/2025:08:47:13 +0200 - 1.522 - 0.012] "GET /en/publications?flt_products=diart%3Bnasisoft&flt_doctors=general-practitioner%3Binfectionist%3Borthopedic-traumatologist%3Bpediatrician HTTP/1.1" 200 99081 "https://emteko.com/en/publications?flt_products=diart%3Bnasisoft&flt_doctors=general-practitioner%3Binfectionist%3Borthopedic-traumatologist" "Mozilla/5.0 (Linux; Android 7.0;) AppleWebKit/537.36 (KHTML, like Gecko) Mobile Safari/537.36 (compatible; PetalBot;+https://webmaster.petalsearch.com/site/petalbot)" "-"
168.119.123.75 - - [26/Oct/2025:08:47:57 +0200 - 0.043 - 0.044] "HEAD / HTTP/1.1" 200 0 "https://emteko.com" "Mozilla/5.0+(compatible; UptimeRobot/2.0; http://www.uptimerobot.com/)" "-"
31.131.20.181 - - [26/Oct/2025:08:48:30 +0200 - 0.005 - 0.008] "POST /wp-cron.php?doing_wp_cron=1761461310.5132989883422851562500 HTTP/1.1" 499 0 "-" "WordPress/6.8.3; https://emteko.com" "-"
66.249.93.224 - - [26/Oct/2025:08:48:30 +0200 - 0.936 - 0.932] "GET /.well-known/traffic-advice HTTP/1.1" 404 87002 "-" "Chrome Privacy Preserving Prefetch Proxy" "-"
69.6.20.244 - - [26/Oct/2025:08:48:31 +0200 - 0.070 - 0.000] "GET /en/products/reo/ HTTP/1.1" 200 89615 "https://www.google.com/" "Mozilla/5.0 (Linux; Android 10; K) AppleWebKit/537.36 (KHTML, like Gecko) Chrome/141.0.0.0 Mobile Safari/537.36" "-"
69.6.20.244 - - [26/Oct/2025:08:48:32 +0200 - 0.000 - -] "GET /wp-content/themes/emteko/fonts/NeoSansPro-Regular.woff HTTP/1.1" 200 75588 "https://emteko.com/en/products/reo/" "Mozilla/5.0 (Linux; Android 10; K) AppleWebKit/537.36 (KHTML, like Gecko) Chrome/141.0.0.0 Mobile Safari/537.36" "-"
69.6.20.244 - - [26/Oct/2025:08:48:32 +0200 - 0.000 - -] "GET /wp-content/themes/emteko/fonts/NeoSansPro-Medium.woff HTTP/1.1" 200 75064 "https://emteko.com/en/products/reo/" "Mozilla/5.0 (Linux; Android 10; K) AppleWebKit/537.36 (KHTML, like Gecko) Chrome/141.0.0.0 Mobile Safari/537.36" "-"
69.6.20.244 - - [26/Oct/2025:08:48:32 +0200 - 0.000 - -] "GET /wp-content/themes/emteko/fonts/NeoSansPro-Italic.woff HTTP/1.1" 200 82572 "https://emteko.com/en/products/reo/" "Mozilla/5.0 (Linux; Android 10; K) AppleWebKit/537.36 (KHTML, like Gecko) Chrome/141.0.0.0 Mobile Safari/537.36" "-"
69.6.20.244 - - [26/Oct/2025:08:48:32 +0200 - 0.000 - -] "GET /wp-content/themes/emteko/font-awesome/webfonts/fa-brands-400.woff2 HTTP/1.1" 200 118072 "https://emteko.com/en/products/reo/" "Mozilla/5.0 (Linux; Android 10; K) AppleWebKit/537.36 (KHTML, like Gecko) Chrome/141.0.0.0 Mobile Safari/537.36" "-"
69.6.20.244 - - [26/Oct/2025:08:48:32 +0200 - 0.000 - -] "GET /wp-content/themes/emteko/fonts/NeoSansPro-Bold.woff HTTP/1.1" 200 66132 "https://emteko.com/en/products/reo/" "Mozilla/5.0 (Linux; Android 10; K) AppleWebKit/537.36 (KHTML, like Gecko) Chrome/141.0.0.0 Mobile Safari/537.36" "-"
69.6.20.244 - - [26/Oct/2025:08:48:32 +0200 - 0.070 - -] "GET /wp-content/themes/emteko/font-awesome/webfonts/fa-solid-900.woff2 HTTP/1.1" 200 157192 "https://emteko.com/en/products/reo/" "Mozilla/5.0 (Linux; Android 10; K) AppleWebKit/537.36 (KHTML, like Gecko) Chrome/141.0.0.0 Mobile Safari/537.36" "-"
69.6.20.244 - - [26/Oct/2025:08:48:32 +0200 - 0.072 - -] "GET /wp-content/uploads/2025/09/2025-09-02-04723-2-e1757491946863-628x1024.png HTTP/1.1" 200 95261 "https://emteko.com/en/products/reo/" "Mozilla/5.0 (Linux; Android 10; K) AppleWebKit/537.36 (KHTML, like Gecko) Chrome/141.0.0.0 Mobile Safari/537.36" "-"
69.6.20.244 - - [26/Oct/2025:08:48:32 +0200 - 0.000 - -] "GET /wp-content/themes/emteko/images/favs/favicon-32x32.png HTTP/1.1" 200 1655 "https://emteko.com/en/products/reo/" "Mozilla/5.0 (Linux; Android 10; K) AppleWebKit/537.36 (KHTML, like Gecko) Chrome/141.0.0.0 Mobile Safari/537.36" "-"
69.6.20.244 - - [26/Oct/2025:08:48:32 +0200 - 0.000 - -] "GET /wp-content/themes/emteko/images/favs/apple-touch-icon.png HTTP/1.1" 200 5068 "https://emteko.com/en/products/reo/" "Mozilla/5.0 (Linux; Android 10; K) AppleWebKit/537.36 (KHTML, like Gecko) Chrome/141.0.0.0 Mobile Safari/537.36" "-"
69.6.20.244 - - [26/Oct/2025:08:48:32 +0200 - 0.000 - -] "GET /wp-content/themes/emteko/images/favs/site.webmanifest HTTP/1.1" 200 426 "https://emteko.com/en/products/reo/" "Mozilla/5.0 (Linux; Android 10; K) AppleWebKit/537.36 (KHTML, like Gecko) Chrome/141.0.0.0 Mobile Safari/537.36" "-"
69.6.20.244 - - [26/Oct/2025:08:48:33 +0200 - 0.824 - 0.825] "GET /android-chrome-192x192.png HTTP/1.1" 404 87010 "https://emteko.com/en/products/reo/" "Mozilla/5.0 (Linux; Android 10; K) AppleWebKit/537.36 (KHTML, like Gecko) Chrome/141.0.0.0 Mobile Safari/537.36" "-"
69.6.20.244 - - [26/Oct/2025:08:48:34 +0200 - 0.004 - 0.000] "GET / HTTP/1.1" 200 89415 "https://emteko.com/en/products/reo/" "Mozilla/5.0 (Linux; Android 10; K) AppleWebKit/537.36 (KHTML, like Gecko) Chrome/141.0.0.0 Mobile Safari/537.36" "-"
69.6.20.244 - - [26/Oct/2025:08:48:34 +0200 - 0.000 - -] "GET /wp-content/themes/emteko/images/main-bg.webp HTTP/1.1" 200 68940 "https://emteko.com/" "Mozilla/5.0 (Linux; Android 10; K) AppleWebKit/537.36 (KHTML, like Gecko) Chrome/141.0.0.0 Mobile Safari/537.36" "-"
69.6.20.244 - - [26/Oct/2025:08:48:34 +0200 - 0.000 - -] "GET /wp-content/themes/emteko/images/about-left.webp HTTP/1.1" 200 2920 "https://emteko.com/" "Mozilla/5.0 (Linux; Android 10; K) AppleWebKit/537.36 (KHTML, like Gecko) Chrome/141.0.0.0 Mobile Safari/537.36" "-"
69.6.20.244 - - [26/Oct/2025:08:48:34 +0200 - 0.000 - -] "GET /wp-content/themes/emteko/font-awesome/webfonts/fa-regular-400.woff2 HTTP/1.1" 200 25464 "https://emteko.com/" "Mozilla/5.0 (Linux; Android 10; K) AppleWebKit/537.36 (KHTML, like Gecko) Chrome/141.0.0.0 Mobile Safari/537.36" "-"
69.6.20.244 - - [26/Oct/2025:08:48:34 +0200 - 0.000 - -] "GET /wp-content/themes/emteko/images/about-right.webp HTTP/1.1" 200 3316 "https://emteko.com/" "Mozilla/5.0 (Linux; Android 10; K) AppleWebKit/537.36 (KHTML, like Gecko) Chrome/141.0.0.0 Mobile Safari/537.36" "-"
69.6.20.244 - - [26/Oct/2025:08:48:34 +0200 - 0.000 - -] "GET /wp-content/uploads/2024/06/advantagesbg.webp HTTP/1.1" 200 68830 "https://emteko.com/" "Mozilla/5.0 (Linux; Android 10; K) AppleWebKit/537.36 (KHTML, like Gecko) Chrome/141.0.0.0 Mobile Safari/537.36" "-"
69.6.20.244 - - [26/Oct/2025:08:48:34 +0200 - 0.000 - -] "GET /wp-content/uploads/2024/06/aboutbg.webp HTTP/1.1" 200 25092 "https://emteko.com/" "Mozilla/5.0 (Linux; Android 10; K) AppleWebKit/537.36 (KHTML, like Gecko) Chrome/141.0.0.0 Mobile Safari/537.36" "-"
69.6.20.244 - - [26/Oct/2025:08:48:36 +0200 - 0.745 - 0.740] "GET /android-chrome-192x192.png HTTP/1.1" 404 87010 "https://emteko.com/" "Mozilla/5.0 (Linux; Android 10; K) AppleWebKit/537.36 (KHTML, like Gecko) Chrome/141.0.0.0 Mobile Safari/537.36" "-"
69.6.20.244 - - [26/Oct/2025:08:48:37 +0200 - 0.000 - -] "GET /wp-content/uploads/2024/06/license.webp HTTP/1.1" 200 12474 "https://emteko.com/" "Mozilla/5.0 (Linux; Android 10; K) AppleWebKit/537.36 (KHTML, like Gecko) Chrome/141.0.0.0 Mobile Safari/537.36" "-"
69.6.20.244 - - [26/Oct/2025:08:48:39 +0200 - 0.774 - 0.772] "GET /android-chrome-192x192.png HTTP/1.1" 404 87010 "https://emteko.com/en/products/reo/" "Mozilla/5.0 (Linux; Android 10; K) AppleWebKit/537.36 (KHTML, like Gecko) Chrome/141.0.0.0 Mobile Safari/537.36" "-"
114.119.133.35 - - [26/Oct/2025:08:48:40 +0200 - 0.966 - 0.008] "GET /en/publications?flt_products=diart%3Bnasisoft&flt_doctors=general-practitioner%3Binfectionist%3Borthopedic-traumatologist%3Botolaryngologist HTTP/1.1" 200 99080 "https://emteko.com/en/publications?flt_products=diart%3Bnasisoft%3Bokistar-hyal-7&flt_doctors=general-practitioner%3Binfectionist%3Borthopedic-traumatologist%3Botolaryngologist" "Mozilla/5.0 (Linux; Android 7.0;) AppleWebKit/537.36 (KHTML, like Gecko) Mobile Safari/537.36 (compatible; PetalBot;+https://webmaster.petalsearch.com/site/petalbot)" "-"
69.6.20.244 - - [26/Oct/2025:08:48:55 +0200 - 0.080 - 0.012] "GET /en/products/reo/ HTTP/1.1" 200 89615 "-" "Mozilla/5.0 (Windows NT 6.1; WOW64) AppleWebKit/537.36 (KHTML, like Gecko) Chrome/51.0.2704.103 Safari/537.36" "-"
69.6.20.244 - - [26/Oct/2025:08:48:55 +0200 - 0.000 - -] "GET /wp-content/uploads/2025/09/2025-09-02-04723-2-e1757491946863-628x1024.png HTTP/1.1" 200 95261 "-" "Dalvik/2.1.0 (Linux; U; Android 14; SM-A526B Build/UP1A.231005.007)" "-"
69.6.20.244 - - [26/Oct/2025:08:49:00 +0200 - 0.785 - 0.784] "GET /en/products/reo HTTP/1.1" 301 5 "-" "WhatsApp/2.23.20.0" "-"
69.6.20.244 - - [26/Oct/2025:08:49:00 +0200 - 0.071 - 0.004] "GET /en/products/reo/ HTTP/1.1" 200 89615 "-" "WhatsApp/2.23.20.0" "-"
159.69.158.189 - - [26/Oct/2025:08:49:02 +0200 - 0.002 - 0.000] "HEAD / HTTP/1.1" 200 0 "https://emteko.com" "Mozilla/5.0+(compatible; UptimeRobot/2.0; http://www.uptimerobot.com/)" "-"
69.6.20.244 - - [26/Oct/2025:08:49:03 +0200 - 0.002 - 0.000] "GET /en/products/reo/ HTTP/1.1" 200 89615 "-" "WhatsApp/2.23.20.0" "-"
69.6.20.244 - - [26/Oct/2025:08:49:04 +0200 - 0.073 - -] "GET /wp-content/uploads/2025/09/2025-09-02-04723-2-e1757491946863-628x1024.png HTTP/1.1" 200 95261 "-" "WhatsApp/2.23.20.0" "-"
69.6.20.244 - - [26/Oct/2025:08:49:04 +0200 - 0.000 - -] "GET /wp-content/themes/emteko/images/favs/favicon-16x16.png HTTP/1.1" 200 948 "-" "WhatsApp/2.23.20.0" "-"
69.6.20.244 - - [26/Oct/2025:08:50:02 +0200 - 0.015 - 0.012] "GET /en/products/reo/ HTTP/1.1" 200 89615 "-" "Mozilla/5.0 (iPhone; CPU iPhone OS 18_6_2 like Mac OS X) AppleWebKit/605.1.15 (KHTML, like Gecko) CriOS/141.0.7390.96 Mobile/15E148 Safari/604.1" "-"
69.6.20.244 - - [26/Oct/2025:08:50:03 +0200 - 0.000 - -] "GET /wp-content/themes/emteko/images/favs/site.webmanifest HTTP/1.1" 200 426 "https://emteko.com/en/products/reo/" "Mozilla/5.0 (iPhone; CPU iPhone OS 18_6_2 like Mac OS X) AppleWebKit/605.1.15 (KHTML, like Gecko) CriOS/141.0.7390.96 Mobile/15E148 Safari/604.1" "-"
69.6.20.244 - - [26/Oct/2025:08:50:04 +0200 - 0.000 - -] "GET /wp-content/themes/emteko/fonts/NeoSansPro-Bold.woff HTTP/1.1" 200 66132 "https://emteko.com/en/products/reo/" "Mozilla/5.0 (iPhone; CPU iPhone OS 18_6_2 like Mac OS X) AppleWebKit/605.1.15 (KHTML, like Gecko) CriOS/141.0.7390.96 Mobile/15E148 Safari/604.1" "-"
69.6.20.244 - - [26/Oct/2025:08:50:04 +0200 - 0.000 - -] "GET /wp-content/themes/emteko/font-awesome/webfonts/fa-brands-400.woff2 HTTP/1.1" 200 118072 "https://emteko.com/en/products/reo/" "Mozilla/5.0 (iPhone; CPU iPhone OS 18_6_2 like Mac OS X) AppleWebKit/605.1.15 (KHTML, like Gecko) CriOS/141.0.7390.96 Mobile/15E148 Safari/604.1" "-"
69.6.20.244 - - [26/Oct/2025:08:50:04 +0200 - 0.000 - -] "GET /wp-content/themes/emteko/fonts/NeoSansPro-Medium.woff HTTP/1.1" 200 75064 "https://emteko.com/en/products/reo/" "Mozilla/5.0 (iPhone; CPU iPhone OS 18_6_2 like Mac OS X) AppleWebKit/605.1.15 (KHTML, like Gecko) CriOS/141.0.7390.96 Mobile/15E148 Safari/604.1" "-"
69.6.20.244 - - [26/Oct/2025:08:50:04 +0200 - 0.000 - -] "GET /wp-content/themes/emteko/fonts/NeoSansPro-Regular.woff HTTP/1.1" 200 75588 "https://emteko.com/en/products/reo/" "Mozilla/5.0 (iPhone; CPU iPhone OS 18_6_2 like Mac OS X) AppleWebKit/605.1.15 (KHTML, like Gecko) CriOS/141.0.7390.96 Mobile/15E148 Safari/604.1" "-"
69.6.20.244 - - [26/Oct/2025:08:50:04 +0200 - 0.087 - -] "GET /wp-content/themes/emteko/fonts/NeoSansPro-Italic.woff HTTP/1.1" 200 82572 "https://emteko.com/en/products/reo/" "Mozilla/5.0 (iPhone; CPU iPhone OS 18_6_2 like Mac OS X) AppleWebKit/605.1.15 (KHTML, like Gecko) CriOS/141.0.7390.96 Mobile/15E148 Safari/604.1" "-"
69.6.20.244 - - [26/Oct/2025:08:50:04 +0200 - 0.000 - -] "GET /wp-content/themes/emteko/images/favs/favicon-32x32.png HTTP/1.1" 200 1655 "-" "Mozilla/5.0 (iPhone; CPU iPhone OS 18_6_2 like Mac OS X) AppleWebKit/605.1.15 (KHTML, like Gecko) CriOS/141.0.7390.96 Mobile/15E148 Safari/604.1" "-"
69.6.20.244 - - [26/Oct/2025:08:50:04 +0200 - 0.000 - -] "GET /wp-content/themes/emteko/images/favs/apple-touch-icon.png HTTP/1.1" 200 5068 "-" "Mozilla/5.0 (iPhone; CPU iPhone OS 18_6_2 like Mac OS X) AppleWebKit/605.1.15 (KHTML, like Gecko) CriOS/141.0.7390.96 Mobile/15E148 Safari/604.1" "-"
69.6.20.244 - - [26/Oct/2025:08:50:04 +0200 - 0.000 - -] "GET /wp-content/uploads/2025/09/2025-09-02-04723-2-e1757491946863-628x1024.png HTTP/1.1" 200 95261 "https://emteko.com/en/products/reo/" "Mozilla/5.0 (iPhone; CPU iPhone OS 18_6_2 like Mac OS X) AppleWebKit/605.1.15 (KHTML, like Gecko) CriOS/141.0.7390.96 Mobile/15E148 Safari/604.1" "-"
69.6.20.244 - - [26/Oct/2025:08:50:04 +0200 - 0.784 - -] "GET /wp-content/themes/emteko/font-awesome/webfonts/fa-solid-900.woff2 HTTP/1.1" 200 157192 "https://emteko.com/en/products/reo/" "Mozilla/5.0 (iPhone; CPU iPhone OS 18_6_2 like Mac OS X) AppleWebKit/605.1.15 (KHTML, like Gecko) CriOS/141.0.7390.96 Mobile/15E148 Safari/604.1" "-"
69.6.20.244 - - [26/Oct/2025:08:50:05 +0200 - 0.000 - -] "GET /wp-content/themes/emteko/font-awesome/webfonts/fa-v4compatibility.woff2 HTTP/1.1" 200 4800 "https://emteko.com/en/products/reo/" "Mozilla/5.0 (iPhone; CPU iPhone OS 18_6_2 like Mac OS X) AppleWebKit/605.1.15 (KHTML, like Gecko) CriOS/141.0.7390.96 Mobile/15E148 Safari/604.1" "-"
69.6.20.244 - - [26/Oct/2025:08:50:05 +0200 - 0.000 - -] "GET /wp-content/themes/emteko/font-awesome/webfonts/fa-regular-400.woff2 HTTP/1.1" 200 25464 "https://emteko.com/en/products/reo/" "Mozilla/5.0 (iPhone; CPU iPhone OS 18_6_2 like Mac OS X) AppleWebKit/605.1.15 (KHTML, like Gecko) CriOS/141.0.7390.96 Mobile/15E148 Safari/604.1" "-"
78.46.215.1 - - [26/Oct/2025:08:50:06 +0200 - 0.002 - 0.000] "HEAD / HTTP/1.1" 200 0 "https://emteko.com" "Mozilla/5.0+(compatible; UptimeRobot/2.0; http://www.uptimerobot.com/)" "-"
114.119.154.181 - - [26/Oct/2025:08:50:10 +0200 - 0.911 - 0.004] "GET /en/publications?flt_products=diart%3Bnasisoft&flt_doctors=general-practitioner%3Binfectionist HTTP/1.1" 200 98963 "https://emteko.com/en/publications/?flt_products=diart%3Bnasisoft&flt_doctors=general-practitioner%3Binfectionist%3Bpulmonologist" "Mozilla/5.0 (Linux; Android 7.0;) AppleWebKit/537.36 (KHTML, like Gecko) Mobile Safari/537.36 (compatible; PetalBot;+https://webmaster.petalsearch.com/site/petalbot)" "-"
167.235.143.113 - - [26/Oct/2025:08:51:11 +0200 - 0.016 - 0.016] "HEAD / HTTP/1.1" 200 0 "https://emteko.com" "Mozilla/5.0+(compatible; UptimeRobot/2.0; http://www.uptimerobot.com/)" "-"
114.119.132.202 - - [26/Oct/2025:08:51:36 +0200 - 0.978 - 0.020] "GET /en/publications?flt_products=diart%3Bnasisoft&flt_doctors=general-practitioner HTTP/1.1" 200 98899 "https://emteko.com/en/publications/?flt_products=diart%3Bnasisoft" "Mozilla/5.0 (Linux; Android 7.0;) AppleWebKit/537.36 (KHTML, like Gecko) Mobile Safari/537.36 (compatible; PetalBot;+https://webmaster.petalsearch.com/site/petalbot)" "-"
128.140.106.114 - - [26/Oct/2025:08:51:38 +0200 - 0.003 - 0.000] "HEAD / HTTP/1.1" 200 0 "https://emteko.com" "Mozilla/5.0+(compatible; UptimeRobot/2.0; http://www.uptimerobot.com/)" "-"
168.119.123.75 - - [26/Oct/2025:08:52:16 +0200 - 0.015 - 0.016] "HEAD / HTTP/1.1" 200 0 "https://emteko.com" "Mozilla/5.0+(compatible; UptimeRobot/2.0; http://www.uptimerobot.com/)" "-"
31.131.20.181 - - [26/Oct/2025:08:53:00 +0200 - 0.000 - 0.000] "POST /wp-cron.php?doing_wp_cron=1761461580.9046509265899658203125 HTTP/1.1" 499 0 "-" "WordPress/6.8.3; https://emteko.com/en/" "-"
114.119.154.181 - - [26/Oct/2025:08:53:02 +0200 - 2.021 - 1.112] "GET /en/publications?flt_products=diart%3Bnasisoft%3Bokistar-hyal-7&flt_doctors=otolaryngologist%3Bpulmonologist HTTP/1.1" 200 99490 "https://emteko.com/en/publications?flt_products=diart%3Bnasisoft%3Bokistar-hyal-7&flt_doctors=general-practitioner%3Botolaryngologist%3Bpulmonologist" "Mozilla/5.0 (Linux; Android 7.0;) AppleWebKit/537.36 (KHTML, like Gecko) Mobile Safari/537.36 (compatible; PetalBot;+https://webmaster.petalsearch.com/site/petalbot)" "-"
49.13.24.81 - - [26/Oct/2025:08:53:21 +0200 - 0.012 - 0.012] "HEAD / HTTP/1.1" 200 0 "https://emteko.com" "Mozilla/5.0+(compatible; UptimeRobot/2.0; http://www.uptimerobot.com/)" "-"
159.69.158.189 - - [26/Oct/2025:08:54:25 +0200 - 0.017 - 0.020] "HEAD / HTTP/1.1" 200 0 "https://emteko.com" "Mozilla/5.0+(compatible; UptimeRobot/2.0; http://www.uptimerobot.com/)" "-"
114.119.134.51 - - [26/Oct/2025:08:54:30 +0200 - 1.630 - 0.008] "GET /en/publications?flt_products=diart%3Bnasisoft%3Bokistar-hyal-7&flt_doctors=otolaryngologist%3Bpediatrician%3Btherapist HTTP/1.1" 200 99533 "https://emteko.com/en/publications/?flt_products=diart%3Bnasisoft%3Bokistar-hyal-7&flt_doctors=otolaryngologist%3Btherapist" "Mozilla/5.0 (Linux; Android 7.0;) AppleWebKit/537.36 (KHTML, like Gecko) Mobile Safari/537.36 (compatible; PetalBot;+https://webmaster.petalsearch.com/site/petalbot)" "-"
34.1.17.183 - - [26/Oct/2025:08:54:31 +0200 - 0.003 - 0.004] "GET / HTTP/1.1" 200 89415 "http://emteko.com/" "Mozilla/5.0 (Macintosh; Intel Mac OS X 10_15_7) AppleWebKit/537.36 (KHTML, like Gecko) Chrome/135.0.0.0 Safari/537.36" "-"
31.131.20.181 - - [26/Oct/2025:08:54:33 +0200 - 0.001 - 0.000] "POST /wp-cron.php?doing_wp_cron=1761461673.4700829982757568359375 HTTP/1.1" 499 0 "-" "WordPress/6.8.3; https://emteko.com" "-"
34.1.17.183 - - [26/Oct/2025:08:54:33 +0200 - 1.051 - 1.052] "GET /app/ HTTP/1.1" 404 87002 "-" "Mozilla/5.0 (Macintosh; Intel Mac OS X 10_15_7) AppleWebKit/537.36 (KHTML, like Gecko) Chrome/135.0.0.0 Safari/537.36" "-"
34.1.17.183 - - [26/Oct/2025:08:54:35 +0200 - 0.718 - 0.720] "GET /login/ HTTP/1.1" 302 5 "-" "Mozilla/5.0 (Macintosh; Intel Mac OS X 10_15_7) AppleWebKit/537.36 (KHTML, like Gecko) Chrome/135.0.0.0 Safari/537.36" "-"
34.1.17.183 - - [26/Oct/2025:08:54:36 +0200 - 0.687 - 0.688] "GET /wp-login.php HTTP/1.1" 403 2242 "https://emteko.com/login/" "Mozilla/5.0 (Macintosh; Intel Mac OS X 10_15_7) AppleWebKit/537.36 (KHTML, like Gecko) Chrome/135.0.0.0 Safari/537.36" "-"
34.1.17.183 - - [26/Oct/2025:08:54:46 +0200 - 0.094 - 0.004] "GET / HTTP/1.1" 200 89415 "https://www.emteko.com/" "Mozilla/5.0 (Macintosh; Intel Mac OS X 10_15_7) AppleWebKit/537.36 (KHTML, like Gecko) Chrome/135.0.0.0 Safari/537.36" "-"
34.1.17.183 - - [26/Oct/2025:08:54:47 +0200 - 0.777 - 0.776] "GET /app/ HTTP/1.1" 404 87002 "-" "Mozilla/5.0 (Macintosh; Intel Mac OS X 10_15_7) AppleWebKit/537.36 (KHTML, like Gecko) Chrome/135.0.0.0 Safari/537.36" "-"
34.1.17.183 - - [26/Oct/2025:08:54:48 +0200 - 0.727 - 0.728] "GET /login/ HTTP/1.1" 302 5 "-" "Mozilla/5.0 (Macintosh; Intel Mac OS X 10_15_7) AppleWebKit/537.36 (KHTML, like Gecko) Chrome/135.0.0.0 Safari/537.36" "-"
34.1.17.183 - - [26/Oct/2025:08:54:49 +0200 - 0.694 - 0.696] "GET /wp-login.php HTTP/1.1" 403 2242 "https://emteko.com/login/" "Mozilla/5.0 (Macintosh; Intel Mac OS X 10_15_7) AppleWebKit/537.36 (KHTML, like Gecko) Chrome/135.0.0.0 Safari/537.36" "-"
157.90.155.240 - - [26/Oct/2025:08:55:30 +0200 - 0.014 - 0.012] "HEAD / HTTP/1.1" 200 0 "https://emteko.com" "Mozilla/5.0+(compatible; UptimeRobot/2.0; http://www.uptimerobot.com/)" "-"
31.131.20.181 - - [26/Oct/2025:08:55:55 +0200 - 0.000 - 0.000] "POST /wp-cron.php?doing_wp_cron=1761461755.4047079086303710937500 HTTP/1.1" 499 0 "-" "WordPress/6.8.3; https://emteko.com/en/" "-"
114.119.154.181 - - [26/Oct/2025:08:55:56 +0200 - 1.918 - 1.008] "GET /en/publications?flt_products=diart%3Bnasisoft%3Bokistar-hyal-7&flt_doctors=orthopedic-traumatologist%3Bpulmonologist%3Btherapist HTTP/1.1" 200 99557 "https://emteko.com/en/publications/?flt_products=diart%3Bnasisoft%3Bokistar-hyal-7&flt_doctors=orthopedic-traumatologist%3Btherapist" "Mozilla/5.0 (Linux; Android 7.0;) AppleWebKit/537.36 (KHTML, like Gecko) Mobile Safari/537.36 (compatible; PetalBot;+https://webmaster.petalsearch.com/site/petalbot)" "-"
78.47.98.55 - - [26/Oct/2025:08:56:33 +0200 - 0.012 - 0.012] "HEAD / HTTP/1.1" 200 0 "https://emteko.com" "Mozilla/5.0+(compatible; UptimeRobot/2.0; http://www.uptimerobot.com/)" "-"
78.46.190.63 - - [26/Oct/2025:08:56:42 +0200 - 0.002 - 0.004] "HEAD / HTTP/1.1" 200 0 "https://emteko.com" "Mozilla/5.0+(compatible; UptimeRobot/2.0; http://www.uptimerobot.com/)" "-"
31.131.20.181 - - [26/Oct/2025:08:57:24 +0200 - 0.003 - 0.000] "POST /wp-cron.php?doing_wp_cron=1761461844.4870250225067138671875 HTTP/1.1" 499 0 "-" "WordPress/6.8.3; https://emteko.com/en/" "-"
114.119.154.181 - - [26/Oct/2025:08:57:25 +0200 - 1.845 - 0.940] "GET /en/publications?flt_products=diart%3Bnasisoft%3Bokistar-hyal-7&flt_doctors=orthopedic-traumatologist%3Botolaryngologist%3Bpulmonologist HTTP/1.1" 200 99635 "https://emteko.com/en/publications?flt_products=diart%3Bnasisoft%3Bokistar-hyal-7&flt_doctors=orthopedic-traumatologist%3Bpulmonologist" "Mozilla/5.0 (Linux; Android 7.0;) AppleWebKit/537.36 (KHTML, like Gecko) Mobile Safari/537.36 (compatible; PetalBot;+https://webmaster.petalsearch.com/site/petalbot)" "-"
78.46.215.1 - - [26/Oct/2025:08:57:38 +0200 - 0.012 - 0.012] "HEAD / HTTP/1.1" 200 0 "https://emteko.com" "Mozilla/5.0+(compatible; UptimeRobot/2.0; http://www.uptimerobot.com/)" "-"
