83.99.166.186 - - [26/Oct/2025:20:19:55 +0200 - 0.000 - -] "GET /wp-content/uploads/2024/06/aboutbg.webp HTTP/1.1" 200 25092 "https://www.google.com/" "Mozilla/5.0 (Linux; Android 14; SM-A135F Build/UP1A.231005.007; wv) AppleWebKit/537.36 (KHTML, like Gecko) Version/4.0 Chrome/141.0.7390.97 Mobile Safari/537.36 GoogleApp/16.42.64.ve.arm" "-"
83.99.166.186 - - [26/Oct/2025:20:20:01 +0200 - 0.000 - -] "GET /wp-content/uploads/2024/06/partners-photo.webp HTTP/1.1" 200 15040 "https://www.google.com/" "Mozilla/5.0 (Linux; Android 14; SM-A135F Build/UP1A.231005.007; wv) AppleWebKit/537.36 (KHTML, like Gecko) Version/4.0 Chrome/141.0.7390.97 Mobile Safari/537.36 GoogleApp/16.42.64.ve.arm" "-"
83.99.166.186 - - [26/Oct/2025:20:20:06 +0200 - 0.000 - -] "GET /wp-content/themes/emteko/images/sales-photo2.webp HTTP/1.1" 200 21012 "https://www.google.com/" "Mozilla/5.0 (Linux; Android 14; SM-A135F Build/UP1A.231005.007; wv) AppleWebKit/537.36 (KHTML, like Gecko) Version/4.0 Chrome/141.0.7390.97 Mobile Safari/537.36 GoogleApp/16.42.64.ve.arm" "-"
83.99.166.186 - - [26/Oct/2025:20:20:09 +0200 - 0.000 - -] "GET /wp-content/uploads/2024/06/sales-photo.webp HTTP/1.1" 200 18494 "https://www.google.com/" "Mozilla/5.0 (Linux; Android 14; SM-A135F Build/UP1A.231005.007; wv) AppleWebKit/537.36 (KHTML, like Gecko) Version/4.0 Chrome/141.0.7390.97 Mobile Safari/537.36 GoogleApp/16.42.64.ve.arm" "-"
167.235.143.113 - - [26/Oct/2025:20:20:11 +0200 - 0.013 - 0.012] "HEAD / HTTP/1.1" 200 0 "https://emteko.com" "Mozilla/5.0+(compatible; UptimeRobot/2.0; http://www.uptimerobot.com/)" "-"
83.99.166.186 - - [26/Oct/2025:20:20:12 +0200 - 0.000 - -] "GET /wp-content/uploads/2024/06/about.webp HTTP/1.1" 200 31336 "https://www.google.com/" "Mozilla/5.0 (Linux; Android 14; SM-A135F Build/UP1A.231005.007; wv) AppleWebKit/537.36 (KHTML, like Gecko) Version/4.0 Chrome/141.0.7390.97 Mobile Safari/537.36 GoogleApp/16.42.64.ve.arm" "-"
83.99.166.186 - - [26/Oct/2025:20:20:19 +0200 - 0.000 - -] "GET /wp-content/uploads/2024/06/license.webp HTTP/1.1" 200 12474 "https://www.google.com/" "Mozilla/5.0 (Linux; Android 14; SM-A135F Build/UP1A.231005.007; wv) AppleWebKit/537.36 (KHTML, like Gecko) Version/4.0 Chrome/141.0.7390.97 Mobile Safari/537.36 GoogleApp/16.42.64.ve.arm" "-"
83.99.166.186 - - [26/Oct/2025:20:20:21 +0200 - 0.000 - -] "GET /wp-content/themes/emteko/images/mainbg.webp HTTP/1.1" 200 29824 "https://www.google.com/" "Mozilla/5.0 (Linux; Android 14; SM-A135F Build/UP1A.231005.007; wv) AppleWebKit/537.36 (KHTML, like Gecko) Version/4.0 Chrome/141.0.7390.97 Mobile Safari/537.36 GoogleApp/16.42.64.ve.arm" "-"
114.119.132.202 - - [26/Oct/2025:20:21:02 +0200 - 1.005 - 0.020] "GET /en/publications?flt_products=okistar-hyal-7&flt_doctors=general-practitioner%3Borthopedic-traumatologist%3Bpulmonologist%3Btherapist HTTP/1.1" 200 99233 "https://emteko.com/en/publications?flt_products=lorde-hyal%3Bokistar-hyal-7&flt_doctors=general-practitioner%3Borthopedic-traumatologist%3Bpulmonologist%3Btherapist" "Mozilla/5.0 (Linux; Android 7.0;) AppleWebKit/537.36 (KHTML, like Gecko) Mobile Safari/537.36 (compatible; PetalBot;+https://webmaster.petalsearch.com/site/petalbot)" "-"
63.178.84.147 - - [26/Oct/2025:20:21:15 +0200 - 0.011 - 0.012] "HEAD / HTTP/1.1" 200 0 "https://emteko.com" "Mozilla/5.0+(compatible; UptimeRobot/2.0; http://www.uptimerobot.com/)" "-"
49.13.167.123 - - [26/Oct/2025:20:21:59 +0200 - 0.012 - 0.012] "HEAD / HTTP/1.1" 200 0 "https://emteko.com" "Mozilla/5.0+(compatible; UptimeRobot/2.0; http://www.uptimerobot.com/)" "-"
52.28.162.93 - - [26/Oct/2025:20:22:19 +0200 - 0.011 - 0.012] "HEAD / HTTP/1.1" 200 0 "https://emteko.com" "Mozilla/5.0+(compatible; UptimeRobot/2.0; http://www.uptimerobot.com/)" "-"
31.131.20.181 - - [26/Oct/2025:20:22:28 +0200 - 0.000 - 0.000] "POST /wp-cron.php?doing_wp_cron=1761502948.0705099105834960937500 HTTP/1.1" 499 0 "-" "WordPress/6.8.3; https://emteko.com/en/" "-"
114.119.154.181 - - [26/Oct/2025:20:22:29 +0200 - 2.043 - 1.116] "GET /en/publications?flt_products=okistar-hyal-7&flt_doctors=general-practitioner%3Borthopedic-traumatologist%3Bpediatrician%3Btherapist HTTP/1.1" 200 99231 "https://emteko.com/en/publications?flt_products=okistar-hyal-7&flt_doctors=general-practitioner%3Borthopedic-traumatologist%3Botolaryngologist%3Bpediatrician%3Btherapist" "Mozilla/5.0 (Linux; Android 7.0;) AppleWebKit/537.36 (KHTML, like Gecko) Mobile Safari/537.36 (compatible; PetalBot;+https://webmaster.petalsearch.com/site/petalbot)" "-"
128.140.106.114 - - [26/Oct/2025:20:23:24 +0200 - 0.012 - 0.008] "HEAD / HTTP/1.1" 200 0 "https://emteko.com" "Mozilla/5.0+(compatible; UptimeRobot/2.0; http://www.uptimerobot.com/)" "-"
40.77.167.74 - - [26/Oct/2025:20:23:27 +0200 - 0.006 - 0.004] "GET /en/doctorspecial/orthopedic-traumatologist/?flt_doctors=otolaryngologist HTTP/1.1" 200 98192 "-" "Mozilla/5.0 AppleWebKit/537.36 (KHTML, like Gecko; compatible; bingbot/2.0; +http://www.bing.com/bingbot.htm) Chrome/116.0.1938.76 Safari/537.36" "-"
31.131.20.181 - - [26/Oct/2025:20:23:48 +0200 - 0.001 - 0.000] "POST /wp-cron.php?doing_wp_cron=1761503028.0593490600585937500000 HTTP/1.1" 499 0 "-" "WordPress/6.8.3; https://emteko.com/en/" "-"
114.119.136.120 - - [26/Oct/2025:20:23:49 +0200 - 1.997 - 1.016] "GET /en/publications?flt_products=okistar-hyal-7&flt_doctors=general-practitioner%3Borthopedic-traumatologist%3Botolaryngologist%3Bpediatrician%3Bpulmonologist%3Btherapist HTTP/1.1" 200 99444 "https://emteko.com/en/publications?flt_products=okistar-hyal-7&flt_doctors=general-practitioner%3Borthopedic-traumatologist%3Botolaryngologist%3Bpulmonologist%3Btherapist" "Mozilla/5.0 (Linux; Android 7.0;) AppleWebKit/537.36 (KHTML, like Gecko) Mobile Safari/537.36 (compatible; PetalBot;+https://webmaster.petalsearch.com/site/petalbot)" "-"
49.13.164.148 - - [26/Oct/2025:20:24:29 +0200 - 0.015 - 0.016] "HEAD / HTTP/1.1" 200 0 "https://emteko.com" "Mozilla/5.0+(compatible; UptimeRobot/2.0; http://www.uptimerobot.com/)" "-"
31.131.20.181 - - [26/Oct/2025:20:25:08 +0200 - 0.001 - 0.000] "POST /wp-cron.php?doing_wp_cron=1761503108.5428569316864013671875 HTTP/1.1" 499 0 "-" "WordPress/6.8.3; https://emteko.com/en/" "-"
114.119.154.89 - - [26/Oct/2025:20:25:09 +0200 - 2.031 - 1.080] "GET /en/publications?flt_products=okistar-hyal-7&flt_doctors=general-practitioner%3Binfectionist%3Borthopedic-traumatologist%3Bpulmonologist HTTP/1.1" 200 99232 "https://emteko.com/en/publications/?flt_products=okistar-hyal-7&flt_doctors=general-practitioner%3Binfectionist%3Borthopedic-traumatologist%3Bpulmonologist%3Btherapist" "Mozilla/5.0 (Linux; Android 7.0;) AppleWebKit/537.36 (KHTML, like Gecko) Mobile Safari/537.36 (compatible; PetalBot;+https://webmaster.petalsearch.com/site/petalbot)" "-"
168.119.123.75 - - [26/Oct/2025:20:25:33 +0200 - 0.015 - 0.012] "HEAD / HTTP/1.1" 200 0 "https://emteko.com" "Mozilla/5.0+(compatible; UptimeRobot/2.0; http://www.uptimerobot.com/)" "-"
78.47.173.76 - - [26/Oct/2025:20:26:38 +0200 - 0.012 - 0.012] "HEAD / HTTP/1.1" 200 0 "https://emteko.com" "Mozilla/5.0+(compatible; UptimeRobot/2.0; http://www.uptimerobot.com/)" "-"
31.131.20.181 - - [26/Oct/2025:20:26:38 +0200 - 0.000 - 0.000] "POST /wp-cron.php?doing_wp_cron=1761503198.9007639884948730468750 HTTP/1.1" 499 0 "-" "WordPress/6.8.3; https://emteko.com/en/" "-"
114.119.136.120 - - [26/Oct/2025:20:26:40 +0200 - 2.052 - 1.072] "GET /en/publications?flt_products=nasisoft&flt_doctors=infectionist%3Botolaryngologist%3Bpulmonologist HTTP/1.1" 200 98991 "https://emteko.com/en/publications?flt_products=nasisoft&flt_doctors=infectionist%3Botolaryngologist" "Mozilla/5.0 (Linux; Android 7.0;) AppleWebKit/537.36 (KHTML, like Gecko) Mobile Safari/537.36 (compatible; PetalBot;+https://webmaster.petalsearch.com/site/petalbot)" "-"
157.90.155.240 - - [26/Oct/2025:20:27:04 +0200 - 0.017 - 0.016] "HEAD / HTTP/1.1" 200 0 "https://emteko.com" "Mozilla/5.0+(compatible; UptimeRobot/2.0; http://www.uptimerobot.com/)" "-"
78.46.215.1 - - [26/Oct/2025:20:27:41 +0200 - 0.011 - 0.012] "HEAD / HTTP/1.1" 200 0 "https://emteko.com" "Mozilla/5.0+(compatible; UptimeRobot/2.0; http://www.uptimerobot.com/)" "-"
114.119.133.35 - - [26/Oct/2025:20:27:58 +0200 - 0.918 - 0.012] "GET /en/publications?flt_products=nasisoft&flt_doctors=infectionist%3Borthopedic-traumatologist%3Botolaryngologist%3Btherapist HTTP/1.1" 200 99035 "https://emteko.com/en/publications?flt_products=nasisoft&flt_doctors=infectionist%3Borthopedic-traumatologist%3Botolaryngologist" "Mozilla/5.0 (Linux; Android 7.0;) AppleWebKit/537.36 (KHTML, like Gecko) Mobile Safari/537.36 (compatible; PetalBot;+https://webmaster.petalsearch.com/site/petalbot)" "-"
128.140.106.114 - - [26/Oct/2025:20:28:45 +0200 - 0.013 - 0.012] "HEAD / HTTP/1.1" 200 0 "https://emteko.com" "Mozilla/5.0+(compatible; UptimeRobot/2.0; http://www.uptimerobot.com/)" "-"
31.131.20.181 - - [26/Oct/2025:20:29:20 +0200 - 0.000 - 0.000] "POST /wp-cron.php?doing_wp_cron=1761503360.8938920497894287109375 HTTP/1.1" 499 0 "-" "WordPress/6.8.3; https://emteko.com/en/" "-"
114.119.140.113 - - [26/Oct/2025:20:29:22 +0200 - 1.999 - 1.024] "GET /en/publications?flt_products=nasisoft&flt_doctors=general-practitioner%3Borthopedic-traumatologist%3Bpulmonologist HTTP/1.1" 200 99002 "https://emteko.com/en/publications/?flt_products=lorde-hyal%3Bnasisoft&flt_doctors=general-practitioner%3Borthopedic-traumatologist%3Bpulmonologist" "Mozilla/5.0 (Linux; Android 7.0;) AppleWebKit/537.36 (KHTML, like Gecko) Mobile Safari/537.36 (compatible; PetalBot;+https://webmaster.petalsearch.com/site/petalbot)" "-"
52.59.43.236 - - [26/Oct/2025:20:29:49 +0200 - 0.016 - 0.016] "HEAD / HTTP/1.1" 200 0 "https://emteko.com" "Mozilla/5.0+(compatible; UptimeRobot/2.0; http://www.uptimerobot.com/)" "-"
31.131.20.181 - - [26/Oct/2025:20:30:43 +0200 - 0.001 - 0.000] "POST /wp-cron.php?doing_wp_cron=1761503443.4977259635925292968750 HTTP/1.1" 499 0 "-" "WordPress/6.8.3; https://emteko.com/en/" "-"
114.119.133.35 - - [26/Oct/2025:20:30:44 +0200 - 2.043 - 1.136] "GET /en/publications?flt_products=nasisoft&flt_doctors=general-practitioner%3Binfectionist%3Borthopedic-traumatologist HTTP/1.1" 200 98989 "https://emteko.com/en/publications?flt_products=diart%3Bnasisoft&flt_doctors=general-practitioner%3Binfectionist%3Borthopedic-traumatologist" "Mozilla/5.0 (Linux; Android 7.0;) AppleWebKit/537.36 (KHTML, like Gecko) Mobile Safari/537.36 (compatible; PetalBot;+https://webmaster.petalsearch.com/site/petalbot)" "-"
78.47.98.55 - - [26/Oct/2025:20:30:54 +0200 - 0.003 - 0.004] "HEAD / HTTP/1.1" 200 0 "https://emteko.com" "Mozilla/5.0+(compatible; UptimeRobot/2.0; http://www.uptimerobot.com/)" "-"
172.213.21.124 - - [26/Oct/2025:20:31:00 +0200 - 0.005 - 0.004] "GET /en/products/nasisoft/ HTTP/1.1" 200 91617 "-" "Mozilla/5.0 AppleWebKit/537.36 (KHTML, like Gecko); compatible; ChatGPT-User/1.0; +https://openai.com/bot" "-"
49.13.164.148 - - [26/Oct/2025:20:31:59 +0200 - 0.012 - 0.016] "HEAD / HTTP/1.1" 200 0 "https://emteko.com" "Mozilla/5.0+(compatible; UptimeRobot/2.0; http://www.uptimerobot.com/)" "-"
31.131.20.181 - - [26/Oct/2025:20:32:07 +0200 - 0.001 - 0.000] "POST /wp-cron.php?doing_wp_cron=1761503527.4194939136505126953125 HTTP/1.1" 499 0 "-" "WordPress/6.8.3; https://emteko.com/en/" "-"
157.90.156.63 - - [26/Oct/2025:20:32:07 +0200 - 0.017 - 0.020] "HEAD / HTTP/1.1" 200 0 "https://emteko.com" "Mozilla/5.0+(compatible; UptimeRobot/2.0; http://www.uptimerobot.com/)" "-"
114.119.132.104 - - [26/Oct/2025:20:32:08 +0200 - 2.069 - 1.128] "GET /en/publications?flt_products=nasisoft%3Bokistar-hyal-7&flt_doctors=pulmonologist HTTP/1.1" 200 99397 "https://emteko.com/en/publications?flt_products=lorde-hyal%3Bnasisoft%3Bokistar-hyal-7&flt_doctors=pulmonologist" "Mozilla/5.0 (Linux; Android 7.0;) AppleWebKit/537.36 (KHTML, like Gecko) Mobile Safari/537.36 (compatible; PetalBot;+https://webmaster.petalsearch.com/site/petalbot)" "-"
168.119.96.239 - - [26/Oct/2025:20:33:04 +0200 - 0.012 - 0.012] "HEAD / HTTP/1.1" 200 0 "https://emteko.com" "Mozilla/5.0+(compatible; UptimeRobot/2.0; http://www.uptimerobot.com/)" "-"
114.119.154.89 - - [26/Oct/2025:20:33:35 +0200 - 1.280 - 0.016] "GET /en/publications?flt_products=nasisoft%3Bokistar-hyal-7&flt_doctors=pediatrician HTTP/1.1" 200 99393 "https://emteko.com/en/publications?flt_products=diart%3Bnasisoft%3Bokistar-hyal-7&flt_doctors=pediatrician" "Mozilla/5.0 (Linux; Android 7.0;) AppleWebKit/537.36 (KHTML, like Gecko) Mobile Safari/537.36 (compatible; PetalBot;+https://webmaster.petalsearch.com/site/petalbot)" "-"
78.47.173.76 - - [26/Oct/2025:20:34:09 +0200 - 0.013 - 0.012] "HEAD / HTTP/1.1" 200 0 "https://emteko.com" "Mozilla/5.0+(compatible; UptimeRobot/2.0; http://www.uptimerobot.com/)" "-"
31.131.20.181 - - [26/Oct/2025:20:34:54 +0200 - 0.001 - 0.000] "POST /wp-cron.php?doing_wp_cron=1761503694.8017399311065673828125 HTTP/1.1" 499 0 "-" "WordPress/6.8.3; https://emteko.com/en/" "-"
114.119.154.181 - - [26/Oct/2025:20:34:56 +0200 - 2.094 - 1.188] "GET /en/publications?flt_products=nasisoft%3Bokistar-hyal-7&flt_doctors=general-practitioner%3Bpulmonologist%3Btherapist HTTP/1.1" 200 99484 "https://emteko.com/en/publications?flt_products=lorde-hyal%3Bnasisoft%3Bokistar-hyal-7&flt_doctors=general-practitioner%3Bpulmonologist%3Btherapist" "Mozilla/5.0 (Linux; Android 7.0;) AppleWebKit/537.36 (KHTML, like Gecko) Mobile Safari/537.36 (compatible; PetalBot;+https://webmaster.petalsearch.com/site/petalbot)" "-"
157.90.156.63 - - [26/Oct/2025:20:35:13 +0200 - 0.013 - 0.012] "HEAD / HTTP/1.1" 200 0 "https://emteko.com" "Mozilla/5.0+(compatible; UptimeRobot/2.0; http://www.uptimerobot.com/)" "-"
31.131.20.181 - - [26/Oct/2025:20:35:20 +0200 - 0.000 - 0.000] "POST /wp-cron.php?doing_wp_cron=1761503720.7569189071655273437500 HTTP/1.1" 499 0 "-" "WordPress/6.8.3; https://emteko.com/en/" "-"
52.167.144.197 - - [26/Oct/2025:20:35:21 +0200 - 1.048 - 1.048] "GET /en/doctorspecial/pulmonologist/?flt_products=artro-patch;okistar-hyal-7&flt_doctors=general-practitioner;orthopedic-traumatologist;pulmonologist;therapist HTTP/1.1" 200 99038 "-" "Mozilla/5.0 AppleWebKit/537.36 (KHTML, like Gecko; compatible; bingbot/2.0; +http://www.bing.com/bingbot.htm) Chrome/116.0.1938.76 Safari/537.36" "-"
88.99.80.227 - - [26/Oct/2025:20:36:18 +0200 - 0.012 - 0.012] "HEAD / HTTP/1.1" 200 0 "https://emteko.com" "Mozilla/5.0+(compatible; UptimeRobot/2.0; http://www.uptimerobot.com/)" "-"
31.131.20.181 - - [26/Oct/2025:20:36:19 +0200 - 0.000 - 0.000] "POST /wp-cron.php?doing_wp_cron=1761503779.8113930225372314453125 HTTP/1.1" 499 0 "-" "WordPress/6.8.3; https://emteko.com/en/" "-"
114.119.134.51 - - [26/Oct/2025:20:36:21 +0200 - 2.005 - 1.088] "GET /en/publications?flt_products=okistar-hyal-7&flt_doctors=pediatrician HTTP/1.1" 200 99012 "https://emteko.com/en/publications/?flt_products=okistar-hyal-7&flt_doctors=general-practitioner%3Bpediatrician" "Mozilla/5.0 (Linux; Android 7.0;) AppleWebKit/537.36 (KHTML, like Gecko) Mobile Safari/537.36 (compatible; PetalBot;+https://webmaster.petalsearch.com/site/petalbot)" "-"
49.13.24.81 - - [26/Oct/2025:20:37:11 +0200 - 0.013 - 0.016] "HEAD / HTTP/1.1" 200 0 "https://emteko.com" "Mozilla/5.0+(compatible; UptimeRobot/2.0; http://www.uptimerobot.com/)" "-"
18.192.166.72 - - [26/Oct/2025:20:37:22 +0200 - 0.003 - 0.004] "HEAD / HTTP/1.1" 200 0 "https://emteko.com" "Mozilla/5.0+(compatible; UptimeRobot/2.0; http://www.uptimerobot.com/)" "-"
31.131.20.181 - - [26/Oct/2025:20:37:46 +0200 - 0.000 - 0.000] "POST /wp-cron.php?doing_wp_cron=1761503866.3607189655303955078125 HTTP/1.1" 499 0 "-" "WordPress/6.8.3; https://emteko.com/en/" "-"
114.119.136.120 - - [26/Oct/2025:20:37:47 +0200 - 2.039 - 1.044] "GET /en/publications?flt_products=okistar-hyal-7&flt_doctors=infectionist%3Bpediatrician HTTP/1.1" 200 99124 "https://emteko.com/en/publications/?flt_products=okistar-hyal-7&flt_doctors=general-practitioner%3Binfectionist%3Bpediatrician" "Mozilla/5.0 (Linux; Android 7.0;) AppleWebKit/537.36 (KHTML, like Gecko) Mobile Safari/537.36 (compatible; PetalBot;+https://webmaster.petalsearch.com/site/petalbot)" "-"
49.13.164.148 - - [26/Oct/2025:20:38:27 +0200 - 0.010 - 0.012] "HEAD / HTTP/1.1" 200 0 "https://emteko.com" "Mozilla/5.0+(compatible; UptimeRobot/2.0; http://www.uptimerobot.com/)" "-"
114.119.134.51 - - [26/Oct/2025:20:39:08 +0200 - 0.929 - 0.020] "GET /en/publications?flt_products=okistar-hyal-7&flt_doctors=infectionist%3Botolaryngologist%3Bpediatrician HTTP/1.1" 200 99172 "https://emteko.com/en/publications?flt_products=nasisoft%3Bokistar-hyal-7&flt_doctors=infectionist%3Botolaryngologist%3Bpediatrician" "Mozilla/5.0 (Linux; Android 7.0;) AppleWebKit/537.36 (KHTML, like Gecko) Mobile Safari/537.36 (compatible; PetalBot;+https://webmaster.petalsearch.com/site/petalbot)" "-"
128.140.41.193 - - [26/Oct/2025:20:39:32 +0200 - 0.012 - 0.012] "HEAD / HTTP/1.1" 200 0 "https://emteko.com" "Mozilla/5.0+(compatible; UptimeRobot/2.0; http://www.uptimerobot.com/)" "-"
114.119.136.120 - - [26/Oct/2025:20:40:29 +0200 - 0.989 - 0.012] "GET /en/publications?flt_products=okistar-hyal-7&flt_doctors=general-practitioner%3Binfectionist%3Botolaryngologist%3Bpediatrician HTTP/1.1" 200 99220 "https://emteko.com/en/publications?flt_products=nasisoft%3Bokistar-hyal-7&flt_doctors=general-practitioner%3Binfectionist%3Botolaryngologist%3Bpediatrician" "Mozilla/5.0 (Linux; Android 7.0;) AppleWebKit/537.36 (KHTML, like Gecko) Mobile Safari/537.36 (compatible; PetalBot;+https://webmaster.petalsearch.com/site/petalbot)" "-"
78.47.173.76 - - [26/Oct/2025:20:40:37 +0200 - 0.003 - 0.004] "HEAD / HTTP/1.1" 200 0 "https://emteko.com" "Mozilla/5.0+(compatible; UptimeRobot/2.0; http://www.uptimerobot.com/)" "-"
142.132.180.39 - - [26/Oct/2025:20:41:42 +0200 - 0.012 - 0.012] "HEAD / HTTP/1.1" 200 0 "https://emteko.com" "Mozilla/5.0+(compatible; UptimeRobot/2.0; http://www.uptimerobot.com/)" "-"
31.131.20.181 - - [26/Oct/2025:20:41:53 +0200 - 0.000 - 0.000] "POST /wp-cron.php?doing_wp_cron=1761504113.0244340896606445312500 HTTP/1.1" 499 0 "-" "WordPress/6.8.3; https://emteko.com/en/" "-"
114.119.132.202 - - [26/Oct/2025:20:41:54 +0200 - 2.067 - 1.080] "GET /en/publications?flt_products=nasisoft&flt_doctors=infectionist%3Botolaryngologist%3Bpediatrician HTTP/1.1" 200 98984 "https://emteko.com/en/publications/?flt_products=nasisoft&flt_doctors=general-practitioner%3Binfectionist%3Botolaryngologist%3Bpediatrician" "Mozilla/5.0 (Linux; Android 7.0;) AppleWebKit/537.36 (KHTML, like Gecko) Mobile Safari/537.36 (compatible; PetalBot;+https://webmaster.petalsearch.com/site/petalbot)" "-"
142.132.180.39 - - [26/Oct/2025:20:42:16 +0200 - 0.011 - 0.012] "HEAD / HTTP/1.1" 200 0 "https://emteko.com" "Mozilla/5.0+(compatible; UptimeRobot/2.0; http://www.uptimerobot.com/)" "-"
80.89.77.105 - - [26/Oct/2025:20:42:26 +0200 - 0.160 - 0.000] "GET / HTTP/1.1" 200 89415 "-" "Mozilla/5.0 (Windows NT 10.0; Win64; x64) AppleWebKit/537.36 (KHTML, like Gecko) Chrome/141.0.0.0 Safari/537.36" "-"
80.89.77.105 - - [26/Oct/2025:20:42:26 +0200 - 0.000 - -] "GET /wp-content/themes/emteko/images/about-left.webp HTTP/1.1" 200 2920 "https://emteko.com/" "Mozilla/5.0 (Windows NT 10.0; Win64; x64) AppleWebKit/537.36 (KHTML, like Gecko) Chrome/141.0.0.0 Safari/537.36" "-"
80.89.77.105 - - [26/Oct/2025:20:42:26 +0200 - 0.070 - -] "GET /wp-content/themes/emteko/images/main-bg.webp HTTP/1.1" 200 68940 "https://emteko.com/" "Mozilla/5.0 (Windows NT 10.0; Win64; x64) AppleWebKit/537.36 (KHTML, like Gecko) Chrome/141.0.0.0 Safari/537.36" "-"
80.89.77.105 - - [26/Oct/2025:20:42:26 +0200 - 0.000 - -] "GET /wp-content/themes/emteko/fonts/NeoSansPro-Italic.woff HTTP/1.1" 200 82572 "https://emteko.com/" "Mozilla/5.0 (Windows NT 10.0; Win64; x64) AppleWebKit/537.36 (KHTML, like Gecko) Chrome/141.0.0.0 Safari/537.36" "-"
80.89.77.105 - - [26/Oct/2025:20:42:26 +0200 - 0.060 - -] "GET /wp-content/themes/emteko/fonts/NeoSansPro-Regular.woff HTTP/1.1" 200 75588 "https://emteko.com/" "Mozilla/5.0 (Windows NT 10.0; Win64; x64) AppleWebKit/537.36 (KHTML, like Gecko) Chrome/141.0.0.0 Safari/537.36" "-"
80.89.77.105 - - [26/Oct/2025:20:42:26 +0200 - 0.081 - -] "GET /wp-content/themes/emteko/fonts/NeoSansPro-Medium.woff HTTP/1.1" 200 75064 "https://emteko.com/" "Mozilla/5.0 (Windows NT 10.0; Win64; x64) AppleWebKit/537.36 (KHTML, like Gecko) Chrome/141.0.0.0 Safari/537.36" "-"
80.89.77.105 - - [26/Oct/2025:20:42:26 +0200 - 0.170 - -] "GET /wp-content/themes/emteko/font-awesome/webfonts/fa-brands-400.woff2 HTTP/1.1" 200 118072 "https://emteko.com/" "Mozilla/5.0 (Windows NT 10.0; Win64; x64) AppleWebKit/537.36 (KHTML, like Gecko) Chrome/141.0.0.0 Safari/537.36" "-"
80.89.77.105 - - [26/Oct/2025:20:42:26 +0200 - 0.204 - -] "GET /wp-content/themes/emteko/font-awesome/webfonts/fa-solid-900.woff2 HTTP/1.1" 200 157192 "https://emteko.com/" "Mozilla/5.0 (Windows NT 10.0; Win64; x64) AppleWebKit/537.36 (KHTML, like Gecko) Chrome/141.0.0.0 Safari/537.36" "-"
80.89.77.105 - - [26/Oct/2025:20:42:26 +0200 - 0.000 - -] "GET /wp-content/themes/emteko/fonts/NeoSansPro-Bold.woff HTTP/1.1" 200 66132 "https://emteko.com/" "Mozilla/5.0 (Windows NT 10.0; Win64; x64) AppleWebKit/537.36 (KHTML, like Gecko) Chrome/141.0.0.0 Safari/537.36" "-"
80.89.77.105 - - [26/Oct/2025:20:42:26 +0200 - 0.000 - -] "GET /wp-content/themes/emteko/images/about-right.webp HTTP/1.1" 200 3316 "https://emteko.com/" "Mozilla/5.0 (Windows NT 10.0; Win64; x64) AppleWebKit/537.36 (KHTML, like Gecko) Chrome/141.0.0.0 Safari/537.36" "-"
80.89.77.105 - - [26/Oct/2025:20:42:26 +0200 - 0.000 - -] "GET /wp-content/themes/emteko/font-awesome/webfonts/fa-regular-400.woff2 HTTP/1.1" 200 25464 "https://emteko.com/" "Mozilla/5.0 (Windows NT 10.0; Win64; x64) AppleWebKit/537.36 (KHTML, like Gecko) Chrome/141.0.0.0 Safari/537.36" "-"
80.89.77.105 - - [26/Oct/2025:20:42:27 +0200 - 0.000 - -] "GET /wp-content/uploads/2024/06/advantagesbg.webp HTTP/1.1" 200 68830 "https://emteko.com/" "Mozilla/5.0 (Windows NT 10.0; Win64; x64) AppleWebKit/537.36 (KHTML, like Gecko) Chrome/141.0.0.0 Safari/537.36" "-"
80.89.77.105 - - [26/Oct/2025:20:42:27 +0200 - 0.000 - -] "GET /wp-content/themes/emteko/images/mainbg.webp HTTP/1.1" 200 29824 "https://emteko.com/" "Mozilla/5.0 (Windows NT 10.0; Win64; x64) AppleWebKit/537.36 (KHTML, like Gecko) Chrome/141.0.0.0 Safari/537.36" "-"
80.89.77.105 - - [26/Oct/2025:20:42:27 +0200 - 0.000 - -] "GET /wp-content/themes/emteko/images/favs/favicon-32x32.png HTTP/1.1" 200 1655 "https://emteko.com/" "Mozilla/5.0 (Windows NT 10.0; Win64; x64) AppleWebKit/537.36 (KHTML, like Gecko) Chrome/141.0.0.0 Safari/537.36" "-"
80.89.77.105 - - [26/Oct/2025:20:42:27 +0200 - 0.000 - -] "GET /wp-content/themes/emteko/images/favs/site.webmanifest HTTP/1.1" 200 426 "https://emteko.com/" "Mozilla/5.0 (Windows NT 10.0; Win64; x64) AppleWebKit/537.36 (KHTML, like Gecko) Chrome/141.0.0.0 Safari/537.36" "-"
80.89.77.105 - - [26/Oct/2025:20:42:28 +0200 - 0.000 - -] "GET /wp-content/uploads/2024/06/aboutbg.webp HTTP/1.1" 200 25092 "https://emteko.com/" "Mozilla/5.0 (Windows NT 10.0; Win64; x64) AppleWebKit/537.36 (KHTML, like Gecko) Chrome/141.0.0.0 Safari/537.36" "-"
80.89.77.105 - - [26/Oct/2025:20:42:34 +0200 - 0.003 - 0.000] "GET /catalog/ HTTP/1.1" 200 98529 "https://emteko.com/" "Mozilla/5.0 (Windows NT 10.0; Win64; x64) AppleWebKit/537.36 (KHTML, like Gecko) Chrome/141.0.0.0 Safari/537.36" "-"
80.89.77.105 - - [26/Oct/2025:20:42:34 +0200 - 0.000 - -] "GET /wp-content/uploads/2025/09/2025-09-02-04723-1-e1757491295543-628x1024.png HTTP/1.1" 200 94861 "https://emteko.com/catalog/" "Mozilla/5.0 (Windows NT 10.0; Win64; x64) AppleWebKit/537.36 (KHTML, like Gecko) Chrome/141.0.0.0 Safari/537.36" "-"
80.89.77.105 - - [26/Oct/2025:20:42:35 +0200 - 0.130 - -] "GET /wp-content/uploads/2024/05/2025-10-15-emteko-06251-1024x683.jpg HTTP/1.1" 200 81704 "https://emteko.com/catalog/" "Mozilla/5.0 (Windows NT 10.0; Win64; x64) AppleWebKit/537.36 (KHTML, like Gecko) Chrome/141.0.0.0 Safari/537.36" "-"
80.89.77.105 - - [26/Oct/2025:20:42:35 +0200 - 0.000 - -] "GET /wp-content/uploads/2024/05/2025-10-15-emteko-06243-1024x683.jpg HTTP/1.1" 200 60509 "https://emteko.com/catalog/" "Mozilla/5.0 (Windows NT 10.0; Win64; x64) AppleWebKit/537.36 (KHTML, like Gecko) Chrome/141.0.0.0 Safari/537.36" "-"
80.89.77.105 - - [26/Oct/2025:20:42:35 +0200 - 0.000 - -] "GET /wp-content/uploads/2024/05/2025-10-15-emteko-06247-1024x683.jpg HTTP/1.1" 200 53458 "https://emteko.com/catalog/" "Mozilla/5.0 (Windows NT 10.0; Win64; x64) AppleWebKit/537.36 (KHTML, like Gecko) Chrome/141.0.0.0 Safari/537.36" "-"
18.192.166.72 - - [26/Oct/2025:20:42:47 +0200 - 0.013 - 0.012] "HEAD / HTTP/1.1" 200 0 "https://emteko.com" "Mozilla/5.0+(compatible; UptimeRobot/2.0; http://www.uptimerobot.com/)" "-"
80.89.77.105 - - [26/Oct/2025:20:43:03 +0200 - 0.012 - 0.008] "GET /contacts/ HTTP/1.1" 200 90827 "https://emteko.com/catalog/" "Mozilla/5.0 (Windows NT 10.0; Win64; x64) AppleWebKit/537.36 (KHTML, like Gecko) Chrome/141.0.0.0 Safari/537.36" "-"
31.131.20.181 - - [26/Oct/2025:20:43:04 +0200 - 0.002 - 0.000] "POST /wp-cron.php?doing_wp_cron=1761504184.8653349876403808593750 HTTP/1.1" 499 0 "-" "WordPress/6.8.3; https://emteko.com" "-"
80.89.77.105 - - [26/Oct/2025:20:43:05 +0200 - 1.193 - 1.192] "GET /wp-json/contact-form-7/v1/contact-forms/367/feedback/schema HTTP/1.1" 200 341 "https://emteko.com/contacts/" "Mozilla/5.0 (Windows NT 10.0; Win64; x64) AppleWebKit/537.36 (KHTML, like Gecko) Chrome/141.0.0.0 Safari/537.36" "-"
80.89.77.105 - - [26/Oct/2025:20:43:05 +0200 - 0.000 - -] "GET /wp-content/uploads/2024/09/aptieka-retina-logotips.png HTTP/1.1" 200 62834 "https://emteko.com/contacts/" "Mozilla/5.0 (Windows NT 10.0; Win64; x64) AppleWebKit/537.36 (KHTML, like Gecko) Chrome/141.0.0.0 Safari/537.36" "-"
80.89.77.105 - - [26/Oct/2025:20:43:05 +0200 - 0.000 - -] "GET /wp-content/uploads/2024/05/thumbnail_ia-logo-color-1.png HTTP/1.1" 200 9637 "https://emteko.com/contacts/" "Mozilla/5.0 (Windows NT 10.0; Win64; x64) AppleWebKit/537.36 (KHTML, like Gecko) Chrome/141.0.0.0 Safari/537.36" "-"
80.89.77.105 - - [26/Oct/2025:20:43:06 +0200 - 0.881 - 0.880] "GET /wp-json/contact-form-7/v1/contact-forms/367/refill HTTP/1.1" 200 33 "https://emteko.com/contacts/" "Mozilla/5.0 (Windows NT 10.0; Win64; x64) AppleWebKit/537.36 (KHTML, like Gecko) Chrome/141.0.0.0 Safari/537.36" "-"
17.22.253.197 - - [26/Oct/2025:20:43:09 +0200 - 0.946 - 0.944] "GET /en/publications/?flt_products=artro-patch;lorde-hyal;nasisoft&flt_doctors=therapist HTTP/1.1" 200 100438 "-" "Mozilla/5.0 (Macintosh; Intel Mac OS X 10_15_7) AppleWebKit/605.1.15 (KHTML, like Gecko) Version/17.4 Safari/605.1.15 (Applebot/0.1; +http://www.apple.com/go/applebot)" "-"
88.99.80.227 - - [26/Oct/2025:20:43:51 +0200 - 0.013 - 0.012] "HEAD / HTTP/1.1" 200 0 "https://emteko.com" "Mozilla/5.0+(compatible; UptimeRobot/2.0; http://www.uptimerobot.com/)" "-"
114.119.140.113 - - [26/Oct/2025:20:43:54 +0200 - 1.892 - 0.944] "GET /en/publications?flt_products=nasisoft&flt_doctors=infectionist%3Borthopedic-traumatologist%3Bpulmonologist HTTP/1.1" 200 98998 "https://emteko.com/en/publications/?flt_products=diart%3Bnasisoft&flt_doctors=infectionist%3Borthopedic-traumatologist%3Bpulmonologist" "Mozilla/5.0 (Linux; Android 7.0;) AppleWebKit/537.36 (KHTML, like Gecko) Mobile Safari/537.36 (compatible; PetalBot;+https://webmaster.petalsearch.com/site/petalbot)" "-"
114.119.132.104 - - [26/Oct/2025:20:44:40 +0200 - 0.967 - 0.024] "GET /en/publications?flt_products=nasisoft&flt_doctors=general-practitioner%3Botolaryngologist%3Bpediatrician%3Btherapist HTTP/1.1" 200 99042 "https://emteko.com/en/publications?flt_products=lorde-hyal%3Bnasisoft&flt_doctors=general-practitioner%3Botolaryngologist%3Bpediatrician%3Btherapist" "Mozilla/5.0 (Linux; Android 7.0;) AppleWebKit/537.36 (KHTML, like Gecko) Mobile Safari/537.36 (compatible; PetalBot;+https://webmaster.petalsearch.com/site/petalbot)" "-"
159.69.158.189 - - [26/Oct/2025:20:44:56 +0200 - 0.014 - 0.016] "HEAD / HTTP/1.1" 200 0 "https://emteko.com" "Mozilla/5.0+(compatible; UptimeRobot/2.0; http://www.uptimerobot.com/)" "-"
3.79.134.69 - - [26/Oct/2025:20:45:59 +0200 - 0.018 - 0.020] "HEAD / HTTP/1.1" 200 0 "https://emteko.com" "Mozilla/5.0+(compatible; UptimeRobot/2.0; http://www.uptimerobot.com/)" "-"
31.131.20.181 - - [26/Oct/2025:20:46:04 +0200 - 0.003 - 0.004] "POST /wp-cron.php?doing_wp_cron=1761504364.3001129627227783203125 HTTP/1.1" 499 0 "-" "WordPress/6.8.3; https://emteko.com/en/" "-"
114.119.154.181 - - [26/Oct/2025:20:46:05 +0200 - 2.022 - 1.072] "GET /en/publications?flt_products=nasisoft&flt_doctors=general-practitioner%3Binfectionist%3Bpediatrician%3Btherapist HTTP/1.1" 200 99032 "https://emteko.com/en/publications?flt_products=nasisoft&flt_doctors=general-practitioner%3Binfectionist%3Borthopedic-traumatologist%3Bpediatrician%3Btherapist" "Mozilla/5.0 (Linux; Android 7.0;) AppleWebKit/537.36 (KHTML, like Gecko) Mobile Safari/537.36 (compatible; PetalBot;+https://webmaster.petalsearch.com/site/petalbot)" "-"
45.149.173.193 - - [26/Oct/2025:20:46:25 +0200 - 0.595 - 0.028] "GET / HTTP/1.1" 200 532364 "-" "Mozilla/5.0 (Windows NT 10.0; Win64; x64) AppleWebKit/537.36 (KHTML, like Gecko) Chrome/78.0.3904.108 Safari/537.36" "-"
45.149.173.193 - - [26/Oct/2025:20:46:26 +0200 - 1.194 - 0.904] "GET //wp-includes/wlwmanifest.xml HTTP/1.1" 301 5 "-" "Mozilla/5.0 (Windows NT 10.0; Win64; x64) AppleWebKit/537.36 (KHTML, like Gecko) Chrome/78.0.3904.108 Safari/537.36" "-"
45.149.173.193 - - [26/Oct/2025:20:46:26 +0200 - 0.142 - -] "GET //xmlrpc.php?rsd HTTP/1.1" 404 576 "-" "Mozilla/5.0 (Windows NT 10.0; Win64; x64) AppleWebKit/537.36 (KHTML, like Gecko) Chrome/78.0.3904.108 Safari/537.36" "-"
45.149.173.193 - - [26/Oct/2025:20:46:26 +0200 - 0.293 - 0.004] "GET / HTTP/1.1" 200 532364 "-" "Mozilla/5.0 (Windows NT 10.0; Win64; x64) AppleWebKit/537.36 (KHTML, like Gecko) Chrome/78.0.3904.108 Safari/537.36" "-"
45.149.173.193 - - [26/Oct/2025:20:46:27 +0200 - 1.015 - 0.708] "GET //?author=1 HTTP/1.1" 404 164 "-" "Mozilla/5.0 (Windows NT 10.0; Win64; x64) AppleWebKit/537.36 (KHTML, like Gecko) Chrome/78.0.3904.108 Safari/537.36" "-"
45.149.173.193 - - [26/Oct/2025:20:46:28 +0200 - 1.056 - 0.912] "GET //?author=2 HTTP/1.1" 404 164 "-" "Mozilla/5.0 (Windows NT 10.0; Win64; x64) AppleWebKit/537.36 (KHTML, like Gecko) Chrome/78.0.3904.108 Safari/537.36" "-"
45.149.173.193 - - [26/Oct/2025:20:46:29 +0200 - 0.740 - 0.592] "GET //wp-json/wp/v2/users/ HTTP/1.1" 403 2023 "-" "Mozilla/5.0 (Windows NT 10.0; Win64; x64) AppleWebKit/537.36 (KHTML, like Gecko) Chrome/78.0.3904.108 Safari/537.36" "-"
45.149.173.193 - - [26/Oct/2025:20:46:30 +0200 - 0.202 - 0.204] "GET //wp-json/oembed/1.0/embed?url=https://emteko.com/ HTTP/1.1" 403 5 "-" "Mozilla/5.0 (Windows NT 10.0; Win64; x64) AppleWebKit/537.36 (KHTML, like Gecko) Chrome/78.0.3904.108 Safari/537.36" "-"
45.149.173.193 - - [26/Oct/2025:20:46:30 +0200 - 0.000 - -] "POST //xmlrpc.php HTTP/1.1" 404 576 "-" "Mozilla/5.0 (Windows NT 10.0; Win64; x64) AppleWebKit/537.36 (KHTML, like Gecko) Chrome/78.0.3904.108 Safari/537.36" "-"
49.13.24.81 - - [26/Oct/2025:20:47:04 +0200 - 0.013 - 0.012] "HEAD / HTTP/1.1" 200 0 "https://emteko.com" "Mozilla/5.0+(compatible; UptimeRobot/2.0; http://www.uptimerobot.com/)" "-"
78.46.190.63 - - [26/Oct/2025:20:47:20 +0200 - 0.015 - 0.016] "HEAD / HTTP/1.1" 200 0 "https://emteko.com" "Mozilla/5.0+(compatible; UptimeRobot/2.0; http://www.uptimerobot.com/)" "-"
114.119.154.181 - - [26/Oct/2025:20:47:27 +0200 - 0.911 - 0.004] "GET /en/publications?flt_products=nasisoft&flt_doctors=general-practitioner%3Binfectionist%3Bpediatrician%3Bpulmonologist%3Btherapist HTTP/1.1" 200 99074 "https://emteko.com/en/publications?flt_products=lorde-hyal%3Bnasisoft&flt_doctors=general-practitioner%3Binfectionist%3Bpediatrician%3Bpulmonologist%3Btherapist" "Mozilla/5.0 (Linux; Android 7.0;) AppleWebKit/537.36 (KHTML, like Gecko) Mobile Safari/537.36 (compatible; PetalBot;+https://webmaster.petalsearch.com/site/petalbot)" "-"
168.119.123.75 - - [26/Oct/2025:20:48:09 +0200 - 0.022 - 0.020] "HEAD / HTTP/1.1" 200 0 "https://emteko.com" "Mozilla/5.0+(compatible; UptimeRobot/2.0; http://www.uptimerobot.com/)" "-"
31.131.20.181 - - [26/Oct/2025:20:48:40 +0200 - 0.001 - 0.000] "POST /wp-cron.php?doing_wp_cron=1761504520.4960319995880126953125 HTTP/1.1" 499 0 "-" "WordPress/6.8.3; https://emteko.com" "-"
114.119.151.153 - - [26/Oct/2025:20:48:40 +0200 - 0.868 - 0.868] "GET /robots.txt HTTP/1.1" 200 132 "-" "Mozilla/5.0 (compatible;PetalBot;+https://webmaster.petalsearch.com/site/petalbot)" "-"
114.119.133.35 - - [26/Oct/2025:20:48:55 +0200 - 0.911 - 0.012] "GET /en/publications?flt_products=nasisoft&flt_doctors=general-practitioner%3Binfectionist%3Bpediatrician%3Bpulmonologist HTTP/1.1" 200 99037 "https://emteko.com/en/publications/?flt_products=nasisoft&flt_doctors=general-practitioner%3Binfectionist%3Borthopedic-traumatologist%3Bpediatrician%3Bpulmonologist" "Mozilla/5.0 (Linux; Android 7.0;) AppleWebKit/537.36 (KHTML, like Gecko) Mobile Safari/537.36 (compatible; PetalBot;+https://webmaster.petalsearch.com/site/petalbot)" "-"
18.192.166.72 - - [26/Oct/2025:20:49:14 +0200 - 0.012 - 0.012] "HEAD / HTTP/1.1" 200 0 "https://emteko.com" "Mozilla/5.0+(compatible; UptimeRobot/2.0; http://www.uptimerobot.com/)" "-"
51.75.236.151 - - [26/Oct/2025:20:49:58 +0200 - 0.013 - 0.012] "GET /sitemap_index.xml HTTP/1.1" 200 354 "-" "Mozilla/5.0 (compatible; AhrefsBot/7.0; +http://ahrefs.com/robot/)" "-"
5.39.109.186 - - [26/Oct/2025:20:50:04 +0200 - 0.004 - 0.004] "GET /page-sitemap.xml HTTP/1.1" 200 601 "-" "Mozilla/5.0 (compatible; AhrefsBot/7.0; +http://ahrefs.com/robot/)" "-"
92.222.104.205 - - [26/Oct/2025:20:50:08 +0200 - 0.003 - 0.004] "GET /products-sitemap.xml HTTP/1.1" 200 563 "-" "Mozilla/5.0 (compatible; AhrefsBot/7.0; +http://ahrefs.com/robot/)" "-"
176.31.139.2 - - [26/Oct/2025:20:50:11 +0200 - 0.004 - 0.000] "GET /publications-sitemap.xml HTTP/1.1" 200 923 "-" "Mozilla/5.0 (compatible; AhrefsBot/7.0; +http://ahrefs.com/robot/)" "-"
114.119.132.202 - - [26/Oct/2025:20:50:14 +0200 - 0.966 - 0.004] "GET /en/publications?flt_products=nasisoft%3Bokistar-hyal-7&flt_doctors=otolaryngologist%3Bpediatrician HTTP/1.1" 200 99444 "https://emteko.com/en/publications?flt_products=nasisoft%3Bokistar-hyal-7&flt_doctors=infectionist%3Botolaryngologist%3Bpediatrician" "Mozilla/5.0 (Linux; Android 7.0;) AppleWebKit/537.36 (KHTML, like Gecko) Mobile Safari/537.36 (compatible; PetalBot;+https://webmaster.petalsearch.com/site/petalbot)" "-"
176.31.139.3 - - [26/Oct/2025:20:50:14 +0200 - 0.002 - 0.004] "GET /cats-sitemap.xml HTTP/1.1" 200 383 "-" "Mozilla/5.0 (compatible; AhrefsBot/7.0; +http://ahrefs.com/robot/)" "-"
5.39.1.242 - - [26/Oct/2025:20:50:17 +0200 - 0.003 - 0.000] "GET /products-sitemap.xml HTTP/1.1" 200 563 "-" "Mozilla/5.0 (compatible; AhrefsBot/7.0; +http://ahrefs.com/robot/)" "-"
168.119.96.239 - - [26/Oct/2025:20:50:18 +0200 - 0.003 - 0.004] "HEAD / HTTP/1.1" 200 0 "https://emteko.com" "Mozilla/5.0+(compatible; UptimeRobot/2.0; http://www.uptimerobot.com/)" "-"
92.222.104.219 - - [26/Oct/2025:20:50:20 +0200 - 0.005 - 0.004] "GET /doctorspecial-sitemap.xml HTTP/1.1" 200 441 "-" "Mozilla/5.0 (compatible; AhrefsBot/7.0; +http://ahrefs.com/robot/)" "-"
52.59.43.236 - - [26/Oct/2025:20:51:23 +0200 - 0.013 - 0.012] "HEAD / HTTP/1.1" 200 0 "https://emteko.com" "Mozilla/5.0+(compatible; UptimeRobot/2.0; http://www.uptimerobot.com/)" "-"
31.131.20.181 - - [26/Oct/2025:20:51:37 +0200 - 0.000 - 0.000] "POST /wp-cron.php?doing_wp_cron=1761504697.5015089511871337890625 HTTP/1.1" 499 0 "-" "WordPress/6.8.3; https://emteko.com/en/" "-"
114.119.133.35 - - [26/Oct/2025:20:51:38 +0200 - 2.164 - 1.264] "GET /en/publications?flt_products=nasisoft%3Bokistar-hyal-7&flt_doctors=infectionist%3Borthopedic-traumatologist%3Bpediatrician%3Bpulmonologist%3Btherapist HTTP/1.1" 200 99808 "https://emteko.com/en/publications/?flt_products=diart%3Bnasisoft%3Bokistar-hyal-7&flt_doctors=infectionist%3Borthopedic-traumatologist%3Bpediatrician%3Bpulmonologist%3Btherapist" "Mozilla/5.0 (Linux; Android 7.0;) AppleWebKit/537.36 (KHTML, like Gecko) Mobile Safari/537.36 (compatible; PetalBot;+https://webmaster.petalsearch.com/site/petalbot)" "-"
157.90.156.63 - - [26/Oct/2025:20:52:26 +0200 - 0.011 - 0.012] "HEAD / HTTP/1.1" 200 0 "https://emteko.com" "Mozilla/5.0+(compatible; UptimeRobot/2.0; http://www.uptimerobot.com/)" "-"
168.119.123.75 - - [26/Oct/2025:20:52:27 +0200 - 0.002 - 0.000] "HEAD / HTTP/1.1" 200 0 "https://emteko.com" "Mozilla/5.0+(compatible; UptimeRobot/2.0; http://www.uptimerobot.com/)" "-"
114.119.133.35 - - [26/Oct/2025:20:53:03 +0200 - 0.938 - 0.020] "GET /en/publications?flt_products=nasisoft%3Bokistar-hyal-7&flt_doctors=infectionist%3Borthopedic-traumatologist%3Botolaryngologist%3Bpediatrician%3Bpulmonologist%3Btherapist HTTP/1.1" 200 99893 "https://emteko.com/en/publications/?flt_products=nasisoft%3Bokistar-hyal-7&flt_doctors=general-practitioner%3Binfectionist%3Borthopedic-traumatologist%3Botolaryngologist%3Bpediatrician%3Bpulmonologist%3Btherapist" "Mozilla/5.0 (Linux; Android 7.0;) AppleWebKit/537.36 (KHTML, like Gecko) Mobile Safari/537.36 (compatible; PetalBot;+https://webmaster.petalsearch.com/site/petalbot)" "-"
168.119.96.239 - - [26/Oct/2025:20:53:32 +0200 - 0.011 - 0.008] "HEAD / HTTP/1.1" 200 0 "https://emteko.com" "Mozilla/5.0+(compatible; UptimeRobot/2.0; http://www.uptimerobot.com/)" "-"
31.131.20.181 - - [26/Oct/2025:20:53:55 +0200 - 0.001 - 0.000] "POST /wp-cron.php?doing_wp_cron=1761504835.8944768905639648437500 HTTP/1.1" 499 0 "-" "WordPress/6.8.3; https://emteko.com/en/" "-"
40.77.167.5 - - [26/Oct/2025:20:53:56 +0200 - 1.004 - 1.004] "GET /en/doctorspecial/general-practitioner/?flt_products=nasisoft&flt_doctors=infectionist;orthopedic-traumatologist;pediatrician;therapist HTTP/1.1" 200 98732 "-" "Mozilla/5.0 AppleWebKit/537.36 (KHTML, like Gecko; compatible; bingbot/2.0; +http://www.bing.com/bingbot.htm) Chrome/116.0.1938.76 Safari/537.36" "-"
31.131.20.181 - - [26/Oct/2025:20:54:23 +0200 - 0.000 - 0.000] "POST /wp-cron.php?doing_wp_cron=1761504863.4819209575653076171875 HTTP/1.1" 499 0 "-" "WordPress/6.8.3; https://emteko.com" "-"
5.255.231.46 - - [26/Oct/2025:20:54:23 +0200 - 0.837 - 0.836] "GET /robots.txt HTTP/1.1" 200 179 "-" "Mozilla/5.0 (compatible; YandexBot/3.0; +http://yandex.com/bots)" "-"
87.250.224.50 - - [26/Oct/2025:20:54:23 +0200 - 0.002 - 0.000] "GET /en/ HTTP/1.1" 200 89185 "-" "Mozilla/5.0 (compatible; YandexBot/3.0; +http://yandex.com/bots)" "-"
114.119.134.51 - - [26/Oct/2025:20:54:26 +0200 - 0.956 - 0.004] "GET /en/publications?flt_products=nasisoft%3Bokistar-hyal-7&flt_doctors=infectionist%3Borthopedic-traumatologist%3Botolaryngologist HTTP/1.1" 200 99484 "https://emteko.com/en/publications/?flt_products=nasisoft%3Bokistar-hyal-7&flt_doctors=general-practitioner%3Binfectionist%3Borthopedic-traumatologist%3Botolaryngologist" "Mozilla/5.0 (Linux; Android 7.0;) AppleWebKit/537.36 (KHTML, like Gecko) Mobile Safari/537.36 (compatible; PetalBot;+https://webmaster.petalsearch.com/site/petalbot)" "-"
49.13.24.81 - - [26/Oct/2025:20:54:36 +0200 - 0.002 - 0.000] "HEAD / HTTP/1.1" 200 0 "https://emteko.com" "Mozilla/5.0+(compatible; UptimeRobot/2.0; http://www.uptimerobot.com/)" "-"
52.28.162.93 - - [26/Oct/2025:20:55:41 +0200 - 0.012 - 0.012] "HEAD / HTTP/1.1" 200 0 "https://emteko.com" "Mozilla/5.0+(compatible; UptimeRobot/2.0; http://www.uptimerobot.com/)" "-"
114.119.134.51 - - [26/Oct/2025:20:55:52 +0200 - 0.962 - 0.004] "GET /en/publications?flt_products=nasisoft%3Bokistar-hyal-7&flt_doctors=general-practitioner%3Borthopedic-traumatologist%3Bpediatrician%3Bpulmonologist HTTP/1.1" 200 99660 "https://emteko.com/en/publications?flt_products=nasisoft%3Bokistar-hyal-7&flt_doctors=general-practitioner%3Bpediatrician%3Bpulmonologist" "Mozilla/5.0 (Linux; Android 7.0;) AppleWebKit/537.36 (KHTML, like Gecko) Mobile Safari/537.36 (compatible; PetalBot;+https://webmaster.petalsearch.com/site/petalbot)" "-"
3.79.134.69 - - [26/Oct/2025:20:56:45 +0200 - 0.014 - 0.012] "HEAD / HTTP/1.1" 200 0 "https://emteko.com" "Mozilla/5.0+(compatible; UptimeRobot/2.0; http://www.uptimerobot.com/)" "-"
31.131.20.181 - - [26/Oct/2025:20:57:12 +0200 - 0.000 - 0.000] "POST /wp-cron.php?doing_wp_cron=1761505032.0585920810699462890625 HTTP/1.1" 499 0 "-" "WordPress/6.8.3; https://emteko.com/en/" "-"
114.119.134.51 - - [26/Oct/2025:20:57:13 +0200 - 2.019 - 1.060] "GET /en/publications?flt_products=nasisoft%3Bokistar-hyal-7&flt_doctors=general-practitioner%3Borthopedic-traumatologist%3Botolaryngologist%3Bpediatrician%3Bpulmonologist HTTP/1.1" 200 99855 "https://emteko.com/en/publications?flt_products=nasisoft%3Bokistar-hyal-7&flt_doctors=general-practitioner%3Borthopedic-traumatologist%3Botolaryngologist%3Bpulmonologist" "Mozilla/5.0 (Linux; Android 7.0;) AppleWebKit/537.36 (KHTML, like Gecko) Mobile Safari/537.36 (compatible; PetalBot;+https://webmaster.petalsearch.com/site/petalbot)" "-"
142.132.180.39 - - [26/Oct/2025:20:57:31 +0200 - 0.014 - 0.016] "HEAD / HTTP/1.1" 200 0 "https://emteko.com" "Mozilla/5.0+(compatible; UptimeRobot/2.0; http://www.uptimerobot.com/)" "-"
18.193.252.127 - - [26/Oct/2025:20:57:48 +0200 - 0.022 - 0.020] "HEAD / HTTP/1.1" 200 0 "https://emteko.com" "Mozilla/5.0+(compatible; UptimeRobot/2.0; http://www.uptimerobot.com/)" "-"
31.131.20.181 - - [26/Oct/2025:20:58:40 +0200 - 0.000 - 0.000] "POST /wp-cron.php?doing_wp_cron=1761505120.8369300365447998046875 HTTP/1.1" 499 0 "-" "WordPress/6.8.3; https://emteko.com" "-"
114.119.154.181 - - [26/Oct/2025:20:58:40 +0200 - 0.868 - 0.864] "GET /products/okistar-hyal-7 HTTP/1.1" 301 5 "-" "Mozilla/5.0 (Linux; Android 7.0;) AppleWebKit/537.36 (KHTML, like Gecko) Mobile Safari/537.36 (compatible; PetalBot;+https://webmaster.petalsearch.com/site/petalbot)" "-"
114.119.154.181 - - [26/Oct/2025:20:58:43 +0200 - 0.910 - 0.004] "GET /products/okistar-hyal-7/ HTTP/1.1" 200 92822 "-" "Mozilla/5.0 (Linux; Android 7.0;) AppleWebKit/537.36 (KHTML, like Gecko) Mobile Safari/537.36 (compatible; PetalBot;+https://webmaster.petalsearch.com/site/petalbot)" "-"
18.193.252.127 - - [26/Oct/2025:20:58:52 +0200 - 0.003 - 0.004] "HEAD / HTTP/1.1" 200 0 "https://emteko.com" "Mozilla/5.0+(compatible; UptimeRobot/2.0; http://www.uptimerobot.com/)" "-"
139.167.79.62 - - [26/Oct/2025:20:59:45 +0200 - 0.012 - 0.012] "GET / HTTP/1.1" 200 89415 "-" "Mozilla/5.0 (X11; Linux x86_64) AppleWebKit/537.36 (KHTML, like Gecko) Chrome/128.0.0.0 Safari/537.36" "-"
139.167.79.62 - - [26/Oct/2025:20:59:46 +0200 - 0.002 - 0.004] "GET / HTTP/1.1" 200 89415 "-" "Mozilla/5.0 (X11; Linux x86_64) AppleWebKit/537.36 (KHTML, like Gecko) Chrome/128.0.0.0 Safari/537.36" "-"
52.28.162.93 - - [26/Oct/2025:20:59:57 +0200 - 0.012 - 0.012] "HEAD / HTTP/1.1" 200 0 "https://emteko.com" "Mozilla/5.0+(compatible; UptimeRobot/2.0; http://www.uptimerobot.com/)" "-"
31.131.20.181 - - [26/Oct/2025:21:00:07 +0200 - 0.003 - 0.004] "POST /wp-cron.php?doing_wp_cron=1761505207.4730329513549804687500 HTTP/1.1" 499 0 "-" "WordPress/6.8.3; https://emteko.com/en/" "-"
114.119.154.89 - - [26/Oct/2025:21:00:08 +0200 - 2.325 - 1.384] "GET /en/publications?flt_products=nasisoft&flt_doctors=general-practitioner%3Binfectionist%3Bpulmonologist HTTP/1.1" 200 98986 "https://emteko.com/en/publications/?flt_products=diart%3Bnasisoft&flt_doctors=general-practitioner%3Binfectionist%3Bpulmonologist" "Mozilla/5.0 (Linux; Android 7.0;) AppleWebKit/537.36 (KHTML, like Gecko) Mobile Safari/537.36 (compatible; PetalBot;+https://webmaster.petalsearch.com/site/petalbot)" "-"
78.46.190.63 - - [26/Oct/2025:21:01:02 +0200 - 0.018 - 0.016] "HEAD / HTTP/1.1" 200 0 "https://emteko.com" "Mozilla/5.0+(compatible; UptimeRobot/2.0; http://www.uptimerobot.com/)" "-"
114.119.154.89 - - [26/Oct/2025:21:01:23 +0200 - 0.949 - 0.012] "GET /en/publications?flt_products=nasisoft&flt_doctors=general-practitioner%3Binfectionist%3Botolaryngologist%3Bpediatrician%3Btherapist HTTP/1.1" 200 99079 "https://emteko.com/en/publications?flt_products=nasisoft%3Bokistar-hyal-7&flt_doctors=general-practitioner%3Binfectionist%3Botolaryngologist%3Bpediatrician%3Btherapist" "Mozilla/5.0 (Linux; Android 7.0;) AppleWebKit/537.36 (KHTML, like Gecko) Mobile Safari/537.36 (compatible; PetalBot;+https://webmaster.petalsearch.com/site/petalbot)" "-"
49.13.167.123 - - [26/Oct/2025:21:02:06 +0200 - 0.010 - 0.012] "HEAD / HTTP/1.1" 200 0 "https://emteko.com" "Mozilla/5.0+(compatible; UptimeRobot/2.0; http://www.uptimerobot.com/)" "-"
157.90.156.63 - - [26/Oct/2025:21:02:35 +0200 - 0.013 - 0.012] "HEAD / HTTP/1.1" 200 0 "https://emteko.com" "Mozilla/5.0+(compatible; UptimeRobot/2.0; http://www.uptimerobot.com/)" "-"
31.131.20.181 - - [26/Oct/2025:21:02:47 +0200 - 0.001 - 0.000] "POST /wp-cron.php?doing_wp_cron=1761505367.5205628871917724609375 HTTP/1.1" 499 0 "-" "WordPress/6.8.3; https://emteko.com/en/" "-"
114.119.132.202 - - [26/Oct/2025:21:02:48 +0200 - 2.010 - 1.044] "GET /en/publications?flt_products=nasisoft%3Bokistar-hyal-7&flt_doctors=general-practitioner%3Btherapist HTTP/1.1" 200 99435 "https://emteko.com/en/publications?flt_products=nasisoft&flt_doctors=general-practitioner%3Btherapist" "Mozilla/5.0 (Linux; Android 7.0;) AppleWebKit/537.36 (KHTML, like Gecko) Mobile Safari/537.36 (compatible; PetalBot;+https://webmaster.petalsearch.com/site/petalbot)" "-"
157.90.155.240 - - [26/Oct/2025:21:03:11 +0200 - 0.048 - 0.048] "HEAD / HTTP/1.1" 200 0 "https://emteko.com" "Mozilla/5.0+(compatible; UptimeRobot/2.0; http://www.uptimerobot.com/)" "-"
31.131.20.181 - - [26/Oct/2025:21:03:12 +0200 - 0.000 - 0.000] "POST /wp-cron.php?doing_wp_cron=1761505392.2845530509948730468750 HTTP/1.1" 499 0 "-" "WordPress/6.8.3; https://emteko.com/en/" "-"
40.77.167.241 - - [26/Oct/2025:21:03:12 +0200 - 1.956 - 1.960] "GET /en/doctorspecial/pediatrician/?flt_products=artro-patch;lorde-hyal&flt_doctors=infectionist;pediatrician HTTP/1.1" 200 99835 "-" "Mozilla/5.0 AppleWebKit/537.36 (KHTML, like Gecko; compatible; bingbot/2.0; +http://www.bing.com/bingbot.htm) Chrome/116.0.1938.76 Safari/537.36" "-"
31.131.20.181 - - [26/Oct/2025:21:04:14 +0200 - 0.000 - 0.000] "POST /wp-cron.php?doing_wp_cron=1761505454.3711280822753906250000 HTTP/1.1" 499 0 "-" "WordPress/6.8.3; https://emteko.com/en/" "-"
49.13.130.29 - - [26/Oct/2025:21:04:15 +0200 - 0.002 - 0.004] "HEAD / HTTP/1.1" 200 0 "https://emteko.com" "Mozilla/5.0+(compatible; UptimeRobot/2.0; http://www.uptimerobot.com/)" "-"
114.119.136.120 - - [26/Oct/2025:21:04:16 +0200 - 3.007 - 1.020] "GET /en/publications?flt_products=nasisoft%3Bokistar-hyal-7&flt_doctors=general-practitioner%3Borthopedic-traumatologist%3Bpulmonologist%3Btherapist HTTP/1.1" 200 99655 "https://emteko.com/en/publications/?flt_products=nasisoft%3Bokistar-hyal-7&flt_doctors=general-practitioner%3Borthopedic-traumatologist%3Btherapist" "Mozilla/5.0 (Linux; Android 7.0;) AppleWebKit/537.36 (KHTML, like Gecko) Mobile Safari/537.36 (compatible; PetalBot;+https://webmaster.petalsearch.com/site/petalbot)" "-"
18.192.166.72 - - [26/Oct/2025:21:05:20 +0200 - 0.011 - 0.008] "HEAD / HTTP/1.1" 200 0 "https://emteko.com" "Mozilla/5.0+(compatible; UptimeRobot/2.0; http://www.uptimerobot.com/)" "-"
114.119.136.120 - - [26/Oct/2025:21:05:34 +0200 - 1.403 - 0.012] "GET /en/publications?flt_products=nasisoft%3Bokistar-hyal-7&flt_doctors=general-practitioner%3Binfectionist%3Botolaryngologist%3Bpulmonologist HTTP/1.1" 200 99634 "https://emteko.com/en/publications/?flt_products=nasisoft&flt_doctors=general-practitioner%3Binfectionist%3Botolaryngologist%3Bpulmonologist" "Mozilla/5.0 (Linux; Android 7.0;) AppleWebKit/537.36 (KHTML, like Gecko) Mobile Safari/537.36 (compatible; PetalBot;+https://webmaster.petalsearch.com/site/petalbot)" "-"
78.47.173.76 - - [26/Oct/2025:21:06:24 +0200 - 0.014 - 0.016] "HEAD / HTTP/1.1" 200 0 "https://emteko.com" "Mozilla/5.0+(compatible; UptimeRobot/2.0; http://www.uptimerobot.com/)" "-"
31.131.20.181 - - [26/Oct/2025:21:06:59 +0200 - 0.001 - 0.000] "POST /wp-cron.php?doing_wp_cron=1761505619.7471129894256591796875 HTTP/1.1" 499 0 "-" "WordPress/6.8.3; https://emteko.com/en/" "-"
114.119.136.120 - - [26/Oct/2025:21:07:03 +0200 - 4.081 - 1.080] "GET /en/publications?flt_products=nasisoft%3Bokistar-hyal-7&flt_doctors=general-practitioner%3Binfectionist%3Borthopedic-traumatologist%3Bpediatrician%3Bpulmonologist%3Btherapist HTTP/1.1" 200 81596 "https://emteko.com/en/publications?flt_products=nasisoft%3Bokistar-hyal-7&flt_doctors=general-practitioner%3Binfectionist%3Borthopedic-traumatologist%3Bpulmonologist%3Btherapist" "Mozilla/5.0 (Linux; Android 7.0;) AppleWebKit/537.36 (KHTML, like Gecko) Mobile Safari/537.36 (compatible; PetalBot;+https://webmaster.petalsearch.com/site/petalbot)" "-"
128.140.106.114 - - [26/Oct/2025:21:07:29 +0200 - 0.016 - 0.016] "HEAD / HTTP/1.1" 200 0 "https://emteko.com" "Mozilla/5.0+(compatible; UptimeRobot/2.0; http://www.uptimerobot.com/)" "-"
78.47.98.55 - - [26/Oct/2025:21:07:39 +0200 - 0.003 - 0.004] "HEAD / HTTP/1.1" 200 0 "https://emteko.com" "Mozilla/5.0+(compatible; UptimeRobot/2.0; http://www.uptimerobot.com/)" "-"
43.173.179.149 - - [26/Oct/2025:21:08:18 +0200 - 0.017 - 0.016] "GET /en/publications/inhalation-therapy/ HTTP/1.1" 200 92191 "-" "Mozilla/5.0 (Windows NT 10.0; Win64; x64) AppleWebKit/537.36 (KHTML, like Gecko) Chrome/124.0.0.0 Safari/537.36" "-"
