103.232.219.12 - - [26/Oct/2025:03:17:31 +0300 - 0.000 - -] "GET /wp-content/uploads/2024/05/diart.webp HTTP/1.1" 200 13678 "https://malaysia.images.search.yahoo.com/search/images?p=diart+one+ha+injection&fr=mcafee-malaysia&type=E210MY1406G0&imgurl=https%3A%2F%2Fimmagini.trovaprezzi.it%2Fprodotti%2Fdiaco_biofarmaceutici_diart_one_30mg_ml_3ml.jpg" "Mozilla/5.0 (Windows NT 10.0; Win64; x64) AppleWebKit/537.36 (KHTML, like Gecko) Chrome/141.0.0.0 Safari/537.36" "-"
78.47.98.55 - - [26/Oct/2025:03:17:44 +0300 - 0.010 - 0.012] "HEAD / HTTP/1.1" 200 0 "https://emteko.com" "Mozilla/5.0+(compatible; UptimeRobot/2.0; http://www.uptimerobot.com/)" "-"
31.131.20.181 - - [26/Oct/2025:03:18:09 +0300 - 0.003 - 0.004] "POST /wp-cron.php?doing_wp_cron=1761437889.0910170078277587890625 HTTP/1.1" 499 0 "-" "WordPress/6.8.3; https://emteko.com/en/" "-"
114.119.154.89 - - [26/Oct/2025:03:18:12 +0300 - 4.108 - 1.104] "GET /en/publications?flt_products=nasisoft&flt_doctors=orthopedic-traumatologist%3Bpediatrician HTTP/1.1" 200 81596 "https://emteko.com/en/publications?flt_products=nasisoft&flt_doctors=orthopedic-traumatologist%3Bpediatrician%3Btherapist" "Mozilla/5.0 (Linux; Android 7.0;) AppleWebKit/537.36 (KHTML, like Gecko) Mobile Safari/537.36 (compatible; PetalBot;+https://webmaster.petalsearch.com/site/petalbot)" "-"
128.140.106.114 - - [26/Oct/2025:03:18:49 +0300 - 0.012 - 0.012] "HEAD / HTTP/1.1" 200 0 "https://emteko.com" "Mozilla/5.0+(compatible; UptimeRobot/2.0; http://www.uptimerobot.com/)" "-"
31.131.20.181 - - [26/Oct/2025:03:19:40 +0300 - 0.000 - 0.004] "POST /wp-cron.php?doing_wp_cron=1761437980.3833429813385009765625 HTTP/1.1" 499 0 "-" "WordPress/6.8.3; https://emteko.com/en/" "-"
114.119.134.51 - - [26/Oct/2025:03:19:43 +0300 - 4.029 - 1.028] "GET /en/publications?flt_products=nasisoft&flt_doctors=general-practitioner%3Borthopedic-traumatologist%3Bpulmonologist%3Btherapist HTTP/1.1" 200 81596 "https://emteko.com/en/publications?flt_products=nasisoft&flt_doctors=general-practitioner%3Borthopedic-traumatologist%3Btherapist" "Mozilla/5.0 (Linux; Android 7.0;) AppleWebKit/537.36 (KHTML, like Gecko) Mobile Safari/537.36 (compatible; PetalBot;+https://webmaster.petalsearch.com/site/petalbot)" "-"
168.119.123.75 - - [26/Oct/2025:03:19:53 +0300 - 0.015 - 0.012] "HEAD / HTTP/1.1" 200 0 "https://emteko.com" "Mozilla/5.0+(compatible; UptimeRobot/2.0; http://www.uptimerobot.com/)" "-"
3.79.134.69 - - [26/Oct/2025:03:20:45 +0300 - 0.012 - 0.012] "HEAD / HTTP/1.1" 200 0 "https://emteko.com" "Mozilla/5.0+(compatible; UptimeRobot/2.0; http://www.uptimerobot.com/)" "-"
142.132.180.39 - - [26/Oct/2025:03:20:58 +0300 - 0.013 - 0.012] "HEAD / HTTP/1.1" 200 0 "https://emteko.com" "Mozilla/5.0+(compatible; UptimeRobot/2.0; http://www.uptimerobot.com/)" "-"
31.131.20.181 - - [26/Oct/2025:03:20:58 +0300 - 0.001 - 0.000] "POST /wp-cron.php?doing_wp_cron=1761438058.6002669334411621093750 HTTP/1.1" 499 0 "-" "WordPress/6.8.3; https://emteko.com/en/" "-"
114.119.140.113 - - [26/Oct/2025:03:21:01 +0300 - 4.031 - 1.032] "GET /en/publications?flt_products=nasisoft&flt_doctors=general-practitioner%3Binfectionist%3Borthopedic-traumatologist%3Bpulmonologist%3Btherapist HTTP/1.1" 200 81596 "https://emteko.com/en/publications?flt_products=nasisoft&flt_doctors=general-practitioner%3Binfectionist%3Borthopedic-traumatologist%3Botolaryngologist%3Bpulmonologist%3Btherapist" "Mozilla/5.0 (Linux; Android 7.0;) AppleWebKit/537.36 (KHTML, like Gecko) Mobile Safari/537.36 (compatible; PetalBot;+https://webmaster.petalsearch.com/site/petalbot)" "-"
128.140.106.114 - - [26/Oct/2025:03:22:02 +0300 - 0.015 - 0.016] "HEAD / HTTP/1.1" 200 0 "https://emteko.com" "Mozilla/5.0+(compatible; UptimeRobot/2.0; http://www.uptimerobot.com/)" "-"
31.131.20.181 - - [26/Oct/2025:03:22:32 +0300 - 0.000 - 0.000] "POST /wp-cron.php?doing_wp_cron=1761438152.8821449279785156250000 HTTP/1.1" 499 0 "-" "WordPress/6.8.3; https://emteko.com/en/" "-"
114.119.154.181 - - [26/Oct/2025:03:22:36 +0300 - 4.081 - 1.080] "GET /en/publications?flt_products=nasisoft%3Bokistar-hyal-7&flt_doctors=pulmonologist%3Btherapist HTTP/1.1" 200 81596 "https://emteko.com/en/publications/?flt_products=nasisoft%3Bokistar-hyal-7&flt_doctors=general-practitioner%3Bpulmonologist%3Btherapist" "Mozilla/5.0 (Linux; Android 7.0;) AppleWebKit/537.36 (KHTML, like Gecko) Mobile Safari/537.36 (compatible; PetalBot;+https://webmaster.petalsearch.com/site/petalbot)" "-"
157.90.156.63 - - [26/Oct/2025:03:23:07 +0300 - 0.017 - 0.016] "HEAD / HTTP/1.1" 200 0 "https://emteko.com" "Mozilla/5.0+(compatible; UptimeRobot/2.0; http://www.uptimerobot.com/)" "-"
31.131.20.181 - - [26/Oct/2025:03:23:57 +0300 - 0.001 - 0.000] "POST /wp-cron.php?doing_wp_cron=1761438237.5310029983520507812500 HTTP/1.1" 499 0 "-" "WordPress/6.8.3; https://emteko.com/en/" "-"
51.68.111.204 - - [26/Oct/2025:03:23:57 +0300 - 0.557 - 0.560] "GET /robots.txt HTTP/1.1" 403 31 "-" "Mozilla/5.0 (compatible; MJ12bot/v2.0.4; http://mj12bot.com/)" "-"
114.119.140.113 - - [26/Oct/2025:03:24:00 +0300 - 4.012 - 1.012] "GET /en/publications?flt_products=nasisoft%3Bokistar-hyal-7&flt_doctors=general-practitioner%3Botolaryngologist%3Bpediatrician%3Btherapist HTTP/1.1" 200 81596 "https://emteko.com/en/publications/?flt_products=nasisoft&flt_doctors=general-practitioner%3Botolaryngologist%3Bpediatrician%3Btherapist" "Mozilla/5.0 (Linux; Android 7.0;) AppleWebKit/537.36 (KHTML, like Gecko) Mobile Safari/537.36 (compatible; PetalBot;+https://webmaster.petalsearch.com/site/petalbot)" "-"
52.167.144.221 - - [26/Oct/2025:03:24:03 +0300 - 1.221 - 1.216] "GET /doctorspecial/otolaringologs/?flt_products=okistar-hyal-7-lv&flt_doctors=otolaringologs;terapeits HTTP/1.1" 200 99105 "-" "Mozilla/5.0 AppleWebKit/537.36 (KHTML, like Gecko; compatible; bingbot/2.0; +http://www.bing.com/bingbot.htm) Chrome/116.0.1938.76 Safari/537.36" "-"
78.46.215.1 - - [26/Oct/2025:03:24:11 +0300 - 0.002 - 0.004] "HEAD / HTTP/1.1" 200 0 "https://emteko.com" "Mozilla/5.0+(compatible; UptimeRobot/2.0; http://www.uptimerobot.com/)" "-"
168.119.53.160 - - [26/Oct/2025:03:25:15 +0300 - 0.010 - 0.012] "HEAD / HTTP/1.1" 200 0 "https://emteko.com" "Mozilla/5.0+(compatible; UptimeRobot/2.0; http://www.uptimerobot.com/)" "-"
34.1.17.167 - - [26/Oct/2025:03:25:22 +0300 - 0.092 - 0.004] "GET / HTTP/1.1" 200 89415 "https://www.emteko.com/" "Mozilla/5.0 (Macintosh; Intel Mac OS X 10_15_7) AppleWebKit/537.36 (KHTML, like Gecko) Chrome/135.0.0.0 Safari/537.36" "-"
31.131.20.181 - - [26/Oct/2025:03:25:23 +0300 - 0.002 - 0.000] "POST /wp-cron.php?doing_wp_cron=1761438323.6336801052093505859375 HTTP/1.1" 499 0 "-" "WordPress/6.8.3; https://emteko.com" "-"
34.1.17.167 - - [26/Oct/2025:03:25:23 +0300 - 0.941 - 0.940] "GET /app/ HTTP/1.1" 404 87002 "-" "Mozilla/5.0 (Macintosh; Intel Mac OS X 10_15_7) AppleWebKit/537.36 (KHTML, like Gecko) Chrome/135.0.0.0 Safari/537.36" "-"
34.1.17.167 - - [26/Oct/2025:03:25:24 +0300 - 0.632 - 0.632] "GET /login/ HTTP/1.1" 302 5 "-" "Mozilla/5.0 (Macintosh; Intel Mac OS X 10_15_7) AppleWebKit/537.36 (KHTML, like Gecko) Chrome/135.0.0.0 Safari/537.36" "-"
34.1.17.167 - - [26/Oct/2025:03:25:25 +0300 - 0.685 - 0.684] "GET /wp-login.php HTTP/1.1" 403 2242 "https://emteko.com/login/" "Mozilla/5.0 (Macintosh; Intel Mac OS X 10_15_7) AppleWebKit/537.36 (KHTML, like Gecko) Chrome/135.0.0.0 Safari/537.36" "-"
17.241.219.214 - - [26/Oct/2025:03:25:34 +0300 - 0.795 - 0.792] "GET /en/publications/?flt_products=nasisoft&flt_doctors=infectionist;otolaryngologist;pediatrician HTTP/1.1" 200 99003 "-" "Mozilla/5.0 (Macintosh; Intel Mac OS X 10_15_7) AppleWebKit/605.1.15 (KHTML, like Gecko) Version/17.4 Safari/605.1.15 (Applebot/0.1; +http://www.apple.com/go/applebot)" "-"
114.119.133.35 - - [26/Oct/2025:03:25:39 +0300 - 3.810 - 0.884] "GET /en/publications?flt_products=lorde-hyal&flt_doctors=orthopedic-traumatologist%3Bpulmonologist%3Btherapist HTTP/1.1" 200 100160 "https://emteko.com/en/publications?flt_products=lorde-hyal&flt_doctors=orthopedic-traumatologist%3Btherapist" "Mozilla/5.0 (Linux; Android 7.0;) AppleWebKit/537.36 (KHTML, like Gecko) Mobile Safari/537.36 (compatible; PetalBot;+https://webmaster.petalsearch.com/site/petalbot)" "-"
63.178.84.147 - - [26/Oct/2025:03:25:49 +0300 - 0.012 - 0.012] "HEAD / HTTP/1.1" 200 0 "https://emteko.com" "Mozilla/5.0+(compatible; UptimeRobot/2.0; http://www.uptimerobot.com/)" "-"
37.59.204.144 - - [26/Oct/2025:03:26:15 +0300 - 0.032 - 0.020] "GET /doctorspecial/pulmonologs/?flt_doctors=infektologs HTTP/1.1" 200 100157 "-" "Mozilla/5.0 (compatible; AhrefsBot/7.0; +http://ahrefs.com/robot/)" "-"
128.140.106.114 - - [26/Oct/2025:03:26:19 +0300 - 0.002 - 0.004] "HEAD / HTTP/1.1" 200 0 "https://emteko.com" "Mozilla/5.0+(compatible; UptimeRobot/2.0; http://www.uptimerobot.com/)" "-"
31.131.20.181 - - [26/Oct/2025:03:26:51 +0300 - 0.000 - 0.000] "POST /wp-cron.php?doing_wp_cron=1761438410.9818959236145019531250 HTTP/1.1" 499 0 "-" "WordPress/6.8.3; https://emteko.com/en/" "-"
114.119.132.104 - - [26/Oct/2025:03:26:54 +0300 - 4.258 - 1.260] "GET /en/publications?flt_products=lorde-hyal&flt_doctors=general-practitioner%3Borthopedic-traumatologist%3Botolaryngologist%3Bpediatrician%3Bpulmonologist%3Btherapist HTTP/1.1" 200 81596 "https://emteko.com/en/publications/?flt_products=lorde-hyal%3Bnasisoft&flt_doctors=general-practitioner%3Borthopedic-traumatologist%3Botolaryngologist%3Bpediatrician%3Bpulmonologist%3Btherapist" "Mozilla/5.0 (Linux; Android 7.0;) AppleWebKit/537.36 (KHTML, like Gecko) Mobile Safari/537.36 (compatible; PetalBot;+https://webmaster.petalsearch.com/site/petalbot)" "-"
78.46.190.63 - - [26/Oct/2025:03:27:23 +0300 - 0.012 - 0.016] "HEAD / HTTP/1.1" 200 0 "https://emteko.com" "Mozilla/5.0+(compatible; UptimeRobot/2.0; http://www.uptimerobot.com/)" "-"
114.119.132.202 - - [26/Oct/2025:03:28:27 +0300 - 3.019 - 0.020] "GET /en/publications?flt_products=lorde-hyal&flt_doctors=general-practitioner%3Binfectionist HTTP/1.1" 200 65212 "https://emteko.com/en/publications?flt_products=lorde-hyal%3Bnasisoft&flt_doctors=general-practitioner%3Binfectionist" "Mozilla/5.0 (Linux; Android 7.0;) AppleWebKit/537.36 (KHTML, like Gecko) Mobile Safari/537.36 (compatible; PetalBot;+https://webmaster.petalsearch.com/site/petalbot)" "-"
49.13.134.145 - - [26/Oct/2025:03:28:28 +0300 - 0.002 - 0.004] "HEAD / HTTP/1.1" 200 0 "https://emteko.com" "Mozilla/5.0+(compatible; UptimeRobot/2.0; http://www.uptimerobot.com/)" "-"
52.59.43.236 - - [26/Oct/2025:03:29:33 +0300 - 0.022 - 0.024] "HEAD / HTTP/1.1" 200 0 "https://emteko.com" "Mozilla/5.0+(compatible; UptimeRobot/2.0; http://www.uptimerobot.com/)" "-"
31.131.20.181 - - [26/Oct/2025:03:29:48 +0300 - 0.003 - 0.004] "POST /wp-cron.php?doing_wp_cron=1761438588.7723340988159179687500 HTTP/1.1" 499 0 "-" "WordPress/6.8.3; https://emteko.com/en/" "-"
114.119.140.113 - - [26/Oct/2025:03:29:52 +0300 - 4.048 - 1.048] "GET /en/publications?flt_products=lorde-hyal%3Bokistar-hyal-7&flt_doctors=otolaryngologist HTTP/1.1" 200 81596 "https://emteko.com/en/publications?flt_products=lorde-hyal%3Bokistar-hyal-7&flt_doctors=otolaryngologist%3Btherapist" "Mozilla/5.0 (Linux; Android 7.0;) AppleWebKit/537.36 (KHTML, like Gecko) Mobile Safari/537.36 (compatible; PetalBot;+https://webmaster.petalsearch.com/site/petalbot)" "-"
49.13.134.145 - - [26/Oct/2025:03:30:38 +0300 - 0.011 - 0.012] "HEAD / HTTP/1.1" 200 0 "https://emteko.com" "Mozilla/5.0+(compatible; UptimeRobot/2.0; http://www.uptimerobot.com/)" "-"
78.47.98.55 - - [26/Oct/2025:03:30:53 +0300 - 0.015 - 0.016] "HEAD / HTTP/1.1" 200 0 "https://emteko.com" "Mozilla/5.0+(compatible; UptimeRobot/2.0; http://www.uptimerobot.com/)" "-"
31.131.20.181 - - [26/Oct/2025:03:31:05 +0300 - 0.001 - 0.000] "POST /wp-cron.php?doing_wp_cron=1761438665.4185190200805664062500 HTTP/1.1" 499 0 "-" "WordPress/6.8.3; https://emteko.com/en/" "-"
114.119.134.51 - - [26/Oct/2025:03:31:08 +0300 - 4.036 - 1.032] "GET /en/publications?flt_products=lorde-hyal%3Bokistar-hyal-7&flt_doctors=orthopedic-traumatologist%3Botolaryngologist%3Bpediatrician HTTP/1.1" 200 81596 "https://emteko.com/en/publications?flt_products=lorde-hyal%3Bokistar-hyal-7&flt_doctors=orthopedic-traumatologist%3Botolaryngologist%3Bpediatrician%3Btherapist" "Mozilla/5.0 (Linux; Android 7.0;) AppleWebKit/537.36 (KHTML, like Gecko) Mobile Safari/537.36 (compatible; PetalBot;+https://webmaster.petalsearch.com/site/petalbot)" "-"
78.46.190.63 - - [26/Oct/2025:03:31:43 +0300 - 0.013 - 0.012] "HEAD / HTTP/1.1" 200 0 "https://emteko.com" "Mozilla/5.0+(compatible; UptimeRobot/2.0; http://www.uptimerobot.com/)" "-"
31.131.20.181 - - [26/Oct/2025:03:32:35 +0300 - 0.001 - 0.000] "POST /wp-cron.php?doing_wp_cron=1761438755.9510951042175292968750 HTTP/1.1" 499 0 "-" "WordPress/6.8.3; https://emteko.com/en/" "-"
114.119.140.113 - - [26/Oct/2025:03:32:39 +0300 - 4.019 - 1.020] "GET /en/publications?flt_products=nasisoft%3Bokistar-hyal-7&flt_doctors=orthopedic-traumatologist%3Bpediatrician%3Btherapist HTTP/1.1" 200 65212 "https://emteko.com/en/publications/?flt_products=artro-patch%3Bnasisoft%3Bokistar-hyal-7&flt_doctors=orthopedic-traumatologist%3Bpediatrician%3Btherapist" "Mozilla/5.0 (Linux; Android 7.0;) AppleWebKit/537.36 (KHTML, like Gecko) Mobile Safari/537.36 (compatible; PetalBot;+https://webmaster.petalsearch.com/site/petalbot)" "-"
142.132.180.39 - - [26/Oct/2025:03:32:48 +0300 - 0.015 - 0.012] "HEAD / HTTP/1.1" 200 0 "https://emteko.com" "Mozilla/5.0+(compatible; UptimeRobot/2.0; http://www.uptimerobot.com/)" "-"
157.55.39.48 - - [26/Oct/2025:03:33:38 +0300 - 0.017 - 0.020] "GET /sitemap_index.xml HTTP/1.1" 200 354 "-" "Mozilla/5.0 AppleWebKit/537.36 (KHTML, like Gecko; compatible; bingbot/2.0; +http://www.bing.com/bingbot.htm) Chrome/116.0.1938.76 Safari/537.36" "-"
3.77.67.4 - - [26/Oct/2025:03:33:53 +0300 - 0.012 - 0.012] "HEAD / HTTP/1.1" 200 0 "https://emteko.com" "Mozilla/5.0+(compatible; UptimeRobot/2.0; http://www.uptimerobot.com/)" "-"
31.131.20.181 - - [26/Oct/2025:03:34:09 +0300 - 0.000 - 0.000] "POST /wp-cron.php?doing_wp_cron=1761438849.4010000228881835937500 HTTP/1.1" 499 0 "-" "WordPress/6.8.3; https://emteko.com/en/" "-"
114.119.132.202 - - [26/Oct/2025:03:34:12 +0300 - 4.076 - 1.076] "GET /en/publications?flt_products=nasisoft%3Bokistar-hyal-7&flt_doctors=infectionist%3Btherapist HTTP/1.1" 200 81596 "https://emteko.com/en/publications?flt_products=nasisoft&flt_doctors=infectionist%3Btherapist" "Mozilla/5.0 (Linux; Android 7.0;) AppleWebKit/537.36 (KHTML, like Gecko) Mobile Safari/537.36 (compatible; PetalBot;+https://webmaster.petalsearch.com/site/petalbot)" "-"
78.46.215.1 - - [26/Oct/2025:03:34:57 +0300 - 0.011 - 0.012] "HEAD / HTTP/1.1" 200 0 "https://emteko.com" "Mozilla/5.0+(compatible; UptimeRobot/2.0; http://www.uptimerobot.com/)" "-"
114.119.132.202 - - [26/Oct/2025:03:35:32 +0300 - 2.297 - 0.024] "GET /en/publications?flt_products=lorde-hyal%3Bokistar-hyal-7&flt_doctors=otolaryngologist%3Bpediatrician HTTP/1.1" 200 100155 "https://emteko.com/en/publications/?flt_products=lorde-hyal%3Bokistar-hyal-7&flt_doctors=infectionist%3Botolaryngologist%3Bpediatrician" "Mozilla/5.0 (Linux; Android 7.0;) AppleWebKit/537.36 (KHTML, like Gecko) Mobile Safari/537.36 (compatible; PetalBot;+https://webmaster.petalsearch.com/site/petalbot)" "-"
157.90.155.240 - - [26/Oct/2025:03:35:58 +0300 - 0.011 - 0.012] "HEAD / HTTP/1.1" 200 0 "https://emteko.com" "Mozilla/5.0+(compatible; UptimeRobot/2.0; http://www.uptimerobot.com/)" "-"
52.59.43.236 - - [26/Oct/2025:03:36:01 +0300 - 0.002 - 0.004] "HEAD / HTTP/1.1" 200 0 "https://emteko.com" "Mozilla/5.0+(compatible; UptimeRobot/2.0; http://www.uptimerobot.com/)" "-"
43.173.177.244 - - [26/Oct/2025:03:36:21 +0300 - 0.013 - 0.016] "GET /products/lorde-hyal/ HTTP/1.1" 200 91741 "-" "Mozilla/5.0 (Windows NT 10.0; Win64; x64) AppleWebKit/537.36 (KHTML, like Gecko) Chrome/116.0.0.0 Safari/537.36" "-"
43.173.174.147 - - [26/Oct/2025:03:36:23 +0300 - 0.005 - 0.008] "GET /products/nasisoft/ HTTP/1.1" 200 91920 "-" "Mozilla/5.0 (Windows NT 10.0; Win64; x64) AppleWebKit/537.36 (KHTML, like Gecko) Chrome/110.0.0.0 Safari/537.36" "-"
31.131.20.181 - - [26/Oct/2025:03:37:02 +0300 - 0.002 - 0.004] "POST /wp-cron.php?doing_wp_cron=1761439022.6820349693298339843750 HTTP/1.1" 499 0 "-" "WordPress/6.8.3; https://emteko.com/en/" "-"
114.119.140.113 - - [26/Oct/2025:03:37:05 +0300 - 3.501 - 1.400] "GET /en/publications?flt_products=lorde-hyal%3Bokistar-hyal-7&flt_doctors=infectionist%3Bpulmonologist%3Btherapist HTTP/1.1" 200 100213 "https://emteko.com/en/publications?flt_products=lorde-hyal%3Bokistar-hyal-7&flt_doctors=infectionist%3Borthopedic-traumatologist%3Bpulmonologist%3Btherapist" "Mozilla/5.0 (Linux; Android 7.0;) AppleWebKit/537.36 (KHTML, like Gecko) Mobile Safari/537.36 (compatible; PetalBot;+https://webmaster.petalsearch.com/site/petalbot)" "-"
3.79.134.69 - - [26/Oct/2025:03:37:06 +0300 - 0.002 - 0.004] "HEAD / HTTP/1.1" 200 0 "https://emteko.com" "Mozilla/5.0+(compatible; UptimeRobot/2.0; http://www.uptimerobot.com/)" "-"
31.131.20.181 - - [26/Oct/2025:03:38:06 +0300 - 0.001 - 0.000] "POST /wp-cron.php?doing_wp_cron=1761439085.9754240512847900390625 HTTP/1.1" 499 0 "-" "WordPress/6.8.3; https://emteko.com/en/" "-"
40.77.167.55 - - [26/Oct/2025:03:38:06 +0300 - 1.091 - 1.092] "GET /en/doctorspecial/therapist/?flt_products=artro-patch;lorde-hyal;nasisoft HTTP/1.1" 200 99992 "-" "Mozilla/5.0 AppleWebKit/537.36 (KHTML, like Gecko; compatible; bingbot/2.0; +http://www.bing.com/bingbot.htm) Chrome/116.0.1938.76 Safari/537.36" "-"
49.13.24.81 - - [26/Oct/2025:03:38:11 +0300 - 0.003 - 0.004] "HEAD / HTTP/1.1" 200 0 "https://emteko.com" "Mozilla/5.0+(compatible; UptimeRobot/2.0; http://www.uptimerobot.com/)" "-"
114.119.140.113 - - [26/Oct/2025:03:38:24 +0300 - 3.009 - 0.008] "GET /en/publications?flt_products=lorde-hyal%3Bokistar-hyal-7&flt_doctors=infectionist%3Bpediatrician%3Btherapist HTTP/1.1" 200 81596 "https://emteko.com/en/publications?flt_products=lorde-hyal%3Bokistar-hyal-7&flt_doctors=infectionist%3Btherapist" "Mozilla/5.0 (Linux; Android 7.0;) AppleWebKit/537.36 (KHTML, like Gecko) Mobile Safari/537.36 (compatible; PetalBot;+https://webmaster.petalsearch.com/site/petalbot)" "-"
142.132.180.39 - - [26/Oct/2025:03:39:16 +0300 - 0.011 - 0.012] "HEAD / HTTP/1.1" 200 0 "https://emteko.com" "Mozilla/5.0+(compatible; UptimeRobot/2.0; http://www.uptimerobot.com/)" "-"
31.131.20.181 - - [26/Oct/2025:03:40:01 +0300 - 0.001 - 0.000] "POST /wp-cron.php?doing_wp_cron=1761439201.5748150348663330078125 HTTP/1.1" 499 0 "-" "WordPress/6.8.3; https://emteko.com/en/" "-"
114.119.132.202 - - [26/Oct/2025:03:40:05 +0300 - 4.642 - 1.640] "GET /en/publications?flt_products=lorde-hyal%3Bokistar-hyal-7&flt_doctors=general-practitioner%3Botolaryngologist%3Btherapist HTTP/1.1" 200 81596 "https://emteko.com/en/publications?flt_products=lorde-hyal&flt_doctors=general-practitioner%3Botolaryngologist%3Btherapist" "Mozilla/5.0 (Linux; Android 7.0;) AppleWebKit/537.36 (KHTML, like Gecko) Mobile Safari/537.36 (compatible; PetalBot;+https://webmaster.petalsearch.com/site/petalbot)" "-"
167.235.143.113 - - [26/Oct/2025:03:40:20 +0300 - 0.016 - 0.016] "HEAD / HTTP/1.1" 200 0 "https://emteko.com" "Mozilla/5.0+(compatible; UptimeRobot/2.0; http://www.uptimerobot.com/)" "-"
18.193.252.127 - - [26/Oct/2025:03:41:02 +0300 - 0.011 - 0.012] "HEAD / HTTP/1.1" 200 0 "https://emteko.com" "Mozilla/5.0+(compatible; UptimeRobot/2.0; http://www.uptimerobot.com/)" "-"
31.131.20.181 - - [26/Oct/2025:03:41:16 +0300 - 0.002 - 0.004] "POST /wp-cron.php?doing_wp_cron=1761439276.4766330718994140625000 HTTP/1.1" 499 0 "-" "WordPress/6.8.3; https://emteko.com/en/" "-"
114.119.133.35 - - [26/Oct/2025:03:41:19 +0300 - 4.036 - 1.036] "GET /en/publications?flt_products=lorde-hyal%3Bokistar-hyal-7&flt_doctors=general-practitioner%3Borthopedic-traumatologist%3Botolaryngologist%3Bpediatrician%3Bpulmonologist%3Btherapist HTTP/1.1" 200 81596 "https://emteko.com/en/publications/?flt_products=lorde-hyal%3Bokistar-hyal-7&flt_doctors=general-practitioner%3Borthopedic-traumatologist%3Botolaryngologist%3Bpediatrician%3Btherapist" "Mozilla/5.0 (Linux; Android 7.0;) AppleWebKit/537.36 (KHTML, like Gecko) Mobile Safari/537.36 (compatible; PetalBot;+https://webmaster.petalsearch.com/site/petalbot)" "-"
49.13.130.29 - - [26/Oct/2025:03:41:25 +0300 - 0.003 - 0.000] "HEAD / HTTP/1.1" 200 0 "https://emteko.com" "Mozilla/5.0+(compatible; UptimeRobot/2.0; http://www.uptimerobot.com/)" "-"
157.90.155.240 - - [26/Oct/2025:03:42:31 +0300 - 0.018 - 0.016] "HEAD / HTTP/1.1" 200 0 "https://emteko.com" "Mozilla/5.0+(compatible; UptimeRobot/2.0; http://www.uptimerobot.com/)" "-"
114.119.140.113 - - [26/Oct/2025:03:42:45 +0300 - 2.844 - 0.016] "GET /en/publications?flt_products=lorde-hyal%3Bnasisoft&flt_doctors=orthopedic-traumatologist%3Botolaryngologist%3Bpulmonologist%3Btherapist HTTP/1.1" 200 100506 "https://emteko.com/en/publications?flt_products=lorde-hyal&flt_doctors=orthopedic-traumatologist%3Botolaryngologist%3Bpulmonologist%3Btherapist" "Mozilla/5.0 (Linux; Android 7.0;) AppleWebKit/537.36 (KHTML, like Gecko) Mobile Safari/537.36 (compatible; PetalBot;+https://webmaster.petalsearch.com/site/petalbot)" "-"
78.46.190.63 - - [26/Oct/2025:03:43:36 +0300 - 0.012 - 0.012] "HEAD / HTTP/1.1" 200 0 "https://emteko.com" "Mozilla/5.0+(compatible; UptimeRobot/2.0; http://www.uptimerobot.com/)" "-"
45.149.173.219 - - [26/Oct/2025:03:44:00 +0300 - 0.583 - 0.016] "GET / HTTP/1.1" 200 532364 "-" "Mozilla/5.0 (Windows NT 10.0; Win64; x64) AppleWebKit/537.36 (KHTML, like Gecko) Chrome/78.0.3904.108 Safari/537.36" "-"
31.131.20.181 - - [26/Oct/2025:03:44:01 +0300 - 0.000 - 0.000] "POST /wp-cron.php?doing_wp_cron=1761439441.0678179264068603515625 HTTP/1.1" 499 0 "-" "WordPress/6.8.3; https://emteko.com" "-"
45.149.173.219 - - [26/Oct/2025:03:44:01 +0300 - 1.093 - 0.812] "GET //wp-includes/wlwmanifest.xml HTTP/1.1" 301 5 "-" "Mozilla/5.0 (Windows NT 10.0; Win64; x64) AppleWebKit/537.36 (KHTML, like Gecko) Chrome/78.0.3904.108 Safari/537.36" "-"
45.149.173.219 - - [26/Oct/2025:03:44:01 +0300 - 0.142 - -] "GET //xmlrpc.php?rsd HTTP/1.1" 404 576 "-" "Mozilla/5.0 (Windows NT 10.0; Win64; x64) AppleWebKit/537.36 (KHTML, like Gecko) Chrome/78.0.3904.108 Safari/537.36" "-"
45.149.173.219 - - [26/Oct/2025:03:44:01 +0300 - 0.151 - 0.004] "GET / HTTP/1.1" 200 532364 "-" "Mozilla/5.0 (Windows NT 10.0; Win64; x64) AppleWebKit/537.36 (KHTML, like Gecko) Chrome/78.0.3904.108 Safari/537.36" "-"
45.149.173.219 - - [26/Oct/2025:03:44:02 +0300 - 1.259 - 0.824] "GET //?author=1 HTTP/1.1" 404 164 "-" "Mozilla/5.0 (Windows NT 10.0; Win64; x64) AppleWebKit/537.36 (KHTML, like Gecko) Chrome/78.0.3904.108 Safari/537.36" "-"
45.149.173.219 - - [26/Oct/2025:03:44:03 +0300 - 0.863 - 0.720] "GET //?author=2 HTTP/1.1" 404 164 "-" "Mozilla/5.0 (Windows NT 10.0; Win64; x64) AppleWebKit/537.36 (KHTML, like Gecko) Chrome/78.0.3904.108 Safari/537.36" "-"
45.149.173.219 - - [26/Oct/2025:03:44:04 +0300 - 0.827 - 0.684] "GET //wp-json/wp/v2/users/ HTTP/1.1" 403 2023 "-" "Mozilla/5.0 (Windows NT 10.0; Win64; x64) AppleWebKit/537.36 (KHTML, like Gecko) Chrome/78.0.3904.108 Safari/537.36" "-"
45.149.173.219 - - [26/Oct/2025:03:44:04 +0300 - 0.278 - 0.280] "GET //wp-json/oembed/1.0/embed?url=https://emteko.com/ HTTP/1.1" 403 5 "-" "Mozilla/5.0 (Windows NT 10.0; Win64; x64) AppleWebKit/537.36 (KHTML, like Gecko) Chrome/78.0.3904.108 Safari/537.36" "-"
45.149.173.219 - - [26/Oct/2025:03:44:04 +0300 - 0.000 - -] "POST //xmlrpc.php HTTP/1.1" 404 576 "-" "Mozilla/5.0 (Windows NT 10.0; Win64; x64) AppleWebKit/537.36 (KHTML, like Gecko) Chrome/78.0.3904.108 Safari/537.36" "-"
31.131.20.181 - - [26/Oct/2025:03:44:05 +0300 - 0.000 - 0.000] "POST /wp-cron.php?doing_wp_cron=1761439445.7608399391174316406250 HTTP/1.1" 499 0 "-" "WordPress/6.8.3; https://emteko.com/en/" "-"
114.119.134.51 - - [26/Oct/2025:03:44:09 +0300 - 4.033 - 1.032] "GET /en/publications?flt_products=lorde-hyal%3Bnasisoft&flt_doctors=infectionist%3Bpediatrician%3Bpulmonologist%3Btherapist HTTP/1.1" 200 81596 "https://emteko.com/en/publications?flt_products=nasisoft&flt_doctors=infectionist%3Bpediatrician%3Bpulmonologist%3Btherapist" "Mozilla/5.0 (Linux; Android 7.0;) AppleWebKit/537.36 (KHTML, like Gecko) Mobile Safari/537.36 (compatible; PetalBot;+https://webmaster.petalsearch.com/site/petalbot)" "-"
168.119.53.160 - - [26/Oct/2025:03:44:40 +0300 - 0.017 - 0.020] "HEAD / HTTP/1.1" 200 0 "https://emteko.com" "Mozilla/5.0+(compatible; UptimeRobot/2.0; http://www.uptimerobot.com/)" "-"
34.1.22.221 - - [26/Oct/2025:03:45:14 +0300 - 0.012 - 0.012] "GET / HTTP/1.1" 200 89415 "https://www.emteko.com/" "Mozilla/5.0 (Macintosh; Intel Mac OS X 10_15_7) AppleWebKit/537.36 (KHTML, like Gecko) Chrome/135.0.0.0 Safari/537.36" "-"
31.131.20.181 - - [26/Oct/2025:03:45:15 +0300 - 0.002 - 0.000] "POST /wp-cron.php?doing_wp_cron=1761439515.6204528808593750000000 HTTP/1.1" 499 0 "-" "WordPress/6.8.3; https://emteko.com" "-"
34.1.22.221 - - [26/Oct/2025:03:45:15 +0300 - 0.952 - 0.948] "GET /app/ HTTP/1.1" 404 87002 "-" "Mozilla/5.0 (Macintosh; Intel Mac OS X 10_15_7) AppleWebKit/537.36 (KHTML, like Gecko) Chrome/135.0.0.0 Safari/537.36" "-"
34.1.22.221 - - [26/Oct/2025:03:45:16 +0300 - 0.701 - 0.704] "GET /login/ HTTP/1.1" 302 5 "-" "Mozilla/5.0 (Macintosh; Intel Mac OS X 10_15_7) AppleWebKit/537.36 (KHTML, like Gecko) Chrome/135.0.0.0 Safari/537.36" "-"
34.1.22.221 - - [26/Oct/2025:03:45:17 +0300 - 0.739 - 0.740] "GET /wp-login.php HTTP/1.1" 403 2242 "https://emteko.com/login/" "Mozilla/5.0 (Macintosh; Intel Mac OS X 10_15_7) AppleWebKit/537.36 (KHTML, like Gecko) Chrome/135.0.0.0 Safari/537.36" "-"
34.1.22.221 - - [26/Oct/2025:03:45:20 +0300 - 0.002 - 0.004] "GET / HTTP/1.1" 200 89415 "http://emteko.com/" "Mozilla/5.0 (Macintosh; Intel Mac OS X 10_15_7) AppleWebKit/537.36 (KHTML, like Gecko) Chrome/135.0.0.0 Safari/537.36" "-"
34.1.22.221 - - [26/Oct/2025:03:45:21 +0300 - 0.815 - 0.817] "GET /app/ HTTP/1.1" 404 87002 "-" "Mozilla/5.0 (Macintosh; Intel Mac OS X 10_15_7) AppleWebKit/537.36 (KHTML, like Gecko) Chrome/135.0.0.0 Safari/537.36" "-"
34.1.22.221 - - [26/Oct/2025:03:45:22 +0300 - 0.724 - 0.724] "GET /login/ HTTP/1.1" 302 5 "-" "Mozilla/5.0 (Macintosh; Intel Mac OS X 10_15_7) AppleWebKit/537.36 (KHTML, like Gecko) Chrome/135.0.0.0 Safari/537.36" "-"
34.1.22.221 - - [26/Oct/2025:03:45:23 +0300 - 0.773 - 0.772] "GET /wp-login.php HTTP/1.1" 403 2242 "https://emteko.com/login/" "Mozilla/5.0 (Macintosh; Intel Mac OS X 10_15_7) AppleWebKit/537.36 (KHTML, like Gecko) Chrome/135.0.0.0 Safari/537.36" "-"
34.1.22.221 - - [26/Oct/2025:03:45:28 +0300 - 0.003 - 0.004] "GET / HTTP/1.1" 200 89415 "https://www.emteko.com/" "Mozilla/5.0 (Macintosh; Intel Mac OS X 10_15_7) AppleWebKit/537.36 (KHTML, like Gecko) Chrome/135.0.0.0 Safari/537.36" "-"
34.1.22.221 - - [26/Oct/2025:03:45:29 +0300 - 0.802 - 0.804] "GET /app/ HTTP/1.1" 404 87002 "-" "Mozilla/5.0 (Macintosh; Intel Mac OS X 10_15_7) AppleWebKit/537.36 (KHTML, like Gecko) Chrome/135.0.0.0 Safari/537.36" "-"
34.1.22.221 - - [26/Oct/2025:03:45:30 +0300 - 0.737 - 0.736] "GET /login/ HTTP/1.1" 302 5 "-" "Mozilla/5.0 (Macintosh; Intel Mac OS X 10_15_7) AppleWebKit/537.36 (KHTML, like Gecko) Chrome/135.0.0.0 Safari/537.36" "-"
34.1.22.221 - - [26/Oct/2025:03:45:31 +0300 - 0.674 - 0.676] "GET /wp-login.php HTTP/1.1" 403 2242 "https://emteko.com/login/" "Mozilla/5.0 (Macintosh; Intel Mac OS X 10_15_7) AppleWebKit/537.36 (KHTML, like Gecko) Chrome/135.0.0.0 Safari/537.36" "-"
168.119.53.160 - - [26/Oct/2025:03:45:44 +0300 - 0.011 - 0.012] "HEAD / HTTP/1.1" 200 0 "https://emteko.com" "Mozilla/5.0+(compatible; UptimeRobot/2.0; http://www.uptimerobot.com/)" "-"
114.119.154.181 - - [26/Oct/2025:03:46:03 +0300 - 1.838 - 0.032] "GET /en/publications?flt_products=lorde-hyal%3Bnasisoft&flt_doctors=general-practitioner%3Botolaryngologist%3Bpediatrician%3Btherapist HTTP/1.1" 200 100502 "https://emteko.com/en/publications/?flt_products=nasisoft&flt_doctors=general-practitioner%3Botolaryngologist%3Bpediatrician%3Btherapist" "Mozilla/5.0 (Linux; Android 7.0;) AppleWebKit/537.36 (KHTML, like Gecko) Mobile Safari/537.36 (compatible; PetalBot;+https://webmaster.petalsearch.com/site/petalbot)" "-"
78.46.215.1 - - [26/Oct/2025:03:46:07 +0300 - 0.002 - 0.000] "HEAD / HTTP/1.1" 200 0 "https://emteko.com" "Mozilla/5.0+(compatible; UptimeRobot/2.0; http://www.uptimerobot.com/)" "-"
63.178.84.147 - - [26/Oct/2025:03:46:49 +0300 - 0.011 - 0.012] "HEAD / HTTP/1.1" 200 0 "https://emteko.com" "Mozilla/5.0+(compatible; UptimeRobot/2.0; http://www.uptimerobot.com/)" "-"
31.131.20.181 - - [26/Oct/2025:03:46:59 +0300 - 0.002 - 0.004] "POST /wp-cron.php?doing_wp_cron=1761439619.7849509716033935546875 HTTP/1.1" 499 0 "-" "WordPress/6.8.3; https://emteko.com/en/" "-"
114.119.140.113 - - [26/Oct/2025:03:47:03 +0300 - 4.036 - 1.036] "GET /en/publications?flt_products=lorde-hyal%3Bnasisoft&flt_doctors=general-practitioner%3Borthopedic-traumatologist%3Botolaryngologist%3Bpediatrician%3Bpulmonologist%3Btherapist HTTP/1.1" 200 81596 "https://emteko.com/en/publications?flt_products=lorde-hyal%3Bnasisoft%3Bokistar-hyal-7&flt_doctors=general-practitioner%3Borthopedic-traumatologist%3Botolaryngologist%3Bpediatrician%3Bpulmonologist%3Btherapist" "Mozilla/5.0 (Linux; Android 7.0;) AppleWebKit/537.36 (KHTML, like Gecko) Mobile Safari/537.36 (compatible; PetalBot;+https://webmaster.petalsearch.com/site/petalbot)" "-"
157.55.39.16 - - [26/Oct/2025:03:47:30 +0300 - 0.019 - 0.020] "GET /en/doctorspecial/orthopedic-traumatologist/?flt_products=nasisoft;okistar-hyal-7&flt_doctors=general-practitioner;therapist HTTP/1.1" 200 98399 "-" "Mozilla/5.0 AppleWebKit/537.36 (KHTML, like Gecko; compatible; bingbot/2.0; +http://www.bing.com/bingbot.htm) Chrome/116.0.1938.76 Safari/537.36" "-"
142.132.180.39 - - [26/Oct/2025:03:47:52 +0300 - 0.011 - 0.012] "HEAD / HTTP/1.1" 200 0 "https://emteko.com" "Mozilla/5.0+(compatible; UptimeRobot/2.0; http://www.uptimerobot.com/)" "-"
31.131.20.181 - - [26/Oct/2025:03:48:25 +0300 - 0.001 - 0.000] "POST /wp-cron.php?doing_wp_cron=1761439705.0692830085754394531250 HTTP/1.1" 499 0 "-" "WordPress/6.8.3; https://emteko.com/en/" "-"
114.119.132.104 - - [26/Oct/2025:03:48:27 +0300 - 3.111 - 1.160] "GET /en/publications?flt_products=lorde-hyal%3Bnasisoft&flt_doctors=general-practitioner%3Borthopedic-traumatologist%3Botolaryngologist%3Bpediatrician HTTP/1.1" 200 100506 "https://emteko.com/en/publications/?flt_products=artro-patch%3Blorde-hyal%3Bnasisoft&flt_doctors=general-practitioner%3Borthopedic-traumatologist%3Botolaryngologist%3Bpediatrician" "Mozilla/5.0 (Linux; Android 7.0;) AppleWebKit/537.36 (KHTML, like Gecko) Mobile Safari/537.36 (compatible; PetalBot;+https://webmaster.petalsearch.com/site/petalbot)" "-"
47.128.47.190 - - [26/Oct/2025:03:48:43 +0300 - 0.215 - 0.012] "GET /publications/?flt_doctors=infektologs%3Botolaringologs%3Bpediatrs%3Bpulmonologs%3Bterapeits%3Btraumatologs-ortopeds&flt_products=diart-lv HTTP/1.1" 200 95862 "-" "Mozilla/5.0 (compatible; Bytespider; spider-feedback@bytedance.com) AppleWebKit/537.36 (KHTML, like Gecko) Chrome/70.0.0.0 Safari/537.36" "-"
168.119.123.75 - - [26/Oct/2025:03:48:57 +0300 - 0.011 - 0.012] "HEAD / HTTP/1.1" 200 0 "https://emteko.com" "Mozilla/5.0+(compatible; UptimeRobot/2.0; http://www.uptimerobot.com/)" "-"
114.119.134.51 - - [26/Oct/2025:03:49:52 +0300 - 1.607 - 0.016] "GET /en/publications?flt_products=lorde-hyal%3Bnasisoft&flt_doctors=general-practitioner%3Binfectionist%3Borthopedic-traumatologist%3Bpediatrician%3Bpulmonologist HTTP/1.1" 200 100552 "https://emteko.com/en/publications?flt_products=lorde-hyal%3Bnasisoft&flt_doctors=general-practitioner%3Borthopedic-traumatologist%3Bpediatrician%3Bpulmonologist" "Mozilla/5.0 (Linux; Android 7.0;) AppleWebKit/537.36 (KHTML, like Gecko) Mobile Safari/537.36 (compatible; PetalBot;+https://webmaster.petalsearch.com/site/petalbot)" "-"
78.47.173.76 - - [26/Oct/2025:03:50:02 +0300 - 0.017 - 0.016] "HEAD / HTTP/1.1" 200 0 "https://emteko.com" "Mozilla/5.0+(compatible; UptimeRobot/2.0; http://www.uptimerobot.com/)" "-"
78.47.98.55 - - [26/Oct/2025:03:51:07 +0300 - 0.011 - 0.012] "HEAD / HTTP/1.1" 200 0 "https://emteko.com" "Mozilla/5.0+(compatible; UptimeRobot/2.0; http://www.uptimerobot.com/)" "-"
3.77.67.4 - - [26/Oct/2025:03:51:11 +0300 - 0.003 - 0.000] "HEAD / HTTP/1.1" 200 0 "https://emteko.com" "Mozilla/5.0+(compatible; UptimeRobot/2.0; http://www.uptimerobot.com/)" "-"
31.131.20.181 - - [26/Oct/2025:03:51:24 +0300 - 0.000 - 0.000] "POST /wp-cron.php?doing_wp_cron=1761439884.5187358856201171875000 HTTP/1.1" 499 0 "-" "WordPress/6.8.3; https://emteko.com/en/" "-"
114.119.133.35 - - [26/Oct/2025:03:51:27 +0300 - 3.743 - 1.012] "GET /en/publications?flt_products=lorde-hyal%3Bnasisoft&flt_doctors=general-practitioner HTTP/1.1" 200 100345 "https://emteko.com/en/publications/?flt_products=lorde-hyal%3Bnasisoft" "Mozilla/5.0 (Linux; Android 7.0;) AppleWebKit/537.36 (KHTML, like Gecko) Mobile Safari/537.36 (compatible; PetalBot;+https://webmaster.petalsearch.com/site/petalbot)" "-"
31.131.20.181 - - [26/Oct/2025:03:52:10 +0300 - 0.000 - 0.004] "POST /wp-cron.php?doing_wp_cron=1761439930.5482730865478515625000 HTTP/1.1" 499 0 "-" "WordPress/6.8.3; https://emteko.com" "-"
173.252.82.12 - - [26/Oct/2025:03:52:10 +0300 - 1.055 - 1.052] "GET /robots.txt HTTP/1.1" 200 179 "-" "facebookexternalhit/1.1 (+http://www.facebook.com/externalhit_uatext.php)" "-"
49.13.24.81 - - [26/Oct/2025:03:52:12 +0300 - 0.003 - 0.004] "HEAD / HTTP/1.1" 200 0 "https://emteko.com" "Mozilla/5.0+(compatible; UptimeRobot/2.0; http://www.uptimerobot.com/)" "-"
162.240.28.193 - - [26/Oct/2025:03:52:39 +0300 - 0.000 - -] "GET /xmlrpc.php HTTP/1.1" 404 133 "http://emteko.com/xmlrpc.php" "Mozilla/5.0 (X11; Ubuntu; Linux x86_64; rv:85.0) Gecko/20100101 Firefox/91.0" "-"
114.119.133.35 - - [26/Oct/2025:03:52:50 +0300 - 4.279 - 1.276] "GET /en/publications?flt_products=lorde-hyal%3Bnasisoft%3Bokistar-hyal-7&flt_doctors=pulmonologist%3Btherapist HTTP/1.1" 200 81596 "https://emteko.com/en/publications/?flt_products=diart%3Blorde-hyal%3Bnasisoft%3Bokistar-hyal-7&flt_doctors=pulmonologist%3Btherapist" "Mozilla/5.0 (Linux; Android 7.0;) AppleWebKit/537.36 (KHTML, like Gecko) Mobile Safari/537.36 (compatible; PetalBot;+https://webmaster.petalsearch.com/site/petalbot)" "-"
18.193.252.127 - - [26/Oct/2025:03:53:16 +0300 - 0.011 - 0.012] "HEAD / HTTP/1.1" 200 0 "https://emteko.com" "Mozilla/5.0+(compatible; UptimeRobot/2.0; http://www.uptimerobot.com/)" "-"
51.68.247.212 - - [26/Oct/2025:03:53:34 +0300 - 0.013 - 0.012] "GET /sitemap_index.xml HTTP/1.1" 200 354 "-" "Mozilla/5.0 (compatible; AhrefsBot/7.0; +http://ahrefs.com/robot/)" "-"
92.222.104.194 - - [26/Oct/2025:03:53:37 +0300 - 0.003 - 0.004] "GET /page-sitemap.xml HTTP/1.1" 200 601 "-" "Mozilla/5.0 (compatible; AhrefsBot/7.0; +http://ahrefs.com/robot/)" "-"
92.222.108.99 - - [26/Oct/2025:03:53:40 +0300 - 0.003 - 0.004] "GET /products-sitemap.xml HTTP/1.1" 200 563 "-" "Mozilla/5.0 (compatible; AhrefsBot/7.0; +http://ahrefs.com/robot/)" "-"
5.39.109.184 - - [26/Oct/2025:03:53:43 +0300 - 0.003 - 0.004] "GET /publications-sitemap.xml HTTP/1.1" 200 923 "-" "Mozilla/5.0 (compatible; AhrefsBot/7.0; +http://ahrefs.com/robot/)" "-"
54.37.118.89 - - [26/Oct/2025:03:53:46 +0300 - 0.003 - 0.004] "GET /cats-sitemap.xml HTTP/1.1" 200 383 "-" "Mozilla/5.0 (compatible; AhrefsBot/7.0; +http://ahrefs.com/robot/)" "-"
51.68.247.219 - - [26/Oct/2025:03:53:49 +0300 - 0.002 - 0.004] "GET /products-sitemap.xml HTTP/1.1" 200 563 "-" "Mozilla/5.0 (compatible; AhrefsBot/7.0; +http://ahrefs.com/robot/)" "-"
176.31.139.6 - - [26/Oct/2025:03:53:52 +0300 - 0.004 - 0.004] "GET /doctorspecial-sitemap.xml HTTP/1.1" 200 441 "-" "Mozilla/5.0 (compatible; AhrefsBot/7.0; +http://ahrefs.com/robot/)" "-"
114.119.140.113 - - [26/Oct/2025:03:54:15 +0300 - 2.209 - 0.020] "GET /en/publications?flt_products=okistar-hyal-7&flt_doctors=infectionist%3Borthopedic-traumatologist%3Bpediatrician%3Bpulmonologist%3Btherapist HTTP/1.1" 200 99264 "https://emteko.com/en/publications?flt_products=okistar-hyal-7&flt_doctors=general-practitioner%3Binfectionist%3Borthopedic-traumatologist%3Bpediatrician%3Bpulmonologist%3Btherapist" "Mozilla/5.0 (Linux; Android 7.0;) AppleWebKit/537.36 (KHTML, like Gecko) Mobile Safari/537.36 (compatible; PetalBot;+https://webmaster.petalsearch.com/site/petalbot)" "-"
157.90.156.63 - - [26/Oct/2025:03:54:20 +0300 - 0.002 - 0.004] "HEAD / HTTP/1.1" 200 0 "https://emteko.com" "Mozilla/5.0+(compatible; UptimeRobot/2.0; http://www.uptimerobot.com/)" "-"
168.119.123.75 - - [26/Oct/2025:03:55:24 +0300 - 0.013 - 0.012] "HEAD / HTTP/1.1" 200 0 "https://emteko.com" "Mozilla/5.0+(compatible; UptimeRobot/2.0; http://www.uptimerobot.com/)" "-"
114.119.132.202 - - [26/Oct/2025:03:55:50 +0300 - 1.903 - 0.012] "GET /en/publications?flt_products=nasisoft%3Bokistar-hyal-7&flt_doctors=general-practitioner%3Borthopedic-traumatologist HTTP/1.1" 200 99442 "https://emteko.com/en/publications/?flt_products=nasisoft%3Bokistar-hyal-7&flt_doctors=general-practitioner%3Borthopedic-traumatologist%3Btherapist" "Mozilla/5.0 (Linux; Android 7.0;) AppleWebKit/537.36 (KHTML, like Gecko) Mobile Safari/537.36 (compatible; PetalBot;+https://webmaster.petalsearch.com/site/petalbot)" "-"
18.193.252.127 - - [26/Oct/2025:03:56:16 +0300 - 0.011 - 0.008] "HEAD / HTTP/1.1" 200 0 "https://emteko.com" "Mozilla/5.0+(compatible; UptimeRobot/2.0; http://www.uptimerobot.com/)" "-"
3.79.134.69 - - [26/Oct/2025:03:56:28 +0300 - 0.011 - 0.008] "HEAD / HTTP/1.1" 200 0 "https://emteko.com" "Mozilla/5.0+(compatible; UptimeRobot/2.0; http://www.uptimerobot.com/)" "-"
114.119.134.51 - - [26/Oct/2025:03:57:09 +0300 - 1.728 - 0.012] "GET /en/publications?flt_products=lorde-hyal%3Bnasisoft%3Bokistar-hyal-7&flt_doctors=otolaryngologist%3Bpulmonologist%3Btherapist HTTP/1.1" 200 100501 "https://emteko.com/en/publications?flt_products=lorde-hyal%3Bnasisoft%3Bokistar-hyal-7&flt_doctors=otolaryngologist%3Btherapist" "Mozilla/5.0 (Linux; Android 7.0;) AppleWebKit/537.36 (KHTML, like Gecko) Mobile Safari/537.36 (compatible; PetalBot;+https://webmaster.petalsearch.com/site/petalbot)" "-"
157.90.155.240 - - [26/Oct/2025:03:57:32 +0300 - 0.011 - 0.012] "HEAD / HTTP/1.1" 200 0 "https://emteko.com" "Mozilla/5.0+(compatible; UptimeRobot/2.0; http://www.uptimerobot.com/)" "-"
101.26.28.147 - - [26/Oct/2025:03:57:54 +0300 - 0.293 - 0.016] "GET / HTTP/1.1" 200 89415 "https://emteko.com/" "Mozilla/5.0 (Windows NT 6.1; WOW64) AppleWebKit/537.36 (KHTML, like Gecko) Chrome/50.0.2661.102 Safari/537.36" "-"
78.47.173.76 - - [26/Oct/2025:03:58:37 +0300 - 0.012 - 0.012] "HEAD / HTTP/1.1" 200 0 "https://emteko.com" "Mozilla/5.0+(compatible; UptimeRobot/2.0; http://www.uptimerobot.com/)" "-"
31.131.20.181 - - [26/Oct/2025:03:58:54 +0300 - 0.001 - 0.000] "POST /wp-cron.php?doing_wp_cron=1761440334.2763259410858154296875 HTTP/1.1" 499 0 "-" "WordPress/6.8.3; https://emteko.com/en/" "-"
114.119.132.202 - - [26/Oct/2025:03:58:57 +0300 - 4.244 - 1.244] "GET /en/publications?flt_products=lorde-hyal%3Bnasisoft%3Bokistar-hyal-7&flt_doctors=infectionist%3Btherapist HTTP/1.1" 200 81596 "https://emteko.com/en/publications?flt_products=lorde-hyal%3Bokistar-hyal-7&flt_doctors=infectionist%3Btherapist" "Mozilla/5.0 (Linux; Android 7.0;) AppleWebKit/537.36 (KHTML, like Gecko) Mobile Safari/537.36 (compatible; PetalBot;+https://webmaster.petalsearch.com/site/petalbot)" "-"
159.69.158.189 - - [26/Oct/2025:03:59:41 +0300 - 0.011 - 0.012] "HEAD / HTTP/1.1" 200 0 "https://emteko.com" "Mozilla/5.0+(compatible; UptimeRobot/2.0; http://www.uptimerobot.com/)" "-"
31.131.20.181 - - [26/Oct/2025:03:00:23 +0200 - 0.001 - 0.000] "POST /wp-cron.php?doing_wp_cron=1761440423.3152129650115966796875 HTTP/1.1" 499 0 "-" "WordPress/6.8.3; https://emteko.com/en/" "-"
114.119.154.89 - - [26/Oct/2025:03:00:26 +0200 - 4.326 - 1.328] "GET /en/publications?flt_products=lorde-hyal%3Bnasisoft%3Bokistar-hyal-7&flt_doctors=infectionist%3Botolaryngologist%3Bpulmonologist%3Btherapist HTTP/1.1" 200 81596 "https://emteko.com/en/publications?flt_products=nasisoft%3Bokistar-hyal-7&flt_doctors=infectionist%3Botolaryngologist%3Bpulmonologist%3Btherapist" "Mozilla/5.0 (Linux; Android 7.0;) AppleWebKit/537.36 (KHTML, like Gecko) Mobile Safari/537.36 (compatible; PetalBot;+https://webmaster.petalsearch.com/site/petalbot)" "-"
18.193.252.127 - - [26/Oct/2025:03:00:45 +0200 - 0.012 - 0.012] "HEAD / HTTP/1.1" 200 0 "https://emteko.com" "Mozilla/5.0+(compatible; UptimeRobot/2.0; http://www.uptimerobot.com/)" "-"
49.13.134.145 - - [26/Oct/2025:03:01:21 +0200 - 0.030 - 0.032] "HEAD / HTTP/1.1" 200 0 "https://emteko.com" "Mozilla/5.0+(compatible; UptimeRobot/2.0; http://www.uptimerobot.com/)" "-"
31.131.20.181 - - [26/Oct/2025:03:01:31 +0200 - 0.000 - 0.004] "POST /wp-cron.php?doing_wp_cron=1761440491.3607668876647949218750 HTTP/1.1" 499 0 "-" "WordPress/6.8.3; https://emteko.com/en/" "-"
114.119.132.104 - - [26/Oct/2025:03:01:34 +0200 - 4.575 - 1.572] "GET /en/publications?flt_products=lorde-hyal%3Bnasisoft%3Bokistar-hyal-7&flt_doctors=infectionist%3Borthopedic-traumatologist HTTP/1.1" 200 81596 "https://emteko.com/en/publications?flt_products=lorde-hyal%3Bnasisoft%3Bokistar-hyal-7&flt_doctors=orthopedic-traumatologist" "Mozilla/5.0 (Linux; Android 7.0;) AppleWebKit/537.36 (KHTML, like Gecko) Mobile Safari/537.36 (compatible; PetalBot;+https://webmaster.petalsearch.com/site/petalbot)" "-"
157.90.155.240 - - [26/Oct/2025:03:01:49 +0200 - 0.012 - 0.016] "HEAD / HTTP/1.1" 200 0 "https://emteko.com" "Mozilla/5.0+(compatible; UptimeRobot/2.0; http://www.uptimerobot.com/)" "-"
168.119.96.239 - - [26/Oct/2025:03:02:54 +0200 - 0.012 - 0.012] "HEAD / HTTP/1.1" 200 0 "https://emteko.com" "Mozilla/5.0+(compatible; UptimeRobot/2.0; http://www.uptimerobot.com/)" "-"
114.119.133.35 - - [26/Oct/2025:03:03:03 +0200 - 3.001 - 0.004] "GET /en/publications?flt_products=lorde-hyal%3Bnasisoft%3Bokistar-hyal-7&flt_doctors=general-practitioner%3Binfectionist%3Botolaryngologist%3Bpulmonologist%3Btherapist HTTP/1.1" 200 81596 "https://emteko.com/en/publications/?flt_products=artro-patch%3Blorde-hyal%3Bnasisoft%3Bokistar-hyal-7&flt_doctors=general-practitioner%3Binfectionist%3Botolaryngologist%3Bpulmonologist%3Btherapist" "Mozilla/5.0 (Linux; Android 7.0;) AppleWebKit/537.36 (KHTML, like Gecko) Mobile Safari/537.36 (compatible; PetalBot;+https://webmaster.petalsearch.com/site/petalbot)" "-"
168.119.123.75 - - [26/Oct/2025:03:03:58 +0200 - 0.011 - 0.012] "HEAD / HTTP/1.1" 200 0 "https://emteko.com" "Mozilla/5.0+(compatible; UptimeRobot/2.0; http://www.uptimerobot.com/)" "-"
31.131.20.181 - - [26/Oct/2025:03:04:35 +0200 - 0.001 - 0.000] "POST /wp-cron.php?doing_wp_cron=1761440675.4457950592041015625000 HTTP/1.1" 499 0 "-" "WordPress/6.8.3; https://emteko.com/en/" "-"
114.119.154.181 - - [26/Oct/2025:03:04:38 +0200 - 4.005 - 1.004] "GET /en/publications?flt_products=lorde-hyal%3Bnasisoft%3Bokistar-hyal-7&flt_doctors=general-practitioner%3Binfectionist%3Borthopedic-traumatologist%3Bpediatrician%3Bpulmonologist HTTP/1.1" 200 81596 "https://emteko.com/en/publications?flt_products=nasisoft%3Bokistar-hyal-7&flt_doctors=general-practitioner%3Binfectionist%3Borthopedic-traumatologist%3Bpediatrician%3Bpulmonologist" "Mozilla/5.0 (Linux; Android 7.0;) AppleWebKit/537.36 (KHTML, like Gecko) Mobile Safari/537.36 (compatible; PetalBot;+https://webmaster.petalsearch.com/site/petalbot)" "-"
167.235.143.113 - - [26/Oct/2025:03:05:03 +0200 - 0.015 - 0.016] "HEAD / HTTP/1.1" 200 0 "https://emteko.com" "Mozilla/5.0+(compatible; UptimeRobot/2.0; http://www.uptimerobot.com/)" "-"
31.131.20.181 - - [26/Oct/2025:03:05:54 +0200 - 0.001 - 0.000] "POST /wp-cron.php?doing_wp_cron=1761440754.1787190437316894531250 HTTP/1.1" 499 0 "-" "WordPress/6.8.3; https://emteko.com/en/" "-"
114.119.133.35 - - [26/Oct/2025:03:05:54 +0200 - 1.077 - 1.076] "GET /en/publications?flt_products=diart&flt_doctors=infectionist%3Bpediatrician%3Bpulmonologist HTTP/1.1" 200 95608 "https://emteko.com/en/publications?flt_products=diart&flt_doctors=infectionist%3Botolaryngologist%3Bpediatrician%3Bpulmonologist" "Mozilla/5.0 (Linux; Android 7.0;) AppleWebKit/537.36 (KHTML, like Gecko) Mobile Safari/537.36 (compatible; PetalBot;+https://webmaster.petalsearch.com/site/petalbot)" "-"
157.90.155.240 - - [26/Oct/2025:03:06:07 +0200 - 0.011 - 0.012] "HEAD / HTTP/1.1" 200 0 "https://emteko.com" "Mozilla/5.0+(compatible; UptimeRobot/2.0; http://www.uptimerobot.com/)" "-"
63.178.84.147 - - [26/Oct/2025:03:06:25 +0200 - 0.012 - 0.012] "HEAD / HTTP/1.1" 200 0 "https://emteko.com" "Mozilla/5.0+(compatible; UptimeRobot/2.0; http://www.uptimerobot.com/)" "-"
49.13.164.148 - - [26/Oct/2025:03:07:13 +0200 - 0.016 - 0.016] "HEAD / HTTP/1.1" 200 0 "https://emteko.com" "Mozilla/5.0+(compatible; UptimeRobot/2.0; http://www.uptimerobot.com/)" "-"
31.131.20.181 - - [26/Oct/2025:03:07:18 +0200 - 0.000 - 0.000] "POST /wp-cron.php?doing_wp_cron=1761440838.1223680973052978515625 HTTP/1.1" 499 0 "-" "WordPress/6.8.3; https://emteko.com/en/" "-"
114.119.140.113 - - [26/Oct/2025:03:07:18 +0200 - 1.019 - 1.016] "GET /en/publications?flt_products=diart&flt_doctors=infectionist%3Botolaryngologist%3Bpulmonologist%3Btherapist HTTP/1.1" 200 95644 "https://emteko.com/en/publications?flt_products=diart&flt_doctors=infectionist%3Botolaryngologist%3Bpediatrician%3Bpulmonologist%3Btherapist" "Mozilla/5.0 (Linux; Android 7.0;) AppleWebKit/537.36 (KHTML, like Gecko) Mobile Safari/537.36 (compatible; PetalBot;+https://webmaster.petalsearch.com/site/petalbot)" "-"
128.140.106.114 - - [26/Oct/2025:03:08:18 +0200 - 0.011 - 0.008] "HEAD / HTTP/1.1" 200 0 "https://emteko.com" "Mozilla/5.0+(compatible; UptimeRobot/2.0; http://www.uptimerobot.com/)" "-"
114.119.134.51 - - [26/Oct/2025:03:08:59 +0200 - 0.021 - 0.020] "GET /en/publications?flt_products=diart&flt_doctors=general-practitioner%3Bpulmonologist HTTP/1.1" 200 95578 "https://emteko.com/en/publications?flt_products=diart&flt_doctors=general-practitioner%3Binfectionist%3Bpulmonologist" "Mozilla/5.0 (Linux; Android 7.0;) AppleWebKit/537.36 (KHTML, like Gecko) Mobile Safari/537.36 (compatible; PetalBot;+https://webmaster.petalsearch.com/site/petalbot)" "-"
52.59.43.236 - - [26/Oct/2025:03:09:22 +0200 - 0.011 - 0.012] "HEAD / HTTP/1.1" 200 0 "https://emteko.com" "Mozilla/5.0+(compatible; UptimeRobot/2.0; http://www.uptimerobot.com/)" "-"
31.131.20.181 - - [26/Oct/2025:03:10:13 +0200 - 0.002 - 0.000] "POST /wp-cron.php?doing_wp_cron=1761441013.0383279323577880859375 HTTP/1.1" 499 0 "-" "WordPress/6.8.3; https://emteko.com/en/" "-"
114.119.140.113 - - [26/Oct/2025:03:10:16 +0200 - 4.068 - 1.068] "GET /en/publications?flt_products=diart&flt_doctors=general-practitioner%3Borthopedic-traumatologist%3Bpediatrician HTTP/1.1" 200 81596 "https://emteko.com/en/publications?flt_products=diart%3Blorde-hyal&flt_doctors=general-practitioner%3Borthopedic-traumatologist%3Bpediatrician" "Mozilla/5.0 (Linux; Android 7.0;) AppleWebKit/537.36 (KHTML, like Gecko) Mobile Safari/537.36 (compatible; PetalBot;+https://webmaster.petalsearch.com/site/petalbot)" "-"
18.193.252.127 - - [26/Oct/2025:03:10:28 +0200 - 0.014 - 0.016] "HEAD / HTTP/1.1" 200 0 "https://emteko.com" "Mozilla/5.0+(compatible; UptimeRobot/2.0; http://www.uptimerobot.com/)" "-"
145.239.10.137 - - [26/Oct/2025:03:11:17 +0200 - 0.000 - -] "GET /fileaz.php HTTP/1.1" 404 133 "https://emteko.com/fileaz.php" "Mozilla/5.0 (iPhone; CPU iPhone OS 17_5_1 like Mac OS X) AppleWebKit/605.1.15 (KHTML, like Gecko) Version/17.5 Mobile/15E148 Safari/604.1" "-"
145.239.10.137 - - [26/Oct/2025:03:11:20 +0200 - 0.000 - -] "GET /inputs.php HTTP/1.1" 404 133 "https://emteko.com/inputs.php" "Mozilla/5.0 (iPhone; CPU iPhone OS 17_5_1 like Mac OS X) AppleWebKit/605.1.15 (KHTML, like Gecko) Version/17.5 Mobile/15E148 Safari/604.1" "-"
18.193.252.127 - - [26/Oct/2025:03:11:30 +0200 - 0.012 - 0.012] "HEAD / HTTP/1.1" 200 0 "https://emteko.com" "Mozilla/5.0+(compatible; UptimeRobot/2.0; http://www.uptimerobot.com/)" "-"
3.77.67.4 - - [26/Oct/2025:03:11:33 +0200 - 0.003 - 0.004] "HEAD / HTTP/1.1" 200 0 "https://emteko.com" "Mozilla/5.0+(compatible; UptimeRobot/2.0; http://www.uptimerobot.com/)" "-"
114.119.132.104 - - [26/Oct/2025:03:12:07 +0200 - 2.585 - 0.012] "GET /en/publications?flt_products=diart&flt_doctors=general-practitioner%3Borthopedic-traumatologist%3Botolaryngologist%3Bpulmonologist HTTP/1.1" 200 95652 "https://emteko.com/en/publications/?flt_products=diart%3Bnasisoft&flt_doctors=general-practitioner%3Borthopedic-traumatologist%3Botolaryngologist%3Bpulmonologist" "Mozilla/5.0 (Linux; Android 7.0;) AppleWebKit/537.36 (KHTML, like Gecko) Mobile Safari/537.36 (compatible; PetalBot;+https://webmaster.petalsearch.com/site/petalbot)" "-"
31.131.20.181 - - [26/Oct/2025:03:12:35 +0200 - 0.000 - 0.000] "POST /wp-cron.php?doing_wp_cron=1761441155.6116490364074707031250 HTTP/1.1" 499 0 "-" "WordPress/6.8.3; https://emteko.com/en/" "-"
190.5.34.86 - - [26/Oct/2025:03:12:36 +0200 - 1.226 - 0.972] "GET /en/products/diart/ HTTP/1.1" 404 86827 "android-app://com.google.android.googlequicksearchbox/" "Mozilla/5.0 (Linux; Android 10; K) AppleWebKit/537.36 (KHTML, like Gecko) Chrome/141.0.0.0 Mobile Safari/537.36" "-"
103.65.236.113 - - [26/Oct/2025:03:12:36 +0200 - 0.000 - -] "GET /404.php HTTP/1.1" 404 194 "-" "Mozlila/5.0 (Linux; Android 7.0; SM-G892A Bulid/NRD90M; wv) AppleWebKit/537.36 (KHTML, like Gecko) Version/4.0 Chrome/60.0.3112.107 Moblie Safari/537.36" "-"
190.5.34.86 - - [26/Oct/2025:03:12:37 +0200 - 0.000 - -] "GET /wp-content/themes/emteko/fonts/NeoSansPro-Italic.woff HTTP/1.1" 200 82572 "https://emteko.com/en/products/diart/" "Mozilla/5.0 (Linux; Android 10; K) AppleWebKit/537.36 (KHTML, like Gecko) Chrome/141.0.0.0 Mobile Safari/537.36" "-"
