5.39.1.245 - - [26/Oct/2025:05:04:56 +0200 - 0.003 - 0.000] "GET /cats-sitemap.xml HTTP/1.1" 200 383 "-" "Mozilla/5.0 (compatible; AhrefsBot/7.0; +http://ahrefs.com/robot/)" "-"
37.59.204.131 - - [26/Oct/2025:05:04:59 +0200 - 0.002 - 0.000] "GET /products-sitemap.xml HTTP/1.1" 200 563 "-" "Mozilla/5.0 (compatible; AhrefsBot/7.0; +http://ahrefs.com/robot/)" "-"
51.68.247.209 - - [26/Oct/2025:05:05:02 +0200 - 0.048 - 0.048] "GET /doctorspecial-sitemap.xml HTTP/1.1" 200 441 "-" "Mozilla/5.0 (compatible; AhrefsBot/7.0; +http://ahrefs.com/robot/)" "-"
31.131.20.181 - - [26/Oct/2025:05:05:03 +0200 - 0.000 - 0.004] "POST /wp-cron.php?doing_wp_cron=1761447903.0361630916595458984375 HTTP/1.1" 499 0 "-" "WordPress/6.8.3; https://emteko.com/en/" "-"
114.119.136.120 - - [26/Oct/2025:05:05:05 +0200 - 3.156 - 1.528] "GET /en/publications?flt_products=diart%3Blorde-hyal%3Bnasisoft&flt_doctors=orthopedic-traumatologist%3Bpulmonologist%3Btherapist HTTP/1.1" 200 100502 "https://emteko.com/en/publications?flt_products=artro-patch%3Bdiart%3Blorde-hyal%3Bnasisoft&flt_doctors=orthopedic-traumatologist%3Bpulmonologist%3Btherapist" "Mozilla/5.0 (Linux; Android 7.0;) AppleWebKit/537.36 (KHTML, like Gecko) Mobile Safari/537.36 (compatible; PetalBot;+https://webmaster.petalsearch.com/site/petalbot)" "-"
168.119.53.160 - - [26/Oct/2025:05:05:29 +0200 - 0.016 - 0.016] "HEAD / HTTP/1.1" 200 0 "https://emteko.com" "Mozilla/5.0+(compatible; UptimeRobot/2.0; http://www.uptimerobot.com/)" "-"
145.237.3.214 - - [26/Oct/2025:05:06:03 +0200 - 0.043 - 0.020] "GET /en/products/lorde-hyal/ HTTP/1.1" 200 91956 "https://www.google.com/" "Mozilla/5.0 (Windows NT 10.0; Win64; x64) AppleWebKit/537.36 (KHTML, like Gecko) Chrome/140.0.0.0 Safari/537.36 Edg/140.0.0.0" "-"
145.237.3.214 - - [26/Oct/2025:05:06:04 +0200 - 0.000 - -] "GET /wp-content/themes/emteko/fonts/NeoSansPro-Regular.woff HTTP/1.1" 200 75588 "https://emteko.com/en/products/lorde-hyal/" "Mozilla/5.0 (Windows NT 10.0; Win64; x64) AppleWebKit/537.36 (KHTML, like Gecko) Chrome/140.0.0.0 Safari/537.36 Edg/140.0.0.0" "-"
145.237.3.214 - - [26/Oct/2025:05:06:04 +0200 - 0.000 - -] "GET /wp-content/themes/emteko/fonts/NeoSansPro-Medium.woff HTTP/1.1" 200 75064 "https://emteko.com/en/products/lorde-hyal/" "Mozilla/5.0 (Windows NT 10.0; Win64; x64) AppleWebKit/537.36 (KHTML, like Gecko) Chrome/140.0.0.0 Safari/537.36 Edg/140.0.0.0" "-"
145.237.3.214 - - [26/Oct/2025:05:06:04 +0200 - 0.000 - -] "GET /wp-content/themes/emteko/fonts/NeoSansPro-Bold.woff HTTP/1.1" 200 66132 "https://emteko.com/en/products/lorde-hyal/" "Mozilla/5.0 (Windows NT 10.0; Win64; x64) AppleWebKit/537.36 (KHTML, like Gecko) Chrome/140.0.0.0 Safari/537.36 Edg/140.0.0.0" "-"
145.237.3.214 - - [26/Oct/2025:05:06:04 +0200 - 0.022 - -] "GET /wp-content/themes/emteko/font-awesome/webfonts/fa-solid-900.woff2 HTTP/1.1" 200 157192 "https://emteko.com/en/products/lorde-hyal/" "Mozilla/5.0 (Windows NT 10.0; Win64; x64) AppleWebKit/537.36 (KHTML, like Gecko) Chrome/140.0.0.0 Safari/537.36 Edg/140.0.0.0" "-"
145.237.3.214 - - [26/Oct/2025:05:06:04 +0200 - 0.024 - -] "GET /wp-content/themes/emteko/fonts/NeoSansPro-Italic.woff HTTP/1.1" 200 82572 "https://emteko.com/en/products/lorde-hyal/" "Mozilla/5.0 (Windows NT 10.0; Win64; x64) AppleWebKit/537.36 (KHTML, like Gecko) Chrome/140.0.0.0 Safari/537.36 Edg/140.0.0.0" "-"
145.237.3.214 - - [26/Oct/2025:05:06:04 +0200 - 0.023 - -] "GET /wp-content/themes/emteko/font-awesome/webfonts/fa-brands-400.woff2 HTTP/1.1" 200 118072 "https://emteko.com/en/products/lorde-hyal/" "Mozilla/5.0 (Windows NT 10.0; Win64; x64) AppleWebKit/537.36 (KHTML, like Gecko) Chrome/140.0.0.0 Safari/537.36 Edg/140.0.0.0" "-"
145.237.3.214 - - [26/Oct/2025:05:06:04 +0200 - 0.000 - -] "GET /wp-content/uploads/2024/05/2025-10-15-emteko-06247-1024x683.jpg HTTP/1.1" 200 53458 "https://emteko.com/en/products/lorde-hyal/" "Mozilla/5.0 (Windows NT 10.0; Win64; x64) AppleWebKit/537.36 (KHTML, like Gecko) Chrome/140.0.0.0 Safari/537.36 Edg/140.0.0.0" "-"
145.237.3.214 - - [26/Oct/2025:05:06:04 +0200 - 0.000 - -] "GET /wp-content/themes/emteko/images/favs/favicon-32x32.png HTTP/1.1" 200 1655 "https://emteko.com/en/products/lorde-hyal/" "Mozilla/5.0 (Windows NT 10.0; Win64; x64) AppleWebKit/537.36 (KHTML, like Gecko) Chrome/140.0.0.0 Safari/537.36 Edg/140.0.0.0" "-"
145.237.3.214 - - [26/Oct/2025:05:06:05 +0200 - 0.000 - -] "GET /wp-content/themes/emteko/images/favs/site.webmanifest HTTP/1.1" 200 426 "https://emteko.com/en/products/lorde-hyal/" "Mozilla/5.0 (Windows NT 10.0; Win64; x64) AppleWebKit/537.36 (KHTML, like Gecko) Chrome/140.0.0.0 Safari/537.36 Edg/140.0.0.0" "-"
114.119.132.202 - - [26/Oct/2025:05:06:26 +0200 - 1.217 - 0.012] "GET /en/publications?flt_products=diart%3Bnasisoft&flt_doctors=orthopedic-traumatologist%3Botolaryngologist HTTP/1.1" 200 98993 "https://emteko.com/en/publications?flt_products=diart%3Bnasisoft&flt_doctors=orthopedic-traumatologist%3Botolaryngologist%3Btherapist" "Mozilla/5.0 (Linux; Android 7.0;) AppleWebKit/537.36 (KHTML, like Gecko) Mobile Safari/537.36 (compatible; PetalBot;+https://webmaster.petalsearch.com/site/petalbot)" "-"
52.59.43.236 - - [26/Oct/2025:05:06:34 +0200 - 0.003 - 0.000] "HEAD / HTTP/1.1" 200 0 "https://emteko.com" "Mozilla/5.0+(compatible; UptimeRobot/2.0; http://www.uptimerobot.com/)" "-"
49.13.24.81 - - [26/Oct/2025:05:07:39 +0200 - 0.013 - 0.012] "HEAD / HTTP/1.1" 200 0 "https://emteko.com" "Mozilla/5.0+(compatible; UptimeRobot/2.0; http://www.uptimerobot.com/)" "-"
31.131.20.181 - - [26/Oct/2025:05:07:52 +0200 - 0.002 - 0.000] "POST /wp-cron.php?doing_wp_cron=1761448072.5889101028442382812500 HTTP/1.1" 499 0 "-" "WordPress/6.8.3; https://emteko.com/en/" "-"
114.119.154.89 - - [26/Oct/2025:05:07:54 +0200 - 2.776 - 1.080] "GET /en/publications?flt_products=diart%3Bnasisoft&flt_doctors=infectionist%3Borthopedic-traumatologist%3Botolaryngologist%3Bpulmonologist%3Btherapist HTTP/1.1" 200 99124 "https://emteko.com/en/publications?flt_products=diart%3Bnasisoft&flt_doctors=infectionist%3Borthopedic-traumatologist%3Bpulmonologist%3Btherapist" "Mozilla/5.0 (Linux; Android 7.0;) AppleWebKit/537.36 (KHTML, like Gecko) Mobile Safari/537.36 (compatible; PetalBot;+https://webmaster.petalsearch.com/site/petalbot)" "-"
78.47.98.55 - - [26/Oct/2025:05:08:15 +0200 - 0.012 - 0.012] "HEAD / HTTP/1.1" 200 0 "https://emteko.com" "Mozilla/5.0+(compatible; UptimeRobot/2.0; http://www.uptimerobot.com/)" "-"
78.46.190.63 - - [26/Oct/2025:05:08:44 +0200 - 0.011 - 0.008] "HEAD / HTTP/1.1" 200 0 "https://emteko.com" "Mozilla/5.0+(compatible; UptimeRobot/2.0; http://www.uptimerobot.com/)" "-"
31.131.20.181 - - [26/Oct/2025:05:09:22 +0200 - 0.001 - 0.000] "POST /wp-cron.php?doing_wp_cron=1761448162.3920359611511230468750 HTTP/1.1" 499 0 "-" "WordPress/6.8.3; https://emteko.com/en/" "-"
114.119.154.89 - - [26/Oct/2025:05:09:25 +0200 - 3.490 - 1.192] "GET /en/publications?flt_products=diart%3Blorde-hyal%3Bnasisoft&flt_doctors=orthopedic-traumatologist%3Bpediatrician%3Btherapist HTTP/1.1" 200 100501 "https://emteko.com/en/publications/?flt_products=diart%3Blorde-hyal%3Bnasisoft&flt_doctors=orthopedic-traumatologist%3Btherapist" "Mozilla/5.0 (Linux; Android 7.0;) AppleWebKit/537.36 (KHTML, like Gecko) Mobile Safari/537.36 (compatible; PetalBot;+https://webmaster.petalsearch.com/site/petalbot)" "-"
18.193.252.127 - - [26/Oct/2025:05:09:48 +0200 - 0.024 - 0.024] "HEAD / HTTP/1.1" 200 0 "https://emteko.com" "Mozilla/5.0+(compatible; UptimeRobot/2.0; http://www.uptimerobot.com/)" "-"
31.131.20.181 - - [26/Oct/2025:05:10:46 +0200 - 0.000 - 0.000] "POST /wp-cron.php?doing_wp_cron=1761448246.4010820388793945312500 HTTP/1.1" 499 0 "-" "WordPress/6.8.3; https://emteko.com/en/" "-"
114.119.136.120 - - [26/Oct/2025:05:10:48 +0200 - 2.438 - 1.116] "GET /en/publications?flt_products=diart%3Blorde-hyal%3Bnasisoft&flt_doctors=orthopedic-traumatologist%3Botolaryngologist%3Bpulmonologist%3Btherapist HTTP/1.1" 200 100544 "https://emteko.com/en/publications?flt_products=artro-patch%3Bdiart%3Blorde-hyal%3Bnasisoft&flt_doctors=orthopedic-traumatologist%3Botolaryngologist%3Bpulmonologist%3Btherapist" "Mozilla/5.0 (Linux; Android 7.0;) AppleWebKit/537.36 (KHTML, like Gecko) Mobile Safari/537.36 (compatible; PetalBot;+https://webmaster.petalsearch.com/site/petalbot)" "-"
49.13.130.29 - - [26/Oct/2025:05:10:53 +0200 - 0.003 - 0.000] "HEAD / HTTP/1.1" 200 0 "https://emteko.com" "Mozilla/5.0+(compatible; UptimeRobot/2.0; http://www.uptimerobot.com/)" "-"
47.128.16.211 - - [26/Oct/2025:05:11:30 +0200 - 0.193 - 0.016] "GET /publications/?flt_products=diart-lv;nasisoft-lv&flt_doctors=gimenes-arsts;infektologs;traumatologs-ortopeds HTTP/1.1" 200 99357 "-" "Mozilla/5.0 (compatible; Bytespider; spider-feedback@bytedance.com) AppleWebKit/537.36 (KHTML, like Gecko) Chrome/70.0.0.0 Safari/537.36" "-"
168.119.123.75 - - [26/Oct/2025:05:11:58 +0200 - 0.011 - 0.012] "HEAD / HTTP/1.1" 200 0 "https://emteko.com" "Mozilla/5.0+(compatible; UptimeRobot/2.0; http://www.uptimerobot.com/)" "-"
31.131.20.181 - - [26/Oct/2025:05:12:16 +0200 - 0.001 - 0.000] "POST /wp-cron.php?doing_wp_cron=1761448336.0903189182281494140625 HTTP/1.1" 499 0 "-" "WordPress/6.8.3; https://emteko.com/en/" "-"
114.119.133.35 - - [26/Oct/2025:05:12:17 +0200 - 2.651 - 1.052] "GET /en/publications?flt_products=diart%3Blorde-hyal%3Bnasisoft&flt_doctors=orthopedic-traumatologist%3Botolaryngologist%3Bpulmonologist HTTP/1.1" 200 100506 "https://emteko.com/en/publications?flt_products=diart%3Blorde-hyal%3Bnasisoft&flt_doctors=orthopedic-traumatologist%3Botolaryngologist%3Bpediatrician%3Bpulmonologist" "Mozilla/5.0 (Linux; Android 7.0;) AppleWebKit/537.36 (KHTML, like Gecko) Mobile Safari/537.36 (compatible; PetalBot;+https://webmaster.petalsearch.com/site/petalbot)" "-"
45.148.10.165 - - [26/Oct/2025:05:12:28 +0200 - 3.003 - 3.004] "GET /.git/ HTTP/1.1" 499 0 "-" "Mozilla/5.0 (X11; Linux x86_64)" "-"
45.148.10.165 - - [26/Oct/2025:05:12:29 +0200 - 2.770 - 2.772] "GET /.git/ HTTP/1.1" 499 0 "https://www.emteko.com/.git/" "Mozilla/5.0 (X11; Linux x86_64)" "-"
43.173.182.70 - - [26/Oct/2025:05:12:45 +0200 - 0.017 - 0.016] "GET /en/doctorspecial/general-practitioner/?flt_products=diart HTTP/1.1" 200 95166 "-" "Mozilla/5.0 (Windows NT 6.1; Win64; x64) AppleWebKit/537.36 (KHTML, like Gecko) Chrome/126.0.6478.114 Safari/537.36" "-"
18.193.252.127 - - [26/Oct/2025:05:13:02 +0200 - 0.031 - 0.032] "HEAD / HTTP/1.1" 200 0 "https://emteko.com" "Mozilla/5.0+(compatible; UptimeRobot/2.0; http://www.uptimerobot.com/)" "-"
3.77.67.4 - - [26/Oct/2025:05:13:20 +0200 - 0.011 - 0.012] "HEAD / HTTP/1.1" 200 0 "https://emteko.com" "Mozilla/5.0+(compatible; UptimeRobot/2.0; http://www.uptimerobot.com/)" "-"
114.119.133.35 - - [26/Oct/2025:05:13:42 +0200 - 1.637 - 0.016] "GET /en/publications?flt_products=diart%3Blorde-hyal%3Bnasisoft&flt_doctors=orthopedic-traumatologist%3Botolaryngologist%3Bpediatrician%3Btherapist HTTP/1.1" 200 100545 "https://emteko.com/en/publications?flt_products=diart%3Blorde-hyal&flt_doctors=orthopedic-traumatologist%3Botolaryngologist%3Bpediatrician%3Btherapist" "Mozilla/5.0 (Linux; Android 7.0;) AppleWebKit/537.36 (KHTML, like Gecko) Mobile Safari/537.36 (compatible; PetalBot;+https://webmaster.petalsearch.com/site/petalbot)" "-"
40.77.167.12 - - [26/Oct/2025:05:13:58 +0200 - 0.015 - 0.016] "GET /doctorspecial/pulmonologs/?flt_products=artro-patch-lv HTTP/1.1" 200 95281 "-" "Mozilla/5.0 AppleWebKit/537.36 (KHTML, like Gecko; compatible; bingbot/2.0; +http://www.bing.com/bingbot.htm) Chrome/116.0.1938.76 Safari/537.36" "-"
159.69.158.189 - - [26/Oct/2025:05:14:07 +0200 - 0.002 - 0.004] "HEAD / HTTP/1.1" 200 0 "https://emteko.com" "Mozilla/5.0+(compatible; UptimeRobot/2.0; http://www.uptimerobot.com/)" "-"
31.131.20.181 - - [26/Oct/2025:05:15:10 +0200 - 0.001 - 0.000] "POST /wp-cron.php?doing_wp_cron=1761448510.3110840320587158203125 HTTP/1.1" 499 0 "-" "WordPress/6.8.3; https://emteko.com/en/" "-"
78.47.173.76 - - [26/Oct/2025:05:15:10 +0200 - 0.003 - 0.004] "HEAD / HTTP/1.1" 200 0 "https://emteko.com" "Mozilla/5.0+(compatible; UptimeRobot/2.0; http://www.uptimerobot.com/)" "-"
114.119.154.181 - - [26/Oct/2025:05:15:12 +0200 - 3.166 - 1.308] "GET /en/publications?flt_products=diart%3Blorde-hyal%3Bnasisoft&flt_doctors=orthopedic-traumatologist%3Botolaryngologist%3Bpediatrician%3Bpulmonologist%3Btherapist HTTP/1.1" 200 100590 "https://emteko.com/en/publications?flt_products=diart%3Blorde-hyal%3Bnasisoft&flt_doctors=infectionist%3Borthopedic-traumatologist%3Botolaryngologist%3Bpediatrician%3Bpulmonologist%3Btherapist" "Mozilla/5.0 (Linux; Android 7.0;) AppleWebKit/537.36 (KHTML, like Gecko) Mobile Safari/537.36 (compatible; PetalBot;+https://webmaster.petalsearch.com/site/petalbot)" "-"
78.47.98.55 - - [26/Oct/2025:05:16:15 +0200 - 0.011 - 0.012] "HEAD / HTTP/1.1" 200 0 "https://emteko.com" "Mozilla/5.0+(compatible; UptimeRobot/2.0; http://www.uptimerobot.com/)" "-"
114.119.134.51 - - [26/Oct/2025:05:16:37 +0200 - 1.776 - 0.020] "GET /en/publications?flt_products=diart%3Blorde-hyal%3Bnasisoft&flt_doctors=orthopedic-traumatologist%3Botolaryngologist%3Bpediatrician%3Bpulmonologist HTTP/1.1" 200 100544 "https://emteko.com/en/publications?flt_products=diart%3Blorde-hyal%3Bnasisoft&flt_doctors=orthopedic-traumatologist%3Botolaryngologist%3Bpediatrician%3Bpulmonologist" "Mozilla/5.0 (Linux; Android 7.0;) AppleWebKit/537.36 (KHTML, like Gecko) Mobile Safari/537.36 (compatible; PetalBot;+https://webmaster.petalsearch.com/site/petalbot)" "-"
78.46.215.1 - - [26/Oct/2025:05:17:21 +0200 - 0.012 - 0.008] "HEAD / HTTP/1.1" 200 0 "https://emteko.com" "Mozilla/5.0+(compatible; UptimeRobot/2.0; http://www.uptimerobot.com/)" "-"
31.131.20.181 - - [26/Oct/2025:05:18:07 +0200 - 0.001 - 0.000] "POST /wp-cron.php?doing_wp_cron=1761448687.9111080169677734375000 HTTP/1.1" 499 0 "-" "WordPress/6.8.3; https://emteko.com/en/" "-"
114.119.136.120 - - [26/Oct/2025:05:18:11 +0200 - 4.111 - 1.112] "GET /en/publications?flt_products=diart%3Blorde-hyal%3Bnasisoft&flt_doctors=infectionist%3Bpulmonologist%3Btherapist HTTP/1.1" 200 81596 "https://emteko.com/en/publications?flt_products=lorde-hyal%3Bnasisoft&flt_doctors=infectionist%3Bpulmonologist%3Btherapist" "Mozilla/5.0 (Linux; Android 7.0;) AppleWebKit/537.36 (KHTML, like Gecko) Mobile Safari/537.36 (compatible; PetalBot;+https://webmaster.petalsearch.com/site/petalbot)" "-"
128.140.41.193 - - [26/Oct/2025:05:18:25 +0200 - 0.013 - 0.016] "HEAD / HTTP/1.1" 200 0 "https://emteko.com" "Mozilla/5.0+(compatible; UptimeRobot/2.0; http://www.uptimerobot.com/)" "-"
3.79.134.69 - - [26/Oct/2025:05:18:26 +0200 - 0.002 - 0.004] "HEAD / HTTP/1.1" 200 0 "https://emteko.com" "Mozilla/5.0+(compatible; UptimeRobot/2.0; http://www.uptimerobot.com/)" "-"
31.131.20.181 - - [26/Oct/2025:05:19:11 +0200 - 0.001 - 0.000] "POST /wp-cron.php?doing_wp_cron=1761448751.2244739532470703125000 HTTP/1.1" 499 0 "-" "WordPress/6.8.3; https://emteko.com/en/" "-"
43.173.179.195 - - [26/Oct/2025:05:19:11 +0200 - 0.991 - 0.988] "GET /en/products/artro-patch/ HTTP/1.1" 404 86818 "-" "Mozilla/5.0 (Windows NT 10.0; Win64; x64) AppleWebKit/537.36 (KHTML, like Gecko) Chrome/103.0.0.0 Safari/537.36" "-"
168.119.96.239 - - [26/Oct/2025:05:19:31 +0200 - 0.003 - 0.000] "HEAD / HTTP/1.1" 200 0 "https://emteko.com" "Mozilla/5.0+(compatible; UptimeRobot/2.0; http://www.uptimerobot.com/)" "-"
114.119.136.120 - - [26/Oct/2025:05:19:31 +0200 - 3.324 - 0.984] "GET /en/publications?flt_products=diart%3Blorde-hyal%3Bnasisoft&flt_doctors=infectionist%3Bpediatrician%3Btherapist HTTP/1.1" 200 100495 "https://emteko.com/en/publications?flt_products=diart%3Blorde-hyal%3Bnasisoft&flt_doctors=infectionist%3Botolaryngologist%3Bpediatrician%3Btherapist" "Mozilla/5.0 (Linux; Android 7.0;) AppleWebKit/537.36 (KHTML, like Gecko) Mobile Safari/537.36 (compatible; PetalBot;+https://webmaster.petalsearch.com/site/petalbot)" "-"
190.62.85.254 - - [26/Oct/2025:05:19:51 +0200 - 1.027 - 0.864] "GET /en/products/artro-patch/ HTTP/1.1" 404 86818 "-" "Mozilla/5.0 (Windows NT 10.0; Win64; x64) AppleWebKit/537.36 (KHTML, like Gecko) Chrome/129.0.0.0 Safari/537.36" "-"
168.119.53.160 - - [26/Oct/2025:05:20:36 +0200 - 0.017 - 0.016] "HEAD / HTTP/1.1" 200 0 "https://emteko.com" "Mozilla/5.0+(compatible; UptimeRobot/2.0; http://www.uptimerobot.com/)" "-"
31.131.20.181 - - [26/Oct/2025:05:20:53 +0200 - 0.001 - 0.000] "POST /wp-cron.php?doing_wp_cron=1761448853.4482979774475097656250 HTTP/1.1" 499 0 "-" "WordPress/6.8.3; https://emteko.com" "-"
188.239.40.62 - - [26/Oct/2025:05:20:53 +0200 - 1.093 - 1.092] "GET /publications/?flt_products=nasisoft-lv;okistar-hyal-7-lv&flt_doctors=gimenes-arsts;terapeits HTTP/1.1" 200 99831 "https://emteko.com/publications/?flt_products=nasisoft-lv;okistar-hyal-7-lv&flt_doctors=gimenes-arsts;terapeits" "Mozilla/5.0 (Windows NT 10.0; Win64; x64) AppleWebKit/537.36 (KHTML, like Gecko) Chrome/101.0.4951.64 Safari/537.36 Edg/101.0.1210.47" "-"
114.119.136.120 - - [26/Oct/2025:05:20:57 +0200 - 1.923 - 0.988] "GET /en/publications?flt_products=diart%3Blorde-hyal%3Bnasisoft&flt_doctors=infectionist%3Botolaryngologist%3Btherapist HTTP/1.1" 200 100494 "https://emteko.com/en/publications/?flt_products=diart%3Blorde-hyal%3Bnasisoft&flt_doctors=otolaryngologist%3Btherapist" "Mozilla/5.0 (Linux; Android 7.0;) AppleWebKit/537.36 (KHTML, like Gecko) Mobile Safari/537.36 (compatible; PetalBot;+https://webmaster.petalsearch.com/site/petalbot)" "-"
142.132.180.39 - - [26/Oct/2025:05:21:41 +0200 - 0.013 - 0.012] "HEAD / HTTP/1.1" 200 0 "https://emteko.com" "Mozilla/5.0+(compatible; UptimeRobot/2.0; http://www.uptimerobot.com/)" "-"
114.119.154.89 - - [26/Oct/2025:05:22:25 +0200 - 1.388 - 0.024] "GET /en/publications?flt_products=diart%3Blorde-hyal%3Bnasisoft&flt_doctors=infectionist%3Botolaryngologist%3Bpulmonologist%3Btherapist HTTP/1.1" 200 100537 "https://emteko.com/en/publications?flt_products=diart%3Blorde-hyal%3Bnasisoft&flt_doctors=infectionist%3Botolaryngologist%3Bpulmonologist%3Btherapist" "Mozilla/5.0 (Linux; Android 7.0;) AppleWebKit/537.36 (KHTML, like Gecko) Mobile Safari/537.36 (compatible; PetalBot;+https://webmaster.petalsearch.com/site/petalbot)" "-"
52.59.43.236 - - [26/Oct/2025:05:22:45 +0200 - 0.011 - 0.012] "HEAD / HTTP/1.1" 200 0 "https://emteko.com" "Mozilla/5.0+(compatible; UptimeRobot/2.0; http://www.uptimerobot.com/)" "-"
142.132.180.39 - - [26/Oct/2025:05:23:29 +0200 - 0.025 - 0.024] "HEAD / HTTP/1.1" 200 0 "https://emteko.com" "Mozilla/5.0+(compatible; UptimeRobot/2.0; http://www.uptimerobot.com/)" "-"
78.46.215.1 - - [26/Oct/2025:05:23:49 +0200 - 0.013 - 0.012] "HEAD / HTTP/1.1" 200 0 "https://emteko.com" "Mozilla/5.0+(compatible; UptimeRobot/2.0; http://www.uptimerobot.com/)" "-"
31.131.20.181 - - [26/Oct/2025:05:23:51 +0200 - 0.000 - 0.000] "POST /wp-cron.php?doing_wp_cron=1761449031.1312410831451416015625 HTTP/1.1" 499 0 "-" "WordPress/6.8.3; https://emteko.com/en/" "-"
114.119.134.51 - - [26/Oct/2025:05:23:52 +0200 - 2.457 - 1.024] "GET /en/publications?flt_products=diart%3Blorde-hyal%3Bnasisoft&flt_doctors=infectionist%3Botolaryngologist%3Bpulmonologist HTTP/1.1" 200 100500 "https://emteko.com/en/publications?flt_products=diart%3Blorde-hyal%3Bnasisoft&flt_doctors=infectionist%3Botolaryngologist%3Bpulmonologist%3Btherapist" "Mozilla/5.0 (Linux; Android 7.0;) AppleWebKit/537.36 (KHTML, like Gecko) Mobile Safari/537.36 (compatible; PetalBot;+https://webmaster.petalsearch.com/site/petalbot)" "-"
191.233.194.44 - - [26/Oct/2025:05:24:29 +0200 - 0.049 - 0.048] "GET /en/products/nasisoft/ HTTP/1.1" 200 91617 "-" "Mozilla/5.0 AppleWebKit/537.36 (KHTML, like Gecko); compatible; ChatGPT-User/1.0; +https://openai.com/bot" "-"
191.233.194.33 - - [26/Oct/2025:05:24:30 +0200 - 0.002 - 0.004] "GET / HTTP/1.1" 200 89415 "-" "Mozilla/5.0 AppleWebKit/537.36 (KHTML, like Gecko); compatible; ChatGPT-User/1.0; +https://openai.com/bot" "-"
185.139.137.26 - - [26/Oct/2025:05:24:35 +0200 - 0.000 - -] "GET /wp-content/uploads/2024/05/nasisof_pack-1.webp HTTP/1.1" 200 21052 "-" "ChatGPT/1.2025.283 (Android 15; 23129RAA4G; build 2528003)" "-"
49.13.24.81 - - [26/Oct/2025:05:24:53 +0200 - 0.012 - 0.012] "HEAD / HTTP/1.1" 200 0 "https://emteko.com" "Mozilla/5.0+(compatible; UptimeRobot/2.0; http://www.uptimerobot.com/)" "-"
31.131.20.181 - - [26/Oct/2025:05:25:20 +0200 - 0.000 - 0.000] "POST /wp-cron.php?doing_wp_cron=1761449120.9174931049346923828125 HTTP/1.1" 499 0 "-" "WordPress/6.8.3; https://emteko.com/en/" "-"
114.119.154.89 - - [26/Oct/2025:05:25:23 +0200 - 3.030 - 1.040] "GET /en/publications?flt_products=diart%3Blorde-hyal%3Bnasisoft&flt_doctors=infectionist%3Borthopedic-traumatologist%3Bpulmonologist%3Btherapist HTTP/1.1" 200 100538 "https://emteko.com/en/publications?flt_products=diart%3Blorde-hyal%3Bnasisoft&flt_doctors=infectionist%3Borthopedic-traumatologist%3Btherapist" "Mozilla/5.0 (Linux; Android 7.0;) AppleWebKit/537.36 (KHTML, like Gecko) Mobile Safari/537.36 (compatible; PetalBot;+https://webmaster.petalsearch.com/site/petalbot)" "-"
49.13.164.148 - - [26/Oct/2025:05:25:57 +0200 - 0.012 - 0.012] "HEAD / HTTP/1.1" 200 0 "https://emteko.com" "Mozilla/5.0+(compatible; UptimeRobot/2.0; http://www.uptimerobot.com/)" "-"
31.131.20.181 - - [26/Oct/2025:05:26:48 +0200 - 0.000 - 0.000] "POST /wp-cron.php?doing_wp_cron=1761449208.5904610157012939453125 HTTP/1.1" 499 0 "-" "WordPress/6.8.3; https://emteko.com/en/" "-"
114.119.132.104 - - [26/Oct/2025:05:26:51 +0200 - 3.920 - 0.981] "GET /en/publications?flt_products=diart%3Blorde-hyal%3Bnasisoft&flt_doctors=infectionist%3Borthopedic-traumatologist%3Bpulmonologist HTTP/1.1" 200 100502 "https://emteko.com/en/publications?flt_products=diart%3Blorde-hyal%3Bnasisoft&flt_doctors=orthopedic-traumatologist%3Bpulmonologist" "Mozilla/5.0 (Linux; Android 7.0;) AppleWebKit/537.36 (KHTML, like Gecko) Mobile Safari/537.36 (compatible; PetalBot;+https://webmaster.petalsearch.com/site/petalbot)" "-"
18.192.166.72 - - [26/Oct/2025:05:27:01 +0200 - 0.017 - 0.016] "HEAD / HTTP/1.1" 200 0 "https://emteko.com" "Mozilla/5.0+(compatible; UptimeRobot/2.0; http://www.uptimerobot.com/)" "-"
49.13.130.29 - - [26/Oct/2025:05:28:06 +0200 - 0.011 - 0.012] "HEAD / HTTP/1.1" 200 0 "https://emteko.com" "Mozilla/5.0+(compatible; UptimeRobot/2.0; http://www.uptimerobot.com/)" "-"
31.131.20.181 - - [26/Oct/2025:05:28:17 +0200 - 0.001 - 0.000] "POST /wp-cron.php?doing_wp_cron=1761449297.3496549129486083984375 HTTP/1.1" 499 0 "-" "WordPress/6.8.3; https://emteko.com/en/" "-"
114.119.133.35 - - [26/Oct/2025:05:28:20 +0200 - 4.045 - 1.040] "GET /en/publications?flt_products=diart%3Blorde-hyal%3Bnasisoft&flt_doctors=infectionist%3Borthopedic-traumatologist%3Bpediatrician%3Bpulmonologist HTTP/1.1" 200 81596 "https://emteko.com/en/publications/?flt_products=lorde-hyal%3Bnasisoft&flt_doctors=infectionist%3Borthopedic-traumatologist%3Bpediatrician%3Bpulmonologist" "Mozilla/5.0 (Linux; Android 7.0;) AppleWebKit/537.36 (KHTML, like Gecko) Mobile Safari/537.36 (compatible; PetalBot;+https://webmaster.petalsearch.com/site/petalbot)" "-"
49.13.134.145 - - [26/Oct/2025:05:28:34 +0200 - 0.011 - 0.012] "HEAD / HTTP/1.1" 200 0 "https://emteko.com" "Mozilla/5.0+(compatible; UptimeRobot/2.0; http://www.uptimerobot.com/)" "-"
157.90.155.240 - - [26/Oct/2025:05:29:11 +0200 - 0.035 - 0.036] "HEAD / HTTP/1.1" 200 0 "https://emteko.com" "Mozilla/5.0+(compatible; UptimeRobot/2.0; http://www.uptimerobot.com/)" "-"
31.131.20.181 - - [26/Oct/2025:05:29:41 +0200 - 0.001 - 0.000] "POST /wp-cron.php?doing_wp_cron=1761449381.6817729473114013671875 HTTP/1.1" 499 0 "-" "WordPress/6.8.3; https://emteko.com/en/" "-"
114.119.132.104 - - [26/Oct/2025:05:29:45 +0200 - 5.355 - 2.356] "GET /en/publications?flt_products=okistar-hyal-7&flt_doctors=therapist HTTP/1.1" 200 81596 "https://emteko.com/en/publications?flt_products=okistar-hyal-7" "Mozilla/5.0 (Linux; Android 7.0;) AppleWebKit/537.36 (KHTML, like Gecko) Mobile Safari/537.36 (compatible; PetalBot;+https://webmaster.petalsearch.com/site/petalbot)" "-"
52.28.162.93 - - [26/Oct/2025:05:30:15 +0200 - 0.016 - 0.016] "HEAD / HTTP/1.1" 200 0 "https://emteko.com" "Mozilla/5.0+(compatible; UptimeRobot/2.0; http://www.uptimerobot.com/)" "-"
31.131.20.181 - - [26/Oct/2025:05:31:08 +0200 - 0.001 - 0.000] "POST /wp-cron.php?doing_wp_cron=1761449468.1336131095886230468750 HTTP/1.1" 499 0 "-" "WordPress/6.8.3; https://emteko.com/en/" "-"
114.119.132.104 - - [26/Oct/2025:05:31:10 +0200 - 3.350 - 1.692] "GET /en/publications?flt_products=okistar-hyal-7&flt_doctors=pulmonologist HTTP/1.1" 200 99015 "https://emteko.com/en/publications/?flt_products=lorde-hyal%3Bokistar-hyal-7&flt_doctors=pulmonologist" "Mozilla/5.0 (Linux; Android 7.0;) AppleWebKit/537.36 (KHTML, like Gecko) Mobile Safari/537.36 (compatible; PetalBot;+https://webmaster.petalsearch.com/site/petalbot)" "-"
157.90.155.240 - - [26/Oct/2025:05:31:21 +0200 - 0.011 - 0.012] "HEAD / HTTP/1.1" 200 0 "https://emteko.com" "Mozilla/5.0+(compatible; UptimeRobot/2.0; http://www.uptimerobot.com/)" "-"
168.119.53.160 - - [26/Oct/2025:05:32:25 +0200 - 0.013 - 0.012] "HEAD / HTTP/1.1" 200 0 "https://emteko.com" "Mozilla/5.0+(compatible; UptimeRobot/2.0; http://www.uptimerobot.com/)" "-"
114.119.132.104 - - [26/Oct/2025:05:32:39 +0200 - 2.089 - 0.020] "GET /en/publications?flt_products=okistar-hyal-7&flt_doctors=infectionist%3Borthopedic-traumatologist%3Bpediatrician%3Bpulmonologist%3Btherapist HTTP/1.1" 200 99264 "https://emteko.com/en/publications?flt_products=okistar-hyal-7&flt_doctors=general-practitioner%3Binfectionist%3Borthopedic-traumatologist%3Bpediatrician%3Bpulmonologist%3Btherapist" "Mozilla/5.0 (Linux; Android 7.0;) AppleWebKit/537.36 (KHTML, like Gecko) Mobile Safari/537.36 (compatible; PetalBot;+https://webmaster.petalsearch.com/site/petalbot)" "-"
5.39.109.188 - - [26/Oct/2025:05:32:42 +0200 - 0.002 - 0.000] "GET / HTTP/1.1" 200 89415 "-" "Mozilla/5.0 (compatible; AhrefsBot/7.0; +http://ahrefs.com/robot/)" "-"
18.193.252.127 - - [26/Oct/2025:05:33:29 +0200 - 0.012 - 0.016] "HEAD / HTTP/1.1" 200 0 "https://emteko.com" "Mozilla/5.0+(compatible; UptimeRobot/2.0; http://www.uptimerobot.com/)" "-"
78.46.190.63 - - [26/Oct/2025:05:33:38 +0200 - 0.002 - 0.000] "HEAD / HTTP/1.1" 200 0 "https://emteko.com" "Mozilla/5.0+(compatible; UptimeRobot/2.0; http://www.uptimerobot.com/)" "-"
31.131.20.181 - - [26/Oct/2025:05:34:06 +0200 - 0.000 - 0.000] "POST /wp-cron.php?doing_wp_cron=1761449646.4910190105438232421875 HTTP/1.1" 499 0 "-" "WordPress/6.8.3; https://emteko.com/en/" "-"
114.119.134.51 - - [26/Oct/2025:05:34:08 +0200 - 2.884 - 1.160] "GET /en/publications?flt_products=okistar-hyal-7&flt_doctors=infectionist%3Borthopedic-traumatologist%3Bpediatrician HTTP/1.1" 200 99177 "https://emteko.com/en/publications?flt_products=okistar-hyal-7&flt_doctors=general-practitioner%3Binfectionist%3Borthopedic-traumatologist%3Bpediatrician" "Mozilla/5.0 (Linux; Android 7.0;) AppleWebKit/537.36 (KHTML, like Gecko) Mobile Safari/537.36 (compatible; PetalBot;+https://webmaster.petalsearch.com/site/petalbot)" "-"
168.119.53.160 - - [26/Oct/2025:05:34:33 +0200 - 0.016 - 0.016] "HEAD / HTTP/1.1" 200 0 "https://emteko.com" "Mozilla/5.0+(compatible; UptimeRobot/2.0; http://www.uptimerobot.com/)" "-"
43.173.174.121 - - [26/Oct/2025:05:35:00 +0200 - 0.961 - 0.964] "GET /en/?p=110 HTTP/1.1" 301 5 "-" "Mozilla/5.0 (Windows NT 10.0; Win64; x64) AppleWebKit/537.36 (KHTML, like Gecko) Chrome/116.0.0.0 Safari/537.36" "-"
43.173.174.121 - - [26/Oct/2025:05:35:01 +0200 - 0.011 - 0.008] "GET /en/publications/prophylaxis-of-influenza-and-acute-respiratory-viral-disease-arvd-during-the-cold-season/ HTTP/1.1" 200 91530 "https://emteko.com/en/?p=110" "Mozilla/5.0 (Windows NT 10.0; Win64; x64) AppleWebKit/537.36 (KHTML, like Gecko) Chrome/116.0.0.0 Safari/537.36" "-"
31.131.20.181 - - [26/Oct/2025:05:35:32 +0200 - 0.000 - 0.000] "POST /wp-cron.php?doing_wp_cron=1761449731.9977231025695800781250 HTTP/1.1" 499 0 "-" "WordPress/6.8.3; https://emteko.com/en/" "-"
114.119.140.113 - - [26/Oct/2025:05:35:35 +0200 - 4.171 - 1.168] "GET /en/publications?flt_products=okistar-hyal-7&flt_doctors=general-practitioner%3Binfectionist%3Bpulmonologist%3Btherapist HTTP/1.1" 200 81596 "https://emteko.com/en/publications?flt_products=okistar-hyal-7&flt_doctors=general-practitioner%3Bpulmonologist%3Btherapist" "Mozilla/5.0 (Linux; Android 7.0;) AppleWebKit/537.36 (KHTML, like Gecko) Mobile Safari/537.36 (compatible; PetalBot;+https://webmaster.petalsearch.com/site/petalbot)" "-"
18.193.252.127 - - [26/Oct/2025:05:35:37 +0200 - 0.003 - 0.004] "HEAD / HTTP/1.1" 200 0 "https://emteko.com" "Mozilla/5.0+(compatible; UptimeRobot/2.0; http://www.uptimerobot.com/)" "-"
52.59.43.236 - - [26/Oct/2025:05:36:41 +0200 - 0.024 - 0.024] "HEAD / HTTP/1.1" 200 0 "https://emteko.com" "Mozilla/5.0+(compatible; UptimeRobot/2.0; http://www.uptimerobot.com/)" "-"
31.131.20.181 - - [26/Oct/2025:05:36:42 +0200 - 0.001 - 0.000] "POST /wp-cron.php?doing_wp_cron=1761449802.3644270896911621093750 HTTP/1.1" 499 0 "-" "WordPress/6.8.3; https://emteko.com/en/" "-"
207.46.13.64 - - [26/Oct/2025:05:36:43 +0200 - 1.755 - 1.756] "GET /en/doctorspecial/pediatrician/?flt_products=artro-patch;lorde-hyal&flt_doctors=infectionist;orthopedic-traumatologist HTTP/1.1" 200 99851 "-" "Mozilla/5.0 AppleWebKit/537.36 (KHTML, like Gecko; compatible; bingbot/2.0; +http://www.bing.com/bingbot.htm) Chrome/116.0.1938.76 Safari/537.36" "-"
114.119.132.202 - - [26/Oct/2025:05:36:58 +0200 - 2.437 - 0.932] "GET /en/publications?flt_products=nasisoft&flt_doctors=otolaryngologist%3Bpulmonologist%3Btherapist HTTP/1.1" 200 98989 "https://emteko.com/en/publications?flt_products=nasisoft&flt_doctors=general-practitioner%3Botolaryngologist%3Bpulmonologist%3Btherapist" "Mozilla/5.0 (Linux; Android 7.0;) AppleWebKit/537.36 (KHTML, like Gecko) Mobile Safari/537.36 (compatible; PetalBot;+https://webmaster.petalsearch.com/site/petalbot)" "-"
31.131.20.181 - - [26/Oct/2025:05:37:08 +0200 - 0.001 - 0.000] "POST /wp-cron.php?doing_wp_cron=1761449828.3140990734100341796875 HTTP/1.1" 499 0 "-" "WordPress/6.8.3; https://emteko.com" "-"
216.73.216.131 - - [26/Oct/2025:05:37:08 +0200 - 0.807 - 0.808] "GET /robots.txt HTTP/1.1" 200 132 "-" "Mozilla/5.0 AppleWebKit/537.36 (KHTML, like Gecko; compatible; ClaudeBot/1.0; +claudebot@anthropic.com)" "-"
18.192.166.72 - - [26/Oct/2025:05:37:46 +0200 - 0.027 - 0.028] "HEAD / HTTP/1.1" 200 0 "https://emteko.com" "Mozilla/5.0+(compatible; UptimeRobot/2.0; http://www.uptimerobot.com/)" "-"
114.119.136.120 - - [26/Oct/2025:05:38:24 +0200 - 1.297 - 0.016] "GET /en/publications?flt_products=nasisoft&flt_doctors=orthopedic-traumatologist%3Bpediatrician HTTP/1.1" 200 98928 "https://emteko.com/en/publications/?flt_products=nasisoft&flt_doctors=orthopedic-traumatologist%3Bpediatrician%3Bpulmonologist" "Mozilla/5.0 (Linux; Android 7.0;) AppleWebKit/537.36 (KHTML, like Gecko) Mobile Safari/537.36 (compatible; PetalBot;+https://webmaster.petalsearch.com/site/petalbot)" "-"
3.77.67.4 - - [26/Oct/2025:05:38:43 +0200 - 0.013 - 0.012] "HEAD / HTTP/1.1" 200 0 "https://emteko.com" "Mozilla/5.0+(compatible; UptimeRobot/2.0; http://www.uptimerobot.com/)" "-"
49.13.134.145 - - [26/Oct/2025:05:38:50 +0200 - 0.003 - 0.004] "HEAD / HTTP/1.1" 200 0 "https://emteko.com" "Mozilla/5.0+(compatible; UptimeRobot/2.0; http://www.uptimerobot.com/)" "-"
66.249.66.162 - - [26/Oct/2025:05:39:47 +0200 - 0.017 - 0.016] "GET /contact-us/ HTTP/1.1" 200 89519 "-" "Mozilla/5.0 (Linux; Android 6.0.1; Nexus 5X Build/MMB29P) AppleWebKit/537.36 (KHTML, like Gecko) Chrome/141.0.7390.122 Mobile Safari/537.36 (compatible; Googlebot/2.1; +http://www.google.com/bot.html)" "-"
31.131.20.181 - - [26/Oct/2025:05:39:50 +0200 - 0.000 - 0.000] "POST /wp-cron.php?doing_wp_cron=1761449990.9457149505615234375000 HTTP/1.1" 499 0 "-" "WordPress/6.8.3; https://emteko.com/en/" "-"
66.249.66.161 - - [26/Oct/2025:05:39:51 +0200 - 1.121 - 1.120] "GET /wp-json/contact-form-7/v1/contact-forms/367/refill HTTP/1.1" 200 33 "https://emteko.com/contact-us/" "Mozilla/5.0 (Linux; Android 6.0.1; Nexus 5X Build/MMB29P) AppleWebKit/537.36 (KHTML, like Gecko) Chrome/140.0.7339.207 Mobile Safari/537.36 (compatible; Googlebot/2.1; +http://www.google.com/bot.html)" "-"
114.119.154.89 - - [26/Oct/2025:05:39:53 +0200 - 3.326 - 1.680] "GET /en/publications?flt_products=nasisoft&flt_doctors=orthopedic-traumatologist%3Botolaryngologist%3Bpulmonologist%3Btherapist HTTP/1.1" 200 99045 "https://emteko.com/en/publications?flt_products=nasisoft&flt_doctors=infectionist%3Borthopedic-traumatologist%3Botolaryngologist%3Bpulmonologist%3Btherapist" "Mozilla/5.0 (Linux; Android 7.0;) AppleWebKit/537.36 (KHTML, like Gecko) Mobile Safari/537.36 (compatible; PetalBot;+https://webmaster.petalsearch.com/site/petalbot)" "-"
49.13.134.145 - - [26/Oct/2025:05:39:54 +0200 - 0.002 - 0.004] "HEAD / HTTP/1.1" 200 0 "https://emteko.com" "Mozilla/5.0+(compatible; UptimeRobot/2.0; http://www.uptimerobot.com/)" "-"
20.77.178.249 - - [26/Oct/2025:05:40:13 +0200 - 0.033 - 0.032] "GET /en/products/lorde-hyal/ HTTP/1.1" 200 91956 "-" "Mozilla/5.0 AppleWebKit/537.36 (KHTML, like Gecko); compatible; ChatGPT-User/1.0; +https://openai.com/bot" "-"
20.77.178.255 - - [26/Oct/2025:05:40:13 +0200 - 0.002 - 0.000] "GET / HTTP/1.1" 200 89415 "-" "Mozilla/5.0 AppleWebKit/537.36 (KHTML, like Gecko); compatible; ChatGPT-User/1.0; +https://openai.com/bot" "-"
49.13.130.29 - - [26/Oct/2025:05:40:59 +0200 - 0.022 - 0.020] "HEAD / HTTP/1.1" 200 0 "https://emteko.com" "Mozilla/5.0+(compatible; UptimeRobot/2.0; http://www.uptimerobot.com/)" "-"
31.131.20.181 - - [26/Oct/2025:05:41:17 +0200 - 0.002 - 0.004] "POST /wp-cron.php?doing_wp_cron=1761450077.2938189506530761718750 HTTP/1.1" 499 0 "-" "WordPress/6.8.3; https://emteko.com/en/" "-"
114.119.132.202 - - [26/Oct/2025:05:41:18 +0200 - 1.965 - 1.064] "GET /en/publications?flt_products=nasisoft&flt_doctors=infectionist%3Bpulmonologist HTTP/1.1" 200 98916 "https://emteko.com/en/publications?flt_products=nasisoft&flt_doctors=infectionist" "Mozilla/5.0 (Linux; Android 7.0;) AppleWebKit/537.36 (KHTML, like Gecko) Mobile Safari/537.36 (compatible; PetalBot;+https://webmaster.petalsearch.com/site/petalbot)" "-"
20.77.178.252 - - [26/Oct/2025:05:41:38 +0200 - 0.070 - 0.072] "GET /en/publications/allergic-rhinitis-nasal-blockage/ HTTP/1.1" 200 91423 "-" "Mozilla/5.0 AppleWebKit/537.36 (KHTML, like Gecko); compatible; ChatGPT-User/1.0; +https://openai.com/bot" "-"
18.192.166.72 - - [26/Oct/2025:05:42:04 +0200 - 0.012 - 0.012] "HEAD / HTTP/1.1" 200 0 "https://emteko.com" "Mozilla/5.0+(compatible; UptimeRobot/2.0; http://www.uptimerobot.com/)" "-"
31.131.20.181 - - [26/Oct/2025:05:42:50 +0200 - 0.001 - 0.000] "POST /wp-cron.php?doing_wp_cron=1761450170.5916469097137451171875 HTTP/1.1" 499 0 "-" "WordPress/6.8.3; https://emteko.com/en/" "-"
114.119.136.120 - - [26/Oct/2025:05:42:52 +0200 - 2.772 - 1.104] "GET /en/publications?flt_products=nasisoft&flt_doctors=infectionist%3Borthopedic-traumatologist%3Bpediatrician%3Bpulmonologist%3Btherapist HTTP/1.1" 200 99086 "https://emteko.com/en/publications?flt_products=nasisoft&flt_doctors=infectionist%3Bpediatrician%3Bpulmonologist%3Btherapist" "Mozilla/5.0 (Linux; Android 7.0;) AppleWebKit/537.36 (KHTML, like Gecko) Mobile Safari/537.36 (compatible; PetalBot;+https://webmaster.petalsearch.com/site/petalbot)" "-"
18.193.252.127 - - [26/Oct/2025:05:43:09 +0200 - 0.012 - 0.012] "HEAD / HTTP/1.1" 200 0 "https://emteko.com" "Mozilla/5.0+(compatible; UptimeRobot/2.0; http://www.uptimerobot.com/)" "-"
18.192.166.72 - - [26/Oct/2025:05:43:47 +0200 - 0.016 - 0.016] "HEAD / HTTP/1.1" 200 0 "https://emteko.com" "Mozilla/5.0+(compatible; UptimeRobot/2.0; http://www.uptimerobot.com/)" "-"
78.47.98.55 - - [26/Oct/2025:05:44:14 +0200 - 0.002 - 0.004] "HEAD / HTTP/1.1" 200 0 "https://emteko.com" "Mozilla/5.0+(compatible; UptimeRobot/2.0; http://www.uptimerobot.com/)" "-"
114.119.140.113 - - [26/Oct/2025:05:44:14 +0200 - 3.015 - 0.016] "GET /en/publications?flt_products=nasisoft&flt_doctors=infectionist%3Borthopedic-traumatologist%3Botolaryngologist%3Bpediatrician%3Bpulmonologist%3Btherapist HTTP/1.1" 200 81596 "https://emteko.com/en/publications?flt_products=nasisoft%3Bokistar-hyal-7&flt_doctors=infectionist%3Borthopedic-traumatologist%3Botolaryngologist%3Bpediatrician%3Bpulmonologist%3Btherapist" "Mozilla/5.0 (Linux; Android 7.0;) AppleWebKit/537.36 (KHTML, like Gecko) Mobile Safari/537.36 (compatible; PetalBot;+https://webmaster.petalsearch.com/site/petalbot)" "-"
159.69.158.189 - - [26/Oct/2025:05:45:18 +0200 - 0.012 - 0.012] "HEAD / HTTP/1.1" 200 0 "https://emteko.com" "Mozilla/5.0+(compatible; UptimeRobot/2.0; http://www.uptimerobot.com/)" "-"
31.131.20.181 - - [26/Oct/2025:05:45:40 +0200 - 0.001 - 0.000] "POST /wp-cron.php?doing_wp_cron=1761450340.6273100376129150390625 HTTP/1.1" 499 0 "-" "WordPress/6.8.3; https://emteko.com/en/" "-"
114.119.134.51 - - [26/Oct/2025:05:45:42 +0200 - 3.050 - 1.728] "GET /en/publications?flt_products=nasisoft&flt_doctors=infectionist%3Borthopedic-traumatologist%3Botolaryngologist HTTP/1.1" 200 98993 "https://emteko.com/en/publications?flt_products=nasisoft%3Bokistar-hyal-7&flt_doctors=infectionist%3Borthopedic-traumatologist%3Botolaryngologist" "Mozilla/5.0 (Linux; Android 7.0;) AppleWebKit/537.36 (KHTML, like Gecko) Mobile Safari/537.36 (compatible; PetalBot;+https://webmaster.petalsearch.com/site/petalbot)" "-"
3.77.67.4 - - [26/Oct/2025:05:46:21 +0200 - 0.021 - 0.020] "HEAD / HTTP/1.1" 200 0 "https://emteko.com" "Mozilla/5.0+(compatible; UptimeRobot/2.0; http://www.uptimerobot.com/)" "-"
31.131.20.181 - - [26/Oct/2025:05:47:05 +0200 - 0.000 - 0.000] "POST /wp-cron.php?doing_wp_cron=1761450425.8678059577941894531250 HTTP/1.1" 499 0 "-" "WordPress/6.8.3; https://emteko.com/en/" "-"
114.119.134.51 - - [26/Oct/2025:05:47:07 +0200 - 2.355 - 1.024] "GET /en/publications?flt_products=nasisoft&flt_doctors=general-practitioner%3Borthopedic-traumatologist%3Botolaryngologist%3Btherapist HTTP/1.1" 200 99037 "https://emteko.com/en/publications?flt_products=nasisoft&flt_doctors=general-practitioner%3Borthopedic-traumatologist%3Btherapist" "Mozilla/5.0 (Linux; Android 7.0;) AppleWebKit/537.36 (KHTML, like Gecko) Mobile Safari/537.36 (compatible; PetalBot;+https://webmaster.petalsearch.com/site/petalbot)" "-"
49.13.134.145 - - [26/Oct/2025:05:47:26 +0200 - 0.016 - 0.016] "HEAD / HTTP/1.1" 200 0 "https://emteko.com" "Mozilla/5.0+(compatible; UptimeRobot/2.0; http://www.uptimerobot.com/)" "-"
18.192.166.72 - - [26/Oct/2025:05:48:30 +0200 - 0.011 - 0.012] "HEAD / HTTP/1.1" 200 0 "https://emteko.com" "Mozilla/5.0+(compatible; UptimeRobot/2.0; http://www.uptimerobot.com/)" "-"
31.131.20.181 - - [26/Oct/2025:05:48:33 +0200 - 0.002 - 0.004] "POST /wp-cron.php?doing_wp_cron=1761450513.6434109210968017578125 HTTP/1.1" 499 0 "-" "WordPress/6.8.3; https://emteko.com/en/" "-"
114.119.154.181 - - [26/Oct/2025:05:48:35 +0200 - 2.736 - 1.816] "GET /en/publications?flt_products=nasisoft&flt_doctors=general-practitioner%3Borthopedic-traumatologist%3Botolaryngologist HTTP/1.1" 200 98994 "https://emteko.com/en/publications/?flt_products=nasisoft%3Bokistar-hyal-7&flt_doctors=general-practitioner%3Borthopedic-traumatologist%3Botolaryngologist" "Mozilla/5.0 (Linux; Android 7.0;) AppleWebKit/537.36 (KHTML, like Gecko) Mobile Safari/537.36 (compatible; PetalBot;+https://webmaster.petalsearch.com/site/petalbot)" "-"
167.235.143.113 - - [26/Oct/2025:05:48:51 +0200 - 0.013 - 0.012] "HEAD / HTTP/1.1" 200 0 "https://emteko.com" "Mozilla/5.0+(compatible; UptimeRobot/2.0; http://www.uptimerobot.com/)" "-"
3.77.67.4 - - [26/Oct/2025:05:49:34 +0200 - 0.027 - 0.028] "HEAD / HTTP/1.1" 200 0 "https://emteko.com" "Mozilla/5.0+(compatible; UptimeRobot/2.0; http://www.uptimerobot.com/)" "-"
31.13.115.112 - - [26/Oct/2025:05:49:35 +0200 - 0.150 - 0.004] "GET / HTTP/1.1" 200 532356 "-" "facebookexternalhit/1.1 (+http://www.facebook.com/externalhit_uatext.php)" "-"
31.13.115.113 - - [26/Oct/2025:05:49:35 +0200 - 0.164 - 0.012] "GET / HTTP/1.1" 200 532356 "-" "facebookexternalhit/1.1 (+http://www.facebook.com/externalhit_uatext.php)" "-"
31.131.20.181 - - [26/Oct/2025:05:49:36 +0200 - 0.001 - 0.000] "POST /wp-cron.php?doing_wp_cron=1761450576.2564189434051513671875 HTTP/1.1" 499 0 "-" "WordPress/6.8.3; https://emteko.com" "-"
31.13.115.1 - - [26/Oct/2025:05:49:36 +0200 - 1.147 - 1.016] "GET /meta.json HTTP/1.1" 404 515272 "-" "facebookexternalhit/1.1 (+http://www.facebook.com/externalhit_uatext.php)" "-"
40.69.66.178 - - [26/Oct/2025:05:49:43 +0200 - 0.000 - -] "GET /wp-content/plugins/hellopress/wp_filemanager.php HTTP/1.1" 404 173 "-" "-" "-"
40.69.66.178 - - [26/Oct/2025:05:49:43 +0200 - 0.000 - -] "GET /atomlib.php HTTP/1.1" 404 173 "-" "-" "-"
40.69.66.178 - - [26/Oct/2025:05:49:43 +0200 - 0.000 - -] "GET /a.php HTTP/1.1" 404 173 "-" "-" "-"
40.69.66.178 - - [26/Oct/2025:05:49:43 +0200 - 0.000 - -] "GET /v.php HTTP/1.1" 404 173 "-" "-" "-"
40.69.66.178 - - [26/Oct/2025:05:49:43 +0200 - 0.000 - -] "GET /d2.php HTTP/1.1" 404 173 "-" "-" "-"
40.69.66.178 - - [26/Oct/2025:05:49:43 +0200 - 0.000 - -] "GET /xc.php HTTP/1.1" 404 173 "-" "-" "-"
40.69.66.178 - - [26/Oct/2025:05:49:43 +0200 - 0.000 - -] "GET /g.php HTTP/1.1" 404 173 "-" "-" "-"
40.69.66.178 - - [26/Oct/2025:05:49:43 +0200 - 0.000 - -] "GET /gmo.php HTTP/1.1" 404 173 "-" "-" "-"
40.69.66.178 - - [26/Oct/2025:05:49:43 +0200 - 0.000 - -] "GET /11.php HTTP/1.1" 404 173 "-" "-" "-"
40.69.66.178 - - [26/Oct/2025:05:49:43 +0200 - 0.000 - -] "GET /20.php HTTP/1.1" 404 173 "-" "-" "-"
40.69.66.178 - - [26/Oct/2025:05:49:43 +0200 - 0.000 - -] "GET /f35.php HTTP/1.1" 404 173 "-" "-" "-"
40.69.66.178 - - [26/Oct/2025:05:49:43 +0200 - 0.000 - -] "GET /1.php HTTP/1.1" 404 173 "-" "-" "-"
40.69.66.178 - - [26/Oct/2025:05:49:43 +0200 - 0.000 - -] "GET /c.php HTTP/1.1" 404 173 "-" "-" "-"
40.69.66.178 - - [26/Oct/2025:05:49:43 +0200 - 0.000 - -] "GET /build.php HTTP/1.1" 404 173 "-" "-" "-"
40.69.66.178 - - [26/Oct/2025:05:49:43 +0200 - 0.000 - -] "GET /bless.php HTTP/1.1" 404 173 "-" "-" "-"
40.69.66.178 - - [26/Oct/2025:05:49:43 +0200 - 0.000 - -] "GET /admin/upload/css.php HTTP/1.1" 404 173 "-" "-" "-"
40.69.66.178 - - [26/Oct/2025:05:49:43 +0200 - 0.000 - -] "GET /lock360.php HTTP/1.1" 404 173 "-" "-" "-"
40.69.66.178 - - [26/Oct/2025:05:49:43 +0200 - 0.000 - -] "GET /4.php?p= HTTP/1.1" 404 173 "-" "-" "-"
40.69.66.178 - - [26/Oct/2025:05:49:43 +0200 - 0.000 - -] "GET /about.php HTTP/1.1" 404 173 "-" "-" "-"
40.69.66.178 - - [26/Oct/2025:05:49:43 +0200 - 0.000 - -] "GET /r.php HTTP/1.1" 404 173 "-" "-" "-"
40.69.66.178 - - [26/Oct/2025:05:49:43 +0200 - 0.000 - -] "GET /v4.php HTTP/1.1" 404 173 "-" "-" "-"
40.69.66.178 - - [26/Oct/2025:05:49:43 +0200 - 0.000 - -] "GET /wp-22.php HTTP/1.1" 404 173 "-" "-" "-"
40.69.66.178 - - [26/Oct/2025:05:49:44 +0200 - 0.000 - -] "GET /makeasmtp.php?p= HTTP/1.1" 404 173 "-" "-" "-"
40.69.66.178 - - [26/Oct/2025:05:49:44 +0200 - 0.000 - -] "GET /system_log.php HTTP/1.1" 404 173 "-" "-" "-"
40.69.66.178 - - [26/Oct/2025:05:49:44 +0200 - 0.000 - -] "GET /NewFile.php HTTP/1.1" 404 173 "-" "-" "-"
40.69.66.178 - - [26/Oct/2025:05:49:44 +0200 - 0.000 - -] "GET /t.php?p= HTTP/1.1" 404 173 "-" "-" "-"
40.69.66.178 - - [26/Oct/2025:05:49:44 +0200 - 0.000 - -] "GET /ee.php HTTP/1.1" 404 173 "-" "-" "-"
40.69.66.178 - - [26/Oct/2025:05:49:44 +0200 - 0.000 - -] "GET /2.php HTTP/1.1" 404 173 "-" "-" "-"
40.69.66.178 - - [26/Oct/2025:05:49:44 +0200 - 0.000 - -] "GET //gmo.php HTTP/1.1" 404 173 "-" "-" "-"
40.69.66.178 - - [26/Oct/2025:05:49:44 +0200 - 0.000 - -] "GET /6.php HTTP/1.1" 404 173 "-" "-" "-"
40.69.66.178 - - [26/Oct/2025:05:49:44 +0200 - 0.000 - -] "GET /12.php HTTP/1.1" 404 173 "-" "-" "-"
40.69.66.178 - - [26/Oct/2025:05:49:44 +0200 - 0.000 - -] "GET /0.php HTTP/1.1" 404 173 "-" "-" "-"
40.69.66.178 - - [26/Oct/2025:05:49:44 +0200 - 0.000 - -] "GET /wp-admin/css/wp-conflg.php?p= HTTP/1.1" 404 173 "-" "-" "-"
40.69.66.178 - - [26/Oct/2025:05:49:44 +0200 - 0.000 - -] "GET /wp-includes/js/codemirror/index.php HTTP/1.1" 404 173 "-" "-" "-"
40.69.66.178 - - [26/Oct/2025:05:49:44 +0200 - 0.000 - -] "GET /02.php HTTP/1.1" 404 173 "-" "-" "-"
40.69.66.178 - - [26/Oct/2025:05:49:44 +0200 - 0.000 - -] "GET /w.php HTTP/1.1" 404 173 "-" "-" "-"
40.69.66.178 - - [26/Oct/2025:05:49:44 +0200 - 0.000 - -] "GET /go.php?p= HTTP/1.1" 404 173 "-" "-" "-"
40.69.66.178 - - [26/Oct/2025:05:49:45 +0200 - 0.834 - 0.780] "GET /public_html HTTP/1.1" 404 515272 "-" "-" "-"
40.69.66.178 - - [26/Oct/2025:05:49:45 +0200 - 0.000 - -] "GET /r.php HTTP/1.1" 404 173 "-" "-" "-"
40.69.66.178 - - [26/Oct/2025:05:49:45 +0200 - 0.000 - -] "GET /ee.php HTTP/1.1" 404 173 "-" "-" "-"
40.69.66.178 - - [26/Oct/2025:05:49:45 +0200 - 0.000 - -] "GET /an.php HTTP/1.1" 404 173 "-" "-" "-"
40.69.66.178 - - [26/Oct/2025:05:49:45 +0200 - 0.000 - -] "GET /wp.php HTTP/1.1" 404 173 "-" "-" "-"
40.69.66.178 - - [26/Oct/2025:05:49:45 +0200 - 0.000 - -] "GET /wp-content/plugins/TOPXOH/wDR.php HTTP/1.1" 404 173 "-" "-" "-"
40.69.66.178 - - [26/Oct/2025:05:49:45 +0200 - 0.000 - -] "GET /admin.php HTTP/1.1" 404 173 "-" "-" "-"
40.69.66.178 - - [26/Oct/2025:05:49:45 +0200 - 0.000 - -] "GET /admin.php HTTP/1.1" 404 173 "-" "-" "-"
40.69.66.178 - - [26/Oct/2025:05:49:45 +0200 - 0.000 - -] "GET /wp-includes/Text/Diff/Engine/about.php HTTP/1.1" 404 173 "-" "-" "-"
40.69.66.178 - - [26/Oct/2025:05:49:45 +0200 - 0.000 - -] "GET /index/function.php HTTP/1.1" 404 173 "-" "-" "-"
40.69.66.178 - - [26/Oct/2025:05:49:45 +0200 - 0.000 - -] "GET /wp-includes/ID3/rk2.php HTTP/1.1" 404 173 "-" "-" "-"
40.69.66.178 - - [26/Oct/2025:05:49:45 +0200 - 0.000 - -] "GET /license.php HTTP/1.1" 404 173 "-" "-" "-"
40.69.66.178 - - [26/Oct/2025:05:49:45 +0200 - 0.000 - -] "GET /radio.php HTTP/1.1" 404 173 "-" "-" "-"
40.69.66.178 - - [26/Oct/2025:05:49:45 +0200 - 0.000 - -] "GET /info.php HTTP/1.1" 404 173 "-" "-" "-"
40.69.66.178 - - [26/Oct/2025:05:49:45 +0200 - 0.000 - -] "GET /alfanew.php HTTP/1.1" 404 173 "-" "-" "-"
40.69.66.178 - - [26/Oct/2025:05:49:45 +0200 - 0.000 - -] "GET /inputs.php HTTP/1.1" 404 173 "-" "-" "-"
40.69.66.178 - - [26/Oct/2025:05:49:45 +0200 - 0.000 - -] "GET /admin/function.php HTTP/1.1" 404 173 "-" "-" "-"
40.69.66.178 - - [26/Oct/2025:05:49:45 +0200 - 0.000 - -] "GET /wp-includes/assets/index.php HTTP/1.1" 404 173 "-" "-" "-"
40.69.66.178 - - [26/Oct/2025:05:49:46 +0200 - 0.000 - -] "GET /wp-admin/images/index.php HTTP/1.1" 404 173 "-" "-" "-"
40.69.66.178 - - [26/Oct/2025:05:49:46 +0200 - 0.000 - -] "GET /default.php HTTP/1.1" 404 173 "-" "-" "-"
40.69.66.178 - - [26/Oct/2025:05:49:46 +0200 - 0.000 - -] "GET /lv.php HTTP/1.1" 404 173 "-" "-" "-"
40.69.66.178 - - [26/Oct/2025:05:49:46 +0200 - 0.000 - -] "GET /wp-content/themes/wp-pridmag/init.php HTTP/1.1" 404 173 "-" "-" "-"
40.69.66.178 - - [26/Oct/2025:05:49:46 +0200 - 0.000 - -] "GET /marijuana.php HTTP/1.1" 404 173 "-" "-" "-"
40.69.66.178 - - [26/Oct/2025:05:49:46 +0200 - 0.000 - -] "GET /wp-includes/autoload_classmap.php HTTP/1.1" 404 173 "-" "-" "-"
40.69.66.178 - - [26/Oct/2025:05:49:46 +0200 - 0.000 - -] "GET /wp-content/403.php HTTP/1.1" 404 173 "-" "-" "-"
40.69.66.178 - - [26/Oct/2025:05:49:46 +0200 - 0.000 - -] "GET /css/colors/coffee/index.php HTTP/1.1" 404 173 "-" "-" "-"
40.69.66.178 - - [26/Oct/2025:05:49:46 +0200 - 0.000 - -] "GET /css.php HTTP/1.1" 404 173 "-" "-" "-"
40.69.66.178 - - [26/Oct/2025:05:49:47 +0200 - 1.571 - 1.572] "GET /wp-admin/user/about.php HTTP/1.1" 302 5 "-" "-" "-"
40.69.66.178 - - [26/Oct/2025:05:49:48 +0200 - 0.799 - 0.800] "GET /wp-login.php?redirect_to=https%3A%2F%2Femteko.com%2Fwp-admin%2Fuser%2Fabout.php&reauth=1 HTTP/1.1" 403 6980 "-" "-" "-"
40.69.66.178 - - [26/Oct/2025:05:49:48 +0200 - 0.000 - -] "GET /about.php HTTP/1.1" 404 173 "-" "-" "-"
40.69.66.178 - - [26/Oct/2025:05:49:48 +0200 - 0.000 - -] "GET /1.php? HTTP/1.1" 404 173 "-" "-" "-"
40.69.66.178 - - [26/Oct/2025:05:49:48 +0200 - 0.000 - -] "GET /marijuana.php? HTTP/1.1" 404 173 "-" "-" "-"
40.69.66.178 - - [26/Oct/2025:05:49:48 +0200 - 0.000 - -] "GET /about/function.php? HTTP/1.1" 404 173 "-" "-" "-"
40.69.66.178 - - [26/Oct/2025:05:49:48 +0200 - 0.000 - -] "GET /simple.php HTTP/1.1" 404 173 "-" "-" "-"
40.69.66.178 - - [26/Oct/2025:05:49:48 +0200 - 0.000 - -] "GET /goat1.php HTTP/1.1" 404 173 "-" "-" "-"
40.69.66.178 - - [26/Oct/2025:05:49:48 +0200 - 0.000 - -] "GET /chosen.php? HTTP/1.1" 404 173 "-" "-" "-"
40.69.66.178 - - [26/Oct/2025:05:49:49 +0200 - 0.001 - 0.004] "GET /wp-cron.php? HTTP/1.1" 200 5 "-" "-" "-"
40.69.66.178 - - [26/Oct/2025:05:49:49 +0200 - 0.000 - -] "GET /yanz.php HTTP/1.1" 404 173 "-" "-" "-"
40.69.66.178 - - [26/Oct/2025:05:49:49 +0200 - 0.000 - -] "GET /config.php? HTTP/1.1" 404 173 "-" "-" "-"
40.69.66.178 - - [26/Oct/2025:05:49:49 +0200 - 0.000 - -] "GET /network.php HTTP/1.1" 404 173 "-" "-" "-"
40.69.66.178 - - [26/Oct/2025:05:49:49 +0200 - 0.000 - -] "GET /wp-2019.php? HTTP/1.1" 404 173 "-" "-" "-"
40.69.66.178 - - [26/Oct/2025:05:49:49 +0200 - 0.000 - -] "GET /bypass.php HTTP/1.1" 404 173 "-" "-" "-"
40.69.66.178 - - [26/Oct/2025:05:49:49 +0200 - 0.000 - -] "GET /wp-includes/IXR/admin.php HTTP/1.1" 404 173 "-" "-" "-"
40.69.66.178 - - [26/Oct/2025:05:49:49 +0200 - 0.000 - -] "GET /wp-includes/theme-compat/wp-login.php HTTP/1.1" 404 173 "-" "-" "-"
40.69.66.178 - - [26/Oct/2025:05:49:49 +0200 - 0.000 - -] "GET /tiny.php?p= HTTP/1.1" 404 173 "-" "-" "-"
40.69.66.178 - - [26/Oct/2025:05:49:49 +0200 - 0.000 - -] "GET /lock.php HTTP/1.1" 404 173 "-" "-" "-"
40.69.66.178 - - [26/Oct/2025:05:49:49 +0200 - 0.000 - -] "GET /mail.php? HTTP/1.1" 404 173 "-" "-" "-"
40.69.66.178 - - [26/Oct/2025:05:49:49 +0200 - 0.000 - -] "GET /wp-includes/system_log.php? HTTP/1.1" 404 173 "-" "-" "-"
40.69.66.178 - - [26/Oct/2025:05:49:49 +0200 - 0.000 - -] "GET /file.php? HTTP/1.1" 404 173 "-" "-" "-"
