31.131.20.181 - - [27/Oct/2025:03:05:10 +0200 - 0.001 - 0.000] "POST /wp-cron.php?doing_wp_cron=1761527110.8690500259399414062500 HTTP/1.1" 499 0 "-" "WordPress/6.8.3; https://emteko.com/en/" "-"
114.119.132.202 - - [27/Oct/2025:03:05:12 +0200 - 2.135 - 1.156] "GET /en/publications?flt_products=lorde-hyal&flt_doctors=infectionist%3Botolaryngologist HTTP/1.1" 200 99964 "https://emteko.com/en/publications?flt_products=lorde-hyal&flt_doctors=infectionist%3Botolaryngologist%3Btherapist" "Mozilla/5.0 (Linux; Android 7.0;) AppleWebKit/537.36 (KHTML, like Gecko) Mobile Safari/537.36 (compatible; PetalBot;+https://webmaster.petalsearch.com/site/petalbot)" "-"
142.132.180.39 - - [27/Oct/2025:03:05:21 +0200 - 0.003 - 0.000] "HEAD / HTTP/1.1" 200 0 "https://emteko.com" "Mozilla/5.0+(compatible; UptimeRobot/2.0; http://www.uptimerobot.com/)" "-"
172.96.89.68 - - [27/Oct/2025:03:06:03 +0200 - 0.863 - 0.864] "GET /en/privacy-policy HTTP/1.1" 301 5 "-" "Mozilla/5.0 (X11; Linux x86_64) AppleWebKit/537.36 (KHTML, like Gecko) Chrome/140.0.0.0 Safari/537.36" "-"
172.96.89.68 - - [27/Oct/2025:03:06:04 +0200 - 0.171 - 0.004] "GET /en/privacy-policy/ HTTP/1.1" 200 94517 "-" "Mozilla/5.0 (X11; Linux x86_64) AppleWebKit/537.36 (KHTML, like Gecko) Chrome/140.0.0.0 Safari/537.36" "-"
172.96.89.68 - - [27/Oct/2025:03:06:06 +0200 - 0.000 - -] "GET /wp-content/themes/emteko/fonts/NeoSansPro-Regular.woff HTTP/1.1" 200 75588 "https://emteko.com/en/privacy-policy/" "Mozilla/5.0 (X11; Linux x86_64) AppleWebKit/537.36 (KHTML, like Gecko) Chrome/140.0.0.0 Safari/537.36" "-"
172.96.89.68 - - [27/Oct/2025:03:06:06 +0200 - 0.000 - -] "GET /wp-content/themes/emteko/fonts/NeoSansPro-Medium.woff HTTP/1.1" 200 75064 "https://emteko.com/en/privacy-policy/" "Mozilla/5.0 (X11; Linux x86_64) AppleWebKit/537.36 (KHTML, like Gecko) Chrome/140.0.0.0 Safari/537.36" "-"
172.96.89.68 - - [27/Oct/2025:03:06:06 +0200 - 0.000 - -] "GET /wp-content/themes/emteko/fonts/NeoSansPro-Italic.woff HTTP/1.1" 200 82572 "https://emteko.com/en/privacy-policy/" "Mozilla/5.0 (X11; Linux x86_64) AppleWebKit/537.36 (KHTML, like Gecko) Chrome/140.0.0.0 Safari/537.36" "-"
172.96.89.68 - - [27/Oct/2025:03:06:06 +0200 - 0.000 - -] "GET /wp-content/themes/emteko/fonts/NeoSansPro-Bold.woff HTTP/1.1" 200 66132 "https://emteko.com/en/privacy-policy/" "Mozilla/5.0 (X11; Linux x86_64) AppleWebKit/537.36 (KHTML, like Gecko) Chrome/140.0.0.0 Safari/537.36" "-"
172.96.89.68 - - [27/Oct/2025:03:06:06 +0200 - 0.170 - -] "GET /wp-content/themes/emteko/font-awesome/webfonts/fa-brands-400.woff2 HTTP/1.1" 200 118072 "https://emteko.com/en/privacy-policy/" "Mozilla/5.0 (X11; Linux x86_64) AppleWebKit/537.36 (KHTML, like Gecko) Chrome/140.0.0.0 Safari/537.36" "-"
172.96.89.68 - - [27/Oct/2025:03:06:06 +0200 - 0.333 - -] "GET /wp-content/themes/emteko/font-awesome/webfonts/fa-solid-900.woff2 HTTP/1.1" 200 157192 "https://emteko.com/en/privacy-policy/" "Mozilla/5.0 (X11; Linux x86_64) AppleWebKit/537.36 (KHTML, like Gecko) Chrome/140.0.0.0 Safari/537.36" "-"
172.96.89.68 - - [27/Oct/2025:03:06:07 +0200 - 0.000 - -] "GET /wp-content/themes/emteko/images/favs/favicon-32x32.png HTTP/1.1" 200 1655 "https://emteko.com/en/privacy-policy/" "Mozilla/5.0 (X11; Linux x86_64) AppleWebKit/537.36 (KHTML, like Gecko) Chrome/140.0.0.0 Safari/537.36" "-"
128.140.41.193 - - [27/Oct/2025:03:06:26 +0200 - 0.018 - 0.016] "HEAD / HTTP/1.1" 200 0 "https://emteko.com" "Mozilla/5.0+(compatible; UptimeRobot/2.0; http://www.uptimerobot.com/)" "-"
114.119.132.202 - - [27/Oct/2025:03:06:33 +0200 - 0.979 - 0.004] "GET /en/publications?flt_products=lorde-hyal&flt_doctors=infectionist%3Borthopedic-traumatologist%3Botolaryngologist%3Bpediatrician%3Bpulmonologist HTTP/1.1" 200 100279 "https://emteko.com/en/publications?flt_products=lorde-hyal%3Bokistar-hyal-7&flt_doctors=infectionist%3Borthopedic-traumatologist%3Botolaryngologist%3Bpediatrician%3Bpulmonologist" "Mozilla/5.0 (Linux; Android 7.0;) AppleWebKit/537.36 (KHTML, like Gecko) Mobile Safari/537.36 (compatible; PetalBot;+https://webmaster.petalsearch.com/site/petalbot)" "-"
78.47.98.55 - - [27/Oct/2025:03:07:30 +0200 - 0.013 - 0.012] "HEAD / HTTP/1.1" 200 0 "https://emteko.com" "Mozilla/5.0+(compatible; UptimeRobot/2.0; http://www.uptimerobot.com/)" "-"
114.119.140.113 - - [27/Oct/2025:03:07:57 +0200 - 0.922 - 0.020] "GET /en/publications?flt_products=lorde-hyal&flt_doctors=general-practitioner%3Bpediatrician%3Bpulmonologist%3Btherapist HTTP/1.1" 200 100233 "https://emteko.com/en/publications/?flt_products=diart%3Blorde-hyal&flt_doctors=general-practitioner%3Bpediatrician%3Bpulmonologist%3Btherapist" "Mozilla/5.0 (Linux; Android 7.0;) AppleWebKit/537.36 (KHTML, like Gecko) Mobile Safari/537.36 (compatible; PetalBot;+https://webmaster.petalsearch.com/site/petalbot)" "-"
49.13.164.148 - - [27/Oct/2025:03:08:22 +0200 - 0.012 - 0.012] "HEAD / HTTP/1.1" 200 0 "https://emteko.com" "Mozilla/5.0+(compatible; UptimeRobot/2.0; http://www.uptimerobot.com/)" "-"
3.79.134.69 - - [27/Oct/2025:03:08:33 +0200 - 0.002 - 0.000] "HEAD / HTTP/1.1" 200 0 "https://emteko.com" "Mozilla/5.0+(compatible; UptimeRobot/2.0; http://www.uptimerobot.com/)" "-"
47.128.114.189 - - [27/Oct/2025:03:09:13 +0200 - 0.232 - 0.016] "GET /publications/?flt_products=diart-lv;nasisoft-lv;okistar-hyal-7-lv&flt_doctors=infektologs;otolaringologs;terapeits;traumatologs-ortopeds HTTP/1.1" 200 100213 "-" "Mozilla/5.0 (compatible; Bytespider; spider-feedback@bytedance.com) AppleWebKit/537.36 (KHTML, like Gecko) Chrome/70.0.0.0 Safari/537.36" "-"
31.131.20.181 - - [27/Oct/2025:03:09:21 +0200 - 0.000 - 0.000] "POST /wp-cron.php?doing_wp_cron=1761527361.1625900268554687500000 HTTP/1.1" 499 0 "-" "WordPress/6.8.3; https://emteko.com/en/" "-"
114.119.132.104 - - [27/Oct/2025:03:09:22 +0200 - 2.394 - 1.100] "GET /en/publications?flt_products=lorde-hyal&flt_doctors=general-practitioner%3Borthopedic-traumatologist%3Btherapist HTTP/1.1" 200 100183 "https://emteko.com/en/publications/?flt_products=artro-patch%3Blorde-hyal&flt_doctors=general-practitioner%3Borthopedic-traumatologist%3Btherapist" "Mozilla/5.0 (Linux; Android 7.0;) AppleWebKit/537.36 (KHTML, like Gecko) Mobile Safari/537.36 (compatible; PetalBot;+https://webmaster.petalsearch.com/site/petalbot)" "-"
3.77.67.4 - - [27/Oct/2025:03:09:38 +0200 - 0.011 - 0.008] "HEAD / HTTP/1.1" 200 0 "https://emteko.com" "Mozilla/5.0+(compatible; UptimeRobot/2.0; http://www.uptimerobot.com/)" "-"
49.13.130.29 - - [27/Oct/2025:03:10:42 +0200 - 0.012 - 0.012] "HEAD / HTTP/1.1" 200 0 "https://emteko.com" "Mozilla/5.0+(compatible; UptimeRobot/2.0; http://www.uptimerobot.com/)" "-"
114.119.136.120 - - [27/Oct/2025:03:10:44 +0200 - 0.967 - 0.008] "GET /en/publications?flt_products=lorde-hyal&flt_doctors=general-practitioner%3Borthopedic-traumatologist%3Bpediatrician%3Btherapist HTTP/1.1" 200 100239 "https://emteko.com/en/publications?flt_products=lorde-hyal&flt_doctors=general-practitioner%3Bpediatrician%3Btherapist" "Mozilla/5.0 (Linux; Android 7.0;) AppleWebKit/537.36 (KHTML, like Gecko) Mobile Safari/537.36 (compatible; PetalBot;+https://webmaster.petalsearch.com/site/petalbot)" "-"
31.131.20.181 - - [27/Oct/2025:03:11:38 +0200 - 0.001 - 0.000] "POST /wp-cron.php?doing_wp_cron=1761527498.1969270706176757812500 HTTP/1.1" 499 0 "-" "WordPress/6.8.3; https://emteko.com/en/" "-"
57.141.0.14 - - [27/Oct/2025:03:11:38 +0200 - 1.401 - 1.084] "GET /en/doctorspecial/therapist/?flt_products=artro-patch;diart;nasisoft&flt_doctors=general-practitioner;infectionist;orthopedic-traumatologist;pediatrician;therapist HTTP/1.1" 200 602390 "-" "meta-externalagent/1.1 (+https://developers.facebook.com/docs/sharing/webmasters/crawler)" "-"
168.119.96.239 - - [27/Oct/2025:03:11:47 +0200 - 0.003 - 0.004] "HEAD / HTTP/1.1" 200 0 "https://emteko.com" "Mozilla/5.0+(compatible; UptimeRobot/2.0; http://www.uptimerobot.com/)" "-"
114.119.140.113 - - [27/Oct/2025:03:12:08 +0200 - 0.954 - 0.016] "GET /en/publications?flt_products=lorde-hyal&flt_doctors=general-practitioner%3Borthopedic-traumatologist%3Bpediatrician%3Bpulmonologist HTTP/1.1" 200 100243 "https://emteko.com/en/publications?flt_products=lorde-hyal&flt_doctors=general-practitioner%3Binfectionist%3Borthopedic-traumatologist%3Bpediatrician%3Bpulmonologist" "Mozilla/5.0 (Linux; Android 7.0;) AppleWebKit/537.36 (KHTML, like Gecko) Mobile Safari/537.36 (compatible; PetalBot;+https://webmaster.petalsearch.com/site/petalbot)" "-"
78.47.173.76 - - [27/Oct/2025:03:12:52 +0200 - 0.012 - 0.012] "HEAD / HTTP/1.1" 200 0 "https://emteko.com" "Mozilla/5.0+(compatible; UptimeRobot/2.0; http://www.uptimerobot.com/)" "-"
49.13.130.29 - - [27/Oct/2025:03:13:26 +0200 - 0.011 - 0.008] "HEAD / HTTP/1.1" 200 0 "https://emteko.com" "Mozilla/5.0+(compatible; UptimeRobot/2.0; http://www.uptimerobot.com/)" "-"
31.131.20.181 - - [27/Oct/2025:03:13:32 +0200 - 0.000 - 0.000] "POST /wp-cron.php?doing_wp_cron=1761527612.9037110805511474609375 HTTP/1.1" 499 0 "-" "WordPress/6.8.3; https://emteko.com/en/" "-"
114.119.133.35 - - [27/Oct/2025:03:13:34 +0200 - 2.039 - 1.048] "GET /en/publications?flt_products=lorde-hyal&flt_doctors=general-practitioner%3Borthopedic-traumatologist%3Botolaryngologist%3Bpulmonologist HTTP/1.1" 200 100243 "https://emteko.com/en/publications?flt_products=lorde-hyal&flt_doctors=general-practitioner%3Borthopedic-traumatologist%3Botolaryngologist" "Mozilla/5.0 (Linux; Android 7.0;) AppleWebKit/537.36 (KHTML, like Gecko) Mobile Safari/537.36 (compatible; PetalBot;+https://webmaster.petalsearch.com/site/petalbot)" "-"
63.178.84.147 - - [27/Oct/2025:03:13:57 +0200 - 0.012 - 0.012] "HEAD / HTTP/1.1" 200 0 "https://emteko.com" "Mozilla/5.0+(compatible; UptimeRobot/2.0; http://www.uptimerobot.com/)" "-"
31.131.20.181 - - [27/Oct/2025:03:14:13 +0200 - 0.000 - 0.000] "POST /wp-cron.php?doing_wp_cron=1761527653.3616340160369873046875 HTTP/1.1" 499 0 "-" "WordPress/6.8.3; https://emteko.com/en/" "-"
57.141.0.13 - - [27/Oct/2025:03:14:13 +0200 - 1.328 - 1.008] "GET /en/doctorspecial/infectionist/?flt_products=artro-patch HTTP/1.1" 200 582927 "-" "meta-externalagent/1.1 (+https://developers.facebook.com/docs/sharing/webmasters/crawler)" "-"
114.119.154.181 - - [27/Oct/2025:03:14:57 +0200 - 1.951 - 1.044] "GET /en/publications?flt_products=lorde-hyal&flt_doctors=general-practitioner%3Binfectionist%3Botolaryngologist%3Bpediatrician%3Bpulmonologist%3Btherapist HTTP/1.1" 200 100305 "https://emteko.com/en/publications?flt_products=lorde-hyal%3Bnasisoft&flt_doctors=general-practitioner%3Binfectionist%3Botolaryngologist%3Bpediatrician%3Bpulmonologist%3Btherapist" "Mozilla/5.0 (Linux; Android 7.0;) AppleWebKit/537.36 (KHTML, like Gecko) Mobile Safari/537.36 (compatible; PetalBot;+https://webmaster.petalsearch.com/site/petalbot)" "-"
49.13.164.148 - - [27/Oct/2025:03:15:01 +0200 - 0.004 - 0.004] "HEAD / HTTP/1.1" 200 0 "https://emteko.com" "Mozilla/5.0+(compatible; UptimeRobot/2.0; http://www.uptimerobot.com/)" "-"
157.90.155.240 - - [27/Oct/2025:03:16:06 +0200 - 0.011 - 0.008] "HEAD / HTTP/1.1" 200 0 "https://emteko.com" "Mozilla/5.0+(compatible; UptimeRobot/2.0; http://www.uptimerobot.com/)" "-"
31.131.20.181 - - [27/Oct/2025:03:16:21 +0200 - 0.001 - 0.000] "POST /wp-cron.php?doing_wp_cron=1761527781.1394250392913818359375 HTTP/1.1" 499 0 "-" "WordPress/6.8.3; https://emteko.com/en/" "-"
114.119.140.113 - - [27/Oct/2025:03:16:22 +0200 - 1.936 - 1.036] "GET /en/publications?flt_products=lorde-hyal&flt_doctors=general-practitioner%3Binfectionist%3Borthopedic-traumatologist%3Bpediatrician%3Bpulmonologist%3Btherapist HTTP/1.1" 200 100315 "https://emteko.com/en/publications?flt_products=lorde-hyal&flt_doctors=general-practitioner%3Binfectionist%3Borthopedic-traumatologist%3Bpediatrician%3Bpulmonologist" "Mozilla/5.0 (Linux; Android 7.0;) AppleWebKit/537.36 (KHTML, like Gecko) Mobile Safari/537.36 (compatible; PetalBot;+https://webmaster.petalsearch.com/site/petalbot)" "-"
52.28.162.93 - - [27/Oct/2025:03:17:10 +0200 - 0.012 - 0.012] "HEAD / HTTP/1.1" 200 0 "https://emteko.com" "Mozilla/5.0+(compatible; UptimeRobot/2.0; http://www.uptimerobot.com/)" "-"
114.119.140.113 - - [27/Oct/2025:03:17:42 +0200 - 0.938 - 0.024] "GET /en/publications?flt_products=lorde-hyal&flt_doctors=general-practitioner%3Binfectionist%3Borthopedic-traumatologist%3Botolaryngologist%3Bpulmonologist%3Btherapist HTTP/1.1" 200 100318 "https://emteko.com/en/publications?flt_products=diart%3Blorde-hyal&flt_doctors=general-practitioner%3Binfectionist%3Borthopedic-traumatologist%3Botolaryngologist%3Bpulmonologist%3Btherapist" "Mozilla/5.0 (Linux; Android 7.0;) AppleWebKit/537.36 (KHTML, like Gecko) Mobile Safari/537.36 (compatible; PetalBot;+https://webmaster.petalsearch.com/site/petalbot)" "-"
63.178.84.147 - - [27/Oct/2025:03:18:15 +0200 - 0.018 - 0.020] "HEAD / HTTP/1.1" 200 0 "https://emteko.com" "Mozilla/5.0+(compatible; UptimeRobot/2.0; http://www.uptimerobot.com/)" "-"
49.13.130.29 - - [27/Oct/2025:03:18:29 +0200 - 0.013 - 0.012] "HEAD / HTTP/1.1" 200 0 "https://emteko.com" "Mozilla/5.0+(compatible; UptimeRobot/2.0; http://www.uptimerobot.com/)" "-"
31.131.20.181 - - [27/Oct/2025:03:19:07 +0200 - 0.000 - 0.000] "POST /wp-cron.php?doing_wp_cron=1761527947.6897220611572265625000 HTTP/1.1" 499 0 "-" "WordPress/6.8.3; https://emteko.com/en/" "-"
114.119.132.104 - - [27/Oct/2025:03:19:08 +0200 - 2.009 - 1.064] "GET /en/publications?flt_products=lorde-hyal%3Bokistar-hyal-7&flt_doctors=pulmonologist%3Btherapist HTTP/1.1" 200 100139 "https://emteko.com/en/publications?flt_products=lorde-hyal%3Bokistar-hyal-7&flt_doctors=infectionist%3Bpulmonologist%3Btherapist" "Mozilla/5.0 (Linux; Android 7.0;) AppleWebKit/537.36 (KHTML, like Gecko) Mobile Safari/537.36 (compatible; PetalBot;+https://webmaster.petalsearch.com/site/petalbot)" "-"
159.69.158.189 - - [27/Oct/2025:03:19:20 +0200 - 0.013 - 0.012] "HEAD / HTTP/1.1" 200 0 "https://emteko.com" "Mozilla/5.0+(compatible; UptimeRobot/2.0; http://www.uptimerobot.com/)" "-"
157.90.156.63 - - [27/Oct/2025:03:20:25 +0200 - 0.013 - 0.012] "HEAD / HTTP/1.1" 200 0 "https://emteko.com" "Mozilla/5.0+(compatible; UptimeRobot/2.0; http://www.uptimerobot.com/)" "-"
114.119.136.120 - - [27/Oct/2025:03:20:32 +0200 - 1.038 - 0.004] "GET /en/publications?flt_products=lorde-hyal%3Bokistar-hyal-7&flt_doctors=pediatrician HTTP/1.1" 200 99961 "https://emteko.com/en/publications?flt_products=lorde-hyal%3Bokistar-hyal-7&flt_doctors=otolaryngologist%3Bpediatrician" "Mozilla/5.0 (Linux; Android 7.0;) AppleWebKit/537.36 (KHTML, like Gecko) Mobile Safari/537.36 (compatible; PetalBot;+https://webmaster.petalsearch.com/site/petalbot)" "-"
43.173.175.189 - - [27/Oct/2025:03:20:35 +0200 - 0.004 - 0.004] "GET /en/doctorspecial/pulmonologist/ HTTP/1.1" 200 99392 "-" "Mozilla/5.0 (Windows NT 6.1; Win64; x64) AppleWebKit/537.36 (KHTML, like Gecko) Chrome/126.0.6478.114 Safari/537.36" "-"
78.47.98.55 - - [27/Oct/2025:03:21:29 +0200 - 0.012 - 0.012] "HEAD / HTTP/1.1" 200 0 "https://emteko.com" "Mozilla/5.0+(compatible; UptimeRobot/2.0; http://www.uptimerobot.com/)" "-"
114.119.132.104 - - [27/Oct/2025:03:21:55 +0200 - 1.285 - 0.016] "GET /en/publications?flt_products=lorde-hyal%3Bokistar-hyal-7&flt_doctors=otolaryngologist%3Bpediatrician%3Bpulmonologist%3Btherapist HTTP/1.1" 200 100271 "https://emteko.com/en/publications/?flt_products=lorde-hyal%3Bokistar-hyal-7&flt_doctors=pediatrician%3Bpulmonologist%3Btherapist" "Mozilla/5.0 (Linux; Android 7.0;) AppleWebKit/537.36 (KHTML, like Gecko) Mobile Safari/537.36 (compatible; PetalBot;+https://webmaster.petalsearch.com/site/petalbot)" "-"
49.13.164.148 - - [27/Oct/2025:03:22:35 +0200 - 0.011 - 0.012] "HEAD / HTTP/1.1" 200 0 "https://emteko.com" "Mozilla/5.0+(compatible; UptimeRobot/2.0; http://www.uptimerobot.com/)" "-"
31.131.20.181 - - [27/Oct/2025:03:22:57 +0200 - 0.000 - 0.000] "POST /wp-cron.php?doing_wp_cron=1761528177.1205759048461914062500 HTTP/1.1" 499 0 "-" "WordPress/6.8.3; https://emteko.com/en/" "-"
47.128.43.215 - - [27/Oct/2025:03:22:57 +0200 - 1.353 - 1.180] "GET /en/publications/?flt_doctors=orthopedic-traumatologist%3Botolaryngologist%3Bpediatrician%3Bpulmonologist&flt_products=artro-patch%3Bdiart HTTP/1.1" 200 95684 "-" "Mozilla/5.0 (Linux; Android 5.0) AppleWebKit/537.36 (KHTML, like Gecko) Mobile Safari/537.36 (compatible; Bytespider; spider-feedback@bytedance.com)" "-"
31.131.20.181 - - [27/Oct/2025:03:23:19 +0200 - 0.001 - 0.000] "POST /wp-cron.php?doing_wp_cron=1761528199.8653719425201416015625 HTTP/1.1" 499 0 "-" "WordPress/6.8.3; https://emteko.com/en/" "-"
114.119.133.35 - - [27/Oct/2025:03:23:21 +0200 - 2.387 - 1.076] "GET /en/publications?flt_products=lorde-hyal%3Bokistar-hyal-7&flt_doctors=orthopedic-traumatologist%3Bpulmonologist%3Btherapist HTTP/1.1" 200 100236 "https://emteko.com/en/publications/?flt_products=lorde-hyal%3Bokistar-hyal-7&flt_doctors=infectionist%3Borthopedic-traumatologist%3Bpulmonologist%3Btherapist" "Mozilla/5.0 (Linux; Android 7.0;) AppleWebKit/537.36 (KHTML, like Gecko) Mobile Safari/537.36 (compatible; PetalBot;+https://webmaster.petalsearch.com/site/petalbot)" "-"
49.13.164.148 - - [27/Oct/2025:03:23:34 +0200 - 0.011 - 0.012] "HEAD / HTTP/1.1" 200 0 "https://emteko.com" "Mozilla/5.0+(compatible; UptimeRobot/2.0; http://www.uptimerobot.com/)" "-"
78.47.98.55 - - [27/Oct/2025:03:23:40 +0200 - 0.003 - 0.004] "HEAD / HTTP/1.1" 200 0 "https://emteko.com" "Mozilla/5.0+(compatible; UptimeRobot/2.0; http://www.uptimerobot.com/)" "-"
5.39.109.175 - - [27/Oct/2025:03:23:49 +0200 - 0.018 - 0.004] "GET /doctorspecial/traumatologs-ortopeds/?flt_doctors=traumatologs-ortopeds HTTP/1.1" 200 98403 "-" "Mozilla/5.0 (compatible; AhrefsBot/7.0; +http://ahrefs.com/robot/)" "-"
31.131.20.181 - - [27/Oct/2025:03:24:18 +0200 - 0.002 - 0.000] "POST /wp-cron.php?doing_wp_cron=1761528258.2525949478149414062500 HTTP/1.1" 499 0 "-" "WordPress/6.8.3; https://emteko.com/en/" "-"
17.241.219.102 - - [27/Oct/2025:03:24:18 +0200 - 0.977 - 0.976] "GET /en/publications/?flt_products=diart&flt_doctors=infectionist;pediatrician HTTP/1.1" 200 95560 "-" "Mozilla/5.0 (Macintosh; Intel Mac OS X 10_15_7) AppleWebKit/605.1.15 (KHTML, like Gecko) Version/17.4 Safari/605.1.15 (Applebot/0.1; +http://www.apple.com/go/applebot)" "-"
114.119.132.202 - - [27/Oct/2025:03:24:42 +0200 - 0.976 - 0.016] "GET /en/publications?flt_products=lorde-hyal%3Bokistar-hyal-7&flt_doctors=infectionist%3Bpediatrician%3Btherapist HTTP/1.1" 200 100213 "https://emteko.com/en/publications?flt_products=lorde-hyal%3Bokistar-hyal-7&flt_doctors=infectionist%3Bpediatrician%3Bpulmonologist%3Btherapist" "Mozilla/5.0 (Linux; Android 7.0;) AppleWebKit/537.36 (KHTML, like Gecko) Mobile Safari/537.36 (compatible; PetalBot;+https://webmaster.petalsearch.com/site/petalbot)" "-"
49.13.164.148 - - [27/Oct/2025:03:24:46 +0200 - 0.002 - 0.000] "HEAD / HTTP/1.1" 200 0 "https://emteko.com" "Mozilla/5.0+(compatible; UptimeRobot/2.0; http://www.uptimerobot.com/)" "-"
142.132.180.39 - - [27/Oct/2025:03:25:51 +0200 - 0.012 - 0.012] "HEAD / HTTP/1.1" 200 0 "https://emteko.com" "Mozilla/5.0+(compatible; UptimeRobot/2.0; http://www.uptimerobot.com/)" "-"
114.119.134.51 - - [27/Oct/2025:03:26:06 +0200 - 1.314 - 0.036] "GET /en/publications?flt_products=lorde-hyal%3Bokistar-hyal-7&flt_doctors=general-practitioner%3Botolaryngologist%3Btherapist HTTP/1.1" 200 100234 "https://emteko.com/en/publications/?flt_products=okistar-hyal-7&flt_doctors=general-practitioner%3Botolaryngologist%3Btherapist" "Mozilla/5.0 (Linux; Android 7.0;) AppleWebKit/537.36 (KHTML, like Gecko) Mobile Safari/537.36 (compatible; PetalBot;+https://webmaster.petalsearch.com/site/petalbot)" "-"
49.13.130.29 - - [27/Oct/2025:03:26:57 +0200 - 0.011 - 0.012] "HEAD / HTTP/1.1" 200 0 "https://emteko.com" "Mozilla/5.0+(compatible; UptimeRobot/2.0; http://www.uptimerobot.com/)" "-"
114.119.132.104 - - [27/Oct/2025:03:27:29 +0200 - 0.992 - 0.020] "GET /en/publications?flt_products=lorde-hyal%3Bokistar-hyal-7&flt_doctors=general-practitioner%3Borthopedic-traumatologist%3Btherapist HTTP/1.1" 200 100232 "https://emteko.com/en/publications?flt_products=lorde-hyal%3Bokistar-hyal-7&flt_doctors=general-practitioner%3Borthopedic-traumatologist%3Bpulmonologist%3Btherapist" "Mozilla/5.0 (Linux; Android 7.0;) AppleWebKit/537.36 (KHTML, like Gecko) Mobile Safari/537.36 (compatible; PetalBot;+https://webmaster.petalsearch.com/site/petalbot)" "-"
168.119.53.160 - - [27/Oct/2025:03:28:02 +0200 - 0.013 - 0.012] "HEAD / HTTP/1.1" 200 0 "https://emteko.com" "Mozilla/5.0+(compatible; UptimeRobot/2.0; http://www.uptimerobot.com/)" "-"
157.90.156.63 - - [27/Oct/2025:03:28:39 +0200 - 0.011 - 0.012] "HEAD / HTTP/1.1" 200 0 "https://emteko.com" "Mozilla/5.0+(compatible; UptimeRobot/2.0; http://www.uptimerobot.com/)" "-"
114.119.132.202 - - [27/Oct/2025:03:28:53 +0200 - 1.361 - 0.020] "GET /en/publications?flt_products=lorde-hyal%3Bokistar-hyal-7&flt_doctors=general-practitioner%3Borthopedic-traumatologist%3Botolaryngologist%3Bpulmonologist%3Btherapist HTTP/1.1" 200 100317 "https://emteko.com/en/publications?flt_products=lorde-hyal%3Bokistar-hyal-7&flt_doctors=general-practitioner%3Borthopedic-traumatologist%3Bpulmonologist%3Btherapist" "Mozilla/5.0 (Linux; Android 7.0;) AppleWebKit/537.36 (KHTML, like Gecko) Mobile Safari/537.36 (compatible; PetalBot;+https://webmaster.petalsearch.com/site/petalbot)" "-"
63.178.84.147 - - [27/Oct/2025:03:29:07 +0200 - 0.012 - 0.012] "HEAD / HTTP/1.1" 200 0 "https://emteko.com" "Mozilla/5.0+(compatible; UptimeRobot/2.0; http://www.uptimerobot.com/)" "-"
78.47.173.76 - - [27/Oct/2025:03:30:12 +0200 - 0.020 - 0.020] "HEAD / HTTP/1.1" 200 0 "https://emteko.com" "Mozilla/5.0+(compatible; UptimeRobot/2.0; http://www.uptimerobot.com/)" "-"
31.131.20.181 - - [27/Oct/2025:03:30:12 +0200 - 0.001 - 0.000] "POST /wp-cron.php?doing_wp_cron=1761528612.1868751049041748046875 HTTP/1.1" 499 0 "-" "WordPress/6.8.3; https://emteko.com/en/" "-"
47.128.58.150 - - [27/Oct/2025:03:30:12 +0200 - 1.482 - 1.100] "GET /en/publications/?flt_products=diart&flt_doctors=infectionist;orthopedic-traumatologist;pulmonologist;therapist HTTP/1.1" 200 95643 "-" "Mozilla/5.0 (Linux; Android 5.0) AppleWebKit/537.36 (KHTML, like Gecko) Mobile Safari/537.36 (compatible; Bytespider; spider-feedback@bytedance.com)" "-"
31.131.20.181 - - [27/Oct/2025:03:30:22 +0200 - 0.000 - 0.000] "POST /wp-cron.php?doing_wp_cron=1761528622.5639970302581787109375 HTTP/1.1" 499 0 "-" "WordPress/6.8.3; https://emteko.com/en/" "-"
114.119.132.104 - - [27/Oct/2025:03:30:25 +0200 - 3.310 - 1.204] "GET /en/publications?flt_products=lorde-hyal%3Bokistar-hyal-7&flt_doctors=general-practitioner%3Borthopedic-traumatologist%3Botolaryngologist HTTP/1.1" 200 100239 "https://emteko.com/en/publications?flt_products=lorde-hyal%3Bokistar-hyal-7&flt_doctors=general-practitioner%3Binfectionist%3Borthopedic-traumatologist%3Botolaryngologist" "Mozilla/5.0 (Linux; Android 7.0;) AppleWebKit/537.36 (KHTML, like Gecko) Mobile Safari/537.36 (compatible; PetalBot;+https://webmaster.petalsearch.com/site/petalbot)" "-"
78.47.98.55 - - [27/Oct/2025:03:31:15 +0200 - 0.017 - 0.020] "HEAD / HTTP/1.1" 200 0 "https://emteko.com" "Mozilla/5.0+(compatible; UptimeRobot/2.0; http://www.uptimerobot.com/)" "-"
114.119.133.35 - - [27/Oct/2025:03:31:41 +0200 - 0.980 - 0.012] "GET /en/publications?flt_products=lorde-hyal%3Bokistar-hyal-7&flt_doctors=general-practitioner%3Binfectionist HTTP/1.1" 200 100141 "https://emteko.com/en/publications?flt_products=lorde-hyal%3Bokistar-hyal-7&flt_doctors=general-practitioner%3Binfectionist%3Btherapist" "Mozilla/5.0 (Linux; Android 7.0;) AppleWebKit/537.36 (KHTML, like Gecko) Mobile Safari/537.36 (compatible; PetalBot;+https://webmaster.petalsearch.com/site/petalbot)" "-"
128.140.41.193 - - [27/Oct/2025:03:32:21 +0200 - 0.018 - 0.016] "HEAD / HTTP/1.1" 200 0 "https://emteko.com" "Mozilla/5.0+(compatible; UptimeRobot/2.0; http://www.uptimerobot.com/)" "-"
114.119.154.89 - - [27/Oct/2025:03:33:05 +0200 - 1.266 - 0.020] "GET /en/publications?flt_products=lorde-hyal%3Bnasisoft&flt_doctors=pediatrician%3Bpulmonologist HTTP/1.1" 200 100422 "https://emteko.com/en/publications/?flt_products=nasisoft&flt_doctors=pediatrician%3Bpulmonologist" "Mozilla/5.0 (Linux; Android 7.0;) AppleWebKit/537.36 (KHTML, like Gecko) Mobile Safari/537.36 (compatible; PetalBot;+https://webmaster.petalsearch.com/site/petalbot)" "-"
49.13.24.81 - - [27/Oct/2025:03:33:26 +0200 - 0.012 - 0.012] "HEAD / HTTP/1.1" 200 0 "https://emteko.com" "Mozilla/5.0+(compatible; UptimeRobot/2.0; http://www.uptimerobot.com/)" "-"
88.99.80.227 - - [27/Oct/2025:03:33:44 +0200 - 0.013 - 0.016] "HEAD / HTTP/1.1" 200 0 "https://emteko.com" "Mozilla/5.0+(compatible; UptimeRobot/2.0; http://www.uptimerobot.com/)" "-"
114.119.132.202 - - [27/Oct/2025:03:34:27 +0200 - 1.009 - 0.016] "GET /en/publications?flt_products=lorde-hyal%3Bnasisoft&flt_doctors=orthopedic-traumatologist%3Btherapist HTTP/1.1" 200 100420 "https://emteko.com/en/publications/?flt_products=diart%3Blorde-hyal%3Bnasisoft&flt_doctors=orthopedic-traumatologist%3Btherapist" "Mozilla/5.0 (Linux; Android 7.0;) AppleWebKit/537.36 (KHTML, like Gecko) Mobile Safari/537.36 (compatible; PetalBot;+https://webmaster.petalsearch.com/site/petalbot)" "-"
78.47.173.76 - - [27/Oct/2025:03:34:31 +0200 - 0.003 - 0.004] "HEAD / HTTP/1.1" 200 0 "https://emteko.com" "Mozilla/5.0+(compatible; UptimeRobot/2.0; http://www.uptimerobot.com/)" "-"
168.119.96.239 - - [27/Oct/2025:03:35:34 +0200 - 0.013 - 0.012] "HEAD / HTTP/1.1" 200 0 "https://emteko.com" "Mozilla/5.0+(compatible; UptimeRobot/2.0; http://www.uptimerobot.com/)" "-"
31.131.20.181 - - [27/Oct/2025:03:35:52 +0200 - 0.000 - 0.000] "POST /wp-cron.php?doing_wp_cron=1761528951.9627740383148193359375 HTTP/1.1" 499 0 "-" "WordPress/6.8.3; https://emteko.com/en/" "-"
114.119.154.181 - - [27/Oct/2025:03:35:53 +0200 - 2.099 - 1.136] "GET /en/publications?flt_products=lorde-hyal%3Bnasisoft&flt_doctors=orthopedic-traumatologist%3Botolaryngologist%3Bpulmonologist HTTP/1.1" 200 100469 "https://emteko.com/en/publications?flt_products=diart%3Blorde-hyal%3Bnasisoft&flt_doctors=orthopedic-traumatologist%3Botolaryngologist%3Bpulmonologist" "Mozilla/5.0 (Linux; Android 7.0;) AppleWebKit/537.36 (KHTML, like Gecko) Mobile Safari/537.36 (compatible; PetalBot;+https://webmaster.petalsearch.com/site/petalbot)" "-"
157.90.156.63 - - [27/Oct/2025:03:36:39 +0200 - 0.014 - 0.016] "HEAD / HTTP/1.1" 200 0 "https://emteko.com" "Mozilla/5.0+(compatible; UptimeRobot/2.0; http://www.uptimerobot.com/)" "-"
114.119.132.202 - - [27/Oct/2025:03:37:14 +0200 - 1.020 - 0.016] "GET /en/publications?flt_products=lorde-hyal%3Bnasisoft&flt_doctors=orthopedic-traumatologist%3Botolaryngologist%3Bpediatrician%3Btherapist HTTP/1.1" 200 100508 "https://emteko.com/en/publications/?flt_products=lorde-hyal%3Bnasisoft&flt_doctors=orthopedic-traumatologist%3Bpediatrician%3Btherapist" "Mozilla/5.0 (Linux; Android 7.0;) AppleWebKit/537.36 (KHTML, like Gecko) Mobile Safari/537.36 (compatible; PetalBot;+https://webmaster.petalsearch.com/site/petalbot)" "-"
52.28.162.93 - - [27/Oct/2025:03:37:43 +0200 - 0.012 - 0.012] "HEAD / HTTP/1.1" 200 0 "https://emteko.com" "Mozilla/5.0+(compatible; UptimeRobot/2.0; http://www.uptimerobot.com/)" "-"
31.131.20.181 - - [27/Oct/2025:03:38:38 +0200 - 0.000 - 0.000] "POST /wp-cron.php?doing_wp_cron=1761529118.5439279079437255859375 HTTP/1.1" 499 0 "-" "WordPress/6.8.3; https://emteko.com/en/" "-"
114.119.154.89 - - [27/Oct/2025:03:38:41 +0200 - 3.969 - 1.112] "GET /en/publications?flt_products=lorde-hyal%3Bnasisoft&flt_doctors=orthopedic-traumatologist%3Botolaryngologist%3Bpediatrician%3Bpulmonologist HTTP/1.1" 200 100506 "https://emteko.com/en/publications?flt_products=diart%3Blorde-hyal%3Bnasisoft&flt_doctors=orthopedic-traumatologist%3Botolaryngologist%3Bpediatrician%3Bpulmonologist" "Mozilla/5.0 (Linux; Android 7.0;) AppleWebKit/537.36 (KHTML, like Gecko) Mobile Safari/537.36 (compatible; PetalBot;+https://webmaster.petalsearch.com/site/petalbot)" "-"
168.119.123.75 - - [27/Oct/2025:03:38:47 +0200 - 0.003 - 0.000] "HEAD / HTTP/1.1" 200 0 "https://emteko.com" "Mozilla/5.0+(compatible; UptimeRobot/2.0; http://www.uptimerobot.com/)" "-"
78.46.190.63 - - [27/Oct/2025:03:38:49 +0200 - 0.002 - 0.004] "HEAD / HTTP/1.1" 200 0 "https://emteko.com" "Mozilla/5.0+(compatible; UptimeRobot/2.0; http://www.uptimerobot.com/)" "-"
3.77.67.4 - - [27/Oct/2025:03:39:51 +0200 - 0.019 - 0.020] "HEAD / HTTP/1.1" 200 0 "https://emteko.com" "Mozilla/5.0+(compatible; UptimeRobot/2.0; http://www.uptimerobot.com/)" "-"
114.119.136.120 - - [27/Oct/2025:03:40:05 +0200 - 1.313 - 0.028] "GET /en/publications?flt_products=lorde-hyal%3Bnasisoft&flt_doctors=orthopedic-traumatologist%3Botolaryngologist HTTP/1.1" 200 100425 "https://emteko.com/en/publications/?flt_products=artro-patch%3Blorde-hyal%3Bnasisoft&flt_doctors=orthopedic-traumatologist%3Botolaryngologist" "Mozilla/5.0 (Linux; Android 7.0;) AppleWebKit/537.36 (KHTML, like Gecko) Mobile Safari/537.36 (compatible; PetalBot;+https://webmaster.petalsearch.com/site/petalbot)" "-"
49.13.130.29 - - [27/Oct/2025:03:40:55 +0200 - 0.020 - 0.020] "HEAD / HTTP/1.1" 200 0 "https://emteko.com" "Mozilla/5.0+(compatible; UptimeRobot/2.0; http://www.uptimerobot.com/)" "-"
114.119.134.51 - - [27/Oct/2025:03:41:27 +0200 - 0.992 - 0.016] "GET /en/publications?flt_products=lorde-hyal%3Bnasisoft&flt_doctors=infectionist%3Bpulmonologist HTTP/1.1" 200 100421 "https://emteko.com/en/publications?flt_products=nasisoft&flt_doctors=infectionist%3Bpulmonologist" "Mozilla/5.0 (Linux; Android 7.0;) AppleWebKit/537.36 (KHTML, like Gecko) Mobile Safari/537.36 (compatible; PetalBot;+https://webmaster.petalsearch.com/site/petalbot)" "-"
49.13.130.29 - - [27/Oct/2025:03:42:00 +0200 - 0.016 - 0.016] "HEAD / HTTP/1.1" 200 0 "https://emteko.com" "Mozilla/5.0+(compatible; UptimeRobot/2.0; http://www.uptimerobot.com/)" "-"
114.119.132.202 - - [27/Oct/2025:03:42:49 +0200 - 0.976 - 0.012] "GET /en/publications?flt_products=lorde-hyal%3Bnasisoft&flt_doctors=infectionist%3Botolaryngologist%3Bpediatrician%3Btherapist HTTP/1.1" 200 100497 "https://emteko.com/en/publications/?flt_products=lorde-hyal%3Bnasisoft%3Bokistar-hyal-7&flt_doctors=infectionist%3Botolaryngologist%3Bpediatrician%3Btherapist" "Mozilla/5.0 (Linux; Android 7.0;) AppleWebKit/537.36 (KHTML, like Gecko) Mobile Safari/537.36 (compatible; PetalBot;+https://webmaster.petalsearch.com/site/petalbot)" "-"
49.13.164.148 - - [27/Oct/2025:03:43:05 +0200 - 0.013 - 0.012] "HEAD / HTTP/1.1" 200 0 "https://emteko.com" "Mozilla/5.0+(compatible; UptimeRobot/2.0; http://www.uptimerobot.com/)" "-"
31.131.20.181 - - [27/Oct/2025:03:43:31 +0200 - 0.000 - 0.000] "POST /wp-cron.php?doing_wp_cron=1761529411.2254838943481445312500 HTTP/1.1" 499 0 "-" "WordPress/6.8.3; https://emteko.com/en/" "-"
52.167.144.17 - - [27/Oct/2025:03:43:31 +0200 - 1.468 - 1.468] "GET /en/products/artro-patch/ HTTP/1.1" 404 86818 "-" "Mozilla/5.0 AppleWebKit/537.36 (KHTML, like Gecko; compatible; bingbot/2.0; +http://www.bing.com/bingbot.htm) Chrome/116.0.1938.76 Safari/537.36" "-"
128.140.41.193 - - [27/Oct/2025:03:43:54 +0200 - 0.012 - 0.012] "HEAD / HTTP/1.1" 200 0 "https://emteko.com" "Mozilla/5.0+(compatible; UptimeRobot/2.0; http://www.uptimerobot.com/)" "-"
3.77.67.4 - - [27/Oct/2025:03:44:09 +0200 - 0.012 - 0.012] "HEAD / HTTP/1.1" 200 0 "https://emteko.com" "Mozilla/5.0+(compatible; UptimeRobot/2.0; http://www.uptimerobot.com/)" "-"
114.119.132.202 - - [27/Oct/2025:03:44:13 +0200 - 1.337 - 0.004] "GET /en/publications?flt_products=lorde-hyal%3Bnasisoft&flt_doctors=infectionist%3Botolaryngologist HTTP/1.1" 200 100420 "https://emteko.com/en/publications?flt_products=nasisoft&flt_doctors=infectionist%3Botolaryngologist" "Mozilla/5.0 (Linux; Android 7.0;) AppleWebKit/537.36 (KHTML, like Gecko) Mobile Safari/537.36 (compatible; PetalBot;+https://webmaster.petalsearch.com/site/petalbot)" "-"
31.131.20.181 - - [27/Oct/2025:03:44:20 +0200 - 0.000 - 0.000] "POST /wp-cron.php?doing_wp_cron=1761529460.5213329792022705078125 HTTP/1.1" 499 0 "-" "WordPress/6.8.3; https://emteko.com" "-"
52.167.144.17 - - [27/Oct/2025:03:44:20 +0200 - 0.917 - 0.916] "GET /products/artro-patch/ HTTP/1.1" 404 87002 "-" "Mozilla/5.0 AppleWebKit/537.36 (KHTML, like Gecko; compatible; bingbot/2.0; +http://www.bing.com/bingbot.htm) Chrome/116.0.1938.76 Safari/537.36" "-"
168.119.96.239 - - [27/Oct/2025:03:45:14 +0200 - 0.016 - 0.016] "HEAD / HTTP/1.1" 200 0 "https://emteko.com" "Mozilla/5.0+(compatible; UptimeRobot/2.0; http://www.uptimerobot.com/)" "-"
31.131.20.181 - - [27/Oct/2025:03:45:36 +0200 - 0.001 - 0.000] "POST /wp-cron.php?doing_wp_cron=1761529536.1378700733184814453125 HTTP/1.1" 499 0 "-" "WordPress/6.8.3; https://emteko.com/en/" "-"
114.119.140.113 - - [27/Oct/2025:03:45:37 +0200 - 2.028 - 1.128] "GET /en/publications?flt_products=lorde-hyal%3Bnasisoft&flt_doctors=infectionist%3Borthopedic-traumatologist%3Btherapist HTTP/1.1" 200 100455 "https://emteko.com/en/publications?flt_products=lorde-hyal%3Bnasisoft%3Bokistar-hyal-7&flt_doctors=infectionist%3Borthopedic-traumatologist%3Btherapist" "Mozilla/5.0 (Linux; Android 7.0;) AppleWebKit/537.36 (KHTML, like Gecko) Mobile Safari/537.36 (compatible; PetalBot;+https://webmaster.petalsearch.com/site/petalbot)" "-"
168.119.53.160 - - [27/Oct/2025:03:46:18 +0200 - 0.013 - 0.012] "HEAD / HTTP/1.1" 200 0 "https://emteko.com" "Mozilla/5.0+(compatible; UptimeRobot/2.0; http://www.uptimerobot.com/)" "-"
114.119.133.35 - - [27/Oct/2025:03:47:00 +0200 - 1.007 - 0.048] "GET /en/publications?flt_products=lorde-hyal%3Bnasisoft&flt_doctors=infectionist%3Borthopedic-traumatologist%3Bpulmonologist HTTP/1.1" 200 100464 "https://emteko.com/en/publications/?flt_products=lorde-hyal%3Bnasisoft&flt_doctors=infectionist%3Borthopedic-traumatologist" "Mozilla/5.0 (Linux; Android 7.0;) AppleWebKit/537.36 (KHTML, like Gecko) Mobile Safari/537.36 (compatible; PetalBot;+https://webmaster.petalsearch.com/site/petalbot)" "-"
49.13.130.29 - - [27/Oct/2025:03:47:23 +0200 - 0.012 - 0.016] "HEAD / HTTP/1.1" 200 0 "https://emteko.com" "Mozilla/5.0+(compatible; UptimeRobot/2.0; http://www.uptimerobot.com/)" "-"
114.119.154.181 - - [27/Oct/2025:03:48:24 +0200 - 1.009 - 0.016] "GET /en/publications?flt_products=lorde-hyal%3Bnasisoft&flt_doctors=infectionist%3Borthopedic-traumatologist%3Botolaryngologist%3Bpulmonologist%3Btherapist HTTP/1.1" 200 100539 "https://emteko.com/en/publications/?flt_products=lorde-hyal%3Bnasisoft&flt_doctors=infectionist%3Borthopedic-traumatologist%3Bpulmonologist%3Btherapist" "Mozilla/5.0 (Linux; Android 7.0;) AppleWebKit/537.36 (KHTML, like Gecko) Mobile Safari/537.36 (compatible; PetalBot;+https://webmaster.petalsearch.com/site/petalbot)" "-"
78.46.215.1 - - [27/Oct/2025:03:48:27 +0200 - 0.003 - 0.000] "HEAD / HTTP/1.1" 200 0 "https://emteko.com" "Mozilla/5.0+(compatible; UptimeRobot/2.0; http://www.uptimerobot.com/)" "-"
49.13.130.29 - - [27/Oct/2025:03:48:58 +0200 - 0.011 - 0.012] "HEAD / HTTP/1.1" 200 0 "https://emteko.com" "Mozilla/5.0+(compatible; UptimeRobot/2.0; http://www.uptimerobot.com/)" "-"
88.99.80.227 - - [27/Oct/2025:03:49:31 +0200 - 0.017 - 0.016] "HEAD / HTTP/1.1" 200 0 "https://emteko.com" "Mozilla/5.0+(compatible; UptimeRobot/2.0; http://www.uptimerobot.com/)" "-"
31.131.20.181 - - [27/Oct/2025:03:49:47 +0200 - 0.000 - 0.000] "POST /wp-cron.php?doing_wp_cron=1761529787.8747329711914062500000 HTTP/1.1" 499 0 "-" "WordPress/6.8.3; https://emteko.com/en/" "-"
114.119.140.113 - - [27/Oct/2025:03:49:49 +0200 - 2.644 - 1.444] "GET /en/publications?flt_products=lorde-hyal%3Bnasisoft&flt_doctors=general-practitioner%3Bpediatrician%3Bpulmonologist HTTP/1.1" 200 100454 "https://emteko.com/en/publications?flt_products=lorde-hyal&flt_doctors=general-practitioner%3Bpediatrician%3Bpulmonologist" "Mozilla/5.0 (Linux; Android 7.0;) AppleWebKit/537.36 (KHTML, like Gecko) Mobile Safari/537.36 (compatible; PetalBot;+https://webmaster.petalsearch.com/site/petalbot)" "-"
18.192.166.72 - - [27/Oct/2025:03:50:35 +0200 - 0.015 - 0.012] "HEAD / HTTP/1.1" 200 0 "https://emteko.com" "Mozilla/5.0+(compatible; UptimeRobot/2.0; http://www.uptimerobot.com/)" "-"
31.131.20.181 - - [27/Oct/2025:03:51:11 +0200 - 0.000 - 0.000] "POST /wp-cron.php?doing_wp_cron=1761529871.9220199584960937500000 HTTP/1.1" 499 0 "-" "WordPress/6.8.3; https://emteko.com/en/" "-"
114.119.154.89 - - [27/Oct/2025:03:51:13 +0200 - 2.092 - 1.096] "GET /en/publications?flt_products=lorde-hyal%3Bnasisoft&flt_doctors=general-practitioner%3Borthopedic-traumatologist%3Bpulmonologist HTTP/1.1" 200 100462 "https://emteko.com/en/publications?flt_products=lorde-hyal%3Bnasisoft&flt_doctors=orthopedic-traumatologist%3Bpulmonologist" "Mozilla/5.0 (Linux; Android 7.0;) AppleWebKit/537.36 (KHTML, like Gecko) Mobile Safari/537.36 (compatible; PetalBot;+https://webmaster.petalsearch.com/site/petalbot)" "-"
18.193.252.127 - - [27/Oct/2025:03:51:40 +0200 - 0.012 - 0.012] "HEAD / HTTP/1.1" 200 0 "https://emteko.com" "Mozilla/5.0+(compatible; UptimeRobot/2.0; http://www.uptimerobot.com/)" "-"
31.131.20.181 - - [27/Oct/2025:03:52:10 +0200 - 0.000 - 0.000] "POST /wp-cron.php?doing_wp_cron=1761529930.0615389347076416015625 HTTP/1.1" 499 0 "-" "WordPress/6.8.3; https://emteko.com" "-"
40.77.167.9 - - [27/Oct/2025:03:52:10 +0200 - 1.190 - 1.188] "GET /doctorspecial/gimenes-arsts/?flt_products=lorde-hyal-lv&flt_doctors=pediatrs;terapeits;traumatologs-ortopeds HTTP/1.1" 200 100318 "-" "Mozilla/5.0 AppleWebKit/537.36 (KHTML, like Gecko; compatible; bingbot/2.0; +http://www.bing.com/bingbot.htm) Chrome/116.0.1938.76 Safari/537.36" "-"
114.119.136.120 - - [27/Oct/2025:03:52:35 +0200 - 1.001 - 0.036] "GET /en/publications?flt_products=lorde-hyal%3Bnasisoft&flt_doctors=general-practitioner%3Borthopedic-traumatologist%3Botolaryngologist%3Bpediatrician%3Bpulmonologist HTTP/1.1" 200 100556 "https://emteko.com/en/publications?flt_products=lorde-hyal%3Bnasisoft&flt_doctors=general-practitioner%3Binfectionist%3Borthopedic-traumatologist%3Botolaryngologist%3Bpediatrician%3Bpulmonologist" "Mozilla/5.0 (Linux; Android 7.0;) AppleWebKit/537.36 (KHTML, like Gecko) Mobile Safari/537.36 (compatible; PetalBot;+https://webmaster.petalsearch.com/site/petalbot)" "-"
142.132.180.39 - - [27/Oct/2025:03:52:46 +0200 - 0.019 - 0.016] "HEAD / HTTP/1.1" 200 0 "https://emteko.com" "Mozilla/5.0+(compatible; UptimeRobot/2.0; http://www.uptimerobot.com/)" "-"
49.13.130.29 - - [27/Oct/2025:03:53:51 +0200 - 0.013 - 0.012] "HEAD / HTTP/1.1" 200 0 "https://emteko.com" "Mozilla/5.0+(compatible; UptimeRobot/2.0; http://www.uptimerobot.com/)" "-"
3.77.67.4 - - [27/Oct/2025:03:54:03 +0200 - 0.003 - 0.000] "HEAD / HTTP/1.1" 200 0 "https://emteko.com" "Mozilla/5.0+(compatible; UptimeRobot/2.0; http://www.uptimerobot.com/)" "-"
114.119.132.104 - - [27/Oct/2025:03:54:04 +0200 - 1.005 - 0.012] "GET /en/publications?flt_products=lorde-hyal%3Bnasisoft&flt_doctors=general-practitioner%3Binfectionist%3Bpulmonologist%3Btherapist HTTP/1.1" 200 100494 "https://emteko.com/en/publications/?flt_products=lorde-hyal%3Bnasisoft&flt_doctors=general-practitioner%3Binfectionist%3Borthopedic-traumatologist%3Bpulmonologist%3Btherapist" "Mozilla/5.0 (Linux; Android 7.0;) AppleWebKit/537.36 (KHTML, like Gecko) Mobile Safari/537.36 (compatible; PetalBot;+https://webmaster.petalsearch.com/site/petalbot)" "-"
52.59.43.236 - - [27/Oct/2025:03:54:56 +0200 - 0.017 - 0.016] "HEAD / HTTP/1.1" 200 0 "https://emteko.com" "Mozilla/5.0+(compatible; UptimeRobot/2.0; http://www.uptimerobot.com/)" "-"
31.131.20.181 - - [27/Oct/2025:03:55:22 +0200 - 0.001 - 0.000] "POST /wp-cron.php?doing_wp_cron=1761530122.1436710357666015625000 HTTP/1.1" 499 0 "-" "WordPress/6.8.3; https://emteko.com/en/" "-"
114.119.136.120 - - [27/Oct/2025:03:55:23 +0200 - 2.158 - 1.184] "GET /en/publications?flt_products=lorde-hyal%3Bnasisoft&flt_doctors=general-practitioner%3Binfectionist%3Botolaryngologist%3Bpediatrician%3Btherapist HTTP/1.1" 200 100536 "https://emteko.com/en/publications?flt_products=lorde-hyal%3Bnasisoft&flt_doctors=general-practitioner%3Binfectionist%3Botolaryngologist%3Btherapist" "Mozilla/5.0 (Linux; Android 7.0;) AppleWebKit/537.36 (KHTML, like Gecko) Mobile Safari/537.36 (compatible; PetalBot;+https://webmaster.petalsearch.com/site/petalbot)" "-"
52.28.162.93 - - [27/Oct/2025:03:56:01 +0200 - 0.012 - 0.012] "HEAD / HTTP/1.1" 200 0 "https://emteko.com" "Mozilla/5.0+(compatible; UptimeRobot/2.0; http://www.uptimerobot.com/)" "-"
47.128.98.20 - - [27/Oct/2025:03:56:25 +0200 - 0.191 - 0.016] "GET /en/publications/?flt_products=artro-patch&flt_doctors=infectionist;otolaryngologist;pediatrician HTTP/1.1" 200 95598 "-" "Mozilla/5.0 (Linux; Android 5.0) AppleWebKit/537.36 (KHTML, like Gecko) Mobile Safari/537.36 (compatible; Bytespider; spider-feedback@bytedance.com)" "-"
31.131.20.181 - - [27/Oct/2025:03:56:47 +0200 - 0.000 - 0.000] "POST /wp-cron.php?doing_wp_cron=1761530207.6286280155181884765625 HTTP/1.1" 499 0 "-" "WordPress/6.8.3; https://emteko.com/en/" "-"
114.119.140.113 - - [27/Oct/2025:03:56:49 +0200 - 2.233 - 1.032] "GET /en/publications?flt_products=lorde-hyal%3Bnasisoft&flt_doctors=general-practitioner%3Binfectionist%3Borthopedic-traumatologist%3Btherapist HTTP/1.1" 200 100494 "https://emteko.com/en/publications?flt_products=diart%3Blorde-hyal%3Bnasisoft&flt_doctors=general-practitioner%3Binfectionist%3Borthopedic-traumatologist%3Btherapist" "Mozilla/5.0 (Linux; Android 7.0;) AppleWebKit/537.36 (KHTML, like Gecko) Mobile Safari/537.36 (compatible; PetalBot;+https://webmaster.petalsearch.com/site/petalbot)" "-"
5.39.1.226 - - [27/Oct/2025:03:56:52 +0200 - 0.022 - 0.004] "GET /doctorspecial/pulmonologs/?flt_doctors=terapeits HTTP/1.1" 200 100157 "-" "Mozilla/5.0 (compatible; AhrefsBot/7.0; +http://ahrefs.com/robot/)" "-"
142.132.180.39 - - [27/Oct/2025:03:57:04 +0200 - 0.012 - 0.012] "HEAD / HTTP/1.1" 200 0 "https://emteko.com" "Mozilla/5.0+(compatible; UptimeRobot/2.0; http://www.uptimerobot.com/)" "-"
31.131.20.181 - - [27/Oct/2025:03:58:10 +0200 - 0.001 - 0.000] "POST /wp-cron.php?doing_wp_cron=1761530290.1586339473724365234375 HTTP/1.1" 499 0 "-" "WordPress/6.8.3; https://emteko.com/en/" "-"
52.59.43.236 - - [27/Oct/2025:03:58:10 +0200 - 0.021 - 0.020] "HEAD / HTTP/1.1" 200 0 "https://emteko.com" "Mozilla/5.0+(compatible; UptimeRobot/2.0; http://www.uptimerobot.com/)" "-"
114.119.132.104 - - [27/Oct/2025:03:58:11 +0200 - 2.210 - 1.232] "GET /en/publications?flt_products=lorde-hyal%3Bnasisoft&flt_doctors=general-practitioner%3Binfectionist%3Borthopedic-traumatologist%3Bpulmonologist%3Btherapist HTTP/1.1" 200 100545 "https://emteko.com/en/publications?flt_products=lorde-hyal%3Bnasisoft&flt_doctors=general-practitioner%3Binfectionist%3Borthopedic-traumatologist%3Botolaryngologist%3Bpulmonologist%3Btherapist" "Mozilla/5.0 (Linux; Android 7.0;) AppleWebKit/537.36 (KHTML, like Gecko) Mobile Safari/537.36 (compatible; PetalBot;+https://webmaster.petalsearch.com/site/petalbot)" "-"
52.59.43.236 - - [27/Oct/2025:03:59:09 +0200 - 0.017 - 0.016] "HEAD / HTTP/1.1" 200 0 "https://emteko.com" "Mozilla/5.0+(compatible; UptimeRobot/2.0; http://www.uptimerobot.com/)" "-"
78.46.215.1 - - [27/Oct/2025:03:59:16 +0200 - 0.002 - 0.004] "HEAD / HTTP/1.1" 200 0 "https://emteko.com" "Mozilla/5.0+(compatible; UptimeRobot/2.0; http://www.uptimerobot.com/)" "-"
31.131.20.181 - - [27/Oct/2025:03:59:33 +0200 - 0.001 - 0.000] "POST /wp-cron.php?doing_wp_cron=1761530373.6077001094818115234375 HTTP/1.1" 499 0 "-" "WordPress/6.8.3; https://emteko.com/en/" "-"
114.119.140.113 - - [27/Oct/2025:03:59:35 +0200 - 2.823 - 1.620] "GET /en/publications?flt_products=lorde-hyal%3Bnasisoft&flt_doctors=general-practitioner%3Binfectionist%3Borthopedic-traumatologist%3Bpediatrician%3Btherapist HTTP/1.1" 200 100541 "https://emteko.com/en/publications?flt_products=nasisoft&flt_doctors=general-practitioner%3Binfectionist%3Borthopedic-traumatologist%3Bpediatrician%3Btherapist" "Mozilla/5.0 (Linux; Android 7.0;) AppleWebKit/537.36 (KHTML, like Gecko) Mobile Safari/537.36 (compatible; PetalBot;+https://webmaster.petalsearch.com/site/petalbot)" "-"
168.119.53.160 - - [27/Oct/2025:04:00:21 +0200 - 0.012 - 0.012] "HEAD / HTTP/1.1" 200 0 "https://emteko.com" "Mozilla/5.0+(compatible; UptimeRobot/2.0; http://www.uptimerobot.com/)" "-"
31.131.20.181 - - [27/Oct/2025:04:00:26 +0200 - 0.001 - 0.000] "POST /wp-cron.php?doing_wp_cron=1761530426.8747229576110839843750 HTTP/1.1" 499 0 "-" "WordPress/6.8.3; https://emteko.com/en/" "-"
47.128.49.105 - - [27/Oct/2025:04:00:27 +0200 - 1.278 - 1.080] "GET /en/publications/?flt_products=diart&flt_doctors=general-practitioner;infectionist;pulmonologist HTTP/1.1" 200 95608 "-" "Mozilla/5.0 (Linux; Android 5.0) AppleWebKit/537.36 (KHTML, like Gecko) Mobile Safari/537.36 (compatible; Bytespider; spider-feedback@bytedance.com)" "-"
114.119.140.113 - - [27/Oct/2025:04:00:58 +0200 - 0.916 - 0.020] "GET /en/publications?flt_products=lorde-hyal%3Bnasisoft&flt_doctors=general-practitioner%3Binfectionist%3Borthopedic-traumatologist%3Botolaryngologist%3Bpediatrician%3Btherapist HTTP/1.1" 200 100596 "https://emteko.com/en/publications?flt_products=lorde-hyal%3Bnasisoft&flt_doctors=general-practitioner%3Binfectionist%3Borthopedic-traumatologist%3Botolaryngologist%3Bpediatrician" "Mozilla/5.0 (Linux; Android 7.0;) AppleWebKit/537.36 (KHTML, like Gecko) Mobile Safari/537.36 (compatible; PetalBot;+https://webmaster.petalsearch.com/site/petalbot)" "-"
142.132.180.39 - - [27/Oct/2025:04:01:25 +0200 - 0.019 - 0.020] "HEAD / HTTP/1.1" 200 0 "https://emteko.com" "Mozilla/5.0+(compatible; UptimeRobot/2.0; http://www.uptimerobot.com/)" "-"
114.119.132.104 - - [27/Oct/2025:04:02:21 +0200 - 1.003 - 0.016] "GET /en/publications?flt_products=lorde-hyal%3Bnasisoft&flt_doctors=general-practitioner%3Binfectionist%3Borthopedic-traumatologist%3Botolaryngologist%3Bpediatrician HTTP/1.1" 200 100554 "https://emteko.com/en/publications/?flt_products=diart%3Blorde-hyal%3Bnasisoft&flt_doctors=general-practitioner%3Binfectionist%3Borthopedic-traumatologist%3Botolaryngologist%3Bpediatrician" "Mozilla/5.0 (Linux; Android 7.0;) AppleWebKit/537.36 (KHTML, like Gecko) Mobile Safari/537.36 (compatible; PetalBot;+https://webmaster.petalsearch.com/site/petalbot)" "-"
3.77.67.4 - - [27/Oct/2025:04:02:30 +0200 - 0.003 - 0.004] "HEAD / HTTP/1.1" 200 0 "https://emteko.com" "Mozilla/5.0+(compatible; UptimeRobot/2.0; http://www.uptimerobot.com/)" "-"
88.99.80.227 - - [27/Oct/2025:04:03:34 +0200 - 0.011 - 0.012] "HEAD / HTTP/1.1" 200 0 "https://emteko.com" "Mozilla/5.0+(compatible; UptimeRobot/2.0; http://www.uptimerobot.com/)" "-"
114.119.136.120 - - [27/Oct/2025:04:03:45 +0200 - 0.967 - 0.004] "GET /en/publications?flt_products=lorde-hyal%3Bnasisoft%3Bokistar-hyal-7&flt_doctors=therapist HTTP/1.1" 200 100412 "https://emteko.com/en/publications?flt_products=lorde-hyal%3Bnasisoft%3Bokistar-hyal-7&flt_doctors=pediatrician%3Btherapist" "Mozilla/5.0 (Linux; Android 7.0;) AppleWebKit/537.36 (KHTML, like Gecko) Mobile Safari/537.36 (compatible; PetalBot;+https://webmaster.petalsearch.com/site/petalbot)" "-"
167.235.143.113 - - [27/Oct/2025:04:04:13 +0200 - 0.022 - 0.024] "HEAD / HTTP/1.1" 200 0 "https://emteko.com" "Mozilla/5.0+(compatible; UptimeRobot/2.0; http://www.uptimerobot.com/)" "-"
31.131.20.181 - - [27/Oct/2025:04:04:27 +0200 - 0.001 - 0.000] "POST /wp-cron.php?doing_wp_cron=1761530667.4025740623474121093750 HTTP/1.1" 499 0 "-" "WordPress/6.8.3; https://emteko.com/en/" "-"
47.128.32.208 - - [27/Oct/2025:04:04:27 +0200 - 1.199 - 1.024] "GET /en/publications/?flt_doctors=infectionist%3Borthopedic-traumatologist%3Bpulmonologist%3Btherapist&flt_products=diart HTTP/1.1" 200 95647 "-" "Mozilla/5.0 (Linux; Android 5.0) AppleWebKit/537.36 (KHTML, like Gecko) Mobile Safari/537.36 (compatible; Bytespider; spider-feedback@bytedance.com)" "-"
18.193.252.127 - - [27/Oct/2025:04:04:39 +0200 - 0.004 - 0.004] "HEAD / HTTP/1.1" 200 0 "https://emteko.com" "Mozilla/5.0+(compatible; UptimeRobot/2.0; http://www.uptimerobot.com/)" "-"
31.131.20.181 - - [27/Oct/2025:04:05:07 +0200 - 0.000 - 0.000] "POST /wp-cron.php?doing_wp_cron=1761530707.6832289695739746093750 HTTP/1.1" 499 0 "-" "WordPress/6.8.3; https://emteko.com/en/" "-"
114.119.140.113 - - [27/Oct/2025:04:05:08 +0200 - 2.126 - 1.224] "GET /en/publications?flt_products=lorde-hyal%3Bnasisoft%3Bokistar-hyal-7&flt_doctors=orthopedic-traumatologist%3Botolaryngologist%3Bpulmonologist%3Btherapist HTTP/1.1" 200 100537 "https://emteko.com/en/publications/?flt_products=diart%3Blorde-hyal%3Bnasisoft%3Bokistar-hyal-7&flt_doctors=orthopedic-traumatologist%3Botolaryngologist%3Bpulmonologist%3Btherapist" "Mozilla/5.0 (Linux; Android 7.0;) AppleWebKit/537.36 (KHTML, like Gecko) Mobile Safari/537.36 (compatible; PetalBot;+https://webmaster.petalsearch.com/site/petalbot)" "-"
52.167.144.194 - - [27/Oct/2025:04:05:26 +0200 - 0.955 - 0.956] "GET /en/doctorspecial/therapist/?flt_products=artro-patch;diart;lorde-hyal;nasisoft&flt_doctors=otolaryngologist HTTP/1.1" 200 100108 "-" "Mozilla/5.0 AppleWebKit/537.36 (KHTML, like Gecko; compatible; bingbot/2.0; +http://www.bing.com/bingbot.htm) Chrome/116.0.1938.76 Safari/537.36" "-"
49.13.24.81 - - [27/Oct/2025:04:05:44 +0200 - 0.011 - 0.012] "HEAD / HTTP/1.1" 200 0 "https://emteko.com" "Mozilla/5.0+(compatible; UptimeRobot/2.0; http://www.uptimerobot.com/)" "-"
114.119.154.181 - - [27/Oct/2025:04:06:34 +0200 - 1.023 - 0.024] "GET /en/publications?flt_products=lorde-hyal%3Bnasisoft%3Bokistar-hyal-7&flt_doctors=orthopedic-traumatologist%3Botolaryngologist HTTP/1.1" 200 100459 "https://emteko.com/en/publications/?flt_products=lorde-hyal%3Bnasisoft%3Bokistar-hyal-7&flt_doctors=otolaryngologist" "Mozilla/5.0 (Linux; Android 7.0;) AppleWebKit/537.36 (KHTML, like Gecko) Mobile Safari/537.36 (compatible; PetalBot;+https://webmaster.petalsearch.com/site/petalbot)" "-"
