31.131.20.181 - - [26/Oct/2025:01:01:30 +0300 - 0.002 - 0.004] "POST /wp-cron.php?doing_wp_cron=1761429690.0994300842285156250000 HTTP/1.1" 499 0 "-" "WordPress/6.8.3; https://emteko.com/en/" "-"
114.119.132.202 - - [26/Oct/2025:01:01:33 +0300 - 4.074 - 1.072] "GET /en/publications?flt_products=diart%3Blorde-hyal%3Bokistar-hyal-7&flt_doctors=general-practitioner%3Botolaryngologist%3Bpediatrician%3Btherapist HTTP/1.1" 200 81596 "https://emteko.com/en/publications/?flt_products=diart%3Blorde-hyal&flt_doctors=general-practitioner%3Botolaryngologist%3Bpediatrician%3Btherapist" "Mozilla/5.0 (Linux; Android 7.0;) AppleWebKit/537.36 (KHTML, like Gecko) Mobile Safari/537.36 (compatible; PetalBot;+https://webmaster.petalsearch.com/site/petalbot)" "-"
88.99.80.227 - - [26/Oct/2025:01:01:57 +0300 - 0.015 - 0.016] "HEAD / HTTP/1.1" 200 0 "https://emteko.com" "Mozilla/5.0+(compatible; UptimeRobot/2.0; http://www.uptimerobot.com/)" "-"
18.192.166.72 - - [26/Oct/2025:01:03:01 +0300 - 0.013 - 0.016] "HEAD / HTTP/1.1" 200 0 "https://emteko.com" "Mozilla/5.0+(compatible; UptimeRobot/2.0; http://www.uptimerobot.com/)" "-"
31.131.20.181 - - [26/Oct/2025:01:03:04 +0300 - 0.001 - 0.000] "POST /wp-cron.php?doing_wp_cron=1761429784.8032739162445068359375 HTTP/1.1" 499 0 "-" "WordPress/6.8.3; https://emteko.com/en/" "-"
114.119.136.120 - - [26/Oct/2025:01:03:08 +0300 - 4.063 - 1.060] "GET /en/publications?flt_products=diart%3Blorde-hyal%3Bokistar-hyal-7&flt_doctors=general-practitioner%3Botolaryngologist%3Bpediatrician%3Bpulmonologist HTTP/1.1" 200 81596 "https://emteko.com/en/publications?flt_products=diart%3Blorde-hyal%3Bokistar-hyal-7&flt_doctors=general-practitioner%3Botolaryngologist%3Bpediatrician" "Mozilla/5.0 (Linux; Android 7.0;) AppleWebKit/537.36 (KHTML, like Gecko) Mobile Safari/537.36 (compatible; PetalBot;+https://webmaster.petalsearch.com/site/petalbot)" "-"
52.28.162.93 - - [26/Oct/2025:01:03:38 +0300 - 0.012 - 0.012] "HEAD / HTTP/1.1" 200 0 "https://emteko.com" "Mozilla/5.0+(compatible; UptimeRobot/2.0; http://www.uptimerobot.com/)" "-"
168.119.123.75 - - [26/Oct/2025:01:04:06 +0300 - 0.011 - 0.012] "HEAD / HTTP/1.1" 200 0 "https://emteko.com" "Mozilla/5.0+(compatible; UptimeRobot/2.0; http://www.uptimerobot.com/)" "-"
31.131.20.181 - - [26/Oct/2025:01:04:42 +0300 - 0.000 - 0.000] "POST /wp-cron.php?doing_wp_cron=1761429882.1747019290924072265625 HTTP/1.1" 499 0 "-" "WordPress/6.8.3; https://emteko.com/en/" "-"
114.119.132.202 - - [26/Oct/2025:01:04:45 +0300 - 4.416 - 1.416] "GET /en/publications?flt_products=diart%3Blorde-hyal%3Bokistar-hyal-7&flt_doctors=general-practitioner%3Botolaryngologist HTTP/1.1" 200 81596 "https://emteko.com/en/publications?flt_products=diart%3Blorde-hyal%3Bokistar-hyal-7&flt_doctors=general-practitioner%3Botolaryngologist%3Bpediatrician" "Mozilla/5.0 (Linux; Android 7.0;) AppleWebKit/537.36 (KHTML, like Gecko) Mobile Safari/537.36 (compatible; PetalBot;+https://webmaster.petalsearch.com/site/petalbot)" "-"
128.140.41.193 - - [26/Oct/2025:01:05:10 +0300 - 0.013 - 0.016] "HEAD / HTTP/1.1" 200 0 "https://emteko.com" "Mozilla/5.0+(compatible; UptimeRobot/2.0; http://www.uptimerobot.com/)" "-"
157.90.156.63 - - [26/Oct/2025:01:06:14 +0300 - 0.017 - 0.016] "HEAD / HTTP/1.1" 200 0 "https://emteko.com" "Mozilla/5.0+(compatible; UptimeRobot/2.0; http://www.uptimerobot.com/)" "-"
31.131.20.181 - - [26/Oct/2025:01:06:15 +0300 - 0.000 - 0.000] "POST /wp-cron.php?doing_wp_cron=1761429975.6502609252929687500000 HTTP/1.1" 499 0 "-" "WordPress/6.8.3; https://emteko.com/en/" "-"
114.119.136.120 - - [26/Oct/2025:01:06:18 +0300 - 3.989 - 1.024] "GET /en/publications?flt_products=okistar-hyal-7&flt_doctors=general-practitioner%3Binfectionist%3Botolaryngologist%3Bpediatrician%3Bpulmonologist HTTP/1.1" 200 99268 "https://emteko.com/en/publications?flt_products=okistar-hyal-7&flt_doctors=general-practitioner%3Binfectionist%3Botolaryngologist%3Bpediatrician%3Bpulmonologist%3Btherapist" "Mozilla/5.0 (Linux; Android 7.0;) AppleWebKit/537.36 (KHTML, like Gecko) Mobile Safari/537.36 (compatible; PetalBot;+https://webmaster.petalsearch.com/site/petalbot)" "-"
78.47.173.76 - - [26/Oct/2025:01:07:18 +0300 - 0.010 - 0.012] "HEAD / HTTP/1.1" 200 0 "https://emteko.com" "Mozilla/5.0+(compatible; UptimeRobot/2.0; http://www.uptimerobot.com/)" "-"
31.131.20.181 - - [26/Oct/2025:01:07:49 +0300 - 0.001 - 0.000] "POST /wp-cron.php?doing_wp_cron=1761430069.1571300029754638671875 HTTP/1.1" 499 0 "-" "WordPress/6.8.3; https://emteko.com/en/" "-"
114.119.140.113 - - [26/Oct/2025:01:07:52 +0300 - 4.029 - 1.028] "GET /en/publications?flt_products=nasisoft&flt_doctors=infectionist%3Borthopedic-traumatologist%3Botolaryngologist%3Bpediatrician%3Bpulmonologist%3Btherapist HTTP/1.1" 200 81596 "https://emteko.com/en/publications?flt_products=nasisoft%3Bokistar-hyal-7&flt_doctors=infectionist%3Borthopedic-traumatologist%3Botolaryngologist%3Bpediatrician%3Bpulmonologist%3Btherapist" "Mozilla/5.0 (Linux; Android 7.0;) AppleWebKit/537.36 (KHTML, like Gecko) Mobile Safari/537.36 (compatible; PetalBot;+https://webmaster.petalsearch.com/site/petalbot)" "-"
168.119.53.160 - - [26/Oct/2025:01:08:22 +0300 - 0.011 - 0.012] "HEAD / HTTP/1.1" 200 0 "https://emteko.com" "Mozilla/5.0+(compatible; UptimeRobot/2.0; http://www.uptimerobot.com/)" "-"
78.47.98.55 - - [26/Oct/2025:01:08:42 +0300 - 0.014 - 0.012] "HEAD / HTTP/1.1" 200 0 "https://emteko.com" "Mozilla/5.0+(compatible; UptimeRobot/2.0; http://www.uptimerobot.com/)" "-"
31.131.20.181 - - [26/Oct/2025:01:09:18 +0300 - 0.001 - 0.000] "POST /wp-cron.php?doing_wp_cron=1761430158.7619450092315673828125 HTTP/1.1" 499 0 "-" "WordPress/6.8.3; https://emteko.com/en/" "-"
114.119.136.120 - - [26/Oct/2025:01:09:21 +0300 - 3.274 - 1.048] "GET /en/publications?flt_products=nasisoft&flt_doctors=general-practitioner%3Botolaryngologist%3Bpediatrician HTTP/1.1" 200 98992 "https://emteko.com/en/publications?flt_products=nasisoft&flt_doctors=general-practitioner%3Borthopedic-traumatologist%3Botolaryngologist%3Bpediatrician" "Mozilla/5.0 (Linux; Android 7.0;) AppleWebKit/537.36 (KHTML, like Gecko) Mobile Safari/537.36 (compatible; PetalBot;+https://webmaster.petalsearch.com/site/petalbot)" "-"
128.140.106.114 - - [26/Oct/2025:01:09:27 +0300 - 0.002 - 0.004] "HEAD / HTTP/1.1" 200 0 "https://emteko.com" "Mozilla/5.0+(compatible; UptimeRobot/2.0; http://www.uptimerobot.com/)" "-"
63.178.84.147 - - [26/Oct/2025:01:10:32 +0300 - 0.012 - 0.012] "HEAD / HTTP/1.1" 200 0 "https://emteko.com" "Mozilla/5.0+(compatible; UptimeRobot/2.0; http://www.uptimerobot.com/)" "-"
31.131.20.181 - - [26/Oct/2025:01:11:02 +0300 - 0.000 - 0.000] "POST /wp-cron.php?doing_wp_cron=1761430262.3047950267791748046875 HTTP/1.1" 499 0 "-" "WordPress/6.8.3; https://emteko.com/en/" "-"
114.119.133.35 - - [26/Oct/2025:01:11:05 +0300 - 4.443 - 1.440] "GET /en/publications?flt_products=nasisoft&flt_doctors=general-practitioner%3Binfectionist%3Borthopedic-traumatologist%3Botolaryngologist%3Bpulmonologist HTTP/1.1" 200 81596 "https://emteko.com/en/publications?flt_products=nasisoft&flt_doctors=general-practitioner%3Binfectionist%3Borthopedic-traumatologist%3Botolaryngologist%3Bpulmonologist%3Btherapist" "Mozilla/5.0 (Linux; Android 7.0;) AppleWebKit/537.36 (KHTML, like Gecko) Mobile Safari/537.36 (compatible; PetalBot;+https://webmaster.petalsearch.com/site/petalbot)" "-"
128.140.106.114 - - [26/Oct/2025:01:11:37 +0300 - 0.013 - 0.012] "HEAD / HTTP/1.1" 200 0 "https://emteko.com" "Mozilla/5.0+(compatible; UptimeRobot/2.0; http://www.uptimerobot.com/)" "-"
31.131.20.181 - - [26/Oct/2025:01:12:37 +0300 - 0.001 - 0.000] "POST /wp-cron.php?doing_wp_cron=1761430357.4039990901947021484375 HTTP/1.1" 499 0 "-" "WordPress/6.8.3; https://emteko.com/en/" "-"
114.119.134.51 - - [26/Oct/2025:01:12:40 +0300 - 3.992 - 0.992] "GET /en/publications?flt_products=nasisoft%3Bokistar-hyal-7&flt_doctors=otolaryngologist%3Bpulmonologist HTTP/1.1" 200 81596 "https://emteko.com/en/publications?flt_products=okistar-hyal-7&flt_doctors=otolaryngologist%3Bpulmonologist" "Mozilla/5.0 (Linux; Android 7.0;) AppleWebKit/537.36 (KHTML, like Gecko) Mobile Safari/537.36 (compatible; PetalBot;+https://webmaster.petalsearch.com/site/petalbot)" "-"
49.13.24.81 - - [26/Oct/2025:01:12:41 +0300 - 0.002 - 0.000] "HEAD / HTTP/1.1" 200 0 "https://emteko.com" "Mozilla/5.0+(compatible; UptimeRobot/2.0; http://www.uptimerobot.com/)" "-"
52.28.162.93 - - [26/Oct/2025:01:13:46 +0300 - 0.034 - 0.032] "HEAD / HTTP/1.1" 200 0 "https://emteko.com" "Mozilla/5.0+(compatible; UptimeRobot/2.0; http://www.uptimerobot.com/)" "-"
49.13.167.123 - - [26/Oct/2025:01:13:47 +0300 - 0.003 - 0.004] "HEAD / HTTP/1.1" 200 0 "https://emteko.com" "Mozilla/5.0+(compatible; UptimeRobot/2.0; http://www.uptimerobot.com/)" "-"
114.119.133.35 - - [26/Oct/2025:01:14:11 +0300 - 2.292 - 0.012] "GET /en/publications?flt_products=nasisoft%3Bokistar-hyal-7&flt_doctors=general-practitioner%3Binfectionist%3Bpediatrician%3Bpulmonologist%3Btherapist HTTP/1.1" 200 99793 "https://emteko.com/en/publications/?flt_products=artro-patch%3Bnasisoft%3Bokistar-hyal-7&flt_doctors=general-practitioner%3Binfectionist%3Bpediatrician%3Bpulmonologist%3Btherapist" "Mozilla/5.0 (Linux; Android 7.0;) AppleWebKit/537.36 (KHTML, like Gecko) Mobile Safari/537.36 (compatible; PetalBot;+https://webmaster.petalsearch.com/site/petalbot)" "-"
159.69.158.189 - - [26/Oct/2025:01:14:50 +0300 - 0.011 - 0.008] "HEAD / HTTP/1.1" 200 0 "https://emteko.com" "Mozilla/5.0+(compatible; UptimeRobot/2.0; http://www.uptimerobot.com/)" "-"
31.131.20.181 - - [26/Oct/2025:01:15:39 +0300 - 0.001 - 0.000] "POST /wp-cron.php?doing_wp_cron=1761430539.8552761077880859375000 HTTP/1.1" 499 0 "-" "WordPress/6.8.3; https://emteko.com/en/" "-"
114.119.134.51 - - [26/Oct/2025:01:15:43 +0300 - 4.065 - 1.064] "GET /en/publications?flt_products=lorde-hyal&flt_doctors=pediatrician%3Bpulmonologist%3Btherapist HTTP/1.1" 200 81596 "https://emteko.com/en/publications?flt_products=lorde-hyal&flt_doctors=general-practitioner%3Bpediatrician%3Bpulmonologist%3Btherapist" "Mozilla/5.0 (Linux; Android 7.0;) AppleWebKit/537.36 (KHTML, like Gecko) Mobile Safari/537.36 (compatible; PetalBot;+https://webmaster.petalsearch.com/site/petalbot)" "-"
63.178.84.147 - - [26/Oct/2025:01:15:55 +0300 - 0.011 - 0.008] "HEAD / HTTP/1.1" 200 0 "https://emteko.com" "Mozilla/5.0+(compatible; UptimeRobot/2.0; http://www.uptimerobot.com/)" "-"
31.131.20.181 - - [26/Oct/2025:01:16:46 +0300 - 0.001 - 0.000] "POST /wp-cron.php?doing_wp_cron=1761430606.0021369457244873046875 HTTP/1.1" 499 0 "-" "WordPress/6.8.3; https://emteko.com" "-"
52.167.144.183 - - [26/Oct/2025:01:16:46 +0300 - 1.114 - 1.112] "GET /doctorspecial/gimenes-arsts/?flt_products=artro-patch-lv;lorde-hyal-lv&flt_doctors=pediatrs HTTP/1.1" 200 100272 "-" "Mozilla/5.0 AppleWebKit/537.36 (KHTML, like Gecko; compatible; bingbot/2.0; +http://www.bing.com/bingbot.htm) Chrome/116.0.1938.76 Safari/537.36" "-"
128.140.106.114 - - [26/Oct/2025:01:16:59 +0300 - 0.012 - 0.012] "HEAD / HTTP/1.1" 200 0 "https://emteko.com" "Mozilla/5.0+(compatible; UptimeRobot/2.0; http://www.uptimerobot.com/)" "-"
31.131.20.181 - - [26/Oct/2025:01:17:15 +0300 - 0.000 - 0.000] "POST /wp-cron.php?doing_wp_cron=1761430635.2112119197845458984375 HTTP/1.1" 499 0 "-" "WordPress/6.8.3; https://emteko.com/en/" "-"
114.119.154.89 - - [26/Oct/2025:01:17:17 +0300 - 2.977 - 0.988] "GET /en/publications?flt_products=lorde-hyal&flt_doctors=general-practitioner%3Binfectionist%3Borthopedic-traumatologist%3Bpediatrician%3Bpulmonologist HTTP/1.1" 200 100280 "https://emteko.com/en/publications?flt_products=lorde-hyal%3Bnasisoft&flt_doctors=general-practitioner%3Binfectionist%3Borthopedic-traumatologist%3Bpediatrician%3Bpulmonologist" "Mozilla/5.0 (Linux; Android 7.0;) AppleWebKit/537.36 (KHTML, like Gecko) Mobile Safari/537.36 (compatible; PetalBot;+https://webmaster.petalsearch.com/site/petalbot)" "-"
49.13.134.145 - - [26/Oct/2025:01:18:04 +0300 - 0.013 - 0.012] "HEAD / HTTP/1.1" 200 0 "https://emteko.com" "Mozilla/5.0+(compatible; UptimeRobot/2.0; http://www.uptimerobot.com/)" "-"
34.1.30.195 - - [26/Oct/2025:01:18:05 +0300 - 0.092 - 0.000] "GET / HTTP/1.1" 200 89415 "http://emteko.com/" "Mozilla/5.0 (Macintosh; Intel Mac OS X 10_15_7) AppleWebKit/537.36 (KHTML, like Gecko) Chrome/135.0.0.0 Safari/537.36" "-"
31.131.20.181 - - [26/Oct/2025:01:18:06 +0300 - 0.000 - 0.000] "POST /wp-cron.php?doing_wp_cron=1761430686.0306479930877685546875 HTTP/1.1" 499 0 "-" "WordPress/6.8.3; https://emteko.com" "-"
34.1.30.195 - - [26/Oct/2025:01:18:06 +0300 - 0.912 - 0.912] "GET /app/ HTTP/1.1" 404 87002 "-" "Mozilla/5.0 (Macintosh; Intel Mac OS X 10_15_7) AppleWebKit/537.36 (KHTML, like Gecko) Chrome/135.0.0.0 Safari/537.36" "-"
34.1.30.195 - - [26/Oct/2025:01:18:07 +0300 - 0.674 - 0.672] "GET /login/ HTTP/1.1" 302 5 "-" "Mozilla/5.0 (Macintosh; Intel Mac OS X 10_15_7) AppleWebKit/537.36 (KHTML, like Gecko) Chrome/135.0.0.0 Safari/537.36" "-"
34.1.30.195 - - [26/Oct/2025:01:18:07 +0300 - 0.702 - 0.700] "GET /wp-login.php HTTP/1.1" 403 2242 "https://emteko.com/login/" "Mozilla/5.0 (Macintosh; Intel Mac OS X 10_15_7) AppleWebKit/537.36 (KHTML, like Gecko) Chrome/135.0.0.0 Safari/537.36" "-"
34.1.30.195 - - [26/Oct/2025:01:18:09 +0300 - 0.002 - 0.000] "GET / HTTP/1.1" 200 89415 "https://www.emteko.com/" "Mozilla/5.0 (Macintosh; Intel Mac OS X 10_15_7) AppleWebKit/537.36 (KHTML, like Gecko) Chrome/135.0.0.0 Safari/537.36" "-"
34.1.30.195 - - [26/Oct/2025:01:18:10 +0300 - 0.766 - 0.764] "GET /app/ HTTP/1.1" 404 87002 "-" "Mozilla/5.0 (Macintosh; Intel Mac OS X 10_15_7) AppleWebKit/537.36 (KHTML, like Gecko) Chrome/135.0.0.0 Safari/537.36" "-"
34.1.30.195 - - [26/Oct/2025:01:18:11 +0300 - 0.690 - 0.688] "GET /login/ HTTP/1.1" 302 5 "-" "Mozilla/5.0 (Macintosh; Intel Mac OS X 10_15_7) AppleWebKit/537.36 (KHTML, like Gecko) Chrome/135.0.0.0 Safari/537.36" "-"
34.1.30.195 - - [26/Oct/2025:01:18:12 +0300 - 0.669 - 0.668] "GET /wp-login.php HTTP/1.1" 403 2242 "https://emteko.com/login/" "Mozilla/5.0 (Macintosh; Intel Mac OS X 10_15_7) AppleWebKit/537.36 (KHTML, like Gecko) Chrome/135.0.0.0 Safari/537.36" "-"
34.1.30.195 - - [26/Oct/2025:01:18:12 +0300 - 0.002 - 0.000] "GET / HTTP/1.1" 200 89415 "https://www.emteko.com/" "Mozilla/5.0 (Macintosh; Intel Mac OS X 10_15_7) AppleWebKit/537.36 (KHTML, like Gecko) Chrome/135.0.0.0 Safari/537.36" "-"
34.1.30.195 - - [26/Oct/2025:01:18:13 +0300 - 0.759 - 0.760] "GET /app/ HTTP/1.1" 404 87002 "-" "Mozilla/5.0 (Macintosh; Intel Mac OS X 10_15_7) AppleWebKit/537.36 (KHTML, like Gecko) Chrome/135.0.0.0 Safari/537.36" "-"
34.1.30.195 - - [26/Oct/2025:01:18:14 +0300 - 0.665 - 0.664] "GET /login/ HTTP/1.1" 302 5 "-" "Mozilla/5.0 (Macintosh; Intel Mac OS X 10_15_7) AppleWebKit/537.36 (KHTML, like Gecko) Chrome/135.0.0.0 Safari/537.36" "-"
34.1.30.195 - - [26/Oct/2025:01:18:15 +0300 - 0.674 - 0.672] "GET /wp-login.php HTTP/1.1" 403 2242 "https://emteko.com/login/" "Mozilla/5.0 (Macintosh; Intel Mac OS X 10_15_7) AppleWebKit/537.36 (KHTML, like Gecko) Chrome/135.0.0.0 Safari/537.36" "-"
128.140.106.114 - - [26/Oct/2025:01:18:51 +0300 - 0.017 - 0.016] "HEAD / HTTP/1.1" 200 0 "https://emteko.com" "Mozilla/5.0+(compatible; UptimeRobot/2.0; http://www.uptimerobot.com/)" "-"
114.119.136.120 - - [26/Oct/2025:01:18:54 +0300 - 3.113 - 1.148] "GET /en/publications?flt_products=lorde-hyal&flt_doctors=general-practitioner%3Binfectionist HTTP/1.1" 200 99978 "https://emteko.com/en/publications/?flt_doctors=general-practitioner%3Binfectionist" "Mozilla/5.0 (Linux; Android 7.0;) AppleWebKit/537.36 (KHTML, like Gecko) Mobile Safari/537.36 (compatible; PetalBot;+https://webmaster.petalsearch.com/site/petalbot)" "-"
157.90.156.63 - - [26/Oct/2025:01:19:09 +0300 - 0.015 - 0.016] "HEAD / HTTP/1.1" 200 0 "https://emteko.com" "Mozilla/5.0+(compatible; UptimeRobot/2.0; http://www.uptimerobot.com/)" "-"
34.1.22.82 - - [26/Oct/2025:01:19:11 +0300 - 0.134 - 0.000] "GET / HTTP/1.1" 200 89415 "http://emteko.com/" "Mozilla/5.0 (Macintosh; Intel Mac OS X 10_15_7) AppleWebKit/537.36 (KHTML, like Gecko) Chrome/135.0.0.0 Safari/537.36" "-"
31.131.20.181 - - [26/Oct/2025:01:19:12 +0300 - 0.001 - 0.000] "POST /wp-cron.php?doing_wp_cron=1761430752.7514290809631347656250 HTTP/1.1" 499 0 "-" "WordPress/6.8.3; https://emteko.com" "-"
34.1.22.82 - - [26/Oct/2025:01:19:12 +0300 - 0.925 - 0.924] "GET /app/ HTTP/1.1" 404 87002 "-" "Mozilla/5.0 (Macintosh; Intel Mac OS X 10_15_7) AppleWebKit/537.36 (KHTML, like Gecko) Chrome/135.0.0.0 Safari/537.36" "-"
34.1.22.82 - - [26/Oct/2025:01:19:13 +0300 - 0.678 - 0.680] "GET /login/ HTTP/1.1" 302 5 "-" "Mozilla/5.0 (Macintosh; Intel Mac OS X 10_15_7) AppleWebKit/537.36 (KHTML, like Gecko) Chrome/135.0.0.0 Safari/537.36" "-"
34.1.22.82 - - [26/Oct/2025:01:19:14 +0300 - 0.700 - 0.700] "GET /wp-login.php HTTP/1.1" 403 2242 "https://emteko.com/login/" "Mozilla/5.0 (Macintosh; Intel Mac OS X 10_15_7) AppleWebKit/537.36 (KHTML, like Gecko) Chrome/135.0.0.0 Safari/537.36" "-"
34.1.22.82 - - [26/Oct/2025:01:19:19 +0300 - 0.002 - 0.004] "GET / HTTP/1.1" 200 89415 "https://www.emteko.com/" "Mozilla/5.0 (Macintosh; Intel Mac OS X 10_15_7) AppleWebKit/537.36 (KHTML, like Gecko) Chrome/135.0.0.0 Safari/537.36" "-"
34.1.22.82 - - [26/Oct/2025:01:19:20 +0300 - 0.787 - 0.788] "GET /app/ HTTP/1.1" 404 87002 "-" "Mozilla/5.0 (Macintosh; Intel Mac OS X 10_15_7) AppleWebKit/537.36 (KHTML, like Gecko) Chrome/135.0.0.0 Safari/537.36" "-"
34.1.22.82 - - [26/Oct/2025:01:19:21 +0300 - 0.762 - 0.760] "GET /login/ HTTP/1.1" 302 5 "-" "Mozilla/5.0 (Macintosh; Intel Mac OS X 10_15_7) AppleWebKit/537.36 (KHTML, like Gecko) Chrome/135.0.0.0 Safari/537.36" "-"
34.1.22.82 - - [26/Oct/2025:01:19:22 +0300 - 0.699 - 0.696] "GET /wp-login.php HTTP/1.1" 403 2242 "https://emteko.com/login/" "Mozilla/5.0 (Macintosh; Intel Mac OS X 10_15_7) AppleWebKit/537.36 (KHTML, like Gecko) Chrome/135.0.0.0 Safari/537.36" "-"
34.1.22.82 - - [26/Oct/2025:01:19:32 +0300 - 0.003 - 0.004] "GET / HTTP/1.1" 200 89415 "https://www.emteko.com/" "Mozilla/5.0 (Macintosh; Intel Mac OS X 10_15_7) AppleWebKit/537.36 (KHTML, like Gecko) Chrome/135.0.0.0 Safari/537.36" "-"
34.1.22.82 - - [26/Oct/2025:01:19:33 +0300 - 0.801 - 0.800] "GET /app/ HTTP/1.1" 404 87002 "-" "Mozilla/5.0 (Macintosh; Intel Mac OS X 10_15_7) AppleWebKit/537.36 (KHTML, like Gecko) Chrome/135.0.0.0 Safari/537.36" "-"
34.1.22.82 - - [26/Oct/2025:01:19:35 +0300 - 0.697 - 0.700] "GET /login/ HTTP/1.1" 302 5 "-" "Mozilla/5.0 (Macintosh; Intel Mac OS X 10_15_7) AppleWebKit/537.36 (KHTML, like Gecko) Chrome/135.0.0.0 Safari/537.36" "-"
34.1.22.82 - - [26/Oct/2025:01:19:35 +0300 - 0.728 - 0.728] "GET /wp-login.php HTTP/1.1" 403 2242 "https://emteko.com/login/" "Mozilla/5.0 (Macintosh; Intel Mac OS X 10_15_7) AppleWebKit/537.36 (KHTML, like Gecko) Chrome/135.0.0.0 Safari/537.36" "-"
31.131.20.181 - - [26/Oct/2025:01:20:13 +0300 - 0.000 - 0.000] "POST /wp-cron.php?doing_wp_cron=1761430813.1214311122894287109375 HTTP/1.1" 499 0 "-" "WordPress/6.8.3; https://emteko.com" "-"
37.59.204.139 - - [26/Oct/2025:01:20:13 +0300 - 1.039 - 1.024] "GET /doctorspecial/traumatologs-ortopeds/?flt_doctors=traumatologs-ortopeds HTTP/1.1" 200 98403 "-" "Mozilla/5.0 (compatible; AhrefsBot/7.0; +http://ahrefs.com/robot/)" "-"
52.28.162.93 - - [26/Oct/2025:01:20:14 +0300 - 0.002 - 0.004] "HEAD / HTTP/1.1" 200 0 "https://emteko.com" "Mozilla/5.0+(compatible; UptimeRobot/2.0; http://www.uptimerobot.com/)" "-"
66.249.66.161 - - [26/Oct/2025:01:20:19 +0300 - 0.706 - 0.704] "GET /robots.txt HTTP/1.1" 200 132 "-" "Mozilla/5.0 (compatible; Googlebot/2.1; +http://www.google.com/bot.html)" "-"
114.119.133.35 - - [26/Oct/2025:01:20:37 +0300 - 4.015 - 1.012] "GET /en/publications?flt_products=lorde-hyal%3Bnasisoft&flt_doctors=general-practitioner%3Binfectionist%3Borthopedic-traumatologist%3Botolaryngologist%3Bpediatrician%3Btherapist HTTP/1.1" 200 81596 "https://emteko.com/en/publications/?flt_products=lorde-hyal%3Bnasisoft&flt_doctors=general-practitioner%3Binfectionist%3Borthopedic-traumatologist%3Botolaryngologist%3Btherapist" "Mozilla/5.0 (Linux; Android 7.0;) AppleWebKit/537.36 (KHTML, like Gecko) Mobile Safari/537.36 (compatible; PetalBot;+https://webmaster.petalsearch.com/site/petalbot)" "-"
31.131.20.181 - - [26/Oct/2025:01:21:17 +0300 - 0.003 - 0.000] "POST /wp-cron.php?doing_wp_cron=1761430877.6830461025238037109375 HTTP/1.1" 499 0 "-" "WordPress/6.8.3; https://emteko.com/en/" "-"
40.77.167.77 - - [26/Oct/2025:01:21:17 +0300 - 1.112 - 1.112] "GET /en/doctorspecial/general-practitioner/?flt_products=artro-patch;okistar-hyal-7&flt_doctors=orthopedic-traumatologist;pediatrician HTTP/1.1" 200 98885 "-" "Mozilla/5.0 AppleWebKit/537.36 (KHTML, like Gecko; compatible; bingbot/2.0; +http://www.bing.com/bingbot.htm) Chrome/116.0.1938.76 Safari/537.36" "-"
128.140.41.193 - - [26/Oct/2025:01:21:19 +0300 - 0.002 - 0.000] "HEAD / HTTP/1.1" 200 0 "https://emteko.com" "Mozilla/5.0+(compatible; UptimeRobot/2.0; http://www.uptimerobot.com/)" "-"
114.119.134.51 - - [26/Oct/2025:01:22:03 +0300 - 2.071 - 0.012] "GET /en/publications?flt_products=lorde-hyal HTTP/1.1" 200 99722 "https://emteko.com/en/publications?flt_products=lorde-hyal&flt_doctors=general-practitioner%3Botolaryngologist%3Bpediatrician%3Bpulmonologist" "Mozilla/5.0 (Linux; Android 7.0;) AppleWebKit/537.36 (KHTML, like Gecko) Mobile Safari/537.36 (compatible; PetalBot;+https://webmaster.petalsearch.com/site/petalbot)" "-"
49.13.24.81 - - [26/Oct/2025:01:22:24 +0300 - 0.012 - 0.012] "HEAD / HTTP/1.1" 200 0 "https://emteko.com" "Mozilla/5.0+(compatible; UptimeRobot/2.0; http://www.uptimerobot.com/)" "-"
31.131.20.181 - - [26/Oct/2025:01:23:20 +0300 - 0.000 - 0.000] "POST /wp-cron.php?doing_wp_cron=1761430999.9723520278930664062500 HTTP/1.1" 499 0 "-" "WordPress/6.8.3; https://emteko.com/en/" "-"
17.22.237.131 - - [26/Oct/2025:01:23:20 +0300 - 1.097 - 1.100] "GET /en/publications/?flt_doctors=general-practitioner;otolaryngologist;pediatrician;therapist HTTP/1.1" 200 100411 "-" "Mozilla/5.0 (Macintosh; Intel Mac OS X 10_15_7) AppleWebKit/605.1.15 (KHTML, like Gecko) Version/17.4 Safari/605.1.15 (Applebot/0.1; +http://www.apple.com/go/applebot)" "-"
49.13.164.148 - - [26/Oct/2025:01:23:29 +0300 - 0.002 - 0.004] "HEAD / HTTP/1.1" 200 0 "https://emteko.com" "Mozilla/5.0+(compatible; UptimeRobot/2.0; http://www.uptimerobot.com/)" "-"
114.119.133.35 - - [26/Oct/2025:01:23:53 +0300 - 3.749 - 0.928] "GET /en/publications?flt_products=diart&flt_doctors=infectionist%3Borthopedic-traumatologist%3Botolaryngologist%3Btherapist HTTP/1.1" 200 95639 "https://emteko.com/en/publications/?flt_doctors=infectionist%3Borthopedic-traumatologist%3Botolaryngologist%3Btherapist" "Mozilla/5.0 (Linux; Android 7.0;) AppleWebKit/537.36 (KHTML, like Gecko) Mobile Safari/537.36 (compatible; PetalBot;+https://webmaster.petalsearch.com/site/petalbot)" "-"
157.90.155.240 - - [26/Oct/2025:01:23:56 +0300 - 0.003 - 0.004] "HEAD / HTTP/1.1" 200 0 "https://emteko.com" "Mozilla/5.0+(compatible; UptimeRobot/2.0; http://www.uptimerobot.com/)" "-"
3.79.134.69 - - [26/Oct/2025:01:24:34 +0300 - 0.011 - 0.012] "HEAD / HTTP/1.1" 200 0 "https://emteko.com" "Mozilla/5.0+(compatible; UptimeRobot/2.0; http://www.uptimerobot.com/)" "-"
47.128.24.254 - - [26/Oct/2025:01:25:12 +0300 - 0.190 - 0.016] "GET /publications/?flt_doctors=gimenes-arsts%3Bpediatrs%3Bpulmonologs&flt_products=diart-lv%3Bokistar-hyal-7-lv HTTP/1.1" 200 99580 "-" "Mozilla/5.0 (compatible; Bytespider; spider-feedback@bytedance.com) AppleWebKit/537.36 (KHTML, like Gecko) Chrome/70.0.0.0 Safari/537.36" "-"
31.131.20.181 - - [26/Oct/2025:01:25:22 +0300 - 0.002 - 0.004] "POST /wp-cron.php?doing_wp_cron=1761431122.5514020919799804687500 HTTP/1.1" 499 0 "-" "WordPress/6.8.3; https://emteko.com/en/" "-"
114.119.154.181 - - [26/Oct/2025:01:25:24 +0300 - 2.708 - 1.016] "GET /en/publications?flt_products=diart%3Bokistar-hyal-7&flt_doctors=general-practitioner%3Botolaryngologist%3Bpediatrician HTTP/1.1" 200 99226 "https://emteko.com/en/publications?flt_products=okistar-hyal-7&flt_doctors=general-practitioner%3Botolaryngologist%3Bpediatrician" "Mozilla/5.0 (Linux; Android 7.0;) AppleWebKit/537.36 (KHTML, like Gecko) Mobile Safari/537.36 (compatible; PetalBot;+https://webmaster.petalsearch.com/site/petalbot)" "-"
159.69.158.189 - - [26/Oct/2025:01:25:39 +0300 - 0.017 - 0.016] "HEAD / HTTP/1.1" 200 0 "https://emteko.com" "Mozilla/5.0+(compatible; UptimeRobot/2.0; http://www.uptimerobot.com/)" "-"
157.90.155.240 - - [26/Oct/2025:01:26:43 +0300 - 0.011 - 0.012] "HEAD / HTTP/1.1" 200 0 "https://emteko.com" "Mozilla/5.0+(compatible; UptimeRobot/2.0; http://www.uptimerobot.com/)" "-"
31.131.20.181 - - [26/Oct/2025:01:26:52 +0300 - 0.001 - 0.000] "POST /wp-cron.php?doing_wp_cron=1761431212.0108430385589599609375 HTTP/1.1" 499 0 "-" "WordPress/6.8.3; https://emteko.com/en/" "-"
114.119.133.35 - - [26/Oct/2025:01:26:55 +0300 - 3.940 - 0.940] "GET /en/publications?flt_products=diart%3Bnasisoft&flt_doctors=general-practitioner%3Binfectionist%3Botolaryngologist%3Bpediatrician HTTP/1.1" 200 81596 "https://emteko.com/en/publications?flt_products=diart%3Bnasisoft&flt_doctors=general-practitioner%3Binfectionist%3Botolaryngologist%3Bpediatrician%3Btherapist" "Mozilla/5.0 (Linux; Android 7.0;) AppleWebKit/537.36 (KHTML, like Gecko) Mobile Safari/537.36 (compatible; PetalBot;+https://webmaster.petalsearch.com/site/petalbot)" "-"
3.79.134.69 - - [26/Oct/2025:01:27:47 +0300 - 0.011 - 0.012] "HEAD / HTTP/1.1" 200 0 "https://emteko.com" "Mozilla/5.0+(compatible; UptimeRobot/2.0; http://www.uptimerobot.com/)" "-"
114.119.154.181 - - [26/Oct/2025:01:28:27 +0300 - 1.335 - 0.016] "GET /en/publications?flt_products=diart%3Bnasisoft%3Bokistar-hyal-7&flt_doctors=general-practitioner%3Bpediatrician%3Bpulmonologist%3Btherapist HTTP/1.1" 200 99685 "https://emteko.com/en/publications?flt_products=diart%3Bnasisoft%3Bokistar-hyal-7&flt_doctors=general-practitioner%3Bpediatrician%3Bpulmonologist%3Btherapist" "Mozilla/5.0 (Linux; Android 7.0;) AppleWebKit/537.36 (KHTML, like Gecko) Mobile Safari/537.36 (compatible; PetalBot;+https://webmaster.petalsearch.com/site/petalbot)" "-"
157.90.155.240 - - [26/Oct/2025:01:28:51 +0300 - 0.012 - 0.012] "HEAD / HTTP/1.1" 200 0 "https://emteko.com" "Mozilla/5.0+(compatible; UptimeRobot/2.0; http://www.uptimerobot.com/)" "-"
63.178.84.147 - - [26/Oct/2025:01:29:02 +0300 - 0.018 - 0.020] "HEAD / HTTP/1.1" 200 0 "https://emteko.com" "Mozilla/5.0+(compatible; UptimeRobot/2.0; http://www.uptimerobot.com/)" "-"
78.47.98.55 - - [26/Oct/2025:01:29:56 +0300 - 0.011 - 0.012] "HEAD / HTTP/1.1" 200 0 "https://emteko.com" "Mozilla/5.0+(compatible; UptimeRobot/2.0; http://www.uptimerobot.com/)" "-"
52.230.164.184 - - [26/Oct/2025:01:29:56 +0300 - 0.002 - 0.000] "GET / HTTP/1.1" 200 89415 "-" "Mozilla/5.0 AppleWebKit/537.36 (KHTML, like Gecko); compatible; ChatGPT-User/1.0; +https://openai.com/bot" "-"
114.119.154.89 - - [26/Oct/2025:01:30:03 +0300 - 1.095 - 0.004] "GET /en/publications?flt_products=okistar-hyal-7&flt_doctors=infectionist%3Borthopedic-traumatologist%3Botolaryngologist%3Bpulmonologist HTTP/1.1" 200 99228 "https://emteko.com/en/publications?flt_products=okistar-hyal-7&flt_doctors=infectionist%3Botolaryngologist%3Bpulmonologist" "Mozilla/5.0 (Linux; Android 7.0;) AppleWebKit/537.36 (KHTML, like Gecko) Mobile Safari/537.36 (compatible; PetalBot;+https://webmaster.petalsearch.com/site/petalbot)" "-"
49.13.167.123 - - [26/Oct/2025:01:31:01 +0300 - 0.019 - 0.016] "HEAD / HTTP/1.1" 200 0 "https://emteko.com" "Mozilla/5.0+(compatible; UptimeRobot/2.0; http://www.uptimerobot.com/)" "-"
114.119.136.120 - - [26/Oct/2025:01:31:40 +0300 - 1.989 - 0.016] "GET /en/publications?flt_products=okistar-hyal-7&flt_doctors=general-practitioner%3Borthopedic-traumatologist%3Botolaryngologist%3Bpediatrician%3Bpulmonologist HTTP/1.1" 200 99280 "https://emteko.com/en/publications?flt_products=okistar-hyal-7&flt_doctors=general-practitioner%3Borthopedic-traumatologist%3Botolaryngologist%3Bpulmonologist" "Mozilla/5.0 (Linux; Android 7.0;) AppleWebKit/537.36 (KHTML, like Gecko) Mobile Safari/537.36 (compatible; PetalBot;+https://webmaster.petalsearch.com/site/petalbot)" "-"
168.119.123.75 - - [26/Oct/2025:01:32:05 +0300 - 0.010 - 0.008] "HEAD / HTTP/1.1" 200 0 "https://emteko.com" "Mozilla/5.0+(compatible; UptimeRobot/2.0; http://www.uptimerobot.com/)" "-"
43.173.182.153 - - [26/Oct/2025:01:32:12 +0300 - 0.005 - 0.004] "GET /en/ HTTP/1.1" 200 89185 "-" "Mozilla/5.0 (Windows NT 10.0; Win64; x64) AppleWebKit/537.36 (KHTML, like Gecko) Chrome/109.0.0.0 Safari/537.36" "-"
52.28.162.93 - - [26/Oct/2025:01:33:10 +0300 - 0.012 - 0.012] "HEAD / HTTP/1.1" 200 0 "https://emteko.com" "Mozilla/5.0+(compatible; UptimeRobot/2.0; http://www.uptimerobot.com/)" "-"
31.131.20.181 - - [26/Oct/2025:01:33:23 +0300 - 0.000 - 0.000] "POST /wp-cron.php?doing_wp_cron=1761431603.6219489574432373046875 HTTP/1.1" 499 0 "-" "WordPress/6.8.3; https://emteko.com/en/" "-"
114.119.136.120 - - [26/Oct/2025:01:33:26 +0300 - 4.129 - 1.132] "GET /en/publications?flt_products=nasisoft&flt_doctors=general-practitioner%3Binfectionist%3Borthopedic-traumatologist%3Btherapist HTTP/1.1" 200 81596 "https://emteko.com/en/publications?flt_products=nasisoft&flt_doctors=general-practitioner%3Borthopedic-traumatologist%3Btherapist" "Mozilla/5.0 (Linux; Android 7.0;) AppleWebKit/537.36 (KHTML, like Gecko) Mobile Safari/537.36 (compatible; PetalBot;+https://webmaster.petalsearch.com/site/petalbot)" "-"
78.47.173.76 - - [26/Oct/2025:01:34:07 +0300 - 0.013 - 0.016] "HEAD / HTTP/1.1" 200 0 "https://emteko.com" "Mozilla/5.0+(compatible; UptimeRobot/2.0; http://www.uptimerobot.com/)" "-"
3.79.134.69 - - [26/Oct/2025:01:34:15 +0300 - 0.002 - 0.004] "HEAD / HTTP/1.1" 200 0 "https://emteko.com" "Mozilla/5.0+(compatible; UptimeRobot/2.0; http://www.uptimerobot.com/)" "-"
31.131.20.181 - - [26/Oct/2025:01:34:50 +0300 - 0.001 - 0.000] "POST /wp-cron.php?doing_wp_cron=1761431690.9448430538177490234375 HTTP/1.1" 499 0 "-" "WordPress/6.8.3; https://emteko.com/en/" "-"
114.119.154.181 - - [26/Oct/2025:01:34:54 +0300 - 4.031 - 1.032] "GET /en/publications?flt_products=nasisoft%3Bokistar-hyal-7&flt_doctors=orthopedic-traumatologist%3Bpediatrician HTTP/1.1" 200 81596 "https://emteko.com/en/publications/?flt_products=nasisoft%3Bokistar-hyal-7&flt_doctors=orthopedic-traumatologist%3Botolaryngologist%3Bpediatrician" "Mozilla/5.0 (Linux; Android 7.0;) AppleWebKit/537.36 (KHTML, like Gecko) Mobile Safari/537.36 (compatible; PetalBot;+https://webmaster.petalsearch.com/site/petalbot)" "-"
49.13.24.81 - - [26/Oct/2025:01:35:19 +0300 - 0.012 - 0.012] "HEAD / HTTP/1.1" 200 0 "https://emteko.com" "Mozilla/5.0+(compatible; UptimeRobot/2.0; http://www.uptimerobot.com/)" "-"
52.59.43.236 - - [26/Oct/2025:01:36:23 +0300 - 0.013 - 0.012] "HEAD / HTTP/1.1" 200 0 "https://emteko.com" "Mozilla/5.0+(compatible; UptimeRobot/2.0; http://www.uptimerobot.com/)" "-"
31.131.20.181 - - [26/Oct/2025:01:36:25 +0300 - 0.000 - 0.000] "POST /wp-cron.php?doing_wp_cron=1761431785.7223110198974609375000 HTTP/1.1" 499 0 "-" "WordPress/6.8.3; https://emteko.com/en/" "-"
114.119.140.113 - - [26/Oct/2025:01:36:28 +0300 - 3.422 - 1.116] "GET /en/publications?flt_products=nasisoft%3Bokistar-hyal-7&flt_doctors=infectionist%3Bpediatrician HTTP/1.1" 200 99434 "https://emteko.com/en/publications?flt_products=nasisoft%3Bokistar-hyal-7&flt_doctors=general-practitioner%3Binfectionist%3Bpediatrician" "Mozilla/5.0 (Linux; Android 7.0;) AppleWebKit/537.36 (KHTML, like Gecko) Mobile Safari/537.36 (compatible; PetalBot;+https://webmaster.petalsearch.com/site/petalbot)" "-"
159.69.158.189 - - [26/Oct/2025:01:37:28 +0300 - 0.018 - 0.016] "HEAD / HTTP/1.1" 200 0 "https://emteko.com" "Mozilla/5.0+(compatible; UptimeRobot/2.0; http://www.uptimerobot.com/)" "-"
40.77.167.70 - - [26/Oct/2025:01:37:41 +0300 - 0.261 - -] "GET /wp-content/uploads/2024/05/artro-patch_ifu_lv_v01_14.08.2023-table.jpg HTTP/1.1" 200 312851 "-" "Mozilla/5.0 AppleWebKit/537.36 (KHTML, like Gecko; compatible; bingbot/2.0; +http://www.bing.com/bingbot.htm) Chrome/116.0.1938.76 Safari/537.36" "-"
31.131.20.181 - - [26/Oct/2025:01:38:10 +0300 - 0.000 - 0.000] "POST /wp-cron.php?doing_wp_cron=1761431890.4899160861968994140625 HTTP/1.1" 499 0 "-" "WordPress/6.8.3; https://emteko.com/en/" "-"
114.119.132.104 - - [26/Oct/2025:01:38:13 +0300 - 4.022 - 1.024] "GET /en/publications?flt_products=lorde-hyal&flt_doctors=general-practitioner%3Borthopedic-traumatologist%3Bpediatrician%3Bpulmonologist HTTP/1.1" 200 81596 "https://emteko.com/en/publications?flt_products=diart%3Blorde-hyal&flt_doctors=general-practitioner%3Borthopedic-traumatologist%3Bpediatrician%3Bpulmonologist" "Mozilla/5.0 (Linux; Android 7.0;) AppleWebKit/537.36 (KHTML, like Gecko) Mobile Safari/537.36 (compatible; PetalBot;+https://webmaster.petalsearch.com/site/petalbot)" "-"
78.47.173.76 - - [26/Oct/2025:01:38:33 +0300 - 0.017 - 0.020] "HEAD / HTTP/1.1" 200 0 "https://emteko.com" "Mozilla/5.0+(compatible; UptimeRobot/2.0; http://www.uptimerobot.com/)" "-"
18.193.252.127 - - [26/Oct/2025:01:39:12 +0300 - 0.011 - 0.008] "HEAD / HTTP/1.1" 200 0 "https://emteko.com" "Mozilla/5.0+(compatible; UptimeRobot/2.0; http://www.uptimerobot.com/)" "-"
31.131.20.181 - - [26/Oct/2025:01:39:37 +0300 - 0.001 - 0.000] "POST /wp-cron.php?doing_wp_cron=1761431977.6701290607452392578125 HTTP/1.1" 499 0 "-" "WordPress/6.8.3; https://emteko.com/en/" "-"
142.132.180.39 - - [26/Oct/2025:01:39:37 +0300 - 0.025 - 0.024] "HEAD / HTTP/1.1" 200 0 "https://emteko.com" "Mozilla/5.0+(compatible; UptimeRobot/2.0; http://www.uptimerobot.com/)" "-"
114.119.136.120 - - [26/Oct/2025:01:39:40 +0300 - 4.114 - 1.308] "GET /en/publications?flt_products=lorde-hyal%3Bokistar-hyal-7&flt_doctors=infectionist%3Borthopedic-traumatologist%3Botolaryngologist%3Bpediatrician%3Bpulmonologist HTTP/1.1" 200 100316 "https://emteko.com/en/publications/?flt_products=artro-patch%3Blorde-hyal%3Bokistar-hyal-7&flt_doctors=infectionist%3Borthopedic-traumatologist%3Botolaryngologist%3Bpediatrician%3Bpulmonologist" "Mozilla/5.0 (Linux; Android 7.0;) AppleWebKit/537.36 (KHTML, like Gecko) Mobile Safari/537.36 (compatible; PetalBot;+https://webmaster.petalsearch.com/site/petalbot)" "-"
31.131.20.181 - - [26/Oct/2025:01:40:42 +0300 - 0.000 - 0.000] "POST /wp-cron.php?doing_wp_cron=1761432042.5853021144866943359375 HTTP/1.1" 499 0 "-" "WordPress/6.8.3; https://emteko.com/en/" "-"
40.77.167.70 - - [26/Oct/2025:01:40:42 +0300 - 1.059 - 1.060] "GET /en/doctorspecial/pulmonologist/?flt_products=artro-patch;nasisoft&flt_doctors=general-practitioner;orthopedic-traumatologist;otolaryngologist;pulmonologist HTTP/1.1" 200 98737 "-" "Mozilla/5.0 AppleWebKit/537.36 (KHTML, like Gecko; compatible; bingbot/2.0; +http://www.bing.com/bingbot.htm) Chrome/116.0.1938.76 Safari/537.36" "-"
88.99.80.227 - - [26/Oct/2025:01:40:42 +0300 - 0.002 - 0.000] "HEAD / HTTP/1.1" 200 0 "https://emteko.com" "Mozilla/5.0+(compatible; UptimeRobot/2.0; http://www.uptimerobot.com/)" "-"
52.167.144.186 - - [26/Oct/2025:01:40:57 +0300 - 0.937 - 0.936] "GET /en/doctorspecial/otolaryngologist/?flt_products=diart;lorde-hyal;okistar-hyal-7&flt_doctors=orthopedic-traumatologist;otolaryngologist;therapist HTTP/1.1" 200 99925 "-" "Mozilla/5.0 AppleWebKit/537.36 (KHTML, like Gecko; compatible; bingbot/2.0; +http://www.bing.com/bingbot.htm) Chrome/116.0.1938.76 Safari/537.36" "-"
31.131.20.181 - - [26/Oct/2025:01:41:13 +0300 - 0.002 - 0.004] "POST /wp-cron.php?doing_wp_cron=1761432073.0753660202026367187500 HTTP/1.1" 499 0 "-" "WordPress/6.8.3; https://emteko.com/en/" "-"
114.119.140.113 - - [26/Oct/2025:01:41:16 +0300 - 3.999 - 1.000] "GET /en/publications?flt_products=lorde-hyal%3Bokistar-hyal-7&flt_doctors=general-practitioner%3Borthopedic-traumatologist%3Btherapist HTTP/1.1" 200 81596 "https://emteko.com/en/publications/?flt_products=lorde-hyal%3Bokistar-hyal-7&flt_doctors=orthopedic-traumatologist%3Btherapist" "Mozilla/5.0 (Linux; Android 7.0;) AppleWebKit/537.36 (KHTML, like Gecko) Mobile Safari/537.36 (compatible; PetalBot;+https://webmaster.petalsearch.com/site/petalbot)" "-"
63.178.84.147 - - [26/Oct/2025:01:41:47 +0300 - 0.015 - 0.016] "HEAD / HTTP/1.1" 200 0 "https://emteko.com" "Mozilla/5.0+(compatible; UptimeRobot/2.0; http://www.uptimerobot.com/)" "-"
49.13.24.81 - - [26/Oct/2025:01:42:51 +0300 - 0.012 - 0.012] "HEAD / HTTP/1.1" 200 0 "https://emteko.com" "Mozilla/5.0+(compatible; UptimeRobot/2.0; http://www.uptimerobot.com/)" "-"
31.131.20.181 - - [26/Oct/2025:01:42:56 +0300 - 0.001 - 0.000] "POST /wp-cron.php?doing_wp_cron=1761432176.6693940162658691406250 HTTP/1.1" 499 0 "-" "WordPress/6.8.3; https://emteko.com/en/" "-"
114.119.136.120 - - [26/Oct/2025:01:42:59 +0300 - 4.084 - 1.080] "GET /en/publications?flt_products=lorde-hyal%3Bokistar-hyal-7&flt_doctors=general-practitioner%3Binfectionist%3Btherapist HTTP/1.1" 200 81596 "https://emteko.com/en/publications?flt_products=lorde-hyal%3Bokistar-hyal-7&flt_doctors=infectionist%3Btherapist" "Mozilla/5.0 (Linux; Android 7.0;) AppleWebKit/537.36 (KHTML, like Gecko) Mobile Safari/537.36 (compatible; PetalBot;+https://webmaster.petalsearch.com/site/petalbot)" "-"
168.119.53.160 - - [26/Oct/2025:01:43:56 +0300 - 0.013 - 0.012] "HEAD / HTTP/1.1" 200 0 "https://emteko.com" "Mozilla/5.0+(compatible; UptimeRobot/2.0; http://www.uptimerobot.com/)" "-"
128.140.41.193 - - [26/Oct/2025:01:44:17 +0300 - 0.011 - 0.008] "HEAD / HTTP/1.1" 200 0 "https://emteko.com" "Mozilla/5.0+(compatible; UptimeRobot/2.0; http://www.uptimerobot.com/)" "-"
31.131.20.181 - - [26/Oct/2025:01:44:27 +0300 - 0.000 - 0.000] "POST /wp-cron.php?doing_wp_cron=1761432267.1952059268951416015625 HTTP/1.1" 499 0 "-" "WordPress/6.8.3; https://emteko.com/en/" "-"
114.119.134.51 - - [26/Oct/2025:01:44:29 +0300 - 3.179 - 1.000] "GET /en/publications?flt_products=lorde-hyal%3Bnasisoft%3Bokistar-hyal-7&flt_doctors=infectionist%3Botolaryngologist%3Bpediatrician HTTP/1.1" 200 100491 "https://emteko.com/en/publications?flt_products=lorde-hyal%3Bnasisoft%3Bokistar-hyal-7&flt_doctors=infectionist%3Botolaryngologist%3Bpediatrician%3Bpulmonologist" "Mozilla/5.0 (Linux; Android 7.0;) AppleWebKit/537.36 (KHTML, like Gecko) Mobile Safari/537.36 (compatible; PetalBot;+https://webmaster.petalsearch.com/site/petalbot)" "-"
168.119.96.239 - - [26/Oct/2025:01:45:02 +0300 - 0.051 - 0.052] "HEAD / HTTP/1.1" 200 0 "https://emteko.com" "Mozilla/5.0+(compatible; UptimeRobot/2.0; http://www.uptimerobot.com/)" "-"
63.178.84.147 - - [26/Oct/2025:01:46:07 +0300 - 0.018 - 0.020] "HEAD / HTTP/1.1" 200 0 "https://emteko.com" "Mozilla/5.0+(compatible; UptimeRobot/2.0; http://www.uptimerobot.com/)" "-"
31.131.20.181 - - [26/Oct/2025:01:46:08 +0300 - 0.000 - 0.000] "POST /wp-cron.php?doing_wp_cron=1761432368.6543960571289062500000 HTTP/1.1" 499 0 "-" "WordPress/6.8.3; https://emteko.com/en/" "-"
114.119.134.51 - - [26/Oct/2025:01:46:11 +0300 - 4.043 - 1.044] "GET /en/publications?flt_products=lorde-hyal%3Bnasisoft%3Bokistar-hyal-7&flt_doctors=general-practitioner%3Borthopedic-traumatologist%3Bpediatrician%3Bpulmonologist%3Btherapist HTTP/1.1" 200 81596 "https://emteko.com/en/publications?flt_products=lorde-hyal%3Bnasisoft%3Bokistar-hyal-7&flt_doctors=general-practitioner%3Bpediatrician%3Bpulmonologist%3Btherapist" "Mozilla/5.0 (Linux; Android 7.0;) AppleWebKit/537.36 (KHTML, like Gecko) Mobile Safari/537.36 (compatible; PetalBot;+https://webmaster.petalsearch.com/site/petalbot)" "-"
78.46.190.63 - - [26/Oct/2025:01:47:12 +0300 - 0.016 - 0.016] "HEAD / HTTP/1.1" 200 0 "https://emteko.com" "Mozilla/5.0+(compatible; UptimeRobot/2.0; http://www.uptimerobot.com/)" "-"
31.131.20.181 - - [26/Oct/2025:01:47:37 +0300 - 0.000 - 0.000] "POST /wp-cron.php?doing_wp_cron=1761432456.9902379512786865234375 HTTP/1.1" 499 0 "-" "WordPress/6.8.3; https://emteko.com/en/" "-"
114.119.132.104 - - [26/Oct/2025:01:47:40 +0300 - 4.075 - 1.088] "GET /en/publications?flt_products=lorde-hyal%3Bnasisoft%3Bokistar-hyal-7&flt_doctors=general-practitioner%3Binfectionist%3Botolaryngologist%3Bpulmonologist%3Btherapist HTTP/1.1" 200 100583 "https://emteko.com/en/publications?flt_products=lorde-hyal%3Bnasisoft%3Bokistar-hyal-7&flt_doctors=general-practitioner%3Binfectionist%3Botolaryngologist%3Btherapist" "Mozilla/5.0 (Linux; Android 7.0;) AppleWebKit/537.36 (KHTML, like Gecko) Mobile Safari/537.36 (compatible; PetalBot;+https://webmaster.petalsearch.com/site/petalbot)" "-"
168.119.96.239 - - [26/Oct/2025:01:48:16 +0300 - 0.017 - 0.016] "HEAD / HTTP/1.1" 200 0 "https://emteko.com" "Mozilla/5.0+(compatible; UptimeRobot/2.0; http://www.uptimerobot.com/)" "-"
31.131.20.181 - - [26/Oct/2025:01:49:15 +0300 - 0.000 - 0.000] "POST /wp-cron.php?doing_wp_cron=1761432555.7299311161041259765625 HTTP/1.1" 499 0 "-" "WordPress/6.8.3; https://emteko.com/en/" "-"
114.119.154.89 - - [26/Oct/2025:01:49:19 +0300 - 4.013 - 1.008] "GET /en/publications?flt_products=lorde-hyal%3Bnasisoft%3Bokistar-hyal-7&flt_doctors=general-practitioner%3Binfectionist%3Borthopedic-traumatologist%3Bpulmonologist HTTP/1.1" 200 81596 "https://emteko.com/en/publications/?flt_products=artro-patch%3Blorde-hyal%3Bnasisoft%3Bokistar-hyal-7&flt_doctors=general-practitioner%3Binfectionist%3Borthopedic-traumatologist%3Bpulmonologist" "Mozilla/5.0 (Linux; Android 7.0;) AppleWebKit/537.36 (KHTML, like Gecko) Mobile Safari/537.36 (compatible; PetalBot;+https://webmaster.petalsearch.com/site/petalbot)" "-"
49.13.24.81 - - [26/Oct/2025:01:49:19 +0300 - 0.002 - 0.004] "HEAD / HTTP/1.1" 200 0 "https://emteko.com" "Mozilla/5.0+(compatible; UptimeRobot/2.0; http://www.uptimerobot.com/)" "-"
168.119.96.239 - - [26/Oct/2025:01:49:19 +0300 - 0.002 - 0.000] "HEAD / HTTP/1.1" 200 0 "https://emteko.com" "Mozilla/5.0+(compatible; UptimeRobot/2.0; http://www.uptimerobot.com/)" "-"
49.13.167.123 - - [26/Oct/2025:01:50:24 +0300 - 0.011 - 0.008] "HEAD / HTTP/1.1" 200 0 "https://emteko.com" "Mozilla/5.0+(compatible; UptimeRobot/2.0; http://www.uptimerobot.com/)" "-"
31.131.20.181 - - [26/Oct/2025:01:50:54 +0300 - 0.001 - 0.000] "POST /wp-cron.php?doing_wp_cron=1761432654.2676129341125488281250 HTTP/1.1" 499 0 "-" "WordPress/6.8.3; https://emteko.com/en/" "-"
114.119.132.104 - - [26/Oct/2025:01:50:57 +0300 - 4.167 - 1.168] "GET /en/publications?flt_products=lorde-hyal%3Bnasisoft%3Bokistar-hyal-7&flt_doctors=general-practitioner%3Binfectionist%3Borthopedic-traumatologist%3Bpediatrician%3Btherapist HTTP/1.1" 200 81596 "https://emteko.com/en/publications?flt_products=lorde-hyal%3Bokistar-hyal-7&flt_doctors=general-practitioner%3Binfectionist%3Borthopedic-traumatologist%3Bpediatrician%3Btherapist" "Mozilla/5.0 (Linux; Android 7.0;) AppleWebKit/537.36 (KHTML, like Gecko) Mobile Safari/537.36 (compatible; PetalBot;+https://webmaster.petalsearch.com/site/petalbot)" "-"
52.28.162.93 - - [26/Oct/2025:01:51:29 +0300 - 0.010 - 0.012] "HEAD / HTTP/1.1" 200 0 "https://emteko.com" "Mozilla/5.0+(compatible; UptimeRobot/2.0; http://www.uptimerobot.com/)" "-"
31.131.20.181 - - [26/Oct/2025:01:52:24 +0300 - 0.001 - 0.000] "POST /wp-cron.php?doing_wp_cron=1761432744.8771500587463378906250 HTTP/1.1" 499 0 "-" "WordPress/6.8.3; https://emteko.com/en/" "-"
114.119.136.120 - - [26/Oct/2025:01:52:25 +0300 - 0.964 - 0.964] "GET /en/publications?flt_products=diart&flt_doctors=general-practitioner%3Borthopedic-traumatologist%3Botolaryngologist%3Bpulmonologist%3Btherapist HTTP/1.1" 200 95681 "https://emteko.com/en/publications?flt_products=diart&flt_doctors=orthopedic-traumatologist%3Botolaryngologist%3Bpulmonologist%3Btherapist" "Mozilla/5.0 (Linux; Android 7.0;) AppleWebKit/537.36 (KHTML, like Gecko) Mobile Safari/537.36 (compatible; PetalBot;+https://webmaster.petalsearch.com/site/petalbot)" "-"
3.79.134.69 - - [26/Oct/2025:01:52:33 +0300 - 0.002 - 0.004] "HEAD / HTTP/1.1" 200 0 "https://emteko.com" "Mozilla/5.0+(compatible; UptimeRobot/2.0; http://www.uptimerobot.com/)" "-"
31.131.20.181 - - [26/Oct/2025:01:53:30 +0300 - 0.000 - 0.000] "POST /wp-cron.php?doing_wp_cron=1761432810.6564381122589111328125 HTTP/1.1" 499 0 "-" "WordPress/6.8.3; https://emteko.com/en/" "-"
17.241.219.248 - - [26/Oct/2025:01:53:30 +0300 - 0.997 - 0.996] "GET /en/publications/?flt_products=nasisoft&flt_doctors=orthopedic-traumatologist;otolaryngologist;pulmonologist HTTP/1.1" 200 99023 "-" "Mozilla/5.0 (Macintosh; Intel Mac OS X 10_15_7) AppleWebKit/605.1.15 (KHTML, like Gecko) Version/17.4 Safari/605.1.15 (Applebot/0.1; +http://www.apple.com/go/applebot)" "-"
49.13.167.123 - - [26/Oct/2025:01:53:39 +0300 - 0.002 - 0.004] "HEAD / HTTP/1.1" 200 0 "https://emteko.com" "Mozilla/5.0+(compatible; UptimeRobot/2.0; http://www.uptimerobot.com/)" "-"
31.131.20.181 - - [26/Oct/2025:01:54:04 +0300 - 0.001 - 0.000] "POST /wp-cron.php?doing_wp_cron=1761432844.6863059997558593750000 HTTP/1.1" 499 0 "-" "WordPress/6.8.3; https://emteko.com/en/" "-"
114.119.136.120 - - [26/Oct/2025:01:54:07 +0300 - 3.928 - 0.968] "GET /en/publications?flt_products=diart%3Bokistar-hyal-7&flt_doctors=general-practitioner%3Borthopedic-traumatologist%3Bpediatrician%3Bpulmonologist HTTP/1.1" 200 99277 "https://emteko.com/en/publications/?flt_products=diart%3Bokistar-hyal-7&flt_doctors=general-practitioner%3Borthopedic-traumatologist%3Bpulmonologist" "Mozilla/5.0 (Linux; Android 7.0;) AppleWebKit/537.36 (KHTML, like Gecko) Mobile Safari/537.36 (compatible; PetalBot;+https://webmaster.petalsearch.com/site/petalbot)" "-"
168.119.53.160 - - [26/Oct/2025:01:54:24 +0300 - 0.016 - 0.016] "HEAD / HTTP/1.1" 200 0 "https://emteko.com" "Mozilla/5.0+(compatible; UptimeRobot/2.0; http://www.uptimerobot.com/)" "-"
3.77.67.4 - - [26/Oct/2025:01:54:45 +0300 - 0.015 - 0.016] "HEAD / HTTP/1.1" 200 0 "https://emteko.com" "Mozilla/5.0+(compatible; UptimeRobot/2.0; http://www.uptimerobot.com/)" "-"
177.8.53.152 - - [26/Oct/2025:01:54:53 +0300 - 0.736 - 0.736] "GET /robots.txt HTTP/1.1" 200 132 "-" "CCBot" "-"
222.255.230.1 - - [26/Oct/2025:01:54:56 +0300 - 1.163 - 0.924] "GET /en/publications/?flt_products=artro-patch;diart;nasisoft;okistar-hyal-7&flt_doctors=general-practitioner;orthopedic-traumatologist;pediatrician;therapist HTTP/1.1" 200 99844 "-" "Mozilla/5.0 (iPhone; CPU iPhone OS 17_3 like Mac OS X) AppleWebKit/605.1.15 (KHTML, like Gecko) EdgiOS/121.0.2277.107 Version/17.0 Mobile/15E148 Safari/604.1" "-"
186.240.160.103 - - [26/Oct/2025:01:55:00 +0300 - 0.897 - 0.896] "GET /doctorspecial/otolaringologs/?flt_products=artro-patch-lv;diart-lv;nasisoft-lv;okistar-hyal-7-lv&flt_doctors=pediatrs;pulmonologs;terapeits HTTP/1.1" 200 99880 "-" "Mozilla/5.0 (Windows NT 10.0; Win64; x64) AppleWebKit/537.36 (KHTML, like Gecko) Chrome/122.0.0.0 Safari/537.36" "-"
31.131.20.181 - - [26/Oct/2025:01:55:04 +0300 - 0.001 - 0.000] "POST /wp-cron.php?doing_wp_cron=1761432904.0566370487213134765625 HTTP/1.1" 499 0 "-" "WordPress/6.8.3; https://emteko.com" "-"
179.157.14.51 - - [26/Oct/2025:01:55:04 +0300 - 0.964 - 0.960] "GET /doctorspecial/terapeits/?flt_products=artro-patch-lv;diart-lv&flt_doctors=gimenes-arsts;infektologs;otolaringologs;pulmonologs HTTP/1.1" 200 95452 "-" "Mozilla/5.0 (Linux; Android 10; K) AppleWebKit/537.36 (KHTML, like Gecko) Chrome/122.0.0.0 Mobile Safari/537.36" "-"
201.21.155.12 - - [26/Oct/2025:01:55:05 +0300 - 0.902 - 0.900] "GET /doctorspecial/otolaringologs/?flt_products=lorde-hyal-lv;okistar-hyal-7-lv&flt_doctors=gimenes-arsts;pediatrs;traumatologs-ortopeds HTTP/1.1" 200 100288 "-" "Mozilla/5.0 (iPhone; CPU iPhone OS 17_1 like Mac OS X) AppleWebKit/605.1.15 (KHTML, like Gecko) EdgiOS/120.0.2210.86 Version/17.0 Mobile/15E148 Safari/604.1" "-"
190.70.88.47 - - [26/Oct/2025:01:55:07 +0300 - 1.034 - 1.036] "GET /publications/?flt_products=artro-patch-lv;diart-lv;lorde-hyal-lv;okistar-hyal-7-lv&flt_doctors=gimenes-arsts;infektologs;traumatologs-ortopeds HTTP/1.1" 200 100738 "-" "Mozilla/5.0 (Windows NT 10.0; Win64; x64) AppleWebKit/537.36 (KHTML, like Gecko) Chrome/121.0.0.0 Safari/537.36 Edg/121.0.0.0 Trailer/93.3.3695.30" "-"
181.239.23.129 - - [26/Oct/2025:01:55:20 +0300 - 1.599 - 0.864] "GET /doctorspecial/otolaringologs/?flt_products=diart-lv;okistar-hyal-7-lv&flt_doctors=infektologs;pediatrs;pulmonologs;traumatologs-ortopeds HTTP/1.1" 200 99257 "-" "Mozilla/5.0 (Windows NT 10.0; Win64; x64; rv:123.0) Gecko/20100101 Firefox/123.0" "-"
201.75.169.45 - - [26/Oct/2025:01:55:21 +0300 - 1.046 - 1.048] "GET /publications/?flt_products=artro-patch-lv;lorde-hyal-lv&flt_doctors=gimenes-arsts;otolaringologs;pulmonologs;traumatologs-ortopeds HTTP/1.1" 200 100717 "-" "Mozilla/5.0 (Windows NT 10.0; Win64; x64) AppleWebKit/537.36 (KHTML, like Gecko) Chrome/121.0.0.0 Safari/537.36 Edg/121.0.0.0" "-"
191.187.135.75 - - [26/Oct/2025:01:55:22 +0300 - 0.959 - 0.960] "GET /en/publications/?flt_products=lorde-hyal;nasisoft;okistar-hyal-7&flt_doctors=orthopedic-traumatologist;otolaryngologist;pulmonologist;therapist HTTP/1.1" 200 100545 "-" "Mozilla/5.0 (Windows NT 10.0; Win64; x64; rv:123.0) Gecko/20100101 Firefox/123.0" "-"
138.186.161.85 - - [26/Oct/2025:01:55:23 +0300 - 0.935 - 0.936] "GET /publications/?flt_products=artro-patch-lv;okistar-hyal-7-lv&flt_doctors=gimenes-arsts;pediatrs;pulmonologs;terapeits HTTP/1.1" 200 99567 "-" "Mozilla/5.0 (Linux; Android 10; K) AppleWebKit/537.36 (KHTML, like Gecko) Chrome/122.0.0.0 Mobile Safari/537.36" "-"
186.137.255.185 - - [26/Oct/2025:01:55:26 +0300 - 1.007 - 1.008] "GET /publications/?flt_products=artro-patch-lv;okistar-hyal-7-lv&flt_doctors=gimenes-arsts;pulmonologs;terapeits;traumatologs-ortopeds HTTP/1.1" 200 99569 "-" "Mozilla/5.0 (Linux; Android 10; K) AppleWebKit/537.36 (KHTML, like Gecko) Chrome/122.0.0.0 Mobile Safari/537.36" "-"
