190.5.34.86 - - [26/Oct/2025:03:12:37 +0200 - 0.204 - -] "GET /wp-content/themes/emteko/fonts/NeoSansPro-Regular.woff HTTP/1.1" 200 75588 "https://emteko.com/en/products/diart/" "Mozilla/5.0 (Linux; Android 10; K) AppleWebKit/537.36 (KHTML, like Gecko) Chrome/141.0.0.0 Mobile Safari/537.36" "-"
190.5.34.86 - - [26/Oct/2025:03:12:37 +0200 - 0.000 - -] "GET /wp-content/themes/emteko/fonts/NeoSansPro-Bold.woff HTTP/1.1" 200 66132 "https://emteko.com/en/products/diart/" "Mozilla/5.0 (Linux; Android 10; K) AppleWebKit/537.36 (KHTML, like Gecko) Chrome/141.0.0.0 Mobile Safari/537.36" "-"
190.5.34.86 - - [26/Oct/2025:03:12:37 +0200 - 0.204 - -] "GET /wp-content/themes/emteko/fonts/NeoSansPro-Medium.woff HTTP/1.1" 200 75064 "https://emteko.com/en/products/diart/" "Mozilla/5.0 (Linux; Android 10; K) AppleWebKit/537.36 (KHTML, like Gecko) Chrome/141.0.0.0 Mobile Safari/537.36" "-"
190.5.34.86 - - [26/Oct/2025:03:12:37 +0200 - 0.206 - -] "GET /wp-content/themes/emteko/font-awesome/webfonts/fa-brands-400.woff2 HTTP/1.1" 200 118072 "https://emteko.com/en/products/diart/" "Mozilla/5.0 (Linux; Android 10; K) AppleWebKit/537.36 (KHTML, like Gecko) Chrome/141.0.0.0 Mobile Safari/537.36" "-"
128.140.106.114 - - [26/Oct/2025:03:12:37 +0200 - 0.003 - 0.004] "HEAD / HTTP/1.1" 200 0 "https://emteko.com" "Mozilla/5.0+(compatible; UptimeRobot/2.0; http://www.uptimerobot.com/)" "-"
190.5.34.86 - - [26/Oct/2025:03:12:37 +0200 - 0.410 - -] "GET /wp-content/themes/emteko/font-awesome/webfonts/fa-solid-900.woff2 HTTP/1.1" 200 157192 "https://emteko.com/en/products/diart/" "Mozilla/5.0 (Linux; Android 10; K) AppleWebKit/537.36 (KHTML, like Gecko) Chrome/141.0.0.0 Mobile Safari/537.36" "-"
190.5.34.86 - - [26/Oct/2025:03:12:38 +0200 - 0.000 - -] "GET /wp-content/themes/emteko/images/favs/favicon-32x32.png HTTP/1.1" 200 1655 "https://emteko.com/en/products/diart/" "Mozilla/5.0 (Linux; Android 10; K) AppleWebKit/537.36 (KHTML, like Gecko) Chrome/141.0.0.0 Mobile Safari/537.36" "-"
190.5.34.86 - - [26/Oct/2025:03:12:38 +0200 - 0.000 - -] "GET /wp-content/themes/emteko/images/favs/apple-touch-icon.png HTTP/1.1" 200 5068 "https://emteko.com/en/products/diart/" "Mozilla/5.0 (Linux; Android 10; K) AppleWebKit/537.36 (KHTML, like Gecko) Chrome/141.0.0.0 Mobile Safari/537.36" "-"
103.65.236.113 - - [26/Oct/2025:03:12:38 +0200 - 0.000 - -] "GET /users.php HTTP/1.1" 404 194 "-" "Mozlila/5.0 (Linux; Android 7.0; SM-G892A Bulid/NRD90M; wv) AppleWebKit/537.36 (KHTML, like Gecko) Version/4.0 Chrome/60.0.3112.107 Moblie Safari/537.36" "-"
190.5.34.86 - - [26/Oct/2025:03:12:38 +0200 - 0.000 - -] "GET /wp-content/themes/emteko/images/favs/site.webmanifest HTTP/1.1" 200 426 "https://emteko.com/en/products/diart/" "Mozilla/5.0 (Linux; Android 10; K) AppleWebKit/537.36 (KHTML, like Gecko) Chrome/141.0.0.0 Mobile Safari/537.36" "-"
103.65.236.113 - - [26/Oct/2025:03:12:39 +0200 - 0.000 - -] "GET /classwithtostring.php HTTP/1.1" 404 194 "-" "Mozlila/5.0 (Linux; Android 7.0; SM-G892A Bulid/NRD90M; wv) AppleWebKit/537.36 (KHTML, like Gecko) Version/4.0 Chrome/60.0.3112.107 Moblie Safari/537.36" "-"
190.5.34.86 - - [26/Oct/2025:03:12:40 +0200 - 1.275 - 0.816] "GET /android-chrome-192x192.png HTTP/1.1" 404 87010 "https://emteko.com/en/products/diart/" "Mozilla/5.0 (Linux; Android 10; K) AppleWebKit/537.36 (KHTML, like Gecko) Chrome/141.0.0.0 Mobile Safari/537.36" "-"
103.65.236.113 - - [26/Oct/2025:03:12:45 +0200 - 0.000 - -] "GET /wp-head.php HTTP/1.1" 404 194 "-" "Mozlila/5.0 (Linux; Android 7.0; SM-G892A Bulid/NRD90M; wv) AppleWebKit/537.36 (KHTML, like Gecko) Version/4.0 Chrome/60.0.3112.107 Moblie Safari/537.36" "-"
103.65.236.113 - - [26/Oct/2025:03:12:46 +0200 - 0.000 - -] "GET /admin.php HTTP/1.1" 404 194 "-" "Mozlila/5.0 (Linux; Android 7.0; SM-G892A Bulid/NRD90M; wv) AppleWebKit/537.36 (KHTML, like Gecko) Version/4.0 Chrome/60.0.3112.107 Moblie Safari/537.36" "-"
103.65.236.113 - - [26/Oct/2025:03:12:49 +0200 - 0.000 - -] "GET /about.php HTTP/1.1" 404 194 "-" "Mozlila/5.0 (Linux; Android 7.0; SM-G892A Bulid/NRD90M; wv) AppleWebKit/537.36 (KHTML, like Gecko) Version/4.0 Chrome/60.0.3112.107 Moblie Safari/537.36" "-"
103.65.236.113 - - [26/Oct/2025:03:12:51 +0200 - 0.000 - -] "GET /dropdown.php HTTP/1.1" 404 194 "-" "Mozlila/5.0 (Linux; Android 7.0; SM-G892A Bulid/NRD90M; wv) AppleWebKit/537.36 (KHTML, like Gecko) Version/4.0 Chrome/60.0.3112.107 Moblie Safari/537.36" "-"
103.65.236.113 - - [26/Oct/2025:03:13:04 +0200 - 0.000 - -] "GET /wp-header.php HTTP/1.1" 404 194 "-" "Mozlila/5.0 (Linux; Android 7.0; SM-G892A Bulid/NRD90M; wv) AppleWebKit/537.36 (KHTML, like Gecko) Version/4.0 Chrome/60.0.3112.107 Moblie Safari/537.36" "-"
103.65.236.113 - - [26/Oct/2025:03:13:09 +0200 - 0.000 - -] "GET /alfanew.php HTTP/1.1" 404 194 "-" "Mozlila/5.0 (Linux; Android 7.0; SM-G892A Bulid/NRD90M; wv) AppleWebKit/537.36 (KHTML, like Gecko) Version/4.0 Chrome/60.0.3112.107 Moblie Safari/537.36" "-"
114.119.132.202 - - [26/Oct/2025:03:13:17 +0200 - 1.946 - 0.012] "GET /en/publications?flt_products=diart&flt_doctors=general-practitioner%3Binfectionist%3Btherapist HTTP/1.1" 200 95599 "https://emteko.com/en/publications?flt_products=diart&flt_doctors=general-practitioner%3Binfectionist%3Botolaryngologist%3Btherapist" "Mozilla/5.0 (Linux; Android 7.0;) AppleWebKit/537.36 (KHTML, like Gecko) Mobile Safari/537.36 (compatible; PetalBot;+https://webmaster.petalsearch.com/site/petalbot)" "-"
31.131.20.181 - - [26/Oct/2025:03:13:26 +0200 - 0.000 - 0.004] "POST /wp-cron.php?doing_wp_cron=1761441206.5262019634246826171875 HTTP/1.1" 499 0 "-" "WordPress/6.8.3; https://emteko.com/en/" "-"
52.167.144.191 - - [26/Oct/2025:03:13:26 +0200 - 1.049 - 1.048] "GET /en/doctorspecial/general-practitioner/?flt_products=artro-patch;diart;nasisoft;okistar-hyal-7&flt_doctors=orthopedic-traumatologist;otolaryngologist;pulmonologist;therapist HTTP/1.1" 200 99561 "-" "Mozilla/5.0 AppleWebKit/537.36 (KHTML, like Gecko; compatible; bingbot/2.0; +http://www.bing.com/bingbot.htm) Chrome/116.0.1938.76 Safari/537.36" "-"
103.65.236.113 - - [26/Oct/2025:03:13:28 +0200 - 0.000 - -] "GET /radio.php HTTP/1.1" 404 194 "-" "Mozlila/5.0 (Linux; Android 7.0; SM-G892A Bulid/NRD90M; wv) AppleWebKit/537.36 (KHTML, like Gecko) Version/4.0 Chrome/60.0.3112.107 Moblie Safari/537.36" "-"
103.65.236.113 - - [26/Oct/2025:03:13:32 +0200 - 0.000 - -] "GET /simple.php HTTP/1.1" 404 194 "-" "Mozlila/5.0 (Linux; Android 7.0; SM-G892A Bulid/NRD90M; wv) AppleWebKit/537.36 (KHTML, like Gecko) Version/4.0 Chrome/60.0.3112.107 Moblie Safari/537.36" "-"
103.65.236.113 - - [26/Oct/2025:03:13:34 +0200 - 0.000 - -] "GET /cong.php HTTP/1.1" 404 194 "-" "Mozlila/5.0 (Linux; Android 7.0; SM-G892A Bulid/NRD90M; wv) AppleWebKit/537.36 (KHTML, like Gecko) Version/4.0 Chrome/60.0.3112.107 Moblie Safari/537.36" "-"
103.65.236.113 - - [26/Oct/2025:03:13:37 +0200 - 0.000 - -] "GET /options.php HTTP/1.1" 404 194 "-" "Mozlila/5.0 (Linux; Android 7.0; SM-G892A Bulid/NRD90M; wv) AppleWebKit/537.36 (KHTML, like Gecko) Version/4.0 Chrome/60.0.3112.107 Moblie Safari/537.36" "-"
49.13.167.123 - - [26/Oct/2025:03:13:42 +0200 - 0.011 - 0.012] "HEAD / HTTP/1.1" 200 0 "https://emteko.com" "Mozilla/5.0+(compatible; UptimeRobot/2.0; http://www.uptimerobot.com/)" "-"
103.65.236.113 - - [26/Oct/2025:03:14:00 +0200 - 0.000 - -] "GET /alfa-rex.php HTTP/1.1" 404 194 "-" "Mozlila/5.0 (Linux; Android 7.0; SM-G892A Bulid/NRD90M; wv) AppleWebKit/537.36 (KHTML, like Gecko) Version/4.0 Chrome/60.0.3112.107 Moblie Safari/537.36" "-"
103.65.236.113 - - [26/Oct/2025:03:14:03 +0200 - 0.000 - -] "GET /wp-content/index.php?x=ooo HTTP/1.1" 404 194 "-" "Mozlila/5.0 (Linux; Android 7.0; SM-G892A Bulid/NRD90M; wv) AppleWebKit/537.36 (KHTML, like Gecko) Version/4.0 Chrome/60.0.3112.107 Moblie Safari/537.36" "-"
31.131.20.181 - - [26/Oct/2025:03:14:06 +0200 - 0.000 - 0.000] "POST /wp-cron.php?doing_wp_cron=1761441246.2710149288177490234375 HTTP/1.1" 499 0 "-" "WordPress/6.8.3; https://emteko.com" "-"
103.65.236.113 - - [26/Oct/2025:03:14:06 +0200 - 1.291 - 1.288] "GET /wp-admin/options.php HTTP/1.1" 302 5 "-" "Mozlila/5.0 (Linux; Android 7.0; SM-G892A Bulid/NRD90M; wv) AppleWebKit/537.36 (KHTML, like Gecko) Version/4.0 Chrome/60.0.3112.107 Moblie Safari/537.36" "-"
103.65.236.113 - - [26/Oct/2025:03:14:07 +0200 - 0.737 - 0.736] "GET /wp-login.php?redirect_to=https%3A%2F%2Femteko.com%2Fwp-admin%2Foptions.php&reauth=1 HTTP/1.1" 403 2248 "-" "Mozlila/5.0 (Linux; Android 7.0; SM-G892A Bulid/NRD90M; wv) AppleWebKit/537.36 (KHTML, like Gecko) Version/4.0 Chrome/60.0.3112.107 Moblie Safari/537.36" "-"
103.65.236.113 - - [26/Oct/2025:03:14:21 +0200 - 0.000 - -] "GET /wp-content/plugins/fix/up.php HTTP/1.1" 404 194 "-" "Mozlila/5.0 (Linux; Android 7.0; SM-G892A Bulid/NRD90M; wv) AppleWebKit/537.36 (KHTML, like Gecko) Version/4.0 Chrome/60.0.3112.107 Moblie Safari/537.36" "-"
114.119.133.35 - - [26/Oct/2025:03:14:43 +0200 - 1.132 - 1.128] "GET /en/publications?flt_products=diart&flt_doctors=general-practitioner%3Binfectionist%3Botolaryngologist%3Bpediatrician%3Bpulmonologist HTTP/1.1" 200 95679 "https://emteko.com/en/publications?flt_products=diart&flt_doctors=infectionist%3Botolaryngologist%3Bpediatrician%3Bpulmonologist" "Mozilla/5.0 (Linux; Android 7.0;) AppleWebKit/537.36 (KHTML, like Gecko) Mobile Safari/537.36 (compatible; PetalBot;+https://webmaster.petalsearch.com/site/petalbot)" "-"
49.13.24.81 - - [26/Oct/2025:03:14:46 +0200 - 0.002 - 0.000] "HEAD / HTTP/1.1" 200 0 "https://emteko.com" "Mozilla/5.0+(compatible; UptimeRobot/2.0; http://www.uptimerobot.com/)" "-"
52.28.162.93 - - [26/Oct/2025:03:15:50 +0200 - 0.011 - 0.008] "HEAD / HTTP/1.1" 200 0 "https://emteko.com" "Mozilla/5.0+(compatible; UptimeRobot/2.0; http://www.uptimerobot.com/)" "-"
31.131.20.181 - - [26/Oct/2025:03:16:21 +0200 - 0.003 - 0.000] "POST /wp-cron.php?doing_wp_cron=1761441381.4115760326385498046875 HTTP/1.1" 499 0 "-" "WordPress/6.8.3; https://emteko.com/en/" "-"
165.227.140.18 - - [26/Oct/2025:03:16:23 +0200 - 0.002 - 0.004] "GET / HTTP/1.1" 200 89415 "http://emteko.com" "Mozilla/5.0 (Macintosh; Intel Mac OS X 10.15; rv:126.0) Gecko/20100101 Firefox/126.0" "-"
165.227.140.18 - - [26/Oct/2025:03:16:24 +0200 - 0.684 - 0.684] "GET /wp-sitemap-users-1.xml HTTP/1.1" 301 5 "https://emteko.com" "Mozilla/5.0 (Macintosh; Intel Mac OS X 10_15_7; rv:125.0.1) Gecko/20100101 Firefox/125.0.1" "-"
114.119.154.89 - - [26/Oct/2025:03:16:24 +0200 - 3.958 - 0.956] "GET /en/publications?flt_products=diart&flt_doctors=general-practitioner%3Binfectionist%3Borthopedic-traumatologist%3Bpulmonologist%3Btherapist HTTP/1.1" 200 81596 "https://emteko.com/en/publications?flt_products=diart&flt_doctors=general-practitioner%3Binfectionist%3Borthopedic-traumatologist%3Bpulmonologist" "Mozilla/5.0 (Linux; Android 7.0;) AppleWebKit/537.36 (KHTML, like Gecko) Mobile Safari/537.36 (compatible; PetalBot;+https://webmaster.petalsearch.com/site/petalbot)" "-"
165.227.140.18 - - [26/Oct/2025:03:16:25 +0200 - 0.747 - 0.748] "GET /author-sitemap.xml HTTP/1.1" 404 87002 "https://emteko.com" "Mozilla/5.0 (Macintosh; Intel Mac OS X 10_15_7; rv:125.0.1) Gecko/20100101 Firefox/125.0.1" "-"
165.227.140.18 - - [26/Oct/2025:03:16:25 +0200 - 0.245 - 0.244] "GET /index.php?rest_route=/oembed/1.0/embed&format=json&url=https://emteko.com HTTP/1.1" 403 31 "https://emteko.com" "Mozilla/5.0 (Macintosh; Intel Mac OS X 10_15_7) AppleWebKit/537.36 (KHTML, like Gecko) Chrome/115.0.5790.102 Safari/537.36" "-"
168.119.96.239 - - [26/Oct/2025:03:16:34 +0200 - 0.003 - 0.004] "HEAD / HTTP/1.1" 200 0 "https://emteko.com" "Mozilla/5.0+(compatible; UptimeRobot/2.0; http://www.uptimerobot.com/)" "-"
49.13.164.148 - - [26/Oct/2025:03:16:54 +0200 - 0.012 - 0.012] "HEAD / HTTP/1.1" 200 0 "https://emteko.com" "Mozilla/5.0+(compatible; UptimeRobot/2.0; http://www.uptimerobot.com/)" "-"
34.1.26.203 - - [26/Oct/2025:03:17:33 +0200 - 0.012 - 0.016] "GET / HTTP/1.1" 200 89415 "http://emteko.com/" "Mozilla/5.0 (Macintosh; Intel Mac OS X 10_15_7) AppleWebKit/537.36 (KHTML, like Gecko) Chrome/135.0.0.0 Safari/537.36" "-"
31.131.20.181 - - [26/Oct/2025:03:17:34 +0200 - 0.001 - 0.000] "POST /wp-cron.php?doing_wp_cron=1761441454.5681979656219482421875 HTTP/1.1" 499 0 "-" "WordPress/6.8.3; https://emteko.com" "-"
34.1.26.203 - - [26/Oct/2025:03:17:34 +0200 - 0.977 - 0.880] "GET /app/ HTTP/1.1" 404 87002 "-" "Mozilla/5.0 (Macintosh; Intel Mac OS X 10_15_7) AppleWebKit/537.36 (KHTML, like Gecko) Chrome/135.0.0.0 Safari/537.36" "-"
34.1.26.203 - - [26/Oct/2025:03:17:35 +0200 - 0.706 - 0.708] "GET /login/ HTTP/1.1" 302 5 "-" "Mozilla/5.0 (Macintosh; Intel Mac OS X 10_15_7) AppleWebKit/537.36 (KHTML, like Gecko) Chrome/135.0.0.0 Safari/537.36" "-"
34.1.26.203 - - [26/Oct/2025:03:17:36 +0200 - 0.803 - 0.804] "GET /wp-login.php HTTP/1.1" 403 2242 "https://emteko.com/login/" "Mozilla/5.0 (Macintosh; Intel Mac OS X 10_15_7) AppleWebKit/537.36 (KHTML, like Gecko) Chrome/135.0.0.0 Safari/537.36" "-"
114.119.140.113 - - [26/Oct/2025:03:17:41 +0200 - 0.670 - 0.668] "GET /products/okistar-hyal-7 HTTP/1.1" 301 5 "https://emteko.com/en/products/okistar-hyal-7/" "Mozilla/5.0 (Linux; Android 7.0;) AppleWebKit/537.36 (KHTML, like Gecko) Mobile Safari/537.36 (compatible; PetalBot;+https://webmaster.petalsearch.com/site/petalbot)" "-"
34.1.26.203 - - [26/Oct/2025:03:17:48 +0200 - 0.003 - 0.004] "GET / HTTP/1.1" 200 89415 "https://www.emteko.com/" "Mozilla/5.0 (Macintosh; Intel Mac OS X 10_15_7) AppleWebKit/537.36 (KHTML, like Gecko) Chrome/135.0.0.0 Safari/537.36" "-"
114.119.140.113 - - [26/Oct/2025:03:17:48 +0200 - 3.012 - 0.008] "GET /products/okistar-hyal-7/ HTTP/1.1" 200 81648 "https://emteko.com/en/products/okistar-hyal-7/" "Mozilla/5.0 (Linux; Android 7.0;) AppleWebKit/537.36 (KHTML, like Gecko) Mobile Safari/537.36 (compatible; PetalBot;+https://webmaster.petalsearch.com/site/petalbot)" "-"
34.1.26.203 - - [26/Oct/2025:03:17:49 +0200 - 0.810 - 0.808] "GET /app/ HTTP/1.1" 404 87002 "-" "Mozilla/5.0 (Macintosh; Intel Mac OS X 10_15_7) AppleWebKit/537.36 (KHTML, like Gecko) Chrome/135.0.0.0 Safari/537.36" "-"
34.1.26.203 - - [26/Oct/2025:03:17:50 +0200 - 0.722 - 0.720] "GET /login/ HTTP/1.1" 302 5 "-" "Mozilla/5.0 (Macintosh; Intel Mac OS X 10_15_7) AppleWebKit/537.36 (KHTML, like Gecko) Chrome/135.0.0.0 Safari/537.36" "-"
34.1.26.203 - - [26/Oct/2025:03:17:51 +0200 - 0.702 - 0.700] "GET /wp-login.php HTTP/1.1" 403 2242 "https://emteko.com/login/" "Mozilla/5.0 (Macintosh; Intel Mac OS X 10_15_7) AppleWebKit/537.36 (KHTML, like Gecko) Chrome/135.0.0.0 Safari/537.36" "-"
142.132.180.39 - - [26/Oct/2025:03:17:59 +0200 - 0.002 - 0.004] "HEAD / HTTP/1.1" 200 0 "https://emteko.com" "Mozilla/5.0+(compatible; UptimeRobot/2.0; http://www.uptimerobot.com/)" "-"
31.131.20.181 - - [26/Oct/2025:03:18:56 +0200 - 0.001 - 0.000] "POST /wp-cron.php?doing_wp_cron=1761441536.9307610988616943359375 HTTP/1.1" 499 0 "-" "WordPress/6.8.3; https://emteko.com/en/" "-"
114.119.132.104 - - [26/Oct/2025:03:19:00 +0200 - 4.377 - 1.380] "GET /en/publications?flt_products=nasisoft%3Bokistar-hyal-7&flt_doctors=general-practitioner%3Borthopedic-traumatologist%3Bpediatrician%3Bpulmonologist HTTP/1.1" 200 81596 "https://emteko.com/en/publications?flt_products=nasisoft%3Bokistar-hyal-7&flt_doctors=general-practitioner%3Borthopedic-traumatologist%3Bpediatrician%3Bpulmonologist%3Btherapist" "Mozilla/5.0 (Linux; Android 7.0;) AppleWebKit/537.36 (KHTML, like Gecko) Mobile Safari/537.36 (compatible; PetalBot;+https://webmaster.petalsearch.com/site/petalbot)" "-"
49.13.134.145 - - [26/Oct/2025:03:19:03 +0200 - 0.004 - 0.004] "HEAD / HTTP/1.1" 200 0 "https://emteko.com" "Mozilla/5.0+(compatible; UptimeRobot/2.0; http://www.uptimerobot.com/)" "-"
43.173.181.97 - - [26/Oct/2025:03:19:14 +0200 - 0.005 - 0.004] "GET /en/doctorspecial/pulmonologist/ HTTP/1.1" 200 99392 "-" "Mozilla/5.0 (Windows NT 6.1; Win64; x64) AppleWebKit/537.36 (KHTML, like Gecko) Chrome/126.0.6478.114 Safari/537.36" "-"
176.31.139.14 - - [26/Oct/2025:03:20:05 +0200 - 0.018 - 0.016] "GET / HTTP/1.1" 200 89415 "-" "Mozilla/5.0 (compatible; AhrefsBot/7.0; +http://ahrefs.com/robot/)" "-"
78.46.190.63 - - [26/Oct/2025:03:20:08 +0200 - 0.002 - 0.004] "HEAD / HTTP/1.1" 200 0 "https://emteko.com" "Mozilla/5.0+(compatible; UptimeRobot/2.0; http://www.uptimerobot.com/)" "-"
31.131.20.181 - - [26/Oct/2025:03:20:23 +0200 - 0.001 - 0.000] "POST /wp-cron.php?doing_wp_cron=1761441623.8421990871429443359375 HTTP/1.1" 499 0 "-" "WordPress/6.8.3; https://emteko.com/en/" "-"
52.167.144.190 - - [26/Oct/2025:03:20:24 +0200 - 1.129 - 1.128] "GET /en/doctorspecial/therapist/?flt_products=artro-patch;lorde-hyal;nasisoft&flt_doctors=infectionist;otolaryngologist;pediatrician HTTP/1.1" 200 100147 "-" "Mozilla/5.0 AppleWebKit/537.36 (KHTML, like Gecko; compatible; bingbot/2.0; +http://www.bing.com/bingbot.htm) Chrome/116.0.1938.76 Safari/537.36" "-"
114.119.154.181 - - [26/Oct/2025:03:20:32 +0200 - 3.923 - 0.920] "GET /en/publications?flt_products=lorde-hyal&flt_doctors=infectionist HTTP/1.1" 200 81596 "https://emteko.com/en/publications?flt_products=lorde-hyal%3Bokistar-hyal-7&flt_doctors=infectionist" "Mozilla/5.0 (Linux; Android 7.0;) AppleWebKit/537.36 (KHTML, like Gecko) Mobile Safari/537.36 (compatible; PetalBot;+https://webmaster.petalsearch.com/site/petalbot)" "-"
49.13.130.29 - - [26/Oct/2025:03:21:12 +0200 - 0.012 - 0.016] "HEAD / HTTP/1.1" 200 0 "https://emteko.com" "Mozilla/5.0+(compatible; UptimeRobot/2.0; http://www.uptimerobot.com/)" "-"
88.99.80.227 - - [26/Oct/2025:03:21:38 +0200 - 0.012 - 0.012] "HEAD / HTTP/1.1" 200 0 "https://emteko.com" "Mozilla/5.0+(compatible; UptimeRobot/2.0; http://www.uptimerobot.com/)" "-"
31.131.20.181 - - [26/Oct/2025:03:21:57 +0200 - 0.002 - 0.004] "POST /wp-cron.php?doing_wp_cron=1761441717.3718819618225097656250 HTTP/1.1" 499 0 "-" "WordPress/6.8.3; https://emteko.com/en/" "-"
114.119.132.202 - - [26/Oct/2025:03:22:00 +0200 - 4.048 - 1.048] "GET /en/publications?flt_products=lorde-hyal%3Bnasisoft&flt_doctors=general-practitioner%3Binfectionist%3Btherapist HTTP/1.1" 200 81596 "https://emteko.com/en/publications?flt_products=lorde-hyal%3Bnasisoft%3Bokistar-hyal-7&flt_doctors=general-practitioner%3Binfectionist%3Btherapist" "Mozilla/5.0 (Linux; Android 7.0;) AppleWebKit/537.36 (KHTML, like Gecko) Mobile Safari/537.36 (compatible; PetalBot;+https://webmaster.petalsearch.com/site/petalbot)" "-"
78.46.190.63 - - [26/Oct/2025:03:22:17 +0200 - 0.012 - 0.012] "HEAD / HTTP/1.1" 200 0 "https://emteko.com" "Mozilla/5.0+(compatible; UptimeRobot/2.0; http://www.uptimerobot.com/)" "-"
31.131.20.181 - - [26/Oct/2025:03:23:21 +0200 - 0.001 - 0.000] "POST /wp-cron.php?doing_wp_cron=1761441801.0146338939666748046875 HTTP/1.1" 499 0 "-" "WordPress/6.8.3; https://emteko.com/en/" "-"
88.99.80.227 - - [26/Oct/2025:03:23:21 +0200 - 0.003 - 0.004] "HEAD / HTTP/1.1" 200 0 "https://emteko.com" "Mozilla/5.0+(compatible; UptimeRobot/2.0; http://www.uptimerobot.com/)" "-"
114.119.132.202 - - [26/Oct/2025:03:23:24 +0200 - 4.037 - 1.032] "GET /en/publications?flt_products=lorde-hyal%3Bnasisoft%3Bokistar-hyal-7&flt_doctors=general-practitioner%3Bpulmonologist%3Btherapist HTTP/1.1" 200 81596 "https://emteko.com/en/publications/?flt_products=nasisoft%3Bokistar-hyal-7&flt_doctors=general-practitioner%3Bpulmonologist%3Btherapist" "Mozilla/5.0 (Linux; Android 7.0;) AppleWebKit/537.36 (KHTML, like Gecko) Mobile Safari/537.36 (compatible; PetalBot;+https://webmaster.petalsearch.com/site/petalbot)" "-"
49.13.24.81 - - [26/Oct/2025:03:24:26 +0200 - 0.012 - 0.012] "HEAD / HTTP/1.1" 200 0 "https://emteko.com" "Mozilla/5.0+(compatible; UptimeRobot/2.0; http://www.uptimerobot.com/)" "-"
31.131.20.181 - - [26/Oct/2025:03:24:44 +0200 - 0.002 - 0.000] "POST /wp-cron.php?doing_wp_cron=1761441884.7037639617919921875000 HTTP/1.1" 499 0 "-" "WordPress/6.8.3; https://emteko.com/en/" "-"
114.119.140.113 - - [26/Oct/2025:03:24:46 +0200 - 2.487 - 0.948] "GET /en/publications?flt_products=lorde-hyal%3Bnasisoft%3Bokistar-hyal-7&flt_doctors=general-practitioner%3Borthopedic-traumatologist%3Bpediatrician%3Btherapist HTTP/1.1" 200 100547 "https://emteko.com/en/publications?flt_products=lorde-hyal%3Bnasisoft%3Bokistar-hyal-7&flt_doctors=general-practitioner%3Borthopedic-traumatologist%3Bpediatrician" "Mozilla/5.0 (Linux; Android 7.0;) AppleWebKit/537.36 (KHTML, like Gecko) Mobile Safari/537.36 (compatible; PetalBot;+https://webmaster.petalsearch.com/site/petalbot)" "-"
3.79.134.69 - - [26/Oct/2025:03:25:30 +0200 - 0.012 - 0.012] "HEAD / HTTP/1.1" 200 0 "https://emteko.com" "Mozilla/5.0+(compatible; UptimeRobot/2.0; http://www.uptimerobot.com/)" "-"
31.131.20.181 - - [26/Oct/2025:03:25:34 +0200 - 0.000 - 0.000] "POST /wp-cron.php?doing_wp_cron=1761441934.6515309810638427734375 HTTP/1.1" 499 0 "-" "WordPress/6.8.3; https://emteko.com" "-"
157.55.39.48 - - [26/Oct/2025:03:25:34 +0200 - 0.969 - 0.968] "GET /?s=2025 HTTP/1.1" 200 86912 "-" "Mozilla/5.0 AppleWebKit/537.36 (KHTML, like Gecko; compatible; bingbot/2.0; +http://www.bing.com/bingbot.htm) Chrome/116.0.1938.76 Safari/537.36" "-"
114.119.132.202 - - [26/Oct/2025:03:26:11 +0200 - 0.915 - 0.012] "GET /en/publications?flt_products=diart&flt_doctors=otolaryngologist%3Bpediatrician%3Btherapist HTTP/1.1" 200 95611 "https://emteko.com/en/publications/?flt_products=diart%3Blorde-hyal&flt_doctors=otolaryngologist%3Bpediatrician%3Btherapist" "Mozilla/5.0 (Linux; Android 7.0;) AppleWebKit/537.36 (KHTML, like Gecko) Mobile Safari/537.36 (compatible; PetalBot;+https://webmaster.petalsearch.com/site/petalbot)" "-"
31.131.20.181 - - [26/Oct/2025:03:26:31 +0200 - 0.001 - 0.000] "POST /wp-cron.php?doing_wp_cron=1761441991.1993389129638671875000 HTTP/1.1" 499 0 "-" "WordPress/6.8.3; https://emteko.com/en/" "-"
17.246.15.198 - - [26/Oct/2025:03:26:31 +0200 - 1.023 - 1.024] "GET /en/publications/?flt_products=nasisoft&flt_doctors=infectionist;pediatrician;pulmonologist HTTP/1.1" 200 99003 "-" "Mozilla/5.0 (Macintosh; Intel Mac OS X 10_15_7) AppleWebKit/605.1.15 (KHTML, like Gecko) Version/17.4 Safari/605.1.15 (Applebot/0.1; +http://www.apple.com/go/applebot)" "-"
157.90.155.240 - - [26/Oct/2025:03:26:34 +0200 - 0.003 - 0.004] "HEAD / HTTP/1.1" 200 0 "https://emteko.com" "Mozilla/5.0+(compatible; UptimeRobot/2.0; http://www.uptimerobot.com/)" "-"
78.47.98.55 - - [26/Oct/2025:03:26:43 +0200 - 0.002 - 0.004] "HEAD / HTTP/1.1" 200 0 "https://emteko.com" "Mozilla/5.0+(compatible; UptimeRobot/2.0; http://www.uptimerobot.com/)" "-"
125.75.66.97 - - [26/Oct/2025:03:27:32 +0200 - 0.268 - 0.012] "GET / HTTP/1.1" 200 89415 "http://emteko.com" "Mozilla/5.0 (iPhone; CPU iPhone OS 13_2_3 like Mac OS X) AppleWebKit/605.1.15 (KHTML, like Gecko) Version/13.0.3 Mobile/15E148 Safari/604.1" "-"
3.77.67.4 - - [26/Oct/2025:03:27:38 +0200 - 0.002 - 0.004] "HEAD / HTTP/1.1" 200 0 "https://emteko.com" "Mozilla/5.0+(compatible; UptimeRobot/2.0; http://www.uptimerobot.com/)" "-"
114.119.154.181 - - [26/Oct/2025:03:27:44 +0200 - 0.911 - 0.000] "GET /en/publications?flt_products=diart&flt_doctors=general-practitioner%3Binfectionist%3Borthopedic-traumatologist%3Botolaryngologist%3Btherapist HTTP/1.1" 200 95672 "https://emteko.com/en/publications/?flt_products=diart%3Blorde-hyal&flt_doctors=general-practitioner%3Binfectionist%3Borthopedic-traumatologist%3Botolaryngologist%3Btherapist" "Mozilla/5.0 (Linux; Android 7.0;) AppleWebKit/537.36 (KHTML, like Gecko) Mobile Safari/537.36 (compatible; PetalBot;+https://webmaster.petalsearch.com/site/petalbot)" "-"
49.13.24.81 - - [26/Oct/2025:03:28:42 +0200 - 0.012 - 0.012] "HEAD / HTTP/1.1" 200 0 "https://emteko.com" "Mozilla/5.0+(compatible; UptimeRobot/2.0; http://www.uptimerobot.com/)" "-"
31.131.20.181 - - [26/Oct/2025:03:29:14 +0200 - 0.001 - 0.000] "POST /wp-cron.php?doing_wp_cron=1761442154.0712099075317382812500 HTTP/1.1" 499 0 "-" "WordPress/6.8.3; https://emteko.com/en/" "-"
114.119.133.35 - - [26/Oct/2025:03:29:15 +0200 - 1.955 - 1.008] "GET /en/publications?flt_products=diart%3Bokistar-hyal-7&flt_doctors=otolaryngologist%3Bpediatrician%3Bpulmonologist HTTP/1.1" 200 99230 "https://emteko.com/en/publications?flt_products=diart%3Bokistar-hyal-7&flt_doctors=otolaryngologist%3Bpediatrician%3Bpulmonologist%3Btherapist" "Mozilla/5.0 (Linux; Android 7.0;) AppleWebKit/537.36 (KHTML, like Gecko) Mobile Safari/537.36 (compatible; PetalBot;+https://webmaster.petalsearch.com/site/petalbot)" "-"
128.140.106.114 - - [26/Oct/2025:03:29:46 +0200 - 0.012 - 0.012] "HEAD / HTTP/1.1" 200 0 "https://emteko.com" "Mozilla/5.0+(compatible; UptimeRobot/2.0; http://www.uptimerobot.com/)" "-"
31.131.20.181 - - [26/Oct/2025:03:30:40 +0200 - 0.001 - 0.000] "POST /wp-cron.php?doing_wp_cron=1761442240.7305579185485839843750 HTTP/1.1" 499 0 "-" "WordPress/6.8.3; https://emteko.com/en/" "-"
114.119.136.120 - - [26/Oct/2025:03:30:41 +0200 - 1.288 - 0.964] "GET /en/publications?flt_products=diart%3Bokistar-hyal-7&flt_doctors=orthopedic-traumatologist%3Botolaryngologist%3Bpulmonologist HTTP/1.1" 200 99232 "https://emteko.com/en/publications?flt_products=diart%3Bokistar-hyal-7&flt_doctors=orthopedic-traumatologist%3Botolaryngologist%3Bpulmonologist%3Btherapist" "Mozilla/5.0 (Linux; Android 7.0;) AppleWebKit/537.36 (KHTML, like Gecko) Mobile Safari/537.36 (compatible; PetalBot;+https://webmaster.petalsearch.com/site/petalbot)" "-"
49.13.167.123 - - [26/Oct/2025:03:30:50 +0200 - 0.002 - 0.004] "HEAD / HTTP/1.1" 200 0 "https://emteko.com" "Mozilla/5.0+(compatible; UptimeRobot/2.0; http://www.uptimerobot.com/)" "-"
31.131.20.181 - - [26/Oct/2025:03:31:37 +0200 - 0.000 - 0.000] "POST /wp-cron.php?doing_wp_cron=1761442297.6320159435272216796875 HTTP/1.1" 499 0 "-" "WordPress/6.8.3; https://emteko.com/en/" "-"
57.141.0.13 - - [26/Oct/2025:03:31:38 +0200 - 1.336 - 1.012] "GET /en/doctorspecial/pulmonologist/?flt_products=diart;nasisoft;okistar-hyal-7&flt_doctors=general-practitioner;orthopedic-traumatologist;pulmonologist;therapist HTTP/1.1" 200 604153 "-" "meta-externalagent/1.1 (+https://developers.facebook.com/docs/sharing/webmasters/crawler)" "-"
3.77.67.4 - - [26/Oct/2025:03:31:48 +0200 - 0.002 - 0.000] "HEAD / HTTP/1.1" 200 0 "https://emteko.com" "Mozilla/5.0+(compatible; UptimeRobot/2.0; http://www.uptimerobot.com/)" "-"
49.13.167.123 - - [26/Oct/2025:03:31:54 +0200 - 0.002 - 0.004] "HEAD / HTTP/1.1" 200 0 "https://emteko.com" "Mozilla/5.0+(compatible; UptimeRobot/2.0; http://www.uptimerobot.com/)" "-"
114.119.132.104 - - [26/Oct/2025:03:32:02 +0200 - 2.325 - 1.000] "GET /en/publications?flt_products=diart%3Bokistar-hyal-7&flt_doctors=orthopedic-traumatologist%3Botolaryngologist%3Bpediatrician%3Btherapist HTTP/1.1" 200 99269 "https://emteko.com/en/publications?flt_products=diart&flt_doctors=orthopedic-traumatologist%3Botolaryngologist%3Bpediatrician%3Btherapist" "Mozilla/5.0 (Linux; Android 7.0;) AppleWebKit/537.36 (KHTML, like Gecko) Mobile Safari/537.36 (compatible; PetalBot;+https://webmaster.petalsearch.com/site/petalbot)" "-"
3.77.67.4 - - [26/Oct/2025:03:33:00 +0200 - 0.013 - 0.016] "HEAD / HTTP/1.1" 200 0 "https://emteko.com" "Mozilla/5.0+(compatible; UptimeRobot/2.0; http://www.uptimerobot.com/)" "-"
31.131.20.181 - - [26/Oct/2025:03:33:27 +0200 - 0.001 - 0.000] "POST /wp-cron.php?doing_wp_cron=1761442407.6537408828735351562500 HTTP/1.1" 499 0 "-" "WordPress/6.8.3; https://emteko.com/en/" "-"
114.119.140.113 - - [26/Oct/2025:03:33:28 +0200 - 2.895 - 1.972] "GET /en/publications?flt_products=diart%3Bokistar-hyal-7&flt_doctors=orthopedic-traumatologist%3Botolaryngologist%3Bpediatrician%3Bpulmonologist HTTP/1.1" 200 99275 "https://emteko.com/en/publications?flt_products=diart&flt_doctors=orthopedic-traumatologist%3Botolaryngologist%3Bpediatrician%3Bpulmonologist" "Mozilla/5.0 (Linux; Android 7.0;) AppleWebKit/537.36 (KHTML, like Gecko) Mobile Safari/537.36 (compatible; PetalBot;+https://webmaster.petalsearch.com/site/petalbot)" "-"
168.119.123.75 - - [26/Oct/2025:03:34:05 +0200 - 0.011 - 0.012] "HEAD / HTTP/1.1" 200 0 "https://emteko.com" "Mozilla/5.0+(compatible; UptimeRobot/2.0; http://www.uptimerobot.com/)" "-"
31.131.20.181 - - [26/Oct/2025:03:34:23 +0200 - 0.001 - 0.004] "POST /wp-cron.php?doing_wp_cron=1761442463.4494760036468505859375 HTTP/1.1" 499 0 "-" "WordPress/6.8.3; https://emteko.com/en/" "-"
52.167.144.194 - - [26/Oct/2025:03:34:23 +0200 - 1.019 - 1.017] "GET /en/?s=2026 HTTP/1.1" 200 86766 "-" "Mozilla/5.0 AppleWebKit/537.36 (KHTML, like Gecko; compatible; bingbot/2.0; +http://www.bing.com/bingbot.htm) Chrome/116.0.1938.76 Safari/537.36" "-"
114.119.136.120 - - [26/Oct/2025:03:34:55 +0200 - 2.232 - 0.952] "GET /en/publications?flt_products=diart%3Bokistar-hyal-7&flt_doctors=infectionist%3Bpulmonologist HTTP/1.1" 200 99172 "https://emteko.com/en/publications?flt_products=diart%3Bokistar-hyal-7&flt_doctors=general-practitioner%3Binfectionist%3Bpulmonologist" "Mozilla/5.0 (Linux; Android 7.0;) AppleWebKit/537.36 (KHTML, like Gecko) Mobile Safari/537.36 (compatible; PetalBot;+https://webmaster.petalsearch.com/site/petalbot)" "-"
3.79.134.69 - - [26/Oct/2025:03:35:09 +0200 - 0.027 - 0.028] "HEAD / HTTP/1.1" 200 0 "https://emteko.com" "Mozilla/5.0+(compatible; UptimeRobot/2.0; http://www.uptimerobot.com/)" "-"
159.69.158.189 - - [26/Oct/2025:03:36:13 +0200 - 0.011 - 0.012] "HEAD / HTTP/1.1" 200 0 "https://emteko.com" "Mozilla/5.0+(compatible; UptimeRobot/2.0; http://www.uptimerobot.com/)" "-"
114.119.140.113 - - [26/Oct/2025:03:36:21 +0200 - 0.926 - 0.004] "GET /en/publications?flt_products=diart%3Bokistar-hyal-7&flt_doctors=general-practitioner%3Bpediatrician%3Btherapist HTTP/1.1" 200 99219 "https://emteko.com/en/publications/?flt_products=diart%3Bokistar-hyal-7&flt_doctors=general-practitioner%3Borthopedic-traumatologist%3Bpediatrician%3Btherapist" "Mozilla/5.0 (Linux; Android 7.0;) AppleWebKit/537.36 (KHTML, like Gecko) Mobile Safari/537.36 (compatible; PetalBot;+https://webmaster.petalsearch.com/site/petalbot)" "-"
78.46.215.1 - - [26/Oct/2025:03:36:52 +0200 - 0.012 - 0.008] "HEAD / HTTP/1.1" 200 0 "https://emteko.com" "Mozilla/5.0+(compatible; UptimeRobot/2.0; http://www.uptimerobot.com/)" "-"
3.79.134.69 - - [26/Oct/2025:03:37:18 +0200 - 0.011 - 0.012] "HEAD / HTTP/1.1" 200 0 "https://emteko.com" "Mozilla/5.0+(compatible; UptimeRobot/2.0; http://www.uptimerobot.com/)" "-"
114.119.140.113 - - [26/Oct/2025:03:37:48 +0200 - 0.943 - 0.016] "GET /en/publications?flt_products=diart%3Bokistar-hyal-7&flt_doctors=general-practitioner%3Bpediatrician%3Bpulmonologist HTTP/1.1" 200 99224 "https://emteko.com/en/publications/?flt_products=artro-patch%3Bdiart%3Bokistar-hyal-7&flt_doctors=general-practitioner%3Bpediatrician%3Bpulmonologist" "Mozilla/5.0 (Linux; Android 7.0;) AppleWebKit/537.36 (KHTML, like Gecko) Mobile Safari/537.36 (compatible; PetalBot;+https://webmaster.petalsearch.com/site/petalbot)" "-"
167.235.143.113 - - [26/Oct/2025:03:38:22 +0200 - 0.015 - 0.016] "HEAD / HTTP/1.1" 200 0 "https://emteko.com" "Mozilla/5.0+(compatible; UptimeRobot/2.0; http://www.uptimerobot.com/)" "-"
31.131.20.181 - - [26/Oct/2025:03:39:15 +0200 - 0.000 - 0.000] "POST /wp-cron.php?doing_wp_cron=1761442755.3825349807739257812500 HTTP/1.1" 499 0 "-" "WordPress/6.8.3; https://emteko.com/en/" "-"
114.119.132.104 - - [26/Oct/2025:03:39:16 +0200 - 2.007 - 1.024] "GET /en/publications?flt_products=diart%3Bokistar-hyal-7&flt_doctors=general-practitioner%3Bpediatrician HTTP/1.1" 200 99175 "https://emteko.com/en/publications?flt_products=diart%3Bokistar-hyal-7&flt_doctors=general-practitioner%3Bpediatrician%3Bpulmonologist" "Mozilla/5.0 (Linux; Android 7.0;) AppleWebKit/537.36 (KHTML, like Gecko) Mobile Safari/537.36 (compatible; PetalBot;+https://webmaster.petalsearch.com/site/petalbot)" "-"
78.46.190.63 - - [26/Oct/2025:03:39:27 +0200 - 0.003 - 0.004] "HEAD / HTTP/1.1" 200 0 "https://emteko.com" "Mozilla/5.0+(compatible; UptimeRobot/2.0; http://www.uptimerobot.com/)" "-"
78.47.98.55 - - [26/Oct/2025:03:40:31 +0200 - 0.013 - 0.012] "HEAD / HTTP/1.1" 200 0 "https://emteko.com" "Mozilla/5.0+(compatible; UptimeRobot/2.0; http://www.uptimerobot.com/)" "-"
31.131.20.181 - - [26/Oct/2025:03:40:43 +0200 - 0.000 - 0.000] "POST /wp-cron.php?doing_wp_cron=1761442843.6408669948577880859375 HTTP/1.1" 499 0 "-" "WordPress/6.8.3; https://emteko.com/en/" "-"
114.119.154.89 - - [26/Oct/2025:03:40:44 +0200 - 1.315 - 0.988] "GET /en/publications?flt_products=diart%3Bokistar-hyal-7&flt_doctors=general-practitioner%3Borthopedic-traumatologist%3Bpediatrician HTTP/1.1" 200 99230 "https://emteko.com/en/publications/?flt_products=diart%3Bokistar-hyal-7&flt_doctors=general-practitioner%3Borthopedic-traumatologist%3Bpediatrician%3Btherapist" "Mozilla/5.0 (Linux; Android 7.0;) AppleWebKit/537.36 (KHTML, like Gecko) Mobile Safari/537.36 (compatible; PetalBot;+https://webmaster.petalsearch.com/site/petalbot)" "-"
49.13.167.123 - - [26/Oct/2025:03:41:36 +0200 - 0.016 - 0.012] "HEAD / HTTP/1.1" 200 0 "https://emteko.com" "Mozilla/5.0+(compatible; UptimeRobot/2.0; http://www.uptimerobot.com/)" "-"
31.131.20.181 - - [26/Oct/2025:03:41:45 +0200 - 0.000 - 0.004] "POST /wp-cron.php?doing_wp_cron=1761442905.1495440006256103515625 HTTP/1.1" 499 0 "-" "WordPress/6.8.3; https://emteko.com/en/" "-"
52.167.144.194 - - [26/Oct/2025:03:41:45 +0200 - 1.081 - 1.080] "GET /en/doctorspecial/orthopedic-traumatologist/?flt_products=artro-patch;lorde-hyal&flt_doctors=infectionist;otolaryngologist;pulmonologist HTTP/1.1" 200 98453 "-" "Mozilla/5.0 AppleWebKit/537.36 (KHTML, like Gecko; compatible; bingbot/2.0; +http://www.bing.com/bingbot.htm) Chrome/116.0.1938.76 Safari/537.36" "-"
168.119.96.239 - - [26/Oct/2025:03:41:56 +0200 - 0.003 - 0.004] "HEAD / HTTP/1.1" 200 0 "https://emteko.com" "Mozilla/5.0+(compatible; UptimeRobot/2.0; http://www.uptimerobot.com/)" "-"
31.131.20.181 - - [26/Oct/2025:03:42:10 +0200 - 0.000 - 0.004] "POST /wp-cron.php?doing_wp_cron=1761442930.9219040870666503906250 HTTP/1.1" 499 0 "-" "WordPress/6.8.3; https://emteko.com/en/" "-"
114.119.132.104 - - [26/Oct/2025:03:42:12 +0200 - 1.935 - 1.020] "GET /en/publications?flt_products=diart%3Bnasisoft&flt_doctors=pediatrician%3Btherapist HTTP/1.1" 200 98961 "https://emteko.com/en/publications?flt_products=diart%3Bnasisoft&flt_doctors=orthopedic-traumatologist%3Bpediatrician%3Btherapist" "Mozilla/5.0 (Linux; Android 7.0;) AppleWebKit/537.36 (KHTML, like Gecko) Mobile Safari/537.36 (compatible; PetalBot;+https://webmaster.petalsearch.com/site/petalbot)" "-"
78.46.190.63 - - [26/Oct/2025:03:42:40 +0200 - 0.011 - 0.012] "HEAD / HTTP/1.1" 200 0 "https://emteko.com" "Mozilla/5.0+(compatible; UptimeRobot/2.0; http://www.uptimerobot.com/)" "-"
31.131.20.181 - - [26/Oct/2025:03:43:41 +0200 - 0.001 - 0.004] "POST /wp-cron.php?doing_wp_cron=1761443021.4126169681549072265625 HTTP/1.1" 499 0 "-" "WordPress/6.8.3; https://emteko.com/en/" "-"
114.119.133.35 - - [26/Oct/2025:03:43:42 +0200 - 2.148 - 1.140] "GET /en/publications?flt_products=diart%3Bnasisoft&flt_doctors=pediatrician%3Bpulmonologist%3Btherapist HTTP/1.1" 200 99034 "https://emteko.com/en/publications/?flt_products=diart%3Bnasisoft&flt_doctors=infectionist%3Bpediatrician%3Bpulmonologist%3Btherapist" "Mozilla/5.0 (Linux; Android 7.0;) AppleWebKit/537.36 (KHTML, like Gecko) Mobile Safari/537.36 (compatible; PetalBot;+https://webmaster.petalsearch.com/site/petalbot)" "-"
3.77.67.4 - - [26/Oct/2025:03:43:44 +0200 - 0.003 - 0.004] "HEAD / HTTP/1.1" 200 0 "https://emteko.com" "Mozilla/5.0+(compatible; UptimeRobot/2.0; http://www.uptimerobot.com/)" "-"
49.13.134.145 - - [26/Oct/2025:03:44:49 +0200 - 0.029 - 0.032] "HEAD / HTTP/1.1" 200 0 "https://emteko.com" "Mozilla/5.0+(compatible; UptimeRobot/2.0; http://www.uptimerobot.com/)" "-"
5.39.1.255 - - [26/Oct/2025:03:45:03 +0200 - 0.049 - 0.036] "GET /doctorspecial/traumatologs-ortopeds/?flt_doctors=traumatologs-ortopeds HTTP/1.1" 200 98403 "-" "Mozilla/5.0 (compatible; AhrefsBot/7.0; +http://ahrefs.com/robot/)" "-"
31.131.20.181 - - [26/Oct/2025:03:45:04 +0200 - 0.000 - 0.000] "POST /wp-cron.php?doing_wp_cron=1761443103.9503040313720703125000 HTTP/1.1" 499 0 "-" "WordPress/6.8.3; https://emteko.com/en/" "-"
114.119.154.89 - - [26/Oct/2025:03:45:04 +0200 - 1.868 - 1.532] "GET /en/publications?flt_products=diart%3Bnasisoft&flt_doctors=orthopedic-traumatologist%3Bpediatrician HTTP/1.1" 200 98991 "https://emteko.com/en/publications?flt_products=diart%3Bnasisoft&flt_doctors=orthopedic-traumatologist%3Bpediatrician%3Btherapist" "Mozilla/5.0 (Linux; Android 7.0;) AppleWebKit/537.36 (KHTML, like Gecko) Mobile Safari/537.36 (compatible; PetalBot;+https://webmaster.petalsearch.com/site/petalbot)" "-"
167.235.143.113 - - [26/Oct/2025:03:45:54 +0200 - 0.012 - 0.012] "HEAD / HTTP/1.1" 200 0 "https://emteko.com" "Mozilla/5.0+(compatible; UptimeRobot/2.0; http://www.uptimerobot.com/)" "-"
31.131.20.181 - - [26/Oct/2025:03:46:31 +0200 - 0.000 - 0.000] "POST /wp-cron.php?doing_wp_cron=1761443191.8604109287261962890625 HTTP/1.1" 499 0 "-" "WordPress/6.8.3; https://emteko.com/en/" "-"
114.119.132.202 - - [26/Oct/2025:03:46:33 +0200 - 1.936 - 1.032] "GET /en/publications?flt_products=diart%3Bnasisoft&flt_doctors=infectionist%3Bpediatrician%3Bpulmonologist%3Btherapist HTTP/1.1" 200 99073 "https://emteko.com/en/publications?flt_products=nasisoft&flt_doctors=infectionist%3Bpediatrician%3Bpulmonologist%3Btherapist" "Mozilla/5.0 (Linux; Android 7.0;) AppleWebKit/537.36 (KHTML, like Gecko) Mobile Safari/537.36 (compatible; PetalBot;+https://webmaster.petalsearch.com/site/petalbot)" "-"
49.13.134.145 - - [26/Oct/2025:03:47:00 +0200 - 0.012 - 0.012] "HEAD / HTTP/1.1" 200 0 "https://emteko.com" "Mozilla/5.0+(compatible; UptimeRobot/2.0; http://www.uptimerobot.com/)" "-"
3.77.67.4 - - [26/Oct/2025:03:47:01 +0200 - 0.003 - 0.000] "HEAD / HTTP/1.1" 200 0 "https://emteko.com" "Mozilla/5.0+(compatible; UptimeRobot/2.0; http://www.uptimerobot.com/)" "-"
31.131.20.181 - - [26/Oct/2025:03:48:01 +0200 - 0.000 - 0.000] "POST /wp-cron.php?doing_wp_cron=1761443281.6292099952697753906250 HTTP/1.1" 499 0 "-" "WordPress/6.8.3; https://emteko.com/en/" "-"
114.119.133.35 - - [26/Oct/2025:03:48:03 +0200 - 2.588 - 1.256] "GET /en/publications?flt_products=diart%3Bnasisoft&flt_doctors=infectionist%3Botolaryngologist%3Bpulmonologist%3Btherapist HTTP/1.1" 200 99076 "https://emteko.com/en/publications?flt_products=diart%3Bnasisoft&flt_doctors=infectionist%3Bpulmonologist%3Btherapist" "Mozilla/5.0 (Linux; Android 7.0;) AppleWebKit/537.36 (KHTML, like Gecko) Mobile Safari/537.36 (compatible; PetalBot;+https://webmaster.petalsearch.com/site/petalbot)" "-"
78.46.215.1 - - [26/Oct/2025:03:48:06 +0200 - 0.002 - 0.004] "HEAD / HTTP/1.1" 200 0 "https://emteko.com" "Mozilla/5.0+(compatible; UptimeRobot/2.0; http://www.uptimerobot.com/)" "-"
49.13.164.148 - - [26/Oct/2025:03:49:11 +0200 - 0.012 - 0.012] "HEAD / HTTP/1.1" 200 0 "https://emteko.com" "Mozilla/5.0+(compatible; UptimeRobot/2.0; http://www.uptimerobot.com/)" "-"
31.131.20.181 - - [26/Oct/2025:03:49:42 +0200 - 0.001 - 0.000] "POST /wp-cron.php?doing_wp_cron=1761443382.7125051021575927734375 HTTP/1.1" 499 0 "-" "WordPress/6.8.3; https://emteko.com/en/" "-"
114.119.154.89 - - [26/Oct/2025:03:49:43 +0200 - 1.339 - 0.992] "GET /en/publications?flt_products=diart%3Bnasisoft&flt_doctors=infectionist%3Botolaryngologist%3Bpediatrician%3Bpulmonologist%3Btherapist HTTP/1.1" 200 99116 "https://emteko.com/en/publications?flt_products=diart&flt_doctors=infectionist%3Botolaryngologist%3Bpediatrician%3Bpulmonologist%3Btherapist" "Mozilla/5.0 (Linux; Android 7.0;) AppleWebKit/537.36 (KHTML, like Gecko) Mobile Safari/537.36 (compatible; PetalBot;+https://webmaster.petalsearch.com/site/petalbot)" "-"
18.193.252.127 - - [26/Oct/2025:03:50:15 +0200 - 0.011 - 0.012] "HEAD / HTTP/1.1" 200 0 "https://emteko.com" "Mozilla/5.0+(compatible; UptimeRobot/2.0; http://www.uptimerobot.com/)" "-"
31.131.20.181 - - [26/Oct/2025:03:50:55 +0200 - 0.004 - 0.004] "POST /wp-cron.php?doing_wp_cron=1761443455.6319589614868164062500 HTTP/1.1" 499 0 "-" "WordPress/6.8.3; https://emteko.com/en/" "-"
114.119.140.113 - - [26/Oct/2025:03:50:56 +0200 - 2.018 - 1.076] "GET /en/publications?flt_products=diart%3Bnasisoft&flt_doctors=infectionist%3Borthopedic-traumatologist%3Bpulmonologist HTTP/1.1" 200 99046 "https://emteko.com/en/publications?flt_products=diart%3Bnasisoft&flt_doctors=infectionist%3Borthopedic-traumatologist%3Bpulmonologist%3Btherapist" "Mozilla/5.0 (Linux; Android 7.0;) AppleWebKit/537.36 (KHTML, like Gecko) Mobile Safari/537.36 (compatible; PetalBot;+https://webmaster.petalsearch.com/site/petalbot)" "-"
159.69.158.189 - - [26/Oct/2025:03:51:19 +0200 - 0.011 - 0.012] "HEAD / HTTP/1.1" 200 0 "https://emteko.com" "Mozilla/5.0+(compatible; UptimeRobot/2.0; http://www.uptimerobot.com/)" "-"
167.235.143.113 - - [26/Oct/2025:03:52:06 +0200 - 0.011 - 0.012] "HEAD / HTTP/1.1" 200 0 "https://emteko.com" "Mozilla/5.0+(compatible; UptimeRobot/2.0; http://www.uptimerobot.com/)" "-"
31.131.20.181 - - [26/Oct/2025:03:52:20 +0200 - 0.000 - 0.000] "POST /wp-cron.php?doing_wp_cron=1761443540.3055720329284667968750 HTTP/1.1" 499 0 "-" "WordPress/6.8.3; https://emteko.com/en/" "-"
114.119.136.120 - - [26/Oct/2025:03:52:21 +0200 - 1.969 - 1.008] "GET /en/publications?flt_products=diart%3Bnasisoft&flt_doctors=general-practitioner%3Bpediatrician HTTP/1.1" 200 98974 "https://emteko.com/en/publications?flt_products=diart%3Bnasisoft&flt_doctors=general-practitioner%3Bpediatrician%3Btherapist" "Mozilla/5.0 (Linux; Android 7.0;) AppleWebKit/537.36 (KHTML, like Gecko) Mobile Safari/537.36 (compatible; PetalBot;+https://webmaster.petalsearch.com/site/petalbot)" "-"
49.13.164.148 - - [26/Oct/2025:03:52:23 +0200 - 0.002 - 0.004] "HEAD / HTTP/1.1" 200 0 "https://emteko.com" "Mozilla/5.0+(compatible; UptimeRobot/2.0; http://www.uptimerobot.com/)" "-"
142.132.180.39 - - [26/Oct/2025:03:53:28 +0200 - 0.011 - 0.012] "HEAD / HTTP/1.1" 200 0 "https://emteko.com" "Mozilla/5.0+(compatible; UptimeRobot/2.0; http://www.uptimerobot.com/)" "-"
31.131.20.181 - - [26/Oct/2025:03:53:48 +0200 - 0.000 - 0.000] "POST /wp-cron.php?doing_wp_cron=1761443628.1373190879821777343750 HTTP/1.1" 499 0 "-" "WordPress/6.8.3; https://emteko.com/en/" "-"
114.119.134.51 - - [26/Oct/2025:03:53:50 +0200 - 3.126 - 1.032] "GET /en/publications?flt_products=diart%3Bnasisoft&flt_doctors=general-practitioner%3Borthopedic-traumatologist%3Bpulmonologist%3Btherapist HTTP/1.1" 200 99082 "https://emteko.com/en/publications?flt_products=diart%3Bnasisoft&flt_doctors=general-practitioner%3Borthopedic-traumatologist%3Botolaryngologist%3Bpulmonologist%3Btherapist" "Mozilla/5.0 (Linux; Android 7.0;) AppleWebKit/537.36 (KHTML, like Gecko) Mobile Safari/537.36 (compatible; PetalBot;+https://webmaster.petalsearch.com/site/petalbot)" "-"
207.46.13.36 - - [26/Oct/2025:03:53:55 +0200 - 0.851 - 0.848] "GET /en/doctorspecial/pediatrician/?flt_products=artro-patch&flt_doctors=pulmonologist HTTP/1.1" 200 95170 "-" "Mozilla/5.0 AppleWebKit/537.36 (KHTML, like Gecko; compatible; bingbot/2.0; +http://www.bing.com/bingbot.htm) Chrome/116.0.1938.76 Safari/537.36" "-"
52.28.162.93 - - [26/Oct/2025:03:54:33 +0200 - 0.013 - 0.016] "HEAD / HTTP/1.1" 200 0 "https://emteko.com" "Mozilla/5.0+(compatible; UptimeRobot/2.0; http://www.uptimerobot.com/)" "-"
114.119.154.89 - - [26/Oct/2025:03:55:14 +0200 - 0.372 - 0.012] "GET /en/publications?flt_products=diart%3Bnasisoft&flt_doctors=general-practitioner%3Borthopedic-traumatologist%3Botolaryngologist%3Bpediatrician HTTP/1.1" 200 99086 "https://emteko.com/en/publications?flt_products=nasisoft&flt_doctors=general-practitioner%3Borthopedic-traumatologist%3Botolaryngologist%3Bpediatrician" "Mozilla/5.0 (Linux; Android 7.0;) AppleWebKit/537.36 (KHTML, like Gecko) Mobile Safari/537.36 (compatible; PetalBot;+https://webmaster.petalsearch.com/site/petalbot)" "-"
157.90.155.240 - - [26/Oct/2025:03:55:37 +0200 - 0.011 - 0.012] "HEAD / HTTP/1.1" 200 0 "https://emteko.com" "Mozilla/5.0+(compatible; UptimeRobot/2.0; http://www.uptimerobot.com/)" "-"
31.131.20.181 - - [26/Oct/2025:03:56:23 +0200 - 0.000 - 0.000] "POST /wp-cron.php?doing_wp_cron=1761443783.9052999019622802734375 HTTP/1.1" 499 0 "-" "WordPress/6.8.3; https://emteko.com" "-"
47.128.31.244 - - [26/Oct/2025:03:56:24 +0200 - 1.236 - 1.060] "GET /publications/?flt_products=diart-lv;nasisoft-lv;okistar-hyal-7-lv&flt_doctors=infektologs;otolaringologs;terapeits;traumatologs-ortopeds HTTP/1.1" 200 100213 "-" "Mozilla/5.0 (compatible; Bytespider; spider-feedback@bytedance.com) AppleWebKit/537.36 (KHTML, like Gecko) Chrome/70.0.0.0 Safari/537.36" "-"
49.13.134.145 - - [26/Oct/2025:03:56:42 +0200 - 0.011 - 0.012] "HEAD / HTTP/1.1" 200 0 "https://emteko.com" "Mozilla/5.0+(compatible; UptimeRobot/2.0; http://www.uptimerobot.com/)" "-"
31.131.20.181 - - [26/Oct/2025:03:56:44 +0200 - 0.000 - 0.000] "POST /wp-cron.php?doing_wp_cron=1761443804.0949339866638183593750 HTTP/1.1" 499 0 "-" "WordPress/6.8.3; https://emteko.com/en/" "-"
114.119.133.35 - - [26/Oct/2025:03:56:44 +0200 - 1.657 - 1.008] "GET /en/publications?flt_products=diart%3Bnasisoft&flt_doctors=general-practitioner%3Binfectionist%3Borthopedic-traumatologist%3Botolaryngologist%3Bpediatrician HTTP/1.1" 200 99127 "https://emteko.com/en/publications?flt_products=diart%3Bnasisoft&flt_doctors=general-practitioner%3Borthopedic-traumatologist%3Botolaryngologist%3Bpediatrician" "Mozilla/5.0 (Linux; Android 7.0;) AppleWebKit/537.36 (KHTML, like Gecko) Mobile Safari/537.36 (compatible; PetalBot;+https://webmaster.petalsearch.com/site/petalbot)" "-"
168.119.53.160 - - [26/Oct/2025:03:57:10 +0200 - 0.011 - 0.012] "HEAD / HTTP/1.1" 200 0 "https://emteko.com" "Mozilla/5.0+(compatible; UptimeRobot/2.0; http://www.uptimerobot.com/)" "-"
63.178.84.147 - - [26/Oct/2025:03:57:47 +0200 - 0.011 - 0.012] "HEAD / HTTP/1.1" 200 0 "https://emteko.com" "Mozilla/5.0+(compatible; UptimeRobot/2.0; http://www.uptimerobot.com/)" "-"
114.119.132.104 - - [26/Oct/2025:03:58:10 +0200 - 0.947 - 0.012] "GET /en/publications?flt_products=diart%3Bnasisoft&flt_doctors=general-practitioner%3Binfectionist%3Borthopedic-traumatologist%3Botolaryngologist HTTP/1.1" 200 99080 "https://emteko.com/en/publications?flt_products=diart%3Bnasisoft%3Bokistar-hyal-7&flt_doctors=general-practitioner%3Binfectionist%3Borthopedic-traumatologist%3Botolaryngologist" "Mozilla/5.0 (Linux; Android 7.0;) AppleWebKit/537.36 (KHTML, like Gecko) Mobile Safari/537.36 (compatible; PetalBot;+https://webmaster.petalsearch.com/site/petalbot)" "-"
157.90.156.63 - - [26/Oct/2025:03:58:51 +0200 - 0.011 - 0.008] "HEAD / HTTP/1.1" 200 0 "https://emteko.com" "Mozilla/5.0+(compatible; UptimeRobot/2.0; http://www.uptimerobot.com/)" "-"
114.119.154.181 - - [26/Oct/2025:03:59:41 +0200 - 1.219 - 0.012] "GET /en/publications?flt_products=diart%3Bnasisoft&flt_doctors=general-practitioner%3Binfectionist%3Borthopedic-traumatologist HTTP/1.1" 200 99031 "https://emteko.com/en/publications/?flt_products=diart%3Blorde-hyal%3Bnasisoft&flt_doctors=general-practitioner%3Binfectionist%3Borthopedic-traumatologist" "Mozilla/5.0 (Linux; Android 7.0;) AppleWebKit/537.36 (KHTML, like Gecko) Mobile Safari/537.36 (compatible; PetalBot;+https://webmaster.petalsearch.com/site/petalbot)" "-"
52.59.43.236 - - [26/Oct/2025:03:59:55 +0200 - 0.015 - 0.016] "HEAD / HTTP/1.1" 200 0 "https://emteko.com" "Mozilla/5.0+(compatible; UptimeRobot/2.0; http://www.uptimerobot.com/)" "-"
31.131.20.181 - - [26/Oct/2025:04:00:23 +0200 - 0.001 - 0.000] "POST /wp-cron.php?doing_wp_cron=1761444023.8204040527343750000000 HTTP/1.1" 499 0 "-" "WordPress/6.8.3; https://emteko.com" "-"
47.128.40.0 - - [26/Oct/2025:04:00:24 +0200 - 1.277 - 1.100] "GET /publications/?flt_doctors=otolaringologs%3Bpediatrs%3Btraumatologs-ortopeds&flt_products=nasisoft-lv%3Bokistar-hyal-7-lv HTTP/1.1" 200 99911 "-" "Mozilla/5.0 (compatible; Bytespider; spider-feedback@bytedance.com) AppleWebKit/537.36 (KHTML, like Gecko) Chrome/70.0.0.0 Safari/537.36" "-"
52.59.43.236 - - [26/Oct/2025:04:00:59 +0200 - 0.017 - 0.016] "HEAD / HTTP/1.1" 200 0 "https://emteko.com" "Mozilla/5.0+(compatible; UptimeRobot/2.0; http://www.uptimerobot.com/)" "-"
114.119.132.104 - - [26/Oct/2025:04:01:05 +0200 - 2.377 - 1.420] "GET /en/publications?flt_products=diart%3Bnasisoft&flt_doctors=general-practitioner%3Binfectionist HTTP/1.1" 200 98963 "https://emteko.com/en/publications/?flt_products=diart%3Bnasisoft&flt_doctors=general-practitioner%3Binfectionist%3Bpulmonologist" "Mozilla/5.0 (Linux; Android 7.0;) AppleWebKit/537.36 (KHTML, like Gecko) Mobile Safari/537.36 (compatible; PetalBot;+https://webmaster.petalsearch.com/site/petalbot)" "-"
49.13.167.123 - - [26/Oct/2025:04:02:03 +0200 - 0.016 - 0.016] "HEAD / HTTP/1.1" 200 0 "https://emteko.com" "Mozilla/5.0+(compatible; UptimeRobot/2.0; http://www.uptimerobot.com/)" "-"
52.59.43.236 - - [26/Oct/2025:04:02:15 +0200 - 0.016 - 0.016] "HEAD / HTTP/1.1" 200 0 "https://emteko.com" "Mozilla/5.0+(compatible; UptimeRobot/2.0; http://www.uptimerobot.com/)" "-"
31.131.20.181 - - [26/Oct/2025:04:02:16 +0200 - 0.001 - 0.000] "POST /wp-cron.php?doing_wp_cron=1761444136.3054850101470947265625 HTTP/1.1" 499 0 "-" "WordPress/6.8.3; https://emteko.com/en/" "-"
57.141.0.17 - - [26/Oct/2025:04:02:16 +0200 - 1.390 - 1.068] "GET /en/doctorspecial/therapist/?flt_products=nasisoft;okistar-hyal-7&flt_doctors=general-practitioner;orthopedic-traumatologist HTTP/1.1" 200 601402 "-" "meta-externalagent/1.1 (+https://developers.facebook.com/docs/sharing/webmasters/crawler)" "-"
114.119.136.120 - - [26/Oct/2025:04:02:44 +0200 - 1.910 - 0.956] "GET /en/publications?flt_products=diart%3Bnasisoft&flt_doctors=general-practitioner HTTP/1.1" 200 98899 "https://emteko.com/en/publications?flt_products=nasisoft&flt_doctors=general-practitioner" "Mozilla/5.0 (Linux; Android 7.0;) AppleWebKit/537.36 (KHTML, like Gecko) Mobile Safari/537.36 (compatible; PetalBot;+https://webmaster.petalsearch.com/site/petalbot)" "-"
