114.119.136.120 - - [26/Oct/2025:13:40:34 +0200 - 1.954 - 1.025] "GET /en/publications?flt_products=lorde-hyal%3Bnasisoft&flt_doctors=general-practitioner%3Binfectionist%3Borthopedic-traumatologist%3Bpulmonologist HTTP/1.1" 200 100503 "https://emteko.com/en/publications/?flt_products=lorde-hyal%3Bnasisoft&flt_doctors=general-practitioner%3Binfectionist%3Borthopedic-traumatologist%3Bpulmonologist%3Btherapist" "Mozilla/5.0 (Linux; Android 7.0;) AppleWebKit/537.36 (KHTML, like Gecko) Mobile Safari/537.36 (compatible; PetalBot;+https://webmaster.petalsearch.com/site/petalbot)" "-"
209.198.143.90 - - [26/Oct/2025:13:40:35 +0200 - 0.000 - -] "GET /wp-content/uploads/2024/06/partners-photo.webp HTTP/1.1" 200 15040 "https://emteko.com/about-us/" "Mozilla/5.0 (Windows NT 10.0; Win64; x64) AppleWebKit/537.36 (KHTML, like Gecko) Chrome/141.0.0.0 Safari/537.36" "-"
209.198.143.90 - - [26/Oct/2025:13:40:37 +0200 - 0.000 - -] "GET /wp-content/uploads/2024/06/license.webp HTTP/1.1" 200 12474 "https://emteko.com/about-us/" "Mozilla/5.0 (Windows NT 10.0; Win64; x64) AppleWebKit/537.36 (KHTML, like Gecko) Chrome/141.0.0.0 Safari/537.36" "-"
209.198.143.90 - - [26/Oct/2025:13:40:42 +0200 - 0.002 - 0.000] "GET /contacts/ HTTP/1.1" 200 90827 "https://emteko.com/about-us/" "Mozilla/5.0 (Windows NT 10.0; Win64; x64) AppleWebKit/537.36 (KHTML, like Gecko) Chrome/141.0.0.0 Safari/537.36" "-"
209.198.143.90 - - [26/Oct/2025:13:40:43 +0200 - 0.838 - 0.836] "GET /wp-json/contact-form-7/v1/contact-forms/367/feedback/schema HTTP/1.1" 200 341 "https://emteko.com/contacts/" "Mozilla/5.0 (Windows NT 10.0; Win64; x64) AppleWebKit/537.36 (KHTML, like Gecko) Chrome/141.0.0.0 Safari/537.36" "-"
209.198.143.90 - - [26/Oct/2025:13:40:44 +0200 - 0.908 - 0.908] "GET /wp-json/contact-form-7/v1/contact-forms/367/refill HTTP/1.1" 200 33 "https://emteko.com/contacts/" "Mozilla/5.0 (Windows NT 10.0; Win64; x64) AppleWebKit/537.36 (KHTML, like Gecko) Chrome/141.0.0.0 Safari/537.36" "-"
191.235.99.90 - - [26/Oct/2025:13:40:51 +0200 - 0.003 - 0.000] "GET / HTTP/1.1" 200 89415 "-" "Mozilla/5.0 AppleWebKit/537.36 (KHTML, like Gecko); compatible; ChatGPT-User/1.0; +https://openai.com/bot" "-"
49.13.24.81 - - [26/Oct/2025:13:41:01 +0200 - 0.002 - 0.004] "HEAD / HTTP/1.1" 200 0 "https://emteko.com" "Mozilla/5.0+(compatible; UptimeRobot/2.0; http://www.uptimerobot.com/)" "-"
78.46.215.1 - - [26/Oct/2025:13:41:23 +0200 - 0.012 - 0.012] "HEAD / HTTP/1.1" 200 0 "https://emteko.com" "Mozilla/5.0+(compatible; UptimeRobot/2.0; http://www.uptimerobot.com/)" "-"
114.119.132.202 - - [26/Oct/2025:13:42:03 +0200 - 0.977 - 0.020] "GET /en/publications?flt_products=lorde-hyal%3Bnasisoft%3Bokistar-hyal-7&flt_doctors=pulmonologist%3Btherapist HTTP/1.1" 200 100455 "https://emteko.com/en/publications?flt_products=lorde-hyal%3Bnasisoft&flt_doctors=pulmonologist%3Btherapist" "Mozilla/5.0 (Linux; Android 7.0;) AppleWebKit/537.36 (KHTML, like Gecko) Mobile Safari/537.36 (compatible; PetalBot;+https://webmaster.petalsearch.com/site/petalbot)" "-"
49.13.134.145 - - [26/Oct/2025:13:42:28 +0200 - 0.013 - 0.012] "HEAD / HTTP/1.1" 200 0 "https://emteko.com" "Mozilla/5.0+(compatible; UptimeRobot/2.0; http://www.uptimerobot.com/)" "-"
31.131.20.181 - - [26/Oct/2025:13:43:27 +0200 - 0.000 - 0.004] "POST /wp-cron.php?doing_wp_cron=1761479007.8113620281219482421875 HTTP/1.1" 499 0 "-" "WordPress/6.8.3; https://emteko.com/en/" "-"
114.119.154.181 - - [26/Oct/2025:13:43:29 +0200 - 2.194 - 1.212] "GET /en/publications?flt_products=lorde-hyal%3Bnasisoft%3Bokistar-hyal-7&flt_doctors=orthopedic-traumatologist%3Botolaryngologist%3Bpulmonologist HTTP/1.1" 200 100503 "https://emteko.com/en/publications?flt_products=lorde-hyal%3Bnasisoft%3Bokistar-hyal-7&flt_doctors=orthopedic-traumatologist%3Bpulmonologist" "Mozilla/5.0 (Linux; Android 7.0;) AppleWebKit/537.36 (KHTML, like Gecko) Mobile Safari/537.36 (compatible; PetalBot;+https://webmaster.petalsearch.com/site/petalbot)" "-"
78.46.190.63 - - [26/Oct/2025:13:43:32 +0200 - 0.002 - 0.000] "HEAD / HTTP/1.1" 200 0 "https://emteko.com" "Mozilla/5.0+(compatible; UptimeRobot/2.0; http://www.uptimerobot.com/)" "-"
3.77.67.4 - - [26/Oct/2025:13:44:37 +0200 - 0.031 - 0.032] "HEAD / HTTP/1.1" 200 0 "https://emteko.com" "Mozilla/5.0+(compatible; UptimeRobot/2.0; http://www.uptimerobot.com/)" "-"
31.131.20.181 - - [26/Oct/2025:13:44:54 +0200 - 0.000 - 0.000] "POST /wp-cron.php?doing_wp_cron=1761479094.9203269481658935546875 HTTP/1.1" 499 0 "-" "WordPress/6.8.3; https://emteko.com/en/" "-"
114.119.132.202 - - [26/Oct/2025:13:44:56 +0200 - 2.079 - 1.120] "GET /en/publications?flt_products=lorde-hyal%3Bnasisoft%3Bokistar-hyal-7&flt_doctors=orthopedic-traumatologist%3Botolaryngologist%3Bpediatrician HTTP/1.1" 200 100502 "https://emteko.com/en/publications?flt_products=lorde-hyal%3Bnasisoft%3Bokistar-hyal-7&flt_doctors=otolaryngologist%3Bpediatrician" "Mozilla/5.0 (Linux; Android 7.0;) AppleWebKit/537.36 (KHTML, like Gecko) Mobile Safari/537.36 (compatible; PetalBot;+https://webmaster.petalsearch.com/site/petalbot)" "-"
142.132.180.39 - - [26/Oct/2025:13:45:41 +0200 - 0.013 - 0.012] "HEAD / HTTP/1.1" 200 0 "https://emteko.com" "Mozilla/5.0+(compatible; UptimeRobot/2.0; http://www.uptimerobot.com/)" "-"
52.28.162.93 - - [26/Oct/2025:13:46:05 +0200 - 0.015 - 0.012] "HEAD / HTTP/1.1" 200 0 "https://emteko.com" "Mozilla/5.0+(compatible; UptimeRobot/2.0; http://www.uptimerobot.com/)" "-"
31.131.20.181 - - [26/Oct/2025:13:46:36 +0200 - 0.001 - 0.000] "POST /wp-cron.php?doing_wp_cron=1761479196.2851788997650146484375 HTTP/1.1" 499 0 "-" "WordPress/6.8.3; https://emteko.com/en/" "-"
114.119.136.120 - - [26/Oct/2025:13:46:37 +0200 - 1.952 - 1.036] "GET /en/publications?flt_products=lorde-hyal%3Bnasisoft%3Bokistar-hyal-7&flt_doctors=infectionist%3Botolaryngologist%3Bpediatrician%3Bpulmonologist%3Btherapist HTTP/1.1" 200 100578 "https://emteko.com/en/publications?flt_products=lorde-hyal%3Bnasisoft%3Bokistar-hyal-7&flt_doctors=infectionist%3Botolaryngologist%3Bpediatrician%3Bpulmonologist" "Mozilla/5.0 (Linux; Android 7.0;) AppleWebKit/537.36 (KHTML, like Gecko) Mobile Safari/537.36 (compatible; PetalBot;+https://webmaster.petalsearch.com/site/petalbot)" "-"
78.47.173.76 - - [26/Oct/2025:13:46:46 +0200 - 0.003 - 0.004] "HEAD / HTTP/1.1" 200 0 "https://emteko.com" "Mozilla/5.0+(compatible; UptimeRobot/2.0; http://www.uptimerobot.com/)" "-"
31.131.20.181 - - [26/Oct/2025:13:47:50 +0200 - 0.000 - 0.004] "POST /wp-cron.php?doing_wp_cron=1761479270.2097160816192626953125 HTTP/1.1" 499 0 "-" "WordPress/6.8.3; https://emteko.com/en/" "-"
49.13.134.145 - - [26/Oct/2025:13:47:50 +0200 - 0.035 - 0.036] "HEAD / HTTP/1.1" 200 0 "https://emteko.com" "Mozilla/5.0+(compatible; UptimeRobot/2.0; http://www.uptimerobot.com/)" "-"
114.119.154.89 - - [26/Oct/2025:13:47:51 +0200 - 2.784 - 1.836] "GET /en/publications?flt_products=diart%3Blorde-hyal%3Bnasisoft%3Bokistar-hyal-7&flt_doctors=otolaryngologist%3Bpediatrician HTTP/1.1" 200 100498 "https://emteko.com/en/publications?flt_products=diart%3Blorde-hyal%3Bnasisoft%3Bokistar-hyal-7&flt_doctors=infectionist%3Botolaryngologist%3Bpediatrician" "Mozilla/5.0 (Linux; Android 7.0;) AppleWebKit/537.36 (KHTML, like Gecko) Mobile Safari/537.36 (compatible; PetalBot;+https://webmaster.petalsearch.com/site/petalbot)" "-"
18.193.252.127 - - [26/Oct/2025:13:48:54 +0200 - 0.011 - 0.008] "HEAD / HTTP/1.1" 200 0 "https://emteko.com" "Mozilla/5.0+(compatible; UptimeRobot/2.0; http://www.uptimerobot.com/)" "-"
31.131.20.181 - - [26/Oct/2025:13:49:17 +0200 - 0.001 - 0.000] "POST /wp-cron.php?doing_wp_cron=1761479357.2935290336608886718750 HTTP/1.1" 499 0 "-" "WordPress/6.8.3; https://emteko.com/en/" "-"
114.119.140.113 - - [26/Oct/2025:13:49:18 +0200 - 1.940 - 0.992] "GET /en/publications?flt_products=nasisoft&flt_doctors=pulmonologist HTTP/1.1" 200 98791 "https://emteko.com/en/publications?flt_products=nasisoft&flt_doctors=pediatrician%3Bpulmonologist" "Mozilla/5.0 (Linux; Android 7.0;) AppleWebKit/537.36 (KHTML, like Gecko) Mobile Safari/537.36 (compatible; PetalBot;+https://webmaster.petalsearch.com/site/petalbot)" "-"
176.31.139.29 - - [26/Oct/2025:13:49:56 +0200 - 0.027 - 0.012] "GET /doctorspecial/pulmonologs/?flt_doctors=infektologs HTTP/1.1" 200 100157 "-" "Mozilla/5.0 (compatible; AhrefsBot/7.0; +http://ahrefs.com/robot/)" "-"
128.140.106.114 - - [26/Oct/2025:13:49:59 +0200 - 0.003 - 0.000] "HEAD / HTTP/1.1" 200 0 "https://emteko.com" "Mozilla/5.0+(compatible; UptimeRobot/2.0; http://www.uptimerobot.com/)" "-"
114.119.154.181 - - [26/Oct/2025:13:50:42 +0200 - 1.021 - 0.060] "GET /en/publications?flt_products=nasisoft&flt_doctors=general-practitioner%3Botolaryngologist%3Bpediatrician HTTP/1.1" 200 98992 "https://emteko.com/en/publications/?flt_products=nasisoft&flt_doctors=general-practitioner%3Botolaryngologist%3Bpediatrician%3Btherapist" "Mozilla/5.0 (Linux; Android 7.0;) AppleWebKit/537.36 (KHTML, like Gecko) Mobile Safari/537.36 (compatible; PetalBot;+https://webmaster.petalsearch.com/site/petalbot)" "-"
78.46.190.63 - - [26/Oct/2025:13:51:04 +0200 - 0.017 - 0.016] "HEAD / HTTP/1.1" 200 0 "https://emteko.com" "Mozilla/5.0+(compatible; UptimeRobot/2.0; http://www.uptimerobot.com/)" "-"
3.79.134.69 - - [26/Oct/2025:13:51:09 +0200 - 0.003 - 0.000] "HEAD / HTTP/1.1" 200 0 "https://emteko.com" "Mozilla/5.0+(compatible; UptimeRobot/2.0; http://www.uptimerobot.com/)" "-"
172.204.16.71 - - [26/Oct/2025:13:51:26 +0200 - 0.012 - 0.012] "GET /en/publications/acute-respiratory-viral-infections-arvi-influenza-and-common-cold/ HTTP/1.1" 200 91625 "-" "Mozilla/5.0 AppleWebKit/537.36 (KHTML, like Gecko); compatible; ChatGPT-User/1.0; +https://openai.com/bot" "-"
128.140.106.114 - - [26/Oct/2025:13:52:08 +0200 - 0.016 - 0.016] "HEAD / HTTP/1.1" 200 0 "https://emteko.com" "Mozilla/5.0+(compatible; UptimeRobot/2.0; http://www.uptimerobot.com/)" "-"
31.131.20.181 - - [26/Oct/2025:13:52:09 +0200 - 0.002 - 0.004] "POST /wp-cron.php?doing_wp_cron=1761479529.8564949035644531250000 HTTP/1.1" 499 0 "-" "WordPress/6.8.3; https://emteko.com/en/" "-"
114.119.132.202 - - [26/Oct/2025:13:52:11 +0200 - 1.996 - 1.048] "GET /en/publications?flt_products=nasisoft%3Bokistar-hyal-7&flt_doctors=orthopedic-traumatologist%3Botolaryngologist%3Bpediatrician%3Bpulmonologist%3Btherapist HTTP/1.1" 200 99810 "https://emteko.com/en/publications?flt_products=nasisoft&flt_doctors=orthopedic-traumatologist%3Botolaryngologist%3Bpediatrician%3Bpulmonologist%3Btherapist" "Mozilla/5.0 (Linux; Android 7.0;) AppleWebKit/537.36 (KHTML, like Gecko) Mobile Safari/537.36 (compatible; PetalBot;+https://webmaster.petalsearch.com/site/petalbot)" "-"
66.249.66.161 - - [26/Oct/2025:13:52:31 +0200 - 0.015 - 0.016] "GET /catalog/?flt_cats=locitavu-veselibai HTTP/1.1" 200 95249 "-" "Mozilla/5.0 (Linux; Android 6.0.1; Nexus 5X Build/MMB29P) AppleWebKit/537.36 (KHTML, like Gecko) Chrome/141.0.7390.122 Mobile Safari/537.36 (compatible; Googlebot/2.1; +http://www.google.com/bot.html)" "-"
47.128.23.232 - - [26/Oct/2025:13:52:51 +0200 - 0.350 - 0.032] "GET /publications/?flt_products=diart-lv%3Bnasisoft-lv HTTP/1.1" 200 99094 "-" "Mozilla/5.0 (compatible; Bytespider; spider-feedback@bytedance.com) AppleWebKit/537.36 (KHTML, like Gecko) Chrome/70.0.0.0 Safari/537.36" "-"
43.157.174.69 - - [26/Oct/2025:13:52:57 +0200 - 0.200 - 0.004] "GET / HTTP/1.1" 200 89415 "http://emteko.com" "Mozilla/5.0 (iPhone; CPU iPhone OS 13_2_3 like Mac OS X) AppleWebKit/605.1.15 (KHTML, like Gecko) Version/13.0.3 Mobile/15E148 Safari/604.1" "-"
18.192.166.72 - - [26/Oct/2025:13:53:13 +0200 - 0.012 - 0.012] "HEAD / HTTP/1.1" 200 0 "https://emteko.com" "Mozilla/5.0+(compatible; UptimeRobot/2.0; http://www.uptimerobot.com/)" "-"
31.131.20.181 - - [26/Oct/2025:13:53:37 +0200 - 0.001 - 0.000] "POST /wp-cron.php?doing_wp_cron=1761479617.8646419048309326171875 HTTP/1.1" 499 0 "-" "WordPress/6.8.3; https://emteko.com/en/" "-"
114.119.132.202 - - [26/Oct/2025:13:53:39 +0200 - 2.030 - 1.016] "GET /en/publications?flt_products=nasisoft%3Bokistar-hyal-7&flt_doctors=general-practitioner%3Botolaryngologist%3Bpediatrician HTTP/1.1" 200 99495 "https://emteko.com/en/publications?flt_products=lorde-hyal%3Bnasisoft%3Bokistar-hyal-7&flt_doctors=general-practitioner%3Botolaryngologist%3Bpediatrician" "Mozilla/5.0 (Linux; Android 7.0;) AppleWebKit/537.36 (KHTML, like Gecko) Mobile Safari/537.36 (compatible; PetalBot;+https://webmaster.petalsearch.com/site/petalbot)" "-"
167.235.143.113 - - [26/Oct/2025:13:54:17 +0200 - 0.012 - 0.012] "HEAD / HTTP/1.1" 200 0 "https://emteko.com" "Mozilla/5.0+(compatible; UptimeRobot/2.0; http://www.uptimerobot.com/)" "-"
31.131.20.181 - - [26/Oct/2025:13:55:06 +0200 - 0.001 - 0.000] "POST /wp-cron.php?doing_wp_cron=1761479706.6472179889678955078125 HTTP/1.1" 499 0 "-" "WordPress/6.8.3; https://emteko.com/en/" "-"
114.119.154.181 - - [26/Oct/2025:13:55:07 +0200 - 2.018 - 1.004] "GET /en/publications?flt_products=nasisoft%3Bokistar-hyal-7&flt_doctors=general-practitioner%3Binfectionist%3Borthopedic-traumatologist%3Botolaryngologist%3Bpediatrician%3Btherapist HTTP/1.1" 200 99902 "https://emteko.com/en/publications/?flt_products=nasisoft%3Bokistar-hyal-7&flt_doctors=general-practitioner%3Binfectionist%3Borthopedic-traumatologist%3Botolaryngologist%3Bpediatrician%3Bpulmonologist%3Btherapist" "Mozilla/5.0 (Linux; Android 7.0;) AppleWebKit/537.36 (KHTML, like Gecko) Mobile Safari/537.36 (compatible; PetalBot;+https://webmaster.petalsearch.com/site/petalbot)" "-"
168.119.123.75 - - [26/Oct/2025:13:55:22 +0200 - 0.011 - 0.012] "HEAD / HTTP/1.1" 200 0 "https://emteko.com" "Mozilla/5.0+(compatible; UptimeRobot/2.0; http://www.uptimerobot.com/)" "-"
167.235.143.113 - - [26/Oct/2025:13:56:14 +0200 - 0.016 - 0.016] "HEAD / HTTP/1.1" 200 0 "https://emteko.com" "Mozilla/5.0+(compatible; UptimeRobot/2.0; http://www.uptimerobot.com/)" "-"
168.119.53.160 - - [26/Oct/2025:13:56:26 +0200 - 0.029 - 0.032] "HEAD / HTTP/1.1" 200 0 "https://emteko.com" "Mozilla/5.0+(compatible; UptimeRobot/2.0; http://www.uptimerobot.com/)" "-"
114.119.154.181 - - [26/Oct/2025:13:56:31 +0200 - 0.970 - 0.000] "GET /en/publications?flt_products=lorde-hyal&flt_doctors=orthopedic-traumatologist%3Botolaryngologist%3Bpulmonologist%3Btherapist HTTP/1.1" 200 100243 "https://emteko.com/en/publications/?flt_products=diart%3Blorde-hyal&flt_doctors=orthopedic-traumatologist%3Botolaryngologist%3Bpulmonologist%3Btherapist" "Mozilla/5.0 (Linux; Android 7.0;) AppleWebKit/537.36 (KHTML, like Gecko) Mobile Safari/537.36 (compatible; PetalBot;+https://webmaster.petalsearch.com/site/petalbot)" "-"
31.131.20.181 - - [26/Oct/2025:13:56:42 +0200 - 0.000 - 0.000] "POST /wp-cron.php?doing_wp_cron=1761479802.0289471149444580078125 HTTP/1.1" 499 0 "-" "WordPress/6.8.3; https://emteko.com" "-"
118.193.56.141 - - [26/Oct/2025:13:56:42 +0200 - 0.822 - 0.824] "GET /favicon.ico HTTP/1.1" 302 5 "https://www.emteko.com/favicon.ico" "Go-http-client/1.1" "-"
118.193.56.141 - - [26/Oct/2025:13:56:46 +0200 - 1.398 - 1.396] "GET /robots.txt HTTP/1.1" 499 0 "https://www.emteko.com/robots.txt" "Go-http-client/1.1" "-"
128.140.106.114 - - [26/Oct/2025:13:57:31 +0200 - 0.013 - 0.012] "HEAD / HTTP/1.1" 200 0 "https://emteko.com" "Mozilla/5.0+(compatible; UptimeRobot/2.0; http://www.uptimerobot.com/)" "-"
31.131.20.181 - - [26/Oct/2025:13:57:59 +0200 - 0.001 - 0.000] "POST /wp-cron.php?doing_wp_cron=1761479879.5480160713195800781250 HTTP/1.1" 499 0 "-" "WordPress/6.8.3; https://emteko.com/en/" "-"
114.119.136.120 - - [26/Oct/2025:13:58:00 +0200 - 1.952 - 1.020] "GET /en/publications?flt_products=lorde-hyal&flt_doctors=general-practitioner%3Bpediatrician HTTP/1.1" 200 99988 "https://emteko.com/en/publications/?flt_products=artro-patch%3Blorde-hyal&flt_doctors=general-practitioner%3Bpediatrician" "Mozilla/5.0 (Linux; Android 7.0;) AppleWebKit/537.36 (KHTML, like Gecko) Mobile Safari/537.36 (compatible; PetalBot;+https://webmaster.petalsearch.com/site/petalbot)" "-"
128.140.106.114 - - [26/Oct/2025:13:58:35 +0200 - 0.017 - 0.016] "HEAD / HTTP/1.1" 200 0 "https://emteko.com" "Mozilla/5.0+(compatible; UptimeRobot/2.0; http://www.uptimerobot.com/)" "-"
114.119.154.181 - - [26/Oct/2025:13:59:26 +0200 - 0.955 - 0.012] "GET /en/publications?flt_products=lorde-hyal%3Bokistar-hyal-7&flt_doctors=orthopedic-traumatologist%3Botolaryngologist%3Bpediatrician%3Btherapist HTTP/1.1" 200 100274 "https://emteko.com/en/publications/?flt_products=lorde-hyal%3Bokistar-hyal-7&flt_doctors=general-practitioner%3Borthopedic-traumatologist%3Botolaryngologist%3Bpediatrician%3Btherapist" "Mozilla/5.0 (Linux; Android 7.0;) AppleWebKit/537.36 (KHTML, like Gecko) Mobile Safari/537.36 (compatible; PetalBot;+https://webmaster.petalsearch.com/site/petalbot)" "-"
78.47.98.55 - - [26/Oct/2025:13:59:40 +0200 - 0.012 - 0.012] "HEAD / HTTP/1.1" 200 0 "https://emteko.com" "Mozilla/5.0+(compatible; UptimeRobot/2.0; http://www.uptimerobot.com/)" "-"
78.46.190.63 - - [26/Oct/2025:14:00:45 +0200 - 0.011 - 0.012] "HEAD / HTTP/1.1" 200 0 "https://emteko.com" "Mozilla/5.0+(compatible; UptimeRobot/2.0; http://www.uptimerobot.com/)" "-"
114.119.136.120 - - [26/Oct/2025:14:00:53 +0200 - 0.935 - 0.004] "GET /en/publications?flt_products=lorde-hyal%3Bokistar-hyal-7&flt_doctors=general-practitioner%3Borthopedic-traumatologist%3Bpulmonologist HTTP/1.1" 200 100240 "https://emteko.com/en/publications?flt_products=lorde-hyal%3Bokistar-hyal-7&flt_doctors=general-practitioner%3Binfectionist%3Borthopedic-traumatologist%3Bpulmonologist" "Mozilla/5.0 (Linux; Android 7.0;) AppleWebKit/537.36 (KHTML, like Gecko) Mobile Safari/537.36 (compatible; PetalBot;+https://webmaster.petalsearch.com/site/petalbot)" "-"
31.131.20.181 - - [26/Oct/2025:14:01:04 +0200 - 0.004 - 0.004] "POST /wp-cron.php?doing_wp_cron=1761480064.3097279071807861328125 HTTP/1.1" 499 0 "-" "WordPress/6.8.3; https://emteko.com/en/" "-"
57.141.0.12 - - [26/Oct/2025:14:01:04 +0200 - 1.991 - 1.656] "GET /en/products/diart/ HTTP/1.1" 404 515208 "-" "meta-externalagent/1.1 (+https://developers.facebook.com/docs/sharing/webmasters/crawler)" "-"
128.140.41.193 - - [26/Oct/2025:14:01:19 +0200 - 0.016 - 0.020] "HEAD / HTTP/1.1" 200 0 "https://emteko.com" "Mozilla/5.0+(compatible; UptimeRobot/2.0; http://www.uptimerobot.com/)" "-"
47.128.22.50 - - [26/Oct/2025:14:01:22 +0200 - 0.225 - 0.016] "GET /publications/?flt_products=nasisoft-lv;okistar-hyal-7-lv&flt_doctors=gimenes-arsts;pediatrs;pulmonologs;terapeits HTTP/1.1" 200 99938 "-" "Mozilla/5.0 (compatible; Bytespider; spider-feedback@bytedance.com) AppleWebKit/537.36 (KHTML, like Gecko) Chrome/70.0.0.0 Safari/537.36" "-"
142.132.180.39 - - [26/Oct/2025:14:01:49 +0200 - 0.012 - 0.016] "HEAD / HTTP/1.1" 200 0 "https://emteko.com" "Mozilla/5.0+(compatible; UptimeRobot/2.0; http://www.uptimerobot.com/)" "-"
31.131.20.181 - - [26/Oct/2025:14:01:53 +0200 - 0.001 - 0.000] "POST /wp-cron.php?doing_wp_cron=1761480113.5622949600219726562500 HTTP/1.1" 499 0 "-" "WordPress/6.8.3; https://emteko.com/en/" "-"
52.167.144.220 - - [26/Oct/2025:14:01:53 +0200 - 1.056 - 1.056] "GET /en/doctorspecial/otolaryngologist/?flt_products=artro-patch;nasisoft;okistar-hyal-7&flt_doctors=infectionist;orthopedic-traumatologist;otolaryngologist;therapist HTTP/1.1" 200 99500 "-" "Mozilla/5.0 AppleWebKit/537.36 (KHTML, like Gecko; compatible; bingbot/2.0; +http://www.bing.com/bingbot.htm) Chrome/116.0.1938.76 Safari/537.36" "-"
31.131.20.181 - - [26/Oct/2025:14:02:19 +0200 - 0.001 - 0.000] "POST /wp-cron.php?doing_wp_cron=1761480139.8421959877014160156250 HTTP/1.1" 499 0 "-" "WordPress/6.8.3; https://emteko.com/en/" "-"
114.119.140.113 - - [26/Oct/2025:14:02:21 +0200 - 1.958 - 1.040] "GET /en/publications?flt_products=lorde-hyal%3Bokistar-hyal-7&flt_doctors=general-practitioner%3Borthopedic-traumatologist%3Bpediatrician%3Bpulmonologist%3Btherapist HTTP/1.1" 200 100318 "https://emteko.com/en/publications?flt_products=lorde-hyal%3Bokistar-hyal-7&flt_doctors=general-practitioner%3Borthopedic-traumatologist%3Bpulmonologist%3Btherapist" "Mozilla/5.0 (Linux; Android 7.0;) AppleWebKit/537.36 (KHTML, like Gecko) Mobile Safari/537.36 (compatible; PetalBot;+https://webmaster.petalsearch.com/site/petalbot)" "-"
18.193.252.127 - - [26/Oct/2025:14:02:54 +0200 - 0.013 - 0.012] "HEAD / HTTP/1.1" 200 0 "https://emteko.com" "Mozilla/5.0+(compatible; UptimeRobot/2.0; http://www.uptimerobot.com/)" "-"
31.131.20.181 - - [26/Oct/2025:14:03:49 +0200 - 0.000 - 0.000] "POST /wp-cron.php?doing_wp_cron=1761480229.5556430816650390625000 HTTP/1.1" 499 0 "-" "WordPress/6.8.3; https://emteko.com/en/" "-"
114.119.154.181 - - [26/Oct/2025:14:03:50 +0200 - 2.000 - 1.016] "GET /en/publications?flt_products=lorde-hyal%3Bokistar-hyal-7&flt_doctors=general-practitioner%3Borthopedic-traumatologist%3Botolaryngologist%3Bpulmonologist HTTP/1.1" 200 100278 "https://emteko.com/en/publications?flt_products=lorde-hyal%3Bokistar-hyal-7&flt_doctors=general-practitioner%3Borthopedic-traumatologist%3Botolaryngologist%3Bpediatrician%3Bpulmonologist" "Mozilla/5.0 (Linux; Android 7.0;) AppleWebKit/537.36 (KHTML, like Gecko) Mobile Safari/537.36 (compatible; PetalBot;+https://webmaster.petalsearch.com/site/petalbot)" "-"
88.99.80.227 - - [26/Oct/2025:14:03:59 +0200 - 0.003 - 0.004] "HEAD / HTTP/1.1" 200 0 "https://emteko.com" "Mozilla/5.0+(compatible; UptimeRobot/2.0; http://www.uptimerobot.com/)" "-"
157.90.156.63 - - [26/Oct/2025:14:05:04 +0200 - 0.023 - 0.024] "HEAD / HTTP/1.1" 200 0 "https://emteko.com" "Mozilla/5.0+(compatible; UptimeRobot/2.0; http://www.uptimerobot.com/)" "-"
114.119.132.202 - - [26/Oct/2025:14:05:14 +0200 - 0.958 - 0.004] "GET /en/publications?flt_products=lorde-hyal%3Bokistar-hyal-7&flt_doctors=general-practitioner%3Binfectionist%3Bpediatrician%3Btherapist HTTP/1.1" 200 100266 "https://emteko.com/en/publications?flt_products=lorde-hyal%3Bokistar-hyal-7&flt_doctors=general-practitioner%3Binfectionist%3Botolaryngologist%3Bpediatrician%3Btherapist" "Mozilla/5.0 (Linux; Android 7.0;) AppleWebKit/537.36 (KHTML, like Gecko) Mobile Safari/537.36 (compatible; PetalBot;+https://webmaster.petalsearch.com/site/petalbot)" "-"
31.131.20.181 - - [26/Oct/2025:14:05:22 +0200 - 0.001 - 0.000] "POST /wp-cron.php?doing_wp_cron=1761480322.8614180088043212890625 HTTP/1.1" 499 0 "-" "WordPress/6.8.3; https://emteko.com" "-"
47.128.24.84 - - [26/Oct/2025:14:05:23 +0200 - 1.242 - 1.032] "GET /publications/?flt_products=artro-patch-lv;okistar-hyal-7-lv&flt_doctors=gimenes-arsts;infektologs;otolaringologs;pediatrs;pulmonologs;terapeits HTTP/1.1" 200 99783 "-" "Mozilla/5.0 (compatible; Bytespider; spider-feedback@bytedance.com) AppleWebKit/537.36 (KHTML, like Gecko) Chrome/70.0.0.0 Safari/537.36" "-"
63.178.84.147 - - [26/Oct/2025:14:06:09 +0200 - 0.013 - 0.016] "HEAD / HTTP/1.1" 200 0 "https://emteko.com" "Mozilla/5.0+(compatible; UptimeRobot/2.0; http://www.uptimerobot.com/)" "-"
168.119.123.75 - - [26/Oct/2025:14:06:24 +0200 - 0.012 - 0.012] "HEAD / HTTP/1.1" 200 0 "https://emteko.com" "Mozilla/5.0+(compatible; UptimeRobot/2.0; http://www.uptimerobot.com/)" "-"
114.119.133.35 - - [26/Oct/2025:14:06:41 +0200 - 1.213 - 0.012] "GET /en/publications?flt_products=lorde-hyal%3Bnasisoft&flt_doctors=pulmonologist HTTP/1.1" 200 100330 "https://emteko.com/en/publications?flt_products=lorde-hyal%3Bnasisoft&flt_doctors=pediatrician%3Bpulmonologist" "Mozilla/5.0 (Linux; Android 7.0;) AppleWebKit/537.36 (KHTML, like Gecko) Mobile Safari/537.36 (compatible; PetalBot;+https://webmaster.petalsearch.com/site/petalbot)" "-"
167.235.143.113 - - [26/Oct/2025:14:07:13 +0200 - 0.011 - 0.012] "HEAD / HTTP/1.1" 200 0 "https://emteko.com" "Mozilla/5.0+(compatible; UptimeRobot/2.0; http://www.uptimerobot.com/)" "-"
31.131.20.181 - - [26/Oct/2025:14:08:08 +0200 - 0.001 - 0.000] "POST /wp-cron.php?doing_wp_cron=1761480488.2630441188812255859375 HTTP/1.1" 499 0 "-" "WordPress/6.8.3; https://emteko.com/en/" "-"
114.119.154.181 - - [26/Oct/2025:14:08:09 +0200 - 2.446 - 1.080] "GET /en/publications?flt_products=lorde-hyal%3Bnasisoft&flt_doctors=general-practitioner%3Binfectionist%3Borthopedic-traumatologist%3Botolaryngologist%3Btherapist HTTP/1.1" 200 100545 "https://emteko.com/en/publications?flt_products=lorde-hyal%3Bnasisoft&flt_doctors=general-practitioner%3Binfectionist%3Borthopedic-traumatologist%3Botolaryngologist%3Bpulmonologist%3Btherapist" "Mozilla/5.0 (Linux; Android 7.0;) AppleWebKit/537.36 (KHTML, like Gecko) Mobile Safari/537.36 (compatible; PetalBot;+https://webmaster.petalsearch.com/site/petalbot)" "-"
159.69.158.189 - - [26/Oct/2025:14:08:17 +0200 - 0.002 - 0.004] "HEAD / HTTP/1.1" 200 0 "https://emteko.com" "Mozilla/5.0+(compatible; UptimeRobot/2.0; http://www.uptimerobot.com/)" "-"
3.77.67.4 - - [26/Oct/2025:14:09:21 +0200 - 0.012 - 0.012] "HEAD / HTTP/1.1" 200 0 "https://emteko.com" "Mozilla/5.0+(compatible; UptimeRobot/2.0; http://www.uptimerobot.com/)" "-"
114.119.154.181 - - [26/Oct/2025:14:09:35 +0200 - 0.983 - 0.016] "GET /en/publications?flt_products=lorde-hyal%3Bnasisoft&flt_doctors=general-practitioner%3Binfectionist%3Borthopedic-traumatologist%3Botolaryngologist%3Bpulmonologist%3Btherapist HTTP/1.1" 200 100599 "https://emteko.com/en/publications/?flt_products=lorde-hyal%3Bnasisoft&flt_doctors=general-practitioner%3Binfectionist%3Borthopedic-traumatologist%3Botolaryngologist%3Btherapist" "Mozilla/5.0 (Linux; Android 7.0;) AppleWebKit/537.36 (KHTML, like Gecko) Mobile Safari/537.36 (compatible; PetalBot;+https://webmaster.petalsearch.com/site/petalbot)" "-"
128.140.41.193 - - [26/Oct/2025:14:10:26 +0200 - 0.013 - 0.012] "HEAD / HTTP/1.1" 200 0 "https://emteko.com" "Mozilla/5.0+(compatible; UptimeRobot/2.0; http://www.uptimerobot.com/)" "-"
31.131.20.181 - - [26/Oct/2025:14:10:35 +0200 - 0.000 - 0.000] "POST /wp-cron.php?doing_wp_cron=1761480635.5003089904785156250000 HTTP/1.1" 499 0 "-" "WordPress/6.8.3; https://emteko.com/en/" "-"
52.167.144.157 - - [26/Oct/2025:14:10:35 +0200 - 1.000 - 1.000] "GET /en/doctorspecial/infectionist/?flt_products=artro-patch;nasisoft;okistar-hyal-7&flt_doctors=general-practitioner;orthopedic-traumatologist;otolaryngologist HTTP/1.1" 200 99449 "-" "Mozilla/5.0 AppleWebKit/537.36 (KHTML, like Gecko; compatible; bingbot/2.0; +http://www.bing.com/bingbot.htm) Chrome/116.0.1938.76 Safari/537.36" "-"
114.119.154.181 - - [26/Oct/2025:14:11:03 +0200 - 2.235 - 1.308] "GET /en/publications?flt_products=lorde-hyal%3Bnasisoft%3Bokistar-hyal-7&flt_doctors=general-practitioner%3Binfectionist%3Bpediatrician%3Bpulmonologist%3Btherapist HTTP/1.1" 200 100578 "https://emteko.com/en/publications?flt_products=lorde-hyal%3Bnasisoft&flt_doctors=general-practitioner%3Binfectionist%3Bpediatrician%3Bpulmonologist%3Btherapist" "Mozilla/5.0 (Linux; Android 7.0;) AppleWebKit/537.36 (KHTML, like Gecko) Mobile Safari/537.36 (compatible; PetalBot;+https://webmaster.petalsearch.com/site/petalbot)" "-"
128.140.41.193 - - [26/Oct/2025:14:11:28 +0200 - 0.011 - 0.008] "HEAD / HTTP/1.1" 200 0 "https://emteko.com" "Mozilla/5.0+(compatible; UptimeRobot/2.0; http://www.uptimerobot.com/)" "-"
49.13.167.123 - - [26/Oct/2025:14:11:30 +0200 - 0.003 - 0.004] "HEAD / HTTP/1.1" 200 0 "https://emteko.com" "Mozilla/5.0+(compatible; UptimeRobot/2.0; http://www.uptimerobot.com/)" "-"
31.131.20.181 - - [26/Oct/2025:14:12:29 +0200 - 0.001 - 0.000] "POST /wp-cron.php?doing_wp_cron=1761480749.7746720314025878906250 HTTP/1.1" 499 0 "-" "WordPress/6.8.3; https://emteko.com/en/" "-"
114.119.134.51 - - [26/Oct/2025:14:12:31 +0200 - 1.954 - 1.008] "GET /en/publications?flt_products=lorde-hyal%3Bnasisoft%3Bokistar-hyal-7&flt_doctors=general-practitioner%3Binfectionist%3Botolaryngologist%3Bpediatrician HTTP/1.1" 200 100533 "https://emteko.com/en/publications/?flt_products=lorde-hyal%3Bnasisoft%3Bokistar-hyal-7&flt_doctors=general-practitioner%3Binfectionist%3Botolaryngologist%3Bpediatrician%3Bpulmonologist" "Mozilla/5.0 (Linux; Android 7.0;) AppleWebKit/537.36 (KHTML, like Gecko) Mobile Safari/537.36 (compatible; PetalBot;+https://webmaster.petalsearch.com/site/petalbot)" "-"
49.13.164.148 - - [26/Oct/2025:14:12:35 +0200 - 0.002 - 0.000] "HEAD / HTTP/1.1" 200 0 "https://emteko.com" "Mozilla/5.0+(compatible; UptimeRobot/2.0; http://www.uptimerobot.com/)" "-"
52.28.162.93 - - [26/Oct/2025:14:13:39 +0200 - 0.012 - 0.012] "HEAD / HTTP/1.1" 200 0 "https://emteko.com" "Mozilla/5.0+(compatible; UptimeRobot/2.0; http://www.uptimerobot.com/)" "-"
31.131.20.181 - - [26/Oct/2025:14:13:57 +0200 - 0.001 - 0.000] "POST /wp-cron.php?doing_wp_cron=1761480837.5052430629730224609375 HTTP/1.1" 499 0 "-" "WordPress/6.8.3; https://emteko.com/en/" "-"
114.119.154.181 - - [26/Oct/2025:14:13:58 +0200 - 1.923 - 0.996] "GET /en/publications?flt_products=lorde-hyal%3Bnasisoft%3Bokistar-hyal-7&flt_doctors=general-practitioner%3Binfectionist%3Borthopedic-traumatologist HTTP/1.1" 200 100495 "https://emteko.com/en/publications?flt_products=lorde-hyal%3Bnasisoft%3Bokistar-hyal-7&flt_doctors=general-practitioner%3Binfectionist" "Mozilla/5.0 (Linux; Android 7.0;) AppleWebKit/537.36 (KHTML, like Gecko) Mobile Safari/537.36 (compatible; PetalBot;+https://webmaster.petalsearch.com/site/petalbot)" "-"
18.192.166.72 - - [26/Oct/2025:14:14:43 +0200 - 0.011 - 0.012] "HEAD / HTTP/1.1" 200 0 "https://emteko.com" "Mozilla/5.0+(compatible; UptimeRobot/2.0; http://www.uptimerobot.com/)" "-"
31.131.20.181 - - [26/Oct/2025:14:14:59 +0200 - 0.000 - 0.004] "POST /wp-cron.php?doing_wp_cron=1761480899.0117769241333007812500 HTTP/1.1" 499 0 "-" "WordPress/6.8.3; https://emteko.com/en/" "-"
47.128.17.100 - - [26/Oct/2025:14:14:59 +0200 - 1.116 - 0.896] "GET /en/products/artro-patch/ HTTP/1.1" 404 86827 "-" "Mozilla/5.0 (Linux; Android 5.0) AppleWebKit/537.36 (KHTML, like Gecko) Mobile Safari/537.36 (compatible; Bytespider; spider-feedback@bytedance.com)" "-"
31.131.20.181 - - [26/Oct/2025:14:15:23 +0200 - 0.000 - 0.004] "POST /wp-cron.php?doing_wp_cron=1761480923.2174510955810546875000 HTTP/1.1" 499 0 "-" "WordPress/6.8.3; https://emteko.com/en/" "-"
114.119.133.35 - - [26/Oct/2025:14:15:23 +0200 - 0.928 - 0.924] "GET /en/publications?flt_products=diart&flt_doctors=orthopedic-traumatologist%3Bpediatrician%3Btherapist HTTP/1.1" 200 95611 "https://emteko.com/en/publications?flt_products=diart%3Bnasisoft&flt_doctors=orthopedic-traumatologist%3Bpediatrician%3Btherapist" "Mozilla/5.0 (Linux; Android 7.0;) AppleWebKit/537.36 (KHTML, like Gecko) Mobile Safari/537.36 (compatible; PetalBot;+https://webmaster.petalsearch.com/site/petalbot)" "-"
52.28.162.93 - - [26/Oct/2025:14:15:47 +0200 - 0.015 - 0.016] "HEAD / HTTP/1.1" 200 0 "https://emteko.com" "Mozilla/5.0+(compatible; UptimeRobot/2.0; http://www.uptimerobot.com/)" "-"
49.13.24.81 - - [26/Oct/2025:14:16:33 +0200 - 0.011 - 0.012] "HEAD / HTTP/1.1" 200 0 "https://emteko.com" "Mozilla/5.0+(compatible; UptimeRobot/2.0; http://www.uptimerobot.com/)" "-"
31.131.20.181 - - [26/Oct/2025:14:16:50 +0200 - 0.001 - 0.000] "POST /wp-cron.php?doing_wp_cron=1761481010.9328849315643310546875 HTTP/1.1" 499 0 "-" "WordPress/6.8.3; https://emteko.com/en/" "-"
114.119.140.113 - - [26/Oct/2025:14:16:51 +0200 - 0.958 - 0.956] "GET /en/publications?flt_products=diart&flt_doctors=orthopedic-traumatologist%3Bpediatrician%3Bpulmonologist HTTP/1.1" 200 95615 "https://emteko.com/en/publications?flt_products=diart&flt_doctors=orthopedic-traumatologist%3Botolaryngologist%3Bpediatrician%3Bpulmonologist" "Mozilla/5.0 (Linux; Android 7.0;) AppleWebKit/537.36 (KHTML, like Gecko) Mobile Safari/537.36 (compatible; PetalBot;+https://webmaster.petalsearch.com/site/petalbot)" "-"
63.178.84.147 - - [26/Oct/2025:14:16:51 +0200 - 0.003 - 0.004] "HEAD / HTTP/1.1" 200 0 "https://emteko.com" "Mozilla/5.0+(compatible; UptimeRobot/2.0; http://www.uptimerobot.com/)" "-"
3.79.134.69 - - [26/Oct/2025:14:17:55 +0200 - 0.011 - 0.012] "HEAD / HTTP/1.1" 200 0 "https://emteko.com" "Mozilla/5.0+(compatible; UptimeRobot/2.0; http://www.uptimerobot.com/)" "-"
66.249.66.161 - - [26/Oct/2025:14:18:07 +0200 - 0.016 - 0.016] "GET /en/products/reo/ HTTP/1.1" 200 89615 "-" "Mozilla/5.0 (Linux; Android 6.0.1; Nexus 5X Build/MMB29P) AppleWebKit/537.36 (KHTML, like Gecko) Chrome/99.0.4844.84 Mobile Safari/537.36 (compatible; Googlebot/2.1; +http://www.google.com/bot.html)" "-"
66.249.66.162 - - [26/Oct/2025:14:18:09 +0200 - 0.003 - 0.004] "GET /en/products/reo/ HTTP/1.1" 200 89615 "-" "Mozilla/5.0 (compatible; Googlebot/2.1; +http://www.google.com/bot.html)" "-"
114.119.133.35 - - [26/Oct/2025:14:18:20 +0200 - 0.910 - 0.000] "GET /en/publications?flt_products=diart&flt_doctors=infectionist%3Botolaryngologist%3Btherapist HTTP/1.1" 200 95605 "https://emteko.com/en/publications?flt_products=diart%3Blorde-hyal&flt_doctors=infectionist%3Botolaryngologist%3Btherapist" "Mozilla/5.0 (Linux; Android 7.0;) AppleWebKit/537.36 (KHTML, like Gecko) Mobile Safari/537.36 (compatible; PetalBot;+https://webmaster.petalsearch.com/site/petalbot)" "-"
49.13.134.145 - - [26/Oct/2025:14:18:59 +0200 - 0.012 - 0.012] "HEAD / HTTP/1.1" 200 0 "https://emteko.com" "Mozilla/5.0+(compatible; UptimeRobot/2.0; http://www.uptimerobot.com/)" "-"
31.131.20.181 - - [26/Oct/2025:14:19:44 +0200 - 0.000 - 0.000] "POST /wp-cron.php?doing_wp_cron=1761481184.8368310928344726562500 HTTP/1.1" 499 0 "-" "WordPress/6.8.3; https://emteko.com/en/" "-"
114.119.134.51 - - [26/Oct/2025:14:19:45 +0200 - 0.941 - 0.940] "GET /en/publications?flt_products=diart&flt_doctors=infectionist%3Borthopedic-traumatologist%3Btherapist HTTP/1.1" 200 95605 "https://emteko.com/en/publications?flt_products=diart%3Bokistar-hyal-7&flt_doctors=infectionist%3Borthopedic-traumatologist%3Btherapist" "Mozilla/5.0 (Linux; Android 7.0;) AppleWebKit/537.36 (KHTML, like Gecko) Mobile Safari/537.36 (compatible; PetalBot;+https://webmaster.petalsearch.com/site/petalbot)" "-"
49.13.164.148 - - [26/Oct/2025:14:20:03 +0200 - 0.029 - 0.032] "HEAD / HTTP/1.1" 200 0 "https://emteko.com" "Mozilla/5.0+(compatible; UptimeRobot/2.0; http://www.uptimerobot.com/)" "-"
51.75.236.158 - - [26/Oct/2025:14:20:26 +0200 - 0.028 - 0.012] "GET /doctorspecial/traumatologs-ortopeds/?flt_doctors=traumatologs-ortopeds HTTP/1.1" 200 98403 "-" "Mozilla/5.0 (compatible; AhrefsBot/7.0; +http://ahrefs.com/robot/)" "-"
157.90.155.240 - - [26/Oct/2025:14:21:08 +0200 - 0.013 - 0.016] "HEAD / HTTP/1.1" 200 0 "https://emteko.com" "Mozilla/5.0+(compatible; UptimeRobot/2.0; http://www.uptimerobot.com/)" "-"
31.131.20.181 - - [26/Oct/2025:14:21:11 +0200 - 0.000 - 0.004] "POST /wp-cron.php?doing_wp_cron=1761481271.9060580730438232421875 HTTP/1.1" 499 0 "-" "WordPress/6.8.3; https://emteko.com/en/" "-"
114.119.154.89 - - [26/Oct/2025:14:21:12 +0200 - 0.972 - 0.972] "GET /en/publications?flt_products=diart&flt_doctors=infectionist%3Borthopedic-traumatologist%3Bpediatrician%3Btherapist HTTP/1.1" 200 95643 "https://emteko.com/en/publications/?flt_products=diart&flt_doctors=orthopedic-traumatologist%3Bpediatrician%3Btherapist" "Mozilla/5.0 (Linux; Android 7.0;) AppleWebKit/537.36 (KHTML, like Gecko) Mobile Safari/537.36 (compatible; PetalBot;+https://webmaster.petalsearch.com/site/petalbot)" "-"
3.77.67.4 - - [26/Oct/2025:14:21:37 +0200 - 0.010 - 0.012] "HEAD / HTTP/1.1" 200 0 "https://emteko.com" "Mozilla/5.0+(compatible; UptimeRobot/2.0; http://www.uptimerobot.com/)" "-"
52.59.43.236 - - [26/Oct/2025:14:22:13 +0200 - 0.018 - 0.020] "HEAD / HTTP/1.1" 200 0 "https://emteko.com" "Mozilla/5.0+(compatible; UptimeRobot/2.0; http://www.uptimerobot.com/)" "-"
114.119.132.104 - - [26/Oct/2025:14:22:38 +0200 - 0.314 - 0.012] "GET /en/publications?flt_products=diart&flt_doctors=infectionist%3Borthopedic-traumatologist%3Bpediatrician%3Bpulmonologist HTTP/1.1" 200 95647 "https://emteko.com/en/publications/?flt_products=diart&flt_doctors=orthopedic-traumatologist%3Bpediatrician%3Bpulmonologist" "Mozilla/5.0 (Linux; Android 7.0;) AppleWebKit/537.36 (KHTML, like Gecko) Mobile Safari/537.36 (compatible; PetalBot;+https://webmaster.petalsearch.com/site/petalbot)" "-"
49.13.164.148 - - [26/Oct/2025:14:23:18 +0200 - 0.012 - 0.012] "HEAD / HTTP/1.1" 200 0 "https://emteko.com" "Mozilla/5.0+(compatible; UptimeRobot/2.0; http://www.uptimerobot.com/)" "-"
114.119.140.113 - - [26/Oct/2025:14:24:05 +0200 - 0.938 - 0.012] "GET /en/publications?flt_products=diart&flt_doctors=infectionist%3Borthopedic-traumatologist%3Bpediatrician HTTP/1.1" 200 95608 "https://emteko.com/en/publications?flt_products=diart&flt_doctors=infectionist%3Borthopedic-traumatologist%3Botolaryngologist%3Bpediatrician" "Mozilla/5.0 (Linux; Android 7.0;) AppleWebKit/537.36 (KHTML, like Gecko) Mobile Safari/537.36 (compatible; PetalBot;+https://webmaster.petalsearch.com/site/petalbot)" "-"
3.77.67.4 - - [26/Oct/2025:14:24:23 +0200 - 0.011 - 0.008] "HEAD / HTTP/1.1" 200 0 "https://emteko.com" "Mozilla/5.0+(compatible; UptimeRobot/2.0; http://www.uptimerobot.com/)" "-"
78.47.173.76 - - [26/Oct/2025:14:25:27 +0200 - 0.011 - 0.012] "HEAD / HTTP/1.1" 200 0 "https://emteko.com" "Mozilla/5.0+(compatible; UptimeRobot/2.0; http://www.uptimerobot.com/)" "-"
31.131.20.181 - - [26/Oct/2025:14:25:35 +0200 - 0.001 - 0.000] "POST /wp-cron.php?doing_wp_cron=1761481535.6105320453643798828125 HTTP/1.1" 499 0 "-" "WordPress/6.8.3; https://emteko.com/en/" "-"
114.119.154.181 - - [26/Oct/2025:14:25:35 +0200 - 1.001 - 1.000] "GET /en/publications?flt_products=diart&flt_doctors=general-practitioner%3Bpulmonologist%3Btherapist HTTP/1.1" 200 95611 "https://emteko.com/en/publications/?flt_products=diart%3Blorde-hyal&flt_doctors=general-practitioner%3Bpulmonologist%3Btherapist" "Mozilla/5.0 (Linux; Android 7.0;) AppleWebKit/537.36 (KHTML, like Gecko) Mobile Safari/537.36 (compatible; PetalBot;+https://webmaster.petalsearch.com/site/petalbot)" "-"
142.132.180.39 - - [26/Oct/2025:14:26:31 +0200 - 0.013 - 0.012] "HEAD / HTTP/1.1" 200 0 "https://emteko.com" "Mozilla/5.0+(compatible; UptimeRobot/2.0; http://www.uptimerobot.com/)" "-"
167.235.143.113 - - [26/Oct/2025:14:26:42 +0200 - 0.002 - 0.004] "HEAD / HTTP/1.1" 200 0 "https://emteko.com" "Mozilla/5.0+(compatible; UptimeRobot/2.0; http://www.uptimerobot.com/)" "-"
114.119.154.181 - - [26/Oct/2025:14:27:01 +0200 - 0.941 - 0.016] "GET /en/publications?flt_products=diart%3Bokistar-hyal-7&flt_doctors=pulmonologist HTTP/1.1" 200 99125 "https://emteko.com/en/publications/?flt_products=diart%3Bokistar-hyal-7&flt_doctors=infectionist%3Bpulmonologist" "Mozilla/5.0 (Linux; Android 7.0;) AppleWebKit/537.36 (KHTML, like Gecko) Mobile Safari/537.36 (compatible; PetalBot;+https://webmaster.petalsearch.com/site/petalbot)" "-"
18.193.252.127 - - [26/Oct/2025:14:27:36 +0200 - 0.013 - 0.012] "HEAD / HTTP/1.1" 200 0 "https://emteko.com" "Mozilla/5.0+(compatible; UptimeRobot/2.0; http://www.uptimerobot.com/)" "-"
31.131.20.181 - - [26/Oct/2025:14:28:28 +0200 - 0.002 - 0.004] "POST /wp-cron.php?doing_wp_cron=1761481708.6472609043121337890625 HTTP/1.1" 499 0 "-" "WordPress/6.8.3; https://emteko.com/en/" "-"
114.119.132.202 - - [26/Oct/2025:14:28:29 +0200 - 2.083 - 1.108] "GET /en/publications?flt_products=diart%3Bokistar-hyal-7&flt_doctors=infectionist%3Botolaryngologist%3Bpulmonologist%3Btherapist HTTP/1.1" 200 99261 "https://emteko.com/en/publications?flt_products=diart%3Bokistar-hyal-7&flt_doctors=infectionist%3Botolaryngologist%3Bpulmonologist" "Mozilla/5.0 (Linux; Android 7.0;) AppleWebKit/537.36 (KHTML, like Gecko) Mobile Safari/537.36 (compatible; PetalBot;+https://webmaster.petalsearch.com/site/petalbot)" "-"
159.69.158.189 - - [26/Oct/2025:14:28:41 +0200 - 0.011 - 0.012] "HEAD / HTTP/1.1" 200 0 "https://emteko.com" "Mozilla/5.0+(compatible; UptimeRobot/2.0; http://www.uptimerobot.com/)" "-"
78.46.190.63 - - [26/Oct/2025:14:29:45 +0200 - 0.017 - 0.016] "HEAD / HTTP/1.1" 200 0 "https://emteko.com" "Mozilla/5.0+(compatible; UptimeRobot/2.0; http://www.uptimerobot.com/)" "-"
31.131.20.181 - - [26/Oct/2025:14:29:55 +0200 - 0.000 - 0.004] "POST /wp-cron.php?doing_wp_cron=1761481795.0882771015167236328125 HTTP/1.1" 499 0 "-" "WordPress/6.8.3; https://emteko.com/en/" "-"
114.119.140.113 - - [26/Oct/2025:14:29:56 +0200 - 2.184 - 1.240] "GET /en/publications?flt_products=diart%3Bokistar-hyal-7&flt_doctors=infectionist%3Botolaryngologist%3Bpediatrician%3Bpulmonologist%3Btherapist HTTP/1.1" 200 99299 "https://emteko.com/en/publications?flt_products=okistar-hyal-7&flt_doctors=infectionist%3Botolaryngologist%3Bpediatrician%3Bpulmonologist%3Btherapist" "Mozilla/5.0 (Linux; Android 7.0;) AppleWebKit/537.36 (KHTML, like Gecko) Mobile Safari/537.36 (compatible; PetalBot;+https://webmaster.petalsearch.com/site/petalbot)" "-"
191.239.245.19 - - [26/Oct/2025:14:30:11 +0200 - 0.014 - 0.016] "GET /en/products/reo/ HTTP/1.1" 200 89615 "-" "Mozilla/5.0 AppleWebKit/537.36 (KHTML, like Gecko); compatible; ChatGPT-User/1.0; +https://openai.com/bot" "-"
191.239.245.29 - - [26/Oct/2025:14:30:11 +0200 - 0.003 - 0.004] "GET / HTTP/1.1" 200 89415 "-" "Mozilla/5.0 AppleWebKit/537.36 (KHTML, like Gecko); compatible; ChatGPT-User/1.0; +https://openai.com/bot" "-"
179.125.164.118 - - [26/Oct/2025:14:30:42 +0200 - 0.000 - -] "POST /xmlrpc.php HTTP/1.1" 404 173 "-" "Mozilla/5.0 (Windows NT 6.2; x64) AppleWebKit/537.36 (KHTML, like Gecko) Opera/67.0.0.0 Safari/537.36" "-"
168.119.96.239 - - [26/Oct/2025:14:30:49 +0200 - 0.012 - 0.012] "HEAD / HTTP/1.1" 200 0 "https://emteko.com" "Mozilla/5.0+(compatible; UptimeRobot/2.0; http://www.uptimerobot.com/)" "-"
31.131.20.181 - - [26/Oct/2025:14:31:22 +0200 - 0.001 - 0.000] "POST /wp-cron.php?doing_wp_cron=1761481882.3594110012054443359375 HTTP/1.1" 499 0 "-" "WordPress/6.8.3; https://emteko.com/en/" "-"
114.119.136.120 - - [26/Oct/2025:14:31:23 +0200 - 1.883 - 0.960] "GET /en/publications?flt_products=diart%3Bokistar-hyal-7&flt_doctors=infectionist%3Borthopedic-traumatologist%3Bpediatrician%3Bpulmonologist HTTP/1.1" 200 99269 "https://emteko.com/en/publications/?flt_products=diart%3Bokistar-hyal-7&flt_doctors=infectionist%3Borthopedic-traumatologist%3Bpediatrician" "Mozilla/5.0 (Linux; Android 7.0;) AppleWebKit/537.36 (KHTML, like Gecko) Mobile Safari/537.36 (compatible; PetalBot;+https://webmaster.petalsearch.com/site/petalbot)" "-"
142.132.180.39 - - [26/Oct/2025:14:31:46 +0200 - 0.023 - 0.020] "HEAD / HTTP/1.1" 200 0 "https://emteko.com" "Mozilla/5.0+(compatible; UptimeRobot/2.0; http://www.uptimerobot.com/)" "-"
128.140.41.193 - - [26/Oct/2025:14:31:53 +0200 - 0.002 - 0.004] "HEAD / HTTP/1.1" 200 0 "https://emteko.com" "Mozilla/5.0+(compatible; UptimeRobot/2.0; http://www.uptimerobot.com/)" "-"
31.131.20.181 - - [26/Oct/2025:14:32:49 +0200 - 0.000 - 0.000] "POST /wp-cron.php?doing_wp_cron=1761481969.4387879371643066406250 HTTP/1.1" 499 0 "-" "WordPress/6.8.3; https://emteko.com/en/" "-"
114.119.133.35 - - [26/Oct/2025:14:32:50 +0200 - 1.899 - 0.996] "GET /en/publications?flt_products=diart%3Bokistar-hyal-7&flt_doctors=infectionist%3Borthopedic-traumatologist%3Bpediatrician HTTP/1.1" 200 99221 "https://emteko.com/en/publications?flt_products=diart%3Bokistar-hyal-7&flt_doctors=infectionist%3Bpediatrician" "Mozilla/5.0 (Linux; Android 7.0;) AppleWebKit/537.36 (KHTML, like Gecko) Mobile Safari/537.36 (compatible; PetalBot;+https://webmaster.petalsearch.com/site/petalbot)" "-"
49.13.130.29 - - [26/Oct/2025:14:32:58 +0200 - 0.002 - 0.004] "HEAD / HTTP/1.1" 200 0 "https://emteko.com" "Mozilla/5.0+(compatible; UptimeRobot/2.0; http://www.uptimerobot.com/)" "-"
78.47.173.76 - - [26/Oct/2025:14:34:02 +0200 - 0.012 - 0.012] "HEAD / HTTP/1.1" 200 0 "https://emteko.com" "Mozilla/5.0+(compatible; UptimeRobot/2.0; http://www.uptimerobot.com/)" "-"
114.119.154.89 - - [26/Oct/2025:14:34:17 +0200 - 1.279 - 0.012] "GET /en/publications?flt_products=diart%3Bokistar-hyal-7&flt_doctors=general-practitioner%3Botolaryngologist%3Btherapist HTTP/1.1" 200 99221 "https://emteko.com/en/publications/?flt_products=okistar-hyal-7&flt_doctors=general-practitioner%3Botolaryngologist%3Btherapist" "Mozilla/5.0 (Linux; Android 7.0;) AppleWebKit/537.36 (KHTML, like Gecko) Mobile Safari/537.36 (compatible; PetalBot;+https://webmaster.petalsearch.com/site/petalbot)" "-"
159.69.158.189 - - [26/Oct/2025:14:35:06 +0200 - 0.016 - 0.016] "HEAD / HTTP/1.1" 200 0 "https://emteko.com" "Mozilla/5.0+(compatible; UptimeRobot/2.0; http://www.uptimerobot.com/)" "-"
114.119.132.104 - - [26/Oct/2025:14:35:42 +0200 - 0.316 - 0.016] "GET /en/publications?flt_products=diart%3Bokistar-hyal-7&flt_doctors=general-practitioner%3Botolaryngologist%3Bpediatrician%3Btherapist HTTP/1.1" 200 99269 "https://emteko.com/en/publications?flt_products=diart&flt_doctors=general-practitioner%3Botolaryngologist%3Bpediatrician%3Btherapist" "Mozilla/5.0 (Linux; Android 7.0;) AppleWebKit/537.36 (KHTML, like Gecko) Mobile Safari/537.36 (compatible; PetalBot;+https://webmaster.petalsearch.com/site/petalbot)" "-"
78.47.98.55 - - [26/Oct/2025:14:36:10 +0200 - 0.028 - 0.028] "HEAD / HTTP/1.1" 200 0 "https://emteko.com" "Mozilla/5.0+(compatible; UptimeRobot/2.0; http://www.uptimerobot.com/)" "-"
168.119.123.75 - - [26/Oct/2025:14:36:51 +0200 - 0.019 - 0.020] "HEAD / HTTP/1.1" 200 0 "https://emteko.com" "Mozilla/5.0+(compatible; UptimeRobot/2.0; http://www.uptimerobot.com/)" "-"
31.131.20.181 - - [26/Oct/2025:14:37:10 +0200 - 0.000 - 0.000] "POST /wp-cron.php?doing_wp_cron=1761482230.0290360450744628906250 HTTP/1.1" 499 0 "-" "WordPress/6.8.3; https://emteko.com/en/" "-"
114.119.132.104 - - [26/Oct/2025:14:37:10 +0200 - 1.349 - 1.048] "GET /en/publications?flt_products=diart%3Bokistar-hyal-7&flt_doctors=general-practitioner%3Borthopedic-traumatologist%3Btherapist HTTP/1.1" 200 99220 "https://emteko.com/en/publications/?flt_products=artro-patch%3Bdiart%3Bokistar-hyal-7&flt_doctors=general-practitioner%3Borthopedic-traumatologist%3Btherapist" "Mozilla/5.0 (Linux; Android 7.0;) AppleWebKit/537.36 (KHTML, like Gecko) Mobile Safari/537.36 (compatible; PetalBot;+https://webmaster.petalsearch.com/site/petalbot)" "-"
128.140.41.193 - - [26/Oct/2025:14:37:14 +0200 - 0.002 - 0.004] "HEAD / HTTP/1.1" 200 0 "https://emteko.com" "Mozilla/5.0+(compatible; UptimeRobot/2.0; http://www.uptimerobot.com/)" "-"
142.132.180.39 - - [26/Oct/2025:14:38:18 +0200 - 0.019 - 0.020] "HEAD / HTTP/1.1" 200 0 "https://emteko.com" "Mozilla/5.0+(compatible; UptimeRobot/2.0; http://www.uptimerobot.com/)" "-"
31.131.20.181 - - [26/Oct/2025:14:38:38 +0200 - 0.001 - 0.000] "POST /wp-cron.php?doing_wp_cron=1761482318.1063959598541259765625 HTTP/1.1" 499 0 "-" "WordPress/6.8.3; https://emteko.com/en/" "-"
114.119.136.120 - - [26/Oct/2025:14:38:39 +0200 - 1.947 - 1.025] "GET /en/publications?flt_products=diart%3Bokistar-hyal-7&flt_doctors=general-practitioner%3Borthopedic-traumatologist%3Bpediatrician%3Btherapist HTTP/1.1" 200 99268 "https://emteko.com/en/publications?flt_products=diart%3Bokistar-hyal-7&flt_doctors=general-practitioner%3Bpediatrician%3Btherapist" "Mozilla/5.0 (Linux; Android 7.0;) AppleWebKit/537.36 (KHTML, like Gecko) Mobile Safari/537.36 (compatible; PetalBot;+https://webmaster.petalsearch.com/site/petalbot)" "-"
57.141.0.36 - - [26/Oct/2025:14:38:49 +0200 - 0.334 - 0.008] "GET /en/doctorspecial/otolaryngologist/?flt_doctors=orthopedic-traumatologist HTTP/1.1" 200 594773 "-" "meta-externalagent/1.1 (+https://developers.facebook.com/docs/sharing/webmasters/crawler)" "-"
167.235.143.113 - - [26/Oct/2025:14:39:22 +0200 - 0.012 - 0.012] "HEAD / HTTP/1.1" 200 0 "https://emteko.com" "Mozilla/5.0+(compatible; UptimeRobot/2.0; http://www.uptimerobot.com/)" "-"
31.131.20.181 - - [26/Oct/2025:14:39:55 +0200 - 0.001 - 0.000] "POST /wp-cron.php?doing_wp_cron=1761482395.4607989788055419921875 HTTP/1.1" 499 0 "-" "WordPress/6.8.3; https://emteko.com/en/" "-"
52.167.144.191 - - [26/Oct/2025:14:39:55 +0200 - 0.995 - 0.992] "GET /en/doctorspecial/pulmonologist/?flt_products=artro-patch&flt_doctors=general-practitioner;infectionist;orthopedic-traumatologist HTTP/1.1" 200 95238 "-" "Mozilla/5.0 AppleWebKit/537.36 (KHTML, like Gecko; compatible; bingbot/2.0; +http://www.bing.com/bingbot.htm) Chrome/116.0.1938.76 Safari/537.36" "-"
31.131.20.181 - - [26/Oct/2025:14:40:04 +0200 - 0.001 - 0.004] "POST /wp-cron.php?doing_wp_cron=1761482404.9230229854583740234375 HTTP/1.1" 499 0 "-" "WordPress/6.8.3; https://emteko.com/en/" "-"
114.119.140.113 - - [26/Oct/2025:14:40:06 +0200 - 2.217 - 1.304] "GET /en/publications?flt_products=diart%3Bokistar-hyal-7&flt_doctors=general-practitioner%3Borthopedic-traumatologist%3Botolaryngologist%3Bpediatrician%3Bpulmonologist%3Btherapist HTTP/1.1" 200 99604 "https://emteko.com/en/publications?flt_products=diart&flt_doctors=general-practitioner%3Borthopedic-traumatologist%3Botolaryngologist%3Bpediatrician%3Bpulmonologist%3Btherapist" "Mozilla/5.0 (Linux; Android 7.0;) AppleWebKit/537.36 (KHTML, like Gecko) Mobile Safari/537.36 (compatible; PetalBot;+https://webmaster.petalsearch.com/site/petalbot)" "-"
18.193.252.127 - - [26/Oct/2025:14:40:26 +0200 - 0.012 - 0.012] "HEAD / HTTP/1.1" 200 0 "https://emteko.com" "Mozilla/5.0+(compatible; UptimeRobot/2.0; http://www.uptimerobot.com/)" "-"
31.131.20.181 - - [26/Oct/2025:14:41:31 +0200 - 0.002 - 0.000] "POST /wp-cron.php?doing_wp_cron=1761482491.2094180583953857421875 HTTP/1.1" 499 0 "-" "WordPress/6.8.3; https://emteko.com/en/" "-"
52.59.43.236 - - [26/Oct/2025:14:41:31 +0200 - 0.014 - 0.012] "HEAD / HTTP/1.1" 200 0 "https://emteko.com" "Mozilla/5.0+(compatible; UptimeRobot/2.0; http://www.uptimerobot.com/)" "-"
114.119.132.104 - - [26/Oct/2025:14:41:31 +0200 - 1.272 - 0.960] "GET /en/publications?flt_products=diart%3Bokistar-hyal-7&flt_doctors=general-practitioner%3Borthopedic-traumatologist%3Botolaryngologist HTTP/1.1" 200 99232 "https://emteko.com/en/publications?flt_products=diart%3Bnasisoft%3Bokistar-hyal-7&flt_doctors=general-practitioner%3Borthopedic-traumatologist%3Botolaryngologist" "Mozilla/5.0 (Linux; Android 7.0;) AppleWebKit/537.36 (KHTML, like Gecko) Mobile Safari/537.36 (compatible; PetalBot;+https://webmaster.petalsearch.com/site/petalbot)" "-"
