185.139.137.62 - - [18/Oct/2025:07:05:38 +0300 - 0.000 - -] "GET /wp-content/themes/tivortin/images/uf_logo.png HTTP/1.1" 200 3089 "https://tivortin.com/wp-content/themes/tivortin/style.css?ver=6.8.3" "Mozilla/5.0 (Linux; Android 10; K) AppleWebKit/537.36 (KHTML, like Gecko) Chrome/141.0.0.0 Mobile Safari/537.36" "-"
185.139.137.62 - - [18/Oct/2025:07:05:38 +0300 - 0.000 - -] "GET /wp-content/themes/tivortin/images/arr-left.png HTTP/1.1" 200 994 "https://tivortin.com/wp-content/themes/tivortin/style.css?ver=6.8.3" "Mozilla/5.0 (Linux; Android 10; K) AppleWebKit/537.36 (KHTML, like Gecko) Chrome/141.0.0.0 Mobile Safari/537.36" "-"
185.139.137.62 - - [18/Oct/2025:07:05:38 +0300 - 0.000 - -] "GET /wp-content/themes/tivortin/images/arr-right.png HTTP/1.1" 200 993 "https://tivortin.com/wp-content/themes/tivortin/style.css?ver=6.8.3" "Mozilla/5.0 (Linux; Android 10; K) AppleWebKit/537.36 (KHTML, like Gecko) Chrome/141.0.0.0 Mobile Safari/537.36" "-"
185.139.137.62 - - [18/Oct/2025:07:05:38 +0300 - 0.288 - 0.288] "GET /ru/wp-json/contact-form-7/v1/contact-forms/536/feedback/schema HTTP/1.1" 200 314 "https://tivortin.com/ru/o-preparate/instrukciya/" "Mozilla/5.0 (Linux; Android 10; K) AppleWebKit/537.36 (KHTML, like Gecko) Chrome/141.0.0.0 Mobile Safari/537.36" "-"
185.139.137.62 - - [18/Oct/2025:07:05:40 +0300 - 0.000 - -] "GET /wp-content/uploads/2017/02/cropped-ico-192x192.png HTTP/1.1" 200 11686 "https://tivortin.com/ru/o-preparate/instrukciya/" "Mozilla/5.0 (Linux; Android 10; K) AppleWebKit/537.36 (KHTML, like Gecko) Chrome/141.0.0.0 Mobile Safari/537.36" "-"
185.139.137.62 - - [18/Oct/2025:07:05:40 +0300 - 0.000 - -] "GET /wp-content/uploads/2017/02/cropped-ico-180x180.png HTTP/1.1" 200 10444 "https://tivortin.com/ru/o-preparate/instrukciya/" "Mozilla/5.0 (Linux; Android 10; K) AppleWebKit/537.36 (KHTML, like Gecko) Chrome/141.0.0.0 Mobile Safari/537.36" "-"
95.108.213.163 - - [18/Oct/2025:07:06:05 +0300 - 0.253 - 0.252] "GET /ru/specialistam/%D1%81%D0%BE%D1%81%D1%83%D0%B4%D0%B8%D1%81%D1%82%D1%8B%D0%B5-%D0%BF%D1%80%D0%B5%D0%BF%D0%B0%D1%80%D0%B0%D1%82%D1%8B-%D0%B2-%D0%BD%D0%B5%D1%84%D1%80%D0%BE%D0%BB%D0%BE%D0%B3%D0%B8%D0%B8/85352-180047-1-sm-2/ HTTP/1.1" 301 5 "-" "Mozilla/5.0 (compatible; YandexBot/3.0; +http://yandex.com/bots)" "-"
87.250.224.211 - - [18/Oct/2025:07:06:06 +0300 - 0.355 - 0.356] "GET /ru/specialistam/%D1%81%D0%BE%D1%81%D1%83%D0%B4%D0%B8%D1%81%D1%82%D1%8B%D0%B5-%D0%BF%D1%80%D0%B5%D0%BF%D0%B0%D1%80%D0%B0%D1%82%D1%8B-%D0%B2-%D0%BD%D0%B5%D1%84%D1%80%D0%BE%D0%BB%D0%BE%D0%B3%D0%B8%D0%B8/ HTTP/1.1" 200 27529 "-" "Mozilla/5.0 (compatible; YandexBot/3.0; +http://yandex.com/bots)" "-"
167.235.143.113 - - [18/Oct/2025:07:06:08 +0300 - 0.181 - 0.180] "HEAD / HTTP/1.1" 200 0 "https://tivortin.com" "Mozilla/5.0+(compatible; UptimeRobot/2.0; http://www.uptimerobot.com/)" "-"
31.131.20.181 - - [18/Oct/2025:07:07:11 +0300 - 0.004 - 0.004] "POST /wp-cron.php?doing_wp_cron=1760760431.7021479606628417968750 HTTP/1.1" 499 0 "-" "WordPress/6.8.3; https://tivortin.com" "-"
167.235.143.113 - - [18/Oct/2025:07:07:11 +0300 - 0.311 - 0.312] "HEAD / HTTP/1.1" 200 0 "https://tivortin.com" "Mozilla/5.0+(compatible; UptimeRobot/2.0; http://www.uptimerobot.com/)" "-"
31.131.20.181 - - [18/Oct/2025:07:08:16 +0300 - 0.004 - 0.004] "POST /wp-cron.php?doing_wp_cron=1760760496.9076530933380126953125 HTTP/1.1" 499 0 "-" "WordPress/6.8.3; https://tivortin.com" "-"
3.77.67.4 - - [18/Oct/2025:07:08:16 +0300 - 0.320 - 0.320] "HEAD / HTTP/1.1" 200 0 "https://tivortin.com" "Mozilla/5.0+(compatible; UptimeRobot/2.0; http://www.uptimerobot.com/)" "-"
31.131.20.181 - - [18/Oct/2025:07:08:40 +0300 - 0.001 - 0.000] "POST /wp-cron.php?doing_wp_cron=1760760520.2254710197448730468750 HTTP/1.1" 499 0 "-" "WordPress/6.8.3; https://tivortin.com" "-"
193.186.4.51 - - [18/Oct/2025:07:08:40 +0300 - 0.479 - 0.480] "GET /o-preparate/instrukciya/ HTTP/1.1" 200 21977 "-" "Mozilla/5.0 (Linux; Android 10; K) AppleWebKit/537.36 (KHTML, like Gecko) Chrome/141.0.0.0 Mobile Safari/537.36" "-"
52.28.162.93 - - [18/Oct/2025:07:08:54 +0300 - 0.213 - 0.216] "HEAD / HTTP/1.1" 200 0 "https://tivortin.com" "Mozilla/5.0+(compatible; UptimeRobot/2.0; http://www.uptimerobot.com/)" "-"
18.192.166.72 - - [18/Oct/2025:07:09:19 +0300 - 0.237 - 0.236] "HEAD / HTTP/1.1" 200 0 "https://tivortin.com" "Mozilla/5.0+(compatible; UptimeRobot/2.0; http://www.uptimerobot.com/)" "-"
162.120.188.179 - - [18/Oct/2025:07:09:28 +0300 - 0.354 - 0.352] "GET /o-preparate/instrukciya/ HTTP/1.1" 200 21977 "-" "Mozilla/5.0 (Linux; Android 10; K) AppleWebKit/537.36 (KHTML, like Gecko) Chrome/141.0.0.0 Mobile Safari/537.36" "-"
31.131.20.181 - - [18/Oct/2025:07:10:21 +0300 - 0.006 - 0.008] "POST /wp-cron.php?doing_wp_cron=1760760621.6738491058349609375000 HTTP/1.1" 499 0 "-" "WordPress/6.8.3; https://tivortin.com" "-"
3.77.67.4 - - [18/Oct/2025:07:10:21 +0300 - 0.266 - 0.268] "HEAD / HTTP/1.1" 200 0 "https://tivortin.com" "Mozilla/5.0+(compatible; UptimeRobot/2.0; http://www.uptimerobot.com/)" "-"
31.131.20.181 - - [18/Oct/2025:07:11:24 +0300 - 0.001 - 0.000] "POST /wp-cron.php?doing_wp_cron=1760760684.6631269454956054687500 HTTP/1.1" 499 0 "-" "WordPress/6.8.3; https://tivortin.com" "-"
78.46.215.1 - - [18/Oct/2025:07:11:24 +0300 - 0.313 - 0.312] "HEAD / HTTP/1.1" 200 0 "https://tivortin.com" "Mozilla/5.0+(compatible; UptimeRobot/2.0; http://www.uptimerobot.com/)" "-"
31.131.20.181 - - [18/Oct/2025:07:12:10 +0300 - 0.001 - 0.000] "POST /wp-cron.php?doing_wp_cron=1760760730.3398149013519287109375 HTTP/1.1" 499 0 "-" "WordPress/6.8.3; https://tivortin.com/ru/" "-"
47.128.46.94 - - [18/Oct/2025:07:12:10 +0300 - 0.330 - 0.332] "GET /ru/specialistam/%D1%82%D1%96%D0%B2%D0%BE%D1%80%D1%82%D1%96%D0%BD-%D1%8F%D0%BA-%D0%BF%D0%BE%D1%82%D1%83%D0%B6%D0%BD%D0%B8%D0%B9-%D1%80%D0%B5%D0%B3%D1%83%D0%BB%D1%8F%D1%82%D0%BE%D1%80-%D1%81%D1%83%D0%B4%D0%B8/ HTTP/1.1" 301 5 "-" "Mozilla/5.0 (compatible; Bytespider; spider-feedback@bytedance.com) AppleWebKit/537.36 (KHTML, like Gecko) Chrome/70.0.0.0 Safari/537.36" "-"
47.128.46.94 - - [18/Oct/2025:07:12:11 +0300 - 0.430 - 0.428] "GET /specialistam/%d1%82%d1%96%d0%b2%d0%be%d1%80%d1%82%d1%96%d0%bd-%d1%8f%d0%ba-%d0%bf%d0%be%d1%82%d1%83%d0%b6%d0%bd%d0%b8%d0%b9-%d1%80%d0%b5%d0%b3%d1%83%d0%bb%d1%8f%d1%82%d0%be%d1%80-%d1%81%d1%83%d0%b4%d0%b8/ HTTP/1.1" 200 32472 "-" "Mozilla/5.0 (compatible; Bytespider; spider-feedback@bytedance.com) AppleWebKit/537.36 (KHTML, like Gecko) Chrome/70.0.0.0 Safari/537.36" "-"
216.73.216.133 - - [18/Oct/2025:07:12:22 +0300 - 0.000 - -] "GET /robots.txt HTTP/1.1" 200 112 "http://tivortin.com/robots.txt" "Mozilla/5.0 AppleWebKit/537.36 (KHTML, like Gecko; compatible; ClaudeBot/1.0; +claudebot@anthropic.com)" "-"
31.131.20.181 - - [18/Oct/2025:07:12:22 +0300 - 0.001 - 0.000] "POST /wp-cron.php?doing_wp_cron=1760760742.6063148975372314453125 HTTP/1.1" 499 0 "-" "WordPress/6.8.3; https://tivortin.com" "-"
216.73.216.133 - - [18/Oct/2025:07:12:22 +0300 - 0.270 - 0.268] "GET /specialistam/%D0%BF%D0%BE%D0%BA%D1%80%D0%B0%D1%89%D0%B5%D0%BD%D0%BD%D1%8F-%D1%80%D0%B5%D0%BF%D1%80%D0%BE%D0%B4%D1%83%D0%BA%D1%82%D0%B8%D0%B2%D0%BD%D0%B8%D1%85-%D1%80%D0%B5%D0%B7%D1%83%D0%BB%D1%8C%D1%82%D0%B0%D1%82/tivortin-reproduct-2017_en HTTP/1.1" 301 5 "http://tivortin.com/specialistam/%D0%BF%D0%BE%D0%BA%D1%80%D0%B0%D1%89%D0%B5%D0%BD%D0%BD%D1%8F-%D1%80%D0%B5%D0%BF%D1%80%D0%BE%D0%B4%D1%83%D0%BA%D1%82%D0%B8%D0%B2%D0%BD%D0%B8%D1%85-%D1%80%D0%B5%D0%B7%D1%83%D0%BB%D1%8C%D1%82%D0%B0%D1%82/tivortin-reproduct-2017_en" "Mozilla/5.0 AppleWebKit/537.36 (KHTML, like Gecko; compatible; ClaudeBot/1.0; +claudebot@anthropic.com)" "-"
216.73.216.133 - - [18/Oct/2025:07:12:23 +0300 - 0.245 - 0.244] "GET /specialistam/%d0%bf%d0%be%d0%ba%d1%80%d0%b0%d1%89%d0%b5%d0%bd%d0%bd%d1%8f-%d1%80%d0%b5%d0%bf%d1%80%d0%be%d0%b4%d1%83%d0%ba%d1%82%d0%b8%d0%b2%d0%bd%d0%b8%d1%85-%d1%80%d0%b5%d0%b7%d1%83%d0%bb%d1%8c%d1%82%d0%b0%d1%82/tivortin-reproduct-2017_en/ HTTP/1.1" 301 5 "https://tivortin.com/specialistam/%D0%BF%D0%BE%D0%BA%D1%80%D0%B0%D1%89%D0%B5%D0%BD%D0%BD%D1%8F-%D1%80%D0%B5%D0%BF%D1%80%D0%BE%D0%B4%D1%83%D0%BA%D1%82%D0%B8%D0%B2%D0%BD%D0%B8%D1%85-%D1%80%D0%B5%D0%B7%D1%83%D0%BB%D1%8C%D1%82%D0%B0%D1%82/tivortin-reproduct-2017_en" "Mozilla/5.0 AppleWebKit/537.36 (KHTML, like Gecko; compatible; ClaudeBot/1.0; +claudebot@anthropic.com)" "-"
216.73.216.133 - - [18/Oct/2025:07:12:23 +0300 - 0.442 - 0.444] "GET /specialistam/%d0%bf%d0%be%d0%ba%d1%80%d0%b0%d1%89%d0%b5%d0%bd%d0%bd%d1%8f-%d1%80%d0%b5%d0%bf%d1%80%d0%be%d0%b4%d1%83%d0%ba%d1%82%d0%b8%d0%b2%d0%bd%d0%b8%d1%85-%d1%80%d0%b5%d0%b7%d1%83%d0%bb%d1%8c%d1%82%d0%b0%d1%82/ HTTP/1.1" 200 20054 "https://tivortin.com/specialistam/%d0%bf%d0%be%d0%ba%d1%80%d0%b0%d1%89%d0%b5%d0%bd%d0%bd%d1%8f-%d1%80%d0%b5%d0%bf%d1%80%d0%be%d0%b4%d1%83%d0%ba%d1%82%d0%b8%d0%b2%d0%bd%d0%b8%d1%85-%d1%80%d0%b5%d0%b7%d1%83%d0%bb%d1%8c%d1%82%d0%b0%d1%82/tivortin-reproduct-2017_en/" "Mozilla/5.0 AppleWebKit/537.36 (KHTML, like Gecko; compatible; ClaudeBot/1.0; +claudebot@anthropic.com)" "-"
162.120.187.239 - - [18/Oct/2025:07:12:25 +0300 - 0.380 - 0.380] "GET /ru/o-preparate/instrukciya/ HTTP/1.1" 200 22321 "https://www.google.com/" "Mozilla/5.0 (Windows NT 10.0; Win64; x64) AppleWebKit/537.36 (KHTML, like Gecko) Chrome/141.0.0.0 Safari/537.36" "-"
78.47.98.55 - - [18/Oct/2025:07:12:29 +0300 - 0.173 - 0.172] "HEAD / HTTP/1.1" 200 0 "https://tivortin.com" "Mozilla/5.0+(compatible; UptimeRobot/2.0; http://www.uptimerobot.com/)" "-"
31.131.20.181 - - [18/Oct/2025:07:13:32 +0300 - 0.000 - 0.000] "POST /wp-cron.php?doing_wp_cron=1760760812.4965229034423828125000 HTTP/1.1" 499 0 "-" "WordPress/6.8.3; https://tivortin.com" "-"
88.99.80.227 - - [18/Oct/2025:07:13:32 +0300 - 0.275 - 0.276] "HEAD / HTTP/1.1" 200 0 "https://tivortin.com" "Mozilla/5.0+(compatible; UptimeRobot/2.0; http://www.uptimerobot.com/)" "-"
31.131.20.181 - - [18/Oct/2025:07:13:57 +0300 - 0.000 - 0.000] "POST /wp-cron.php?doing_wp_cron=1760760837.5436489582061767578125 HTTP/1.1" 499 0 "-" "WordPress/6.8.3; https://tivortin.com" "-"
49.13.134.145 - - [18/Oct/2025:07:13:57 +0300 - 0.278 - 0.280] "HEAD / HTTP/1.1" 200 0 "https://tivortin.com" "Mozilla/5.0+(compatible; UptimeRobot/2.0; http://www.uptimerobot.com/)" "-"
31.131.20.181 - - [18/Oct/2025:07:14:37 +0300 - 0.000 - 0.000] "POST /wp-cron.php?doing_wp_cron=1760760877.0634100437164306640625 HTTP/1.1" 499 0 "-" "WordPress/6.8.3; https://tivortin.com" "-"
128.140.106.114 - - [18/Oct/2025:07:14:37 +0300 - 0.293 - 0.292] "HEAD / HTTP/1.1" 200 0 "https://tivortin.com" "Mozilla/5.0+(compatible; UptimeRobot/2.0; http://www.uptimerobot.com/)" "-"
87.250.224.211 - - [18/Oct/2025:07:14:58 +0300 - 0.250 - 0.252] "GET /specialistam/%D1%8D%D1%84%D1%84%D0%B5%D0%BA%D1%82%D0%B8%D0%B2%D0%BD%D0%BE%D1%81%D1%82%D1%8C-%D0%BF%D1%80%D0%B8%D0%BC%D0%B5%D0%BD%D0%B5%D0%BD%D0%B8%D1%8F-l-%D0%B0%D1%80%D0%B3%D0%B8%D0%BD%D0%B8%D0%BD%D0%B0-%D0%B2/cm_5_tivortin/ HTTP/1.1" 301 5 "-" "Mozilla/5.0 (compatible; YandexBot/3.0; +http://yandex.com/bots)" "-"
95.108.213.104 - - [18/Oct/2025:07:14:59 +0300 - 0.209 - 0.208] "GET /specialistam/%D1%8D%D1%84%D1%84%D0%B5%D0%BA%D1%82%D0%B8%D0%B2%D0%BD%D0%BE%D1%81%D1%82%D1%8C-%D0%BF%D1%80%D0%B8%D0%BC%D0%B5%D0%BD%D0%B5%D0%BD%D0%B8%D1%8F-l-%D0%B0%D1%80%D0%B3%D0%B8%D0%BD%D0%B8%D0%BD%D0%B0-%D0%B2/ HTTP/1.1" 302 5 "-" "Mozilla/5.0 (compatible; YandexBot/3.0; +http://yandex.com/bots)" "-"
116.240.149.7 - - [18/Oct/2025:07:15:07 +0300 - 0.000 - -] "GET /robots.txt HTTP/1.1" 200 88 "-" "Mozilla/5.0 (compatible; MJ12bot/v1.4.8; http://mj12bot.com/)" "-"
116.240.149.7 - - [18/Oct/2025:07:15:10 +0300 - 0.426 - 0.428] "GET /ru/specialistam/%D0%B2%D0%B0%D0%B3%D1%96%D1%82%D0%BD%D1%96%D1%81%D1%82%D1%8C-%D1%82%D0%B0-%D1%81%D0%B8%D1%81%D1%82%D0%B5%D0%BC%D0%BD%D0%B8%D0%B9-%D1%87%D0%B5%D1%80%D0%B2%D0%BE%D0%BD%D0%B8%D0%B9-%D0%B2%D0%BE%D0%B2/ HTTP/1.1" 200 32616 "-" "Mozilla/5.0 (compatible; MJ12bot/v1.4.8; http://mj12bot.com/)" "-"
116.240.149.7 - - [18/Oct/2025:07:15:19 +0300 - 0.385 - 0.384] "GET /ru/specialistam/%D0%B0%D1%80%D0%B3%D0%B8%D0%BD%D0%B8%D0%BD-%D0%B2-%D0%BC%D0%B5%D0%B4%D0%B8%D1%86%D0%B8%D0%BD%D1%81%D0%BA%D0%BE%D0%B9-%D0%BF%D1%80%D0%B0%D0%BA%D1%82%D0%B8%D0%BA%D0%B5-%D0%BE%D0%B1%D0%B7%D0%BE%D1%80/ HTTP/1.1" 200 34545 "-" "Mozilla/5.0 (compatible; MJ12bot/v1.4.8; http://mj12bot.com/)" "-"
116.240.149.7 - - [18/Oct/2025:07:15:28 +0300 - 0.356 - 0.356] "GET /ru/specialistam/%D0%B2%D0%BB%D0%B8%D1%8F%D0%BD%D0%B8%D0%B5-l-%D0%B0%D1%80%D0%B3%D0%B8%D0%BD%D0%B8%D0%BD%D0%B0-%D0%BD%D0%B0-%D1%84%D1%83%D0%BD%D0%BA%D1%86%D0%B8%D0%BE%D0%BD%D0%B0%D0%BB%D1%8C%D0%BD%D0%BE%D0%B5-%D1%81/ HTTP/1.1" 200 24995 "-" "Mozilla/5.0 (compatible; MJ12bot/v1.4.8; http://mj12bot.com/)" "-"
116.240.149.7 - - [18/Oct/2025:07:15:35 +0300 - 0.426 - 0.428] "GET /ru/specialistam/%D0%B2%D0%BE%D0%B7%D0%BC%D0%BE%D0%B6%D0%BD%D0%BE%D1%81%D1%82%D0%B8-%D0%B2-%D1%80%D0%B5%D1%88%D0%B5%D0%BD%D0%B8%D0%B8-%D0%B2%D0%BE%D0%BF%D1%80%D0%BE%D1%81%D0%BE%D0%B2-%D0%B3%D0%B5%D1%81%D1%82%D0%BE/ HTTP/1.1" 200 29016 "-" "Mozilla/5.0 (compatible; MJ12bot/v1.4.8; http://mj12bot.com/)" "-"
31.131.20.181 - - [18/Oct/2025:07:15:40 +0300 - 0.000 - 0.000] "POST /wp-cron.php?doing_wp_cron=1760760940.3510129451751708984375 HTTP/1.1" 499 0 "-" "WordPress/6.8.3; https://tivortin.com/ru/" "-"
116.240.149.7 - - [18/Oct/2025:07:15:40 +0300 - 0.447 - 0.444] "GET /ru/specialistam/%D0%BE%D1%81%D0%BE%D0%B1%D0%BB%D0%B8%D0%B2%D0%BE%D1%81%D1%82%D1%96-%D1%86%D0%B5%D1%80%D0%B5%D0%B1%D1%80%D0%B0%D0%BB%D1%8C%D0%BD%D0%BE%D1%97-%D0%B3%D0%B5%D0%BC%D0%BE%D0%B4%D0%B8%D0%BD%D0%B0%D0%BC%D1%96/ HTTP/1.1" 200 28898 "-" "Mozilla/5.0 (compatible; MJ12bot/v1.4.8; http://mj12bot.com/)" "-"
159.69.158.189 - - [18/Oct/2025:07:15:40 +0300 - 0.333 - 0.332] "HEAD / HTTP/1.1" 200 0 "https://tivortin.com" "Mozilla/5.0+(compatible; UptimeRobot/2.0; http://www.uptimerobot.com/)" "-"
116.240.149.7 - - [18/Oct/2025:07:15:49 +0300 - 0.490 - 0.492] "GET /ru/specialistam/%D0%BE%D1%86%D0%B5%D0%BD%D0%BA%D0%B0-%D1%8D%D1%84%D1%84%D0%B5%D0%BA%D1%82%D0%B8%D0%B2%D0%BD%D0%BE%D1%81%D1%82%D0%B8-%D0%BF%D1%80%D0%B8%D0%BC%D0%B5%D0%BD%D0%B5%D0%BD%D0%B8%D1%8F-l-%D0%B0%D1%80%D0%B3/ HTTP/1.1" 200 32827 "-" "Mozilla/5.0 (compatible; MJ12bot/v1.4.8; http://mj12bot.com/)" "-"
116.240.149.7 - - [18/Oct/2025:07:15:59 +0300 - 0.404 - 0.404] "GET /ru/specialistam/%D0%BE%D1%86%D0%B5%D0%BD%D0%BA%D0%B0-%D1%8D%D1%84%D1%84%D0%B5%D0%BA%D1%82%D0%B8%D0%B2%D0%BD%D0%BE%D1%81%D1%82%D0%B8-%D1%82%D0%B8%D0%B2%D0%BE%D1%80%D1%82%D0%B8%D0%BD%D0%B0-%D0%B2-%D0%BA%D0%BE%D0%BC/ HTTP/1.1" 200 27746 "-" "Mozilla/5.0 (compatible; MJ12bot/v1.4.8; http://mj12bot.com/)" "-"
5.255.231.250 - - [18/Oct/2025:07:16:03 +0300 - 0.466 - 0.468] "GET /ru/specialistam/%D1%8D%D1%84%D1%84%D0%B5%D0%BA%D1%82%D0%B8%D0%B2%D0%BD%D0%BE%D1%81%D1%82%D1%8C-%D0%BF%D1%80%D0%B8%D0%BC%D0%B5%D0%BD%D0%B5%D0%BD%D0%B8%D1%8F-l-%D0%B0%D1%80%D0%B3%D0%B8%D0%BD%D0%B8%D0%BD%D0%B0-%D0%B2/ HTTP/1.1" 200 30824 "-" "Mozilla/5.0 (compatible; YandexBot/3.0; +http://yandex.com/bots)" "-"
47.128.22.171 - - [18/Oct/2025:07:16:10 +0300 - 0.181 - 0.180] "GET /en/specialistam/l-%D0%B0%D1%80%D0%B3%D0%B8%D0%BD%D0%B8%D0%BD-%D0%BF%D1%80%D0%B8-%D0%B8%D1%88%D0%B5%D0%BC%D0%B8%D1%87%D0%B5%D1%81%D0%BA%D0%BE%D0%B9-%D0%B1%D0%BE%D0%BB%D0%B5%D0%B7%D0%BD%D0%B8-%D1%81%D0%B5%D1%80%D0%B4/ HTTP/1.1" 301 5 "-" "Mozilla/5.0 (compatible; Bytespider; spider-feedback@bytedance.com) AppleWebKit/537.36 (KHTML, like Gecko) Chrome/70.0.0.0 Safari/537.36" "-"
47.128.22.171 - - [18/Oct/2025:07:16:10 +0300 - 0.368 - 0.368] "GET /specialistam/l-%d0%b0%d1%80%d0%b3%d0%b8%d0%bd%d0%b8%d0%bd-%d0%bf%d1%80%d0%b8-%d0%b8%d1%88%d0%b5%d0%bc%d0%b8%d1%87%d0%b5%d1%81%d0%ba%d0%be%d0%b9-%d0%b1%d0%be%d0%bb%d0%b5%d0%b7%d0%bd%d0%b8-%d1%81%d0%b5%d1%80%d0%b4/ HTTP/1.1" 200 32423 "-" "Mozilla/5.0 (compatible; Bytespider; spider-feedback@bytedance.com) AppleWebKit/537.36 (KHTML, like Gecko) Chrome/70.0.0.0 Safari/537.36" "-"
116.240.149.7 - - [18/Oct/2025:07:16:15 +0300 - 0.400 - 0.400] "GET /ru/specialistam/%D0%BF%D0%B0%D1%82%D0%BE%D0%B3%D0%B5%D0%BD%D0%B5%D1%82%D0%B8%D1%87%D0%B5%D1%81%D0%BA%D0%B8-%D0%BE%D0%B1%D0%BE%D1%81%D0%BD%D0%BE%D0%B2%D0%B0%D0%BD%D0%BD%D0%B0%D1%8F-%D1%80%D0%BE%D0%BB%D1%8C-%D0%B4/ HTTP/1.1" 200 31590 "-" "Mozilla/5.0 (compatible; MJ12bot/v1.4.8; http://mj12bot.com/)" "-"
116.240.149.7 - - [18/Oct/2025:07:16:24 +0300 - 0.431 - 0.428] "GET /ru/specialistam/%D0%BF%D0%B5%D1%80%D0%B5%D0%B2%D0%B0%D0%B3%D0%B8-%D0%BA%D0%BE%D0%BC%D0%B1%D1%96%D0%BD%D0%BE%D0%B2%D0%B0%D0%BD%D0%BE%D0%B3%D0%BE-%D0%B7%D0%B0%D1%81%D1%82%D0%BE%D1%81%D1%83%D0%B2%D0%B0%D0%BD%D0%BD%D1%8F/ HTTP/1.1" 200 33253 "-" "Mozilla/5.0 (compatible; MJ12bot/v1.4.8; http://mj12bot.com/)" "-"
116.240.149.7 - - [18/Oct/2025:07:16:32 +0300 - 0.365 - 0.364] "GET /ru/specialistam/%D0%BF%D1%80%D0%B8%D0%BC%D0%B5%D0%BD%D0%B5%D0%BD%D0%B8%D0%B5-l-%D0%B0%D1%80%D0%B3%D0%B8%D0%BD%D0%B8%D0%BD%D0%B0-%D0%B2-%D0%B0%D0%BA%D1%83%D1%88%D0%B5%D1%80%D1%81%D0%BA%D0%BE%D0%B9-%D0%BF%D1%80%D0%B0/ HTTP/1.1" 200 29225 "-" "Mozilla/5.0 (compatible; MJ12bot/v1.4.8; http://mj12bot.com/)" "-"
31.131.20.181 - - [18/Oct/2025:07:16:39 +0300 - 0.001 - 0.000] "POST /wp-cron.php?doing_wp_cron=1760760999.2914910316467285156250 HTTP/1.1" 499 0 "-" "WordPress/6.8.3; https://tivortin.com/ru/" "-"
162.120.187.127 - - [18/Oct/2025:07:16:39 +0300 - 0.399 - 0.400] "GET /ru/o-preparate/instrukciya/ HTTP/1.1" 200 22296 "https://www.google.com/" "Mozilla/5.0 (Linux; Android 10; K) AppleWebKit/537.36 (KHTML, like Gecko) Chrome/135.0.0.0 Mobile Safari/537.36" "-"
116.240.149.7 - - [18/Oct/2025:07:16:43 +0300 - 0.432 - 0.432] "GET /ru/specialistam/%D0%BF%D1%80%D0%B8%D0%BC%D0%B5%D0%BD%D0%B5%D0%BD%D0%B8%D0%B5-l-%D0%B0%D1%80%D0%B3%D0%B8%D0%BD%D0%B8%D0%BD%D0%B0-%D0%B2-%D0%BB%D0%B5%D1%87%D0%B5%D0%BD%D0%B8%D0%B8-%D1%8D%D1%80%D0%B5%D0%BA%D1%82%D0%B8/ HTTP/1.1" 200 24339 "-" "Mozilla/5.0 (compatible; MJ12bot/v1.4.8; http://mj12bot.com/)" "-"
49.13.24.81 - - [18/Oct/2025:07:16:43 +0300 - 0.216 - 0.216] "HEAD / HTTP/1.1" 200 0 "https://tivortin.com" "Mozilla/5.0+(compatible; UptimeRobot/2.0; http://www.uptimerobot.com/)" "-"
188.190.95.205 - - [18/Oct/2025:07:16:51 +0300 - 0.335 - 0.336] "GET /specialistam/%D0%B4%D0%BE%D0%BB%D0%B3%D0%BE%D0%B6%D0%B4%D0%B0%D0%BD%D0%BD%D1%8B%D0%B9-%D0%B4%D0%BE%D0%BD%D0%B0%D1%82%D0%BE%D1%80-%D0%BE%D0%BA%D1%81%D0%B8%D0%B4%D0%B0-%D0%B0%D0%B7%D0%BE%D1%82%D0%B0-%D0%BA%D0%BE/ HTTP/1.1" 200 28566 "https://www.google.com/url?q=https://tivortin.com/specialistam/%25D0%25B4%25D0%25BE%25D0%25BB%25D0%25B3%25D0%25BE%25D0%25B6%25D0%25B4%25D0%25B0%25D0%25BD%25D0%25BD%25D1%258B%25D0%25B9-%25D0%25B4%25D0%25BE%25D0%25BD%25D0%25B0%25D1%2582%25D0%25BE%25D1%2580-%25D0%25BE%25D0%25BA%25D1%2581%25D0%25B8%25D0%25B4%25D0%25B0-%25D0%25B0%25D0%25B7%25D0%25BE%25D1%2582%25D0%25B0-%25D0%25BA%25D0%25BE/&sa=U&sqi=2&ved=2ahUKEwjdg7O98ayQAxWfRvEDHWOeOBYQFnoECEoQAQ&usg=AOvVaw01eW4tTpDb7O0b_0rmWfvS" "Mozilla/5.0 (iPhone; CPU iPhone OS 18_6_2 like Mac OS X) AppleWebKit/605.1.15 (KHTML, like Gecko) GSA/390.0.817388646 Mobile/15E148 Safari/604.1" "-"
188.190.95.205 - - [18/Oct/2025:07:16:52 +0300 - 0.000 - -] "GET /wp-content/themes/tivortin/images/logo.png HTTP/1.1" 200 12318 "https://tivortin.com/specialistam/%D0%B4%D0%BE%D0%BB%D0%B3%D0%BE%D0%B6%D0%B4%D0%B0%D0%BD%D0%BD%D1%8B%D0%B9-%D0%B4%D0%BE%D0%BD%D0%B0%D1%82%D0%BE%D1%80-%D0%BE%D0%BA%D1%81%D0%B8%D0%B4%D0%B0-%D0%B0%D0%B7%D0%BE%D1%82%D0%B0-%D0%BA%D0%BE/" "Mozilla/5.0 (iPhone; CPU iPhone OS 18_6_2 like Mac OS X) AppleWebKit/605.1.15 (KHTML, like Gecko) GSA/390.0.817388646 Mobile/15E148 Safari/604.1" "-"
188.190.95.205 - - [18/Oct/2025:07:16:52 +0300 - 0.000 - -] "GET /wp-content/uploads/2017/01/foto16.jpg HTTP/1.1" 200 8428 "https://tivortin.com/specialistam/%D0%B4%D0%BE%D0%BB%D0%B3%D0%BE%D0%B6%D0%B4%D0%B0%D0%BD%D0%BD%D1%8B%D0%B9-%D0%B4%D0%BE%D0%BD%D0%B0%D1%82%D0%BE%D1%80-%D0%BE%D0%BA%D1%81%D0%B8%D0%B4%D0%B0-%D0%B0%D0%B7%D0%BE%D1%82%D0%B0-%D0%BA%D0%BE/" "Mozilla/5.0 (iPhone; CPU iPhone OS 18_6_2 like Mac OS X) AppleWebKit/605.1.15 (KHTML, like Gecko) GSA/390.0.817388646 Mobile/15E148 Safari/604.1" "-"
188.190.95.205 - - [18/Oct/2025:07:16:52 +0300 - 0.000 - -] "GET /wp-content/uploads/2017/01/foto162.jpg HTTP/1.1" 200 6774 "https://tivortin.com/specialistam/%D0%B4%D0%BE%D0%BB%D0%B3%D0%BE%D0%B6%D0%B4%D0%B0%D0%BD%D0%BD%D1%8B%D0%B9-%D0%B4%D0%BE%D0%BD%D0%B0%D1%82%D0%BE%D1%80-%D0%BE%D0%BA%D1%81%D0%B8%D0%B4%D0%B0-%D0%B0%D0%B7%D0%BE%D1%82%D0%B0-%D0%BA%D0%BE/" "Mozilla/5.0 (iPhone; CPU iPhone OS 18_6_2 like Mac OS X) AppleWebKit/605.1.15 (KHTML, like Gecko) GSA/390.0.817388646 Mobile/15E148 Safari/604.1" "-"
188.190.95.205 - - [18/Oct/2025:07:16:52 +0300 - 0.000 - -] "GET /wp-content/themes/tivortin/images/icons/search-icon.png HTTP/1.1" 200 1880 "https://tivortin.com/specialistam/%D0%B4%D0%BE%D0%BB%D0%B3%D0%BE%D0%B6%D0%B4%D0%B0%D0%BD%D0%BD%D1%8B%D0%B9-%D0%B4%D0%BE%D0%BD%D0%B0%D1%82%D0%BE%D1%80-%D0%BE%D0%BA%D1%81%D0%B8%D0%B4%D0%B0-%D0%B0%D0%B7%D0%BE%D1%82%D0%B0-%D0%BA%D0%BE/" "Mozilla/5.0 (iPhone; CPU iPhone OS 18_6_2 like Mac OS X) AppleWebKit/605.1.15 (KHTML, like Gecko) GSA/390.0.817388646 Mobile/15E148 Safari/604.1" "-"
188.190.95.205 - - [18/Oct/2025:07:16:52 +0300 - 0.000 - -] "GET /wp-content/themes/tivortin/images/arrow-top.png HTTP/1.1" 200 938 "https://tivortin.com/specialistam/%D0%B4%D0%BE%D0%BB%D0%B3%D0%BE%D0%B6%D0%B4%D0%B0%D0%BD%D0%BD%D1%8B%D0%B9-%D0%B4%D0%BE%D0%BD%D0%B0%D1%82%D0%BE%D1%80-%D0%BE%D0%BA%D1%81%D0%B8%D0%B4%D0%B0-%D0%B0%D0%B7%D0%BE%D1%82%D0%B0-%D0%BA%D0%BE/" "Mozilla/5.0 (iPhone; CPU iPhone OS 18_6_2 like Mac OS X) AppleWebKit/605.1.15 (KHTML, like Gecko) GSA/390.0.817388646 Mobile/15E148 Safari/604.1" "-"
188.190.95.205 - - [18/Oct/2025:07:16:52 +0300 - 0.000 - -] "GET /wp-content/themes/tivortin/images/samolechenie_ua.png HTTP/1.1" 200 16363 "https://tivortin.com/specialistam/%D0%B4%D0%BE%D0%BB%D0%B3%D0%BE%D0%B6%D0%B4%D0%B0%D0%BD%D0%BD%D1%8B%D0%B9-%D0%B4%D0%BE%D0%BD%D0%B0%D1%82%D0%BE%D1%80-%D0%BE%D0%BA%D1%81%D0%B8%D0%B4%D0%B0-%D0%B0%D0%B7%D0%BE%D1%82%D0%B0-%D0%BA%D0%BE/" "Mozilla/5.0 (iPhone; CPU iPhone OS 18_6_2 like Mac OS X) AppleWebKit/605.1.15 (KHTML, like Gecko) GSA/390.0.817388646 Mobile/15E148 Safari/604.1" "-"
188.190.95.205 - - [18/Oct/2025:07:16:52 +0300 - 0.000 - -] "GET /wp-content/themes/tivortin/images/samolechenie_uamob.png HTTP/1.1" 200 13689 "https://tivortin.com/specialistam/%D0%B4%D0%BE%D0%BB%D0%B3%D0%BE%D0%B6%D0%B4%D0%B0%D0%BD%D0%BD%D1%8B%D0%B9-%D0%B4%D0%BE%D0%BD%D0%B0%D1%82%D0%BE%D1%80-%D0%BE%D0%BA%D1%81%D0%B8%D0%B4%D0%B0-%D0%B0%D0%B7%D0%BE%D1%82%D0%B0-%D0%BA%D0%BE/" "Mozilla/5.0 (iPhone; CPU iPhone OS 18_6_2 like Mac OS X) AppleWebKit/605.1.15 (KHTML, like Gecko) GSA/390.0.817388646 Mobile/15E148 Safari/604.1" "-"
188.190.95.205 - - [18/Oct/2025:07:16:52 +0300 - 0.000 - -] "GET /wp-content/themes/tivortin/images/dwnload-icon.png HTTP/1.1" 200 541 "https://tivortin.com/specialistam/%D0%B4%D0%BE%D0%BB%D0%B3%D0%BE%D0%B6%D0%B4%D0%B0%D0%BD%D0%BD%D1%8B%D0%B9-%D0%B4%D0%BE%D0%BD%D0%B0%D1%82%D0%BE%D1%80-%D0%BE%D0%BA%D1%81%D0%B8%D0%B4%D0%B0-%D0%B0%D0%B7%D0%BE%D1%82%D0%B0-%D0%BA%D0%BE/" "Mozilla/5.0 (iPhone; CPU iPhone OS 18_6_2 like Mac OS X) AppleWebKit/605.1.15 (KHTML, like Gecko) GSA/390.0.817388646 Mobile/15E148 Safari/604.1" "-"
188.190.95.205 - - [18/Oct/2025:07:16:52 +0300 - 0.251 - 0.252] "GET /wp-json/contact-form-7/v1/contact-forms/552/feedback/schema HTTP/1.1" 200 318 "https://tivortin.com/specialistam/%D0%B4%D0%BE%D0%BB%D0%B3%D0%BE%D0%B6%D0%B4%D0%B0%D0%BD%D0%BD%D1%8B%D0%B9-%D0%B4%D0%BE%D0%BD%D0%B0%D1%82%D0%BE%D1%80-%D0%BE%D0%BA%D1%81%D0%B8%D0%B4%D0%B0-%D0%B0%D0%B7%D0%BE%D1%82%D0%B0-%D0%BA%D0%BE/" "Mozilla/5.0 (iPhone; CPU iPhone OS 18_6_2 like Mac OS X) AppleWebKit/605.1.15 (KHTML, like Gecko) GSA/390.0.817388646 Mobile/15E148 Safari/604.1" "-"
188.190.95.205 - - [18/Oct/2025:07:16:52 +0300 - 0.000 - -] "GET /wp-content/uploads/2017/02/u.png HTTP/1.1" 200 7012 "https://tivortin.com/specialistam/%D0%B4%D0%BE%D0%BB%D0%B3%D0%BE%D0%B6%D0%B4%D0%B0%D0%BD%D0%BD%D1%8B%D0%B9-%D0%B4%D0%BE%D0%BD%D0%B0%D1%82%D0%BE%D1%80-%D0%BE%D0%BA%D1%81%D0%B8%D0%B4%D0%B0-%D0%B0%D0%B7%D0%BE%D1%82%D0%B0-%D0%BA%D0%BE/" "Mozilla/5.0 (iPhone; CPU iPhone OS 18_6_2 like Mac OS X) AppleWebKit/605.1.15 (KHTML, like Gecko) GSA/390.0.817388646 Mobile/15E148 Safari/604.1" "-"
188.190.95.205 - - [18/Oct/2025:07:16:52 +0300 - 0.000 - -] "GET /wp-content/uploads/2017/02/laktyvit.png HTTP/1.1" 200 5748 "https://tivortin.com/specialistam/%D0%B4%D0%BE%D0%BB%D0%B3%D0%BE%D0%B6%D0%B4%D0%B0%D0%BD%D0%BD%D1%8B%D0%B9-%D0%B4%D0%BE%D0%BD%D0%B0%D1%82%D0%BE%D1%80-%D0%BE%D0%BA%D1%81%D0%B8%D0%B4%D0%B0-%D0%B0%D0%B7%D0%BE%D1%82%D0%B0-%D0%BA%D0%BE/" "Mozilla/5.0 (iPhone; CPU iPhone OS 18_6_2 like Mac OS X) AppleWebKit/605.1.15 (KHTML, like Gecko) GSA/390.0.817388646 Mobile/15E148 Safari/604.1" "-"
188.190.95.205 - - [18/Oct/2025:07:16:52 +0300 - 0.000 - -] "GET /wp-content/uploads/2017/02/gynodek.png HTTP/1.1" 200 14178 "https://tivortin.com/specialistam/%D0%B4%D0%BE%D0%BB%D0%B3%D0%BE%D0%B6%D0%B4%D0%B0%D0%BD%D0%BD%D1%8B%D0%B9-%D0%B4%D0%BE%D0%BD%D0%B0%D1%82%D0%BE%D1%80-%D0%BE%D0%BA%D1%81%D0%B8%D0%B4%D0%B0-%D0%B0%D0%B7%D0%BE%D1%82%D0%B0-%D0%BA%D0%BE/" "Mozilla/5.0 (iPhone; CPU iPhone OS 18_6_2 like Mac OS X) AppleWebKit/605.1.15 (KHTML, like Gecko) GSA/390.0.817388646 Mobile/15E148 Safari/604.1" "-"
188.190.95.205 - - [18/Oct/2025:07:16:52 +0300 - 0.000 - -] "GET /wp-content/uploads/2017/02/revul.png HTTP/1.1" 200 8702 "https://tivortin.com/specialistam/%D0%B4%D0%BE%D0%BB%D0%B3%D0%BE%D0%B6%D0%B4%D0%B0%D0%BD%D0%BD%D1%8B%D0%B9-%D0%B4%D0%BE%D0%BD%D0%B0%D1%82%D0%BE%D1%80-%D0%BE%D0%BA%D1%81%D0%B8%D0%B4%D0%B0-%D0%B0%D0%B7%D0%BE%D1%82%D0%B0-%D0%BA%D0%BE/" "Mozilla/5.0 (iPhone; CPU iPhone OS 18_6_2 like Mac OS X) AppleWebKit/605.1.15 (KHTML, like Gecko) GSA/390.0.817388646 Mobile/15E148 Safari/604.1" "-"
188.190.95.205 - - [18/Oct/2025:07:16:52 +0300 - 0.000 - -] "GET /wp-content/themes/tivortin/images/facebook_soc.png HTTP/1.1" 200 1530 "https://tivortin.com/specialistam/%D0%B4%D0%BE%D0%BB%D0%B3%D0%BE%D0%B6%D0%B4%D0%B0%D0%BD%D0%BD%D1%8B%D0%B9-%D0%B4%D0%BE%D0%BD%D0%B0%D1%82%D0%BE%D1%80-%D0%BE%D0%BA%D1%81%D0%B8%D0%B4%D0%B0-%D0%B0%D0%B7%D0%BE%D1%82%D0%B0-%D0%BA%D0%BE/" "Mozilla/5.0 (iPhone; CPU iPhone OS 18_6_2 like Mac OS X) AppleWebKit/605.1.15 (KHTML, like Gecko) GSA/390.0.817388646 Mobile/15E148 Safari/604.1" "-"
188.190.95.205 - - [18/Oct/2025:07:16:52 +0300 - 0.000 - -] "GET /wp-content/themes/tivortin/images/youtube_soc.png HTTP/1.1" 200 2632 "https://tivortin.com/specialistam/%D0%B4%D0%BE%D0%BB%D0%B3%D0%BE%D0%B6%D0%B4%D0%B0%D0%BD%D0%BD%D1%8B%D0%B9-%D0%B4%D0%BE%D0%BD%D0%B0%D1%82%D0%BE%D1%80-%D0%BE%D0%BA%D1%81%D0%B8%D0%B4%D0%B0-%D0%B0%D0%B7%D0%BE%D1%82%D0%B0-%D0%BA%D0%BE/" "Mozilla/5.0 (iPhone; CPU iPhone OS 18_6_2 like Mac OS X) AppleWebKit/605.1.15 (KHTML, like Gecko) GSA/390.0.817388646 Mobile/15E148 Safari/604.1" "-"
188.190.95.205 - - [18/Oct/2025:07:16:52 +0300 - 0.000 - -] "GET /wp-content/themes/tivortin/images/linkedin_soc.png HTTP/1.1" 200 1764 "https://tivortin.com/specialistam/%D0%B4%D0%BE%D0%BB%D0%B3%D0%BE%D0%B6%D0%B4%D0%B0%D0%BD%D0%BD%D1%8B%D0%B9-%D0%B4%D0%BE%D0%BD%D0%B0%D1%82%D0%BE%D1%80-%D0%BE%D0%BA%D1%81%D0%B8%D0%B4%D0%B0-%D0%B0%D0%B7%D0%BE%D1%82%D0%B0-%D0%BA%D0%BE/" "Mozilla/5.0 (iPhone; CPU iPhone OS 18_6_2 like Mac OS X) AppleWebKit/605.1.15 (KHTML, like Gecko) GSA/390.0.817388646 Mobile/15E148 Safari/604.1" "-"
188.190.95.205 - - [18/Oct/2025:07:16:52 +0300 - 0.000 - -] "GET /wp-content/themes/tivortin/images/uf_logo.png HTTP/1.1" 200 3089 "https://tivortin.com/specialistam/%D0%B4%D0%BE%D0%BB%D0%B3%D0%BE%D0%B6%D0%B4%D0%B0%D0%BD%D0%BD%D1%8B%D0%B9-%D0%B4%D0%BE%D0%BD%D0%B0%D1%82%D0%BE%D1%80-%D0%BE%D0%BA%D1%81%D0%B8%D0%B4%D0%B0-%D0%B0%D0%B7%D0%BE%D1%82%D0%B0-%D0%BA%D0%BE/" "Mozilla/5.0 (iPhone; CPU iPhone OS 18_6_2 like Mac OS X) AppleWebKit/605.1.15 (KHTML, like Gecko) GSA/390.0.817388646 Mobile/15E148 Safari/604.1" "-"
116.240.149.7 - - [18/Oct/2025:07:16:52 +0300 - 0.372 - 0.372] "GET /ru/specialistam/%D0%BF%D1%80%D0%BE%D0%B1%D0%BB%D0%B5%D0%BC%D1%8B-%D0%BD%D0%B5%D0%B2%D1%8B%D0%BD%D0%B0%D1%88%D0%B8%D0%B2%D0%B0%D0%BD%D0%B8%D1%8F-%D0%B1%D0%B5%D1%80%D0%B5%D0%BC%D0%B5%D0%BD%D0%BD%D0%BE%D1%81%D1%82%D0%B8/ HTTP/1.1" 200 24342 "-" "Mozilla/5.0 (compatible; MJ12bot/v1.4.8; http://mj12bot.com/)" "-"
52.187.246.134 - - [18/Oct/2025:07:16:54 +0300 - 0.425 - 0.424] "GET /en/specialistam/%D1%82%D1%96%D0%B2%D0%BE%D1%80%D1%82%D1%96%D0%BD-%D0%B0%D1%81%D0%BF%D0%B0%D1%80%D1%82%D0%B0%D1%82-%D0%BD%D0%BE%D0%B2%D0%B8%D0%B9-%D0%B1%D0%B5%D0%B7%D0%BF%D0%B5%D1%87%D0%BD%D0%B8%D0%B9-%D1%96-%D0%B5/ HTTP/1.1" 200 21629 "-" "Mozilla/5.0 AppleWebKit/537.36 (KHTML, like Gecko); compatible; ChatGPT-User/1.0; +https://openai.com/bot" "-"
52.187.246.136 - - [18/Oct/2025:07:16:54 +0300 - 0.404 - 0.404] "GET /en/ HTTP/1.1" 200 17559 "-" "Mozilla/5.0 AppleWebKit/537.36 (KHTML, like Gecko); compatible; ChatGPT-User/1.0; +https://openai.com/bot" "-"
52.187.246.134 - - [18/Oct/2025:07:16:54 +0300 - 0.408 - 0.408] "GET /en/o-preparate/instrukciya/ HTTP/1.1" 200 19950 "-" "Mozilla/5.0 AppleWebKit/537.36 (KHTML, like Gecko); compatible; ChatGPT-User/1.0; +https://openai.com/bot" "-"
52.187.246.130 - - [18/Oct/2025:07:16:55 +0300 - 0.363 - 0.360] "GET / HTTP/1.1" 200 18881 "-" "Mozilla/5.0 AppleWebKit/537.36 (KHTML, like Gecko); compatible; ChatGPT-User/1.0; +https://openai.com/bot" "-"
170.106.72.178 - - [18/Oct/2025:07:16:55 +0300 - 0.303 - 0.304] "GET / HTTP/1.1" 200 18857 "https://www.tivortin.com/" "Mozilla/5.0 (iPhone; CPU iPhone OS 13_2_3 like Mac OS X) AppleWebKit/605.1.15 (KHTML, like Gecko) Version/13.0.3 Mobile/15E148 Safari/604.1" "-"
116.240.149.7 - - [18/Oct/2025:07:16:58 +0300 - 0.352 - 0.352] "GET /specialistam/%D0%B2%D0%BE%D0%B7%D1%80%D0%B0%D1%81%D1%82%D0%BD%D1%8B%D0%B5-%D0%BE%D1%81%D0%BE%D0%B1%D0%B5%D0%BD%D0%BD%D0%BE%D1%81%D1%82%D0%B8-%D0%BA%D0%BE%D1%80%D1%80%D0%B5%D0%BA%D1%86%D0%B8%D0%B8-%D1%8D%D0%BD/ HTTP/1.1" 200 25740 "-" "Mozilla/5.0 (compatible; MJ12bot/v1.4.8; http://mj12bot.com/)" "-"
116.240.149.7 - - [18/Oct/2025:07:17:09 +0300 - 0.344 - 0.344] "GET /specialistam/%D0%BA%D0%BB%D0%B8%D0%BD%D0%B8%D1%87%D0%B5%D1%81%D0%BA%D0%B8%D0%B5-%D0%B2%D0%B0%D1%80%D0%B8%D0%B0%D0%BD%D1%82%D1%8B-%D0%B3%D0%B5%D1%81%D1%82%D0%B0%D1%86%D0%B8%D0%BE%D0%BD%D0%BD%D0%BE%D0%B3%D0%BE/ HTTP/1.1" 200 20197 "-" "Mozilla/5.0 (compatible; MJ12bot/v1.4.8; http://mj12bot.com/)" "-"
216.73.216.133 - - [18/Oct/2025:07:17:10 +0300 - 0.326 - 0.328] "GET /specialistam/%D1%8D%D0%BD%D0%B4%D0%BE%D1%82%D0%B5%D0%BB%D0%B8%D0%B0%D0%BB%D1%8C%D0%BD%D0%B0%D1%8F-%D0%B4%D0%B8%D1%81%D1%84%D1%83%D0%BD%D0%BA%D1%86%D0%B8%D1%8F-%D1%83-%D0%BF%D0%B0%D1%86%D0%B8%D0%B5%D0%BD%D1%82/?spec=1 HTTP/1.1" 200 25495 "http://tivortin.com/specialistam/%D1%8D%D0%BD%D0%B4%D0%BE%D1%82%D0%B5%D0%BB%D0%B8%D0%B0%D0%BB%D1%8C%D0%BD%D0%B0%D1%8F-%D0%B4%D0%B8%D1%81%D1%84%D1%83%D0%BD%D0%BA%D1%86%D0%B8%D1%8F-%D1%83-%D0%BF%D0%B0%D1%86%D0%B8%D0%B5%D0%BD%D1%82/?spec=1" "Mozilla/5.0 AppleWebKit/537.36 (KHTML, like Gecko; compatible; ClaudeBot/1.0; +claudebot@anthropic.com)" "-"
31.131.20.181 - - [18/Oct/2025:07:17:15 +0300 - 0.001 - 0.000] "POST /wp-cron.php?doing_wp_cron=1760761035.7834138870239257812500 HTTP/1.1" 499 0 "-" "WordPress/6.8.3; https://tivortin.com" "-"
116.240.149.7 - - [18/Oct/2025:07:17:16 +0300 - 0.428 - 0.432] "GET /specialistam/%D0%BA%D0%BE%D0%BD%D1%81%D0%B5%D1%80%D0%B2%D0%B0%D1%82%D0%B8%D0%B2%D0%BD%D0%B5-%D0%BB%D1%96%D0%BA%D1%83%D0%B2%D0%B0%D0%BD%D0%BD%D1%8F-%D0%BF%D0%B0%D1%86%D1%96%D1%94%D0%BD%D1%82%D1%96%D0%B2-%D1%96/ HTTP/1.1" 200 27472 "-" "Mozilla/5.0 (compatible; MJ12bot/v1.4.8; http://mj12bot.com/)" "-"
116.240.149.7 - - [18/Oct/2025:07:17:25 +0300 - 0.396 - 0.396] "GET /specialistam/%D0%BE%D0%BA%D0%BA%D0%BB%D1%8E%D0%B7%D0%B8%D0%BE%D0%BD%D0%BD%D0%B0%D1%8F-%D0%B1%D0%BE%D0%BB%D0%B5%D0%B7%D0%BD%D1%8C-%D0%BF%D0%B5%D1%80%D0%B8%D1%84%D0%B5%D1%80%D0%B8%D1%87%D0%B5%D1%81%D0%BA%D0%B8%D1%85/ HTTP/1.1" 200 37763 "-" "Mozilla/5.0 (compatible; MJ12bot/v1.4.8; http://mj12bot.com/)" "-"
31.131.20.181 - - [18/Oct/2025:07:17:47 +0300 - 0.000 - 0.000] "POST /wp-cron.php?doing_wp_cron=1760761067.9022550582885742187500 HTTP/1.1" 499 0 "-" "WordPress/6.8.3; https://tivortin.com" "-"
18.193.252.127 - - [18/Oct/2025:07:17:47 +0300 - 0.276 - 0.276] "HEAD / HTTP/1.1" 200 0 "https://tivortin.com" "Mozilla/5.0+(compatible; UptimeRobot/2.0; http://www.uptimerobot.com/)" "-"
31.131.20.181 - - [18/Oct/2025:07:18:50 +0300 - 0.001 - 0.000] "POST /wp-cron.php?doing_wp_cron=1760761130.8734090328216552734375 HTTP/1.1" 499 0 "-" "WordPress/6.8.3; https://tivortin.com" "-"
88.99.80.227 - - [18/Oct/2025:07:18:50 +0300 - 0.364 - 0.360] "HEAD / HTTP/1.1" 200 0 "https://tivortin.com" "Mozilla/5.0+(compatible; UptimeRobot/2.0; http://www.uptimerobot.com/)" "-"
128.140.41.193 - - [18/Oct/2025:07:19:01 +0300 - 0.250 - 0.248] "HEAD / HTTP/1.1" 200 0 "https://tivortin.com" "Mozilla/5.0+(compatible; UptimeRobot/2.0; http://www.uptimerobot.com/)" "-"
31.131.20.181 - - [18/Oct/2025:07:19:53 +0300 - 0.000 - 0.000] "POST /wp-cron.php?doing_wp_cron=1760761193.3197441101074218750000 HTTP/1.1" 499 0 "-" "WordPress/6.8.3; https://tivortin.com" "-"
3.79.134.69 - - [18/Oct/2025:07:19:53 +0300 - 0.269 - 0.268] "HEAD / HTTP/1.1" 200 0 "https://tivortin.com" "Mozilla/5.0+(compatible; UptimeRobot/2.0; http://www.uptimerobot.com/)" "-"
87.250.224.224 - - [18/Oct/2025:07:20:30 +0300 - 0.459 - 0.460] "GET /ru/specialistam/%D1%8D%D1%84%D1%84%D0%B5%D0%BA%D1%82%D0%B8%D0%B2%D0%BD%D0%BE%D1%81%D1%82%D1%8C-%D0%BF%D1%80%D0%B8%D0%BC%D0%B5%D0%BD%D0%B5%D0%BD%D0%B8%D1%8F-l-%D0%B0%D1%80%D0%B3%D0%B8%D0%BD%D0%B8%D0%BD%D0%B0-%D0%B2/ HTTP/1.1" 200 30824 "-" "Mozilla/5.0 (compatible; YandexBot/3.0; +http://yandex.com/bots)" "-"
31.131.20.181 - - [18/Oct/2025:07:20:58 +0300 - 0.000 - 0.004] "POST /wp-cron.php?doing_wp_cron=1760761258.0094459056854248046875 HTTP/1.1" 499 0 "-" "WordPress/6.8.3; https://tivortin.com" "-"
49.13.24.81 - - [18/Oct/2025:07:20:58 +0300 - 0.245 - 0.248] "HEAD / HTTP/1.1" 200 0 "https://tivortin.com" "Mozilla/5.0+(compatible; UptimeRobot/2.0; http://www.uptimerobot.com/)" "-"
31.131.20.181 - - [18/Oct/2025:07:22:02 +0300 - 0.000 - 0.004] "POST /wp-cron.php?doing_wp_cron=1760761322.1030490398406982421875 HTTP/1.1" 499 0 "-" "WordPress/6.8.3; https://tivortin.com" "-"
159.69.158.189 - - [18/Oct/2025:07:22:02 +0300 - 0.400 - 0.400] "HEAD / HTTP/1.1" 200 0 "https://tivortin.com" "Mozilla/5.0+(compatible; UptimeRobot/2.0; http://www.uptimerobot.com/)" "-"
213.180.203.89 - - [18/Oct/2025:07:22:38 +0300 - 0.000 - -] "GET /robots.txt HTTP/1.1" 200 88 "-" "Mozilla/5.0 (compatible; YandexBot/3.0; +http://yandex.com/bots)" "-"
31.131.20.181 - - [18/Oct/2025:07:22:45 +0300 - 0.000 - 0.000] "POST /wp-cron.php?doing_wp_cron=1760761365.0183889865875244140625 HTTP/1.1" 499 0 "-" "WordPress/6.8.3; https://tivortin.com" "-"
46.235.211.124 - - [18/Oct/2025:07:22:45 +0300 - 0.575 - 0.572] "GET /specialistam/l-%D0%B0%D1%80%D0%B3%D0%B8%D0%BD%D0%B8%D0%BD-%D1%81-%D1%82%D0%BE%D1%87%D0%BA%D0%B8-%D0%B7%D1%80%D0%B5%D0%BD%D0%B8%D1%8F-%D0%B4%D0%BE%D0%BA%D0%B0%D0%B7%D0%B0%D1%82%D0%B5%D0%BB%D1%8C%D0%BD%D0%BE%D0%B9/ HTTP/1.1" 200 44076 "-" "Mozilla/5.0 (Macintosh; Intel Mac OS X 10_9_5) AppleWebKit/537.36 (KHTML, like Gecko) Chrome/66.0.3359.181 Safari/537.36" "-"
187.66.196.210 - - [18/Oct/2025:07:23:00 +0300 - 0.407 - 0.408] "GET /ru/specialistam/%D0%BE%D0%BF%D1%82%D0%B8%D0%BC%D0%B8%D0%B7%D0%B0%D1%86%D0%B8%D1%8F-%D0%BF%D0%BE%D0%B4%D0%B3%D0%BE%D1%82%D0%BE%D0%B2%D0%BA%D0%B8-%D0%BC%D0%BE%D1%80%D1%84%D0%BE%D1%84%D1%83%D0%BD%D0%BA%D1%86%D0%B8%D0%BE/ HTTP/1.1" 200 28455 "-" "Mozilla/5.0 (Windows NT 10.0) AppleWebKit/537.36 (KHTML, like Gecko) Chrome/80.0.3987.132 Safari/537.36" "-"
54.153.103.11 - - [18/Oct/2025:07:23:01 +0300 - 0.388 - 0.388] "GET / HTTP/1.1" 200 18881 "-" "Mozilla/5.0 (Windows NT 10.0; Win64; x64) AppleWebKit/537.36 (KHTML, like Gecko) Chrome/141.0.0.0 Safari/537.36 Edg/141.0.0.0" "-"
168.119.53.160 - - [18/Oct/2025:07:23:06 +0300 - 0.187 - 0.184] "HEAD / HTTP/1.1" 200 0 "https://tivortin.com" "Mozilla/5.0+(compatible; UptimeRobot/2.0; http://www.uptimerobot.com/)" "-"
54.153.103.11 - - [18/Oct/2025:07:23:08 +0300 - 0.000 - -] "GET /wp-content/themes/tivortin/images/logo.png HTTP/1.1" 200 12318 "https://tivortin.com/" "Mozilla/5.0 (Windows NT 10.0; Win64; x64) AppleWebKit/537.36 (KHTML, like Gecko) Chrome/141.0.0.0 Safari/537.36 Edg/141.0.0.0" "-"
54.153.103.11 - - [18/Oct/2025:07:23:09 +0300 - 0.000 - -] "GET /wp-content/uploads/2017/01/start-video-ua.jpg HTTP/1.1" 200 47596 "https://tivortin.com/" "Mozilla/5.0 (Windows NT 10.0; Win64; x64) AppleWebKit/537.36 (KHTML, like Gecko) Chrome/141.0.0.0 Safari/537.36 Edg/141.0.0.0" "-"
54.153.103.11 - - [18/Oct/2025:07:23:09 +0300 - 0.000 - -] "GET /wp-content/themes/tivortin/images/close.png HTTP/1.1" 200 388 "https://tivortin.com/" "Mozilla/5.0 (Windows NT 10.0; Win64; x64) AppleWebKit/537.36 (KHTML, like Gecko) Chrome/141.0.0.0 Safari/537.36 Edg/141.0.0.0" "-"
54.153.103.11 - - [18/Oct/2025:07:23:09 +0300 - 0.000 - -] "GET /wp-content/themes/tivortin/images/play-btn.png HTTP/1.1" 200 680 "https://tivortin.com/wp-content/themes/tivortin/style.css?ver=6.8.3" "Mozilla/5.0 (Windows NT 10.0; Win64; x64) AppleWebKit/537.36 (KHTML, like Gecko) Chrome/141.0.0.0 Safari/537.36 Edg/141.0.0.0" "-"
54.153.103.11 - - [18/Oct/2025:07:23:10 +0300 - 0.000 - -] "GET /wp-content/themes/tivortin/images/go-down.png HTTP/1.1" 200 406 "https://tivortin.com/wp-content/themes/tivortin/style.css?ver=6.8.3" "Mozilla/5.0 (Windows NT 10.0; Win64; x64) AppleWebKit/537.36 (KHTML, like Gecko) Chrome/141.0.0.0 Safari/537.36 Edg/141.0.0.0" "-"
54.153.103.11 - - [18/Oct/2025:07:23:10 +0300 - 0.000 - -] "GET /wp-content/themes/tivortin/images/icons/search-icon.png HTTP/1.1" 200 1880 "https://tivortin.com/wp-content/themes/tivortin/style.css?ver=6.8.3" "Mozilla/5.0 (Windows NT 10.0; Win64; x64) AppleWebKit/537.36 (KHTML, like Gecko) Chrome/141.0.0.0 Safari/537.36 Edg/141.0.0.0" "-"
54.153.103.11 - - [18/Oct/2025:07:23:11 +0300 - 1.663 - -] "GET /wp-content/themes/tivortin/images/tivortin_butle.png HTTP/1.1" 200 274997 "https://tivortin.com/" "Mozilla/5.0 (Windows NT 10.0; Win64; x64) AppleWebKit/537.36 (KHTML, like Gecko) Chrome/141.0.0.0 Safari/537.36 Edg/141.0.0.0" "-"
38.60.208.242 - - [18/Oct/2025:07:23:13 +0300 - 0.308 - 0.308] "GET / HTTP/1.1" 200 18881 "-" "Mozilla/5.0 (Windows NT 10.0; Win64; x64) AppleWebKit/537.36 (KHTML, like Gecko) Chrome/138.0.0.0 YaBrowser/25.8.0.0 Safari/537.36" "-"
54.153.103.11 - - [18/Oct/2025:07:23:14 +0300 - 0.000 - -] "GET /wp-content/themes/tivortin/images/arrow-top.png HTTP/1.1" 200 938 "https://tivortin.com/" "Mozilla/5.0 (Windows NT 10.0; Win64; x64) AppleWebKit/537.36 (KHTML, like Gecko) Chrome/141.0.0.0 Safari/537.36 Edg/141.0.0.0" "-"
54.153.103.11 - - [18/Oct/2025:07:23:14 +0300 - 0.000 - -] "GET /wp-content/themes/tivortin/images/samolechenie_uamob.png HTTP/1.1" 200 13689 "https://tivortin.com/" "Mozilla/5.0 (Windows NT 10.0; Win64; x64) AppleWebKit/537.36 (KHTML, like Gecko) Chrome/141.0.0.0 Safari/537.36 Edg/141.0.0.0" "-"
54.153.103.11 - - [18/Oct/2025:07:23:14 +0300 - 0.000 - -] "GET /wp-content/themes/tivortin/images/samolechenie_ua.png HTTP/1.1" 200 16363 "https://tivortin.com/" "Mozilla/5.0 (Windows NT 10.0; Win64; x64) AppleWebKit/537.36 (KHTML, like Gecko) Chrome/141.0.0.0 Safari/537.36 Edg/141.0.0.0" "-"
38.60.208.242 - - [18/Oct/2025:07:23:14 +0300 - 0.000 - -] "GET /wp-content/themes/tivortin/images/logo.png HTTP/1.1" 200 12318 "https://tivortin.com/" "Mozilla/5.0 (Windows NT 10.0; Win64; x64) AppleWebKit/537.36 (KHTML, like Gecko) Chrome/138.0.0.0 YaBrowser/25.8.0.0 Safari/537.36" "-"
38.60.208.242 - - [18/Oct/2025:07:23:14 +0300 - 0.125 - -] "GET /wp-content/uploads/2017/01/start-video-ua.jpg HTTP/1.1" 200 47596 "https://tivortin.com/" "Mozilla/5.0 (Windows NT 10.0; Win64; x64) AppleWebKit/537.36 (KHTML, like Gecko) Chrome/138.0.0.0 YaBrowser/25.8.0.0 Safari/537.36" "-"
38.60.208.242 - - [18/Oct/2025:07:23:14 +0300 - 0.000 - -] "GET /wp-content/themes/tivortin/images/close.png HTTP/1.1" 200 388 "https://tivortin.com/" "Mozilla/5.0 (Windows NT 10.0; Win64; x64) AppleWebKit/537.36 (KHTML, like Gecko) Chrome/138.0.0.0 YaBrowser/25.8.0.0 Safari/537.36" "-"
38.60.208.242 - - [18/Oct/2025:07:23:14 +0300 - 0.378 - -] "GET /wp-content/uploads/2019/06/TIVORTIN_30.00_00_29_13.Still001.jpg HTTP/1.1" 200 385999 "https://tivortin.com/" "Mozilla/5.0 (Windows NT 10.0; Win64; x64) AppleWebKit/537.36 (KHTML, like Gecko) Chrome/138.0.0.0 YaBrowser/25.8.0.0 Safari/537.36" "-"
38.60.208.242 - - [18/Oct/2025:07:23:14 +0300 - 0.000 - -] "GET /wp-content/themes/tivortin/images/play-btn.png HTTP/1.1" 200 680 "https://tivortin.com/wp-content/themes/tivortin/style.css?ver=6.8.3" "Mozilla/5.0 (Windows NT 10.0; Win64; x64) AppleWebKit/537.36 (KHTML, like Gecko) Chrome/138.0.0.0 YaBrowser/25.8.0.0 Safari/537.36" "-"
38.60.208.242 - - [18/Oct/2025:07:23:14 +0300 - 0.248 - -] "GET /wp-content/themes/tivortin/images/tivortin_butle.png HTTP/1.1" 200 274997 "https://tivortin.com/" "Mozilla/5.0 (Windows NT 10.0; Win64; x64) AppleWebKit/537.36 (KHTML, like Gecko) Chrome/138.0.0.0 YaBrowser/25.8.0.0 Safari/537.36" "-"
38.60.208.242 - - [18/Oct/2025:07:23:14 +0300 - 0.000 - -] "GET /wp-content/themes/tivortin/images/go-down.png HTTP/1.1" 200 406 "https://tivortin.com/wp-content/themes/tivortin/style.css?ver=6.8.3" "Mozilla/5.0 (Windows NT 10.0; Win64; x64) AppleWebKit/537.36 (KHTML, like Gecko) Chrome/138.0.0.0 YaBrowser/25.8.0.0 Safari/537.36" "-"
38.60.208.242 - - [18/Oct/2025:07:23:14 +0300 - 0.000 - -] "GET /wp-content/themes/tivortin/images/icons/search-icon.png HTTP/1.1" 200 1880 "https://tivortin.com/wp-content/themes/tivortin/style.css?ver=6.8.3" "Mozilla/5.0 (Windows NT 10.0; Win64; x64) AppleWebKit/537.36 (KHTML, like Gecko) Chrome/138.0.0.0 YaBrowser/25.8.0.0 Safari/537.36" "-"
38.60.208.242 - - [18/Oct/2025:07:23:15 +0300 - 0.000 - -] "GET /wp-content/themes/tivortin/images/arrow-top.png HTTP/1.1" 200 938 "https://tivortin.com/" "Mozilla/5.0 (Windows NT 10.0; Win64; x64) AppleWebKit/537.36 (KHTML, like Gecko) Chrome/138.0.0.0 YaBrowser/25.8.0.0 Safari/537.36" "-"
38.60.208.242 - - [18/Oct/2025:07:23:15 +0300 - 0.000 - -] "GET /wp-content/themes/tivortin/images/samolechenie_ua.png HTTP/1.1" 200 16363 "https://tivortin.com/" "Mozilla/5.0 (Windows NT 10.0; Win64; x64) AppleWebKit/537.36 (KHTML, like Gecko) Chrome/138.0.0.0 YaBrowser/25.8.0.0 Safari/537.36" "-"
38.60.208.242 - - [18/Oct/2025:07:23:15 +0300 - 0.000 - -] "GET /wp-content/themes/tivortin/images/samolechenie_uamob.png HTTP/1.1" 200 13689 "https://tivortin.com/" "Mozilla/5.0 (Windows NT 10.0; Win64; x64) AppleWebKit/537.36 (KHTML, like Gecko) Chrome/138.0.0.0 YaBrowser/25.8.0.0 Safari/537.36" "-"
38.60.208.242 - - [18/Oct/2025:07:23:15 +0300 - 0.000 - -] "GET /wp-content/themes/tivortin/images/go-down2.png HTTP/1.1" 200 418 "https://tivortin.com/wp-content/themes/tivortin/style.css?ver=6.8.3" "Mozilla/5.0 (Windows NT 10.0; Win64; x64) AppleWebKit/537.36 (KHTML, like Gecko) Chrome/138.0.0.0 YaBrowser/25.8.0.0 Safari/537.36" "-"
38.60.208.242 - - [18/Oct/2025:07:23:15 +0300 - 0.000 - -] "GET /wp-content/themes/tivortin/images/background-scene.jpg HTTP/1.1" 200 25639 "https://tivortin.com/wp-content/themes/tivortin/style.css?ver=6.8.3" "Mozilla/5.0 (Windows NT 10.0; Win64; x64) AppleWebKit/537.36 (KHTML, like Gecko) Chrome/138.0.0.0 YaBrowser/25.8.0.0 Safari/537.36" "-"
54.153.103.11 - - [18/Oct/2025:07:23:15 +0300 - 0.000 - -] "GET /wp-content/themes/tivortin/images/go-down2.png HTTP/1.1" 200 418 "https://tivortin.com/wp-content/themes/tivortin/style.css?ver=6.8.3" "Mozilla/5.0 (Windows NT 10.0; Win64; x64) AppleWebKit/537.36 (KHTML, like Gecko) Chrome/141.0.0.0 Safari/537.36 Edg/141.0.0.0" "-"
38.60.208.242 - - [18/Oct/2025:07:23:15 +0300 - 0.000 - -] "GET /wp-content/themes/tivortin/images/table.png HTTP/1.1" 200 66546 "https://tivortin.com/wp-content/themes/tivortin/style.css?ver=6.8.3" "Mozilla/5.0 (Windows NT 10.0; Win64; x64) AppleWebKit/537.36 (KHTML, like Gecko) Chrome/138.0.0.0 YaBrowser/25.8.0.0 Safari/537.36" "-"
38.60.208.242 - - [18/Oct/2025:07:23:15 +0300 - 0.000 - -] "GET /wp-content/uploads/2017/02/u.png HTTP/1.1" 200 7012 "https://tivortin.com/" "Mozilla/5.0 (Windows NT 10.0; Win64; x64) AppleWebKit/537.36 (KHTML, like Gecko) Chrome/138.0.0.0 YaBrowser/25.8.0.0 Safari/537.36" "-"
38.60.208.242 - - [18/Oct/2025:07:23:15 +0300 - 0.000 - -] "GET /wp-content/uploads/2017/02/gynodek.png HTTP/1.1" 200 14178 "https://tivortin.com/" "Mozilla/5.0 (Windows NT 10.0; Win64; x64) AppleWebKit/537.36 (KHTML, like Gecko) Chrome/138.0.0.0 YaBrowser/25.8.0.0 Safari/537.36" "-"
38.60.208.242 - - [18/Oct/2025:07:23:15 +0300 - 0.000 - -] "GET /wp-content/uploads/2017/02/laktyvit.png HTTP/1.1" 200 5748 "https://tivortin.com/" "Mozilla/5.0 (Windows NT 10.0; Win64; x64) AppleWebKit/537.36 (KHTML, like Gecko) Chrome/138.0.0.0 YaBrowser/25.8.0.0 Safari/537.36" "-"
38.60.208.242 - - [18/Oct/2025:07:23:15 +0300 - 0.000 - -] "GET /wp-content/uploads/2017/02/revul.png HTTP/1.1" 200 8702 "https://tivortin.com/" "Mozilla/5.0 (Windows NT 10.0; Win64; x64) AppleWebKit/537.36 (KHTML, like Gecko) Chrome/138.0.0.0 YaBrowser/25.8.0.0 Safari/537.36" "-"
38.60.208.242 - - [18/Oct/2025:07:23:15 +0300 - 0.000 - -] "GET /wp-content/themes/tivortin/images/facebook_soc.png HTTP/1.1" 200 1530 "https://tivortin.com/wp-content/themes/tivortin/style.css?ver=6.8.3" "Mozilla/5.0 (Windows NT 10.0; Win64; x64) AppleWebKit/537.36 (KHTML, like Gecko) Chrome/138.0.0.0 YaBrowser/25.8.0.0 Safari/537.36" "-"
38.60.208.242 - - [18/Oct/2025:07:23:15 +0300 - 0.000 - -] "GET /wp-content/themes/tivortin/images/youtube_soc.png HTTP/1.1" 200 2632 "https://tivortin.com/wp-content/themes/tivortin/style.css?ver=6.8.3" "Mozilla/5.0 (Windows NT 10.0; Win64; x64) AppleWebKit/537.36 (KHTML, like Gecko) Chrome/138.0.0.0 YaBrowser/25.8.0.0 Safari/537.36" "-"
38.60.208.242 - - [18/Oct/2025:07:23:15 +0300 - 0.256 - 0.256] "GET /wp-json/contact-form-7/v1/contact-forms/552/feedback/schema HTTP/1.1" 200 318 "https://tivortin.com/" "Mozilla/5.0 (Windows NT 10.0; Win64; x64) AppleWebKit/537.36 (KHTML, like Gecko) Chrome/138.0.0.0 YaBrowser/25.8.0.0 Safari/537.36" "-"
38.60.208.242 - - [18/Oct/2025:07:23:15 +0300 - 0.000 - -] "GET /wp-content/themes/tivortin/images/linkedin_soc.png HTTP/1.1" 200 1764 "https://tivortin.com/wp-content/themes/tivortin/style.css?ver=6.8.3" "Mozilla/5.0 (Windows NT 10.0; Win64; x64) AppleWebKit/537.36 (KHTML, like Gecko) Chrome/138.0.0.0 YaBrowser/25.8.0.0 Safari/537.36" "-"
38.60.208.242 - - [18/Oct/2025:07:23:15 +0300 - 0.000 - -] "GET /wp-content/themes/tivortin/images/uf_logo.png HTTP/1.1" 200 3089 "https://tivortin.com/wp-content/themes/tivortin/style.css?ver=6.8.3" "Mozilla/5.0 (Windows NT 10.0; Win64; x64) AppleWebKit/537.36 (KHTML, like Gecko) Chrome/138.0.0.0 YaBrowser/25.8.0.0 Safari/537.36" "-"
54.153.103.11 - - [18/Oct/2025:07:23:15 +0300 - 0.264 - 0.264] "GET /wp-json/contact-form-7/v1/contact-forms/552/feedback/schema HTTP/1.1" 200 318 "https://tivortin.com/" "Mozilla/5.0 (Windows NT 10.0; Win64; x64) AppleWebKit/537.36 (KHTML, like Gecko) Chrome/141.0.0.0 Safari/537.36 Edg/141.0.0.0" "-"
38.60.208.242 - - [18/Oct/2025:07:23:15 +0300 - 0.253 - -] "GET /wp-content/uploads/2017/01/Tivortin_UA_op.mp4 HTTP/1.1" 206 474848 "https://tivortin.com/" "Mozilla/5.0 (Windows NT 10.0; Win64; x64) AppleWebKit/537.36 (KHTML, like Gecko) Chrome/138.0.0.0 YaBrowser/25.8.0.0 Safari/537.36" "-"
54.153.103.11 - - [18/Oct/2025:07:23:15 +0300 - 7.515 - -] "GET /wp-content/uploads/2019/06/TIVORTIN_30.00_00_29_13.Still001.jpg HTTP/1.1" 200 385999 "https://tivortin.com/" "Mozilla/5.0 (Windows NT 10.0; Win64; x64) AppleWebKit/537.36 (KHTML, like Gecko) Chrome/141.0.0.0 Safari/537.36 Edg/141.0.0.0" "-"
38.60.208.242 - - [18/Oct/2025:07:23:15 +0300 - 0.456 - -] "GET /wp-content/uploads/2019/06/TIVORTIN_NET.mp4 HTTP/1.1" 206 5013215 "https://tivortin.com/" "Mozilla/5.0 (Windows NT 10.0; Win64; x64) AppleWebKit/537.36 (KHTML, like Gecko) Chrome/138.0.0.0 YaBrowser/25.8.0.0 Safari/537.36" "-"
54.153.103.11 - - [18/Oct/2025:07:23:16 +0300 - 0.956 - -] "GET /wp-content/uploads/2017/01/Tivortin_UA_op.mp4 HTTP/1.1" 206 311008 "https://tivortin.com/" "Mozilla/5.0 (Windows NT 10.0; Win64; x64) AppleWebKit/537.36 (KHTML, like Gecko) Chrome/141.0.0.0 Safari/537.36 Edg/141.0.0.0" "-"
54.153.103.11 - - [18/Oct/2025:07:23:16 +0300 - 0.000 - -] "GET /wp-content/themes/tivortin/images/background-scene.jpg HTTP/1.1" 200 25639 "https://tivortin.com/wp-content/themes/tivortin/style.css?ver=6.8.3" "Mozilla/5.0 (Windows NT 10.0; Win64; x64) AppleWebKit/537.36 (KHTML, like Gecko) Chrome/141.0.0.0 Safari/537.36 Edg/141.0.0.0" "-"
54.153.103.11 - - [18/Oct/2025:07:23:16 +0300 - 0.000 - -] "GET /wp-content/uploads/2017/02/u.png HTTP/1.1" 200 7012 "https://tivortin.com/" "Mozilla/5.0 (Windows NT 10.0; Win64; x64) AppleWebKit/537.36 (KHTML, like Gecko) Chrome/141.0.0.0 Safari/537.36 Edg/141.0.0.0" "-"
54.153.103.11 - - [18/Oct/2025:07:23:16 +0300 - 0.958 - -] "GET /wp-content/themes/tivortin/images/table.png HTTP/1.1" 200 66546 "https://tivortin.com/wp-content/themes/tivortin/style.css?ver=6.8.3" "Mozilla/5.0 (Windows NT 10.0; Win64; x64) AppleWebKit/537.36 (KHTML, like Gecko) Chrome/141.0.0.0 Safari/537.36 Edg/141.0.0.0" "-"
54.153.103.11 - - [18/Oct/2025:07:23:16 +0300 - 0.000 - -] "GET /wp-content/uploads/2017/02/gynodek.png HTTP/1.1" 200 14178 "https://tivortin.com/" "Mozilla/5.0 (Windows NT 10.0; Win64; x64) AppleWebKit/537.36 (KHTML, like Gecko) Chrome/141.0.0.0 Safari/537.36 Edg/141.0.0.0" "-"
54.153.103.11 - - [18/Oct/2025:07:23:16 +0300 - 0.000 - -] "GET /wp-content/uploads/2017/02/laktyvit.png HTTP/1.1" 200 5748 "https://tivortin.com/" "Mozilla/5.0 (Windows NT 10.0; Win64; x64) AppleWebKit/537.36 (KHTML, like Gecko) Chrome/141.0.0.0 Safari/537.36 Edg/141.0.0.0" "-"
54.153.103.11 - - [18/Oct/2025:07:23:17 +0300 - 0.000 - -] "GET /wp-content/uploads/2017/02/revul.png HTTP/1.1" 200 8702 "https://tivortin.com/" "Mozilla/5.0 (Windows NT 10.0; Win64; x64) AppleWebKit/537.36 (KHTML, like Gecko) Chrome/141.0.0.0 Safari/537.36 Edg/141.0.0.0" "-"
