95.108.213.104 - - [18/Oct/2025:15:50:47 +0300 - 0.467 - 0.464] "GET /ru/razdel/nevrologam-ru/ HTTP/1.1" 200 20219 "-" "Mozilla/5.0 (iPhone; CPU iPhone OS 15_4_1 like Mac OS X) AppleWebKit/605.1.15 (KHTML, like Gecko) Version/15.4 Mobile/15E148 Safari/604.1 (compatible; YandexMobileBot/3.0; +http://yandex.com/bots)" "-"
162.120.188.49 - - [18/Oct/2025:15:50:55 +0300 - 0.402 - 0.400] "GET /o-preparate/instrukciya/ HTTP/1.1" 200 21977 "-" "Mozilla/5.0 (Linux; Android 10; K) AppleWebKit/537.36 (KHTML, like Gecko) Chrome/141.0.0.0 Mobile Safari/537.36" "-"
5.255.231.136 - - [18/Oct/2025:15:51:05 +0300 - 0.396 - 0.396] "GET /ru/specialistam/%D0%B7%D0%B0%D1%81%D1%82%D0%BE%D1%81%D1%83%D0%B2%D0%B0%D0%BD%D0%BD%D1%8F-l-%D0%B0%D1%80%D0%B3%D1%96%D0%BD%D1%96%D0%BD%D1%83-%D0%B2-%D0%BB%D1%96%D0%BA%D1%83%D0%B2%D0%B0%D0%BD%D0%BD%D1%96-%D1%81%D0%B8/ HTTP/1.1" 200 30669 "-" "Mozilla/5.0 (iPhone; CPU iPhone OS 15_4_1 like Mac OS X) AppleWebKit/605.1.15 (KHTML, like Gecko) Version/15.4 Mobile/15E148 Safari/604.1 (compatible; YandexMobileBot/3.0; +http://yandex.com/bots)" "-"
5.255.231.117 - - [18/Oct/2025:15:51:06 +0300 - 0.459 - 0.460] "GET /ru/specialistam/%D0%BF%D0%BE%D0%BA%D1%80%D0%B0%D1%89%D0%B5%D0%BD%D0%BD%D1%8F-%D1%80%D0%B5%D0%BF%D1%80%D0%BE%D0%B4%D1%83%D0%BA%D1%82%D0%B8%D0%B2%D0%BD%D0%B8%D1%85-%D1%80%D0%B5%D0%B7%D1%83%D0%BB%D1%8C%D1%82%D0%B0%D1%82/ HTTP/1.1" 200 20260 "-" "Mozilla/5.0 (iPhone; CPU iPhone OS 15_4_1 like Mac OS X) AppleWebKit/605.1.15 (KHTML, like Gecko) Version/15.4 Mobile/15E148 Safari/604.1 (compatible; YandexMobileBot/3.0; +http://yandex.com/bots)" "-"
5.255.231.170 - - [18/Oct/2025:15:51:08 +0300 - 0.346 - 0.344] "GET /ru/specialistam/%D0%B7%D0%B0%D1%81%D1%82%D0%BE%D1%81%D1%83%D0%B2%D0%B0%D0%BD%D0%BD%D1%8F-l-%D0%B0%D1%80%D0%B3%D1%96%D0%BD%D1%96%D0%BD%D1%83-%D0%B2-%D0%BB%D1%96%D0%BA%D1%83%D0%B2%D0%B0%D0%BD%D0%BD%D1%96-%D1%81%D0%B8/ HTTP/1.1" 200 30712 "-" "Mozilla/5.0 (compatible; YandexBot/3.0; +http://yandex.com/bots)" "-"
176.123.248.70 - - [18/Oct/2025:15:51:08 +0300 - 0.391 - 0.388] "GET /ru/o-preparate/instrukciya/ HTTP/1.1" 200 22296 "https://www.google.com/" "Mozilla/5.0 (iPhone; CPU iPhone OS 18_1_1 like Mac OS X) AppleWebKit/605.1.15 (KHTML, like Gecko) CriOS/141.0.7390.69 Mobile/15E148 Safari/604.1" "-"
176.123.248.70 - - [18/Oct/2025:15:51:09 +0300 - 0.000 - -] "GET /wp-content/themes/tivortin/images/logo.png HTTP/1.1" 200 12318 "https://tivortin.com/ru/o-preparate/instrukciya/" "Mozilla/5.0 (iPhone; CPU iPhone OS 18_1_1 like Mac OS X) AppleWebKit/605.1.15 (KHTML, like Gecko) CriOS/141.0.7390.69 Mobile/15E148 Safari/604.1" "-"
176.123.248.70 - - [18/Oct/2025:15:51:09 +0300 - 0.000 - -] "GET /wp-content/themes/tivortin/images/arrow-top.png HTTP/1.1" 200 938 "https://tivortin.com/ru/o-preparate/instrukciya/" "Mozilla/5.0 (iPhone; CPU iPhone OS 18_1_1 like Mac OS X) AppleWebKit/605.1.15 (KHTML, like Gecko) CriOS/141.0.7390.69 Mobile/15E148 Safari/604.1" "-"
176.123.248.70 - - [18/Oct/2025:15:51:10 +0300 - 0.000 - -] "GET /wp-content/themes/tivortin/images/samolechenie_ru.png HTTP/1.1" 200 14489 "https://tivortin.com/ru/o-preparate/instrukciya/" "Mozilla/5.0 (iPhone; CPU iPhone OS 18_1_1 like Mac OS X) AppleWebKit/605.1.15 (KHTML, like Gecko) CriOS/141.0.7390.69 Mobile/15E148 Safari/604.1" "-"
176.123.248.70 - - [18/Oct/2025:15:51:10 +0300 - 0.000 - -] "GET /wp-content/themes/tivortin/images/samolechenie_rumob.png HTTP/1.1" 200 11856 "https://tivortin.com/ru/o-preparate/instrukciya/" "Mozilla/5.0 (iPhone; CPU iPhone OS 18_1_1 like Mac OS X) AppleWebKit/605.1.15 (KHTML, like Gecko) CriOS/141.0.7390.69 Mobile/15E148 Safari/604.1" "-"
176.123.248.70 - - [18/Oct/2025:15:51:10 +0300 - 0.234 - 0.232] "GET /ru/wp-json/contact-form-7/v1/contact-forms/536/feedback/schema HTTP/1.1" 200 314 "https://tivortin.com/ru/o-preparate/instrukciya/" "Mozilla/5.0 (iPhone; CPU iPhone OS 18_1_1 like Mac OS X) AppleWebKit/605.1.15 (KHTML, like Gecko) CriOS/141.0.7390.69 Mobile/15E148 Safari/604.1" "-"
176.123.248.70 - - [18/Oct/2025:15:51:10 +0300 - 0.000 - -] "GET /wp-content/uploads/2017/02/cropped-ico-192x192.png HTTP/1.1" 200 11686 "-" "Mozilla/5.0 (iPhone; CPU iPhone OS 18_1_1 like Mac OS X) AppleWebKit/605.1.15 (KHTML, like Gecko) CriOS/141.0.7390.69 Mobile/15E148 Safari/604.1" "-"
176.123.248.70 - - [18/Oct/2025:15:51:10 +0300 - 0.000 - -] "GET /wp-content/uploads/2017/02/cropped-ico-180x180.png HTTP/1.1" 200 10444 "-" "Mozilla/5.0 (iPhone; CPU iPhone OS 18_1_1 like Mac OS X) AppleWebKit/605.1.15 (KHTML, like Gecko) CriOS/141.0.7390.69 Mobile/15E148 Safari/604.1" "-"
176.123.248.70 - - [18/Oct/2025:15:51:10 +0300 - 0.000 - -] "GET /wp-content/themes/tivortin/images/icons/search-icon.png HTTP/1.1" 200 1880 "https://tivortin.com/ru/o-preparate/instrukciya/" "Mozilla/5.0 (iPhone; CPU iPhone OS 18_1_1 like Mac OS X) AppleWebKit/605.1.15 (KHTML, like Gecko) CriOS/141.0.7390.69 Mobile/15E148 Safari/604.1" "-"
176.123.248.70 - - [18/Oct/2025:15:51:10 +0300 - 0.000 - -] "GET /wp-content/themes/tivortin/images/arr-right.png HTTP/1.1" 200 993 "https://tivortin.com/ru/o-preparate/instrukciya/" "Mozilla/5.0 (iPhone; CPU iPhone OS 18_1_1 like Mac OS X) AppleWebKit/605.1.15 (KHTML, like Gecko) CriOS/141.0.7390.69 Mobile/15E148 Safari/604.1" "-"
176.123.248.70 - - [18/Oct/2025:15:51:10 +0300 - 0.000 - -] "GET /wp-content/themes/tivortin/images/arr-left.png HTTP/1.1" 200 994 "https://tivortin.com/ru/o-preparate/instrukciya/" "Mozilla/5.0 (iPhone; CPU iPhone OS 18_1_1 like Mac OS X) AppleWebKit/605.1.15 (KHTML, like Gecko) CriOS/141.0.7390.69 Mobile/15E148 Safari/604.1" "-"
176.123.248.70 - - [18/Oct/2025:15:51:10 +0300 - 0.000 - -] "GET /wp-content/themes/tivortin/images/dwnload-icon.png HTTP/1.1" 200 541 "https://tivortin.com/ru/o-preparate/instrukciya/" "Mozilla/5.0 (iPhone; CPU iPhone OS 18_1_1 like Mac OS X) AppleWebKit/605.1.15 (KHTML, like Gecko) CriOS/141.0.7390.69 Mobile/15E148 Safari/604.1" "-"
176.123.248.70 - - [18/Oct/2025:15:51:10 +0300 - 0.000 - -] "GET /wp-content/uploads/2017/02/u.png HTTP/1.1" 200 7012 "https://tivortin.com/ru/o-preparate/instrukciya/" "Mozilla/5.0 (iPhone; CPU iPhone OS 18_1_1 like Mac OS X) AppleWebKit/605.1.15 (KHTML, like Gecko) CriOS/141.0.7390.69 Mobile/15E148 Safari/604.1" "-"
176.123.248.70 - - [18/Oct/2025:15:51:10 +0300 - 0.000 - -] "GET /wp-content/uploads/2017/02/gynodek.png HTTP/1.1" 200 14178 "https://tivortin.com/ru/o-preparate/instrukciya/" "Mozilla/5.0 (iPhone; CPU iPhone OS 18_1_1 like Mac OS X) AppleWebKit/605.1.15 (KHTML, like Gecko) CriOS/141.0.7390.69 Mobile/15E148 Safari/604.1" "-"
176.123.248.70 - - [18/Oct/2025:15:51:10 +0300 - 0.000 - -] "GET /wp-content/uploads/2017/02/laktyvit.png HTTP/1.1" 200 5748 "https://tivortin.com/ru/o-preparate/instrukciya/" "Mozilla/5.0 (iPhone; CPU iPhone OS 18_1_1 like Mac OS X) AppleWebKit/605.1.15 (KHTML, like Gecko) CriOS/141.0.7390.69 Mobile/15E148 Safari/604.1" "-"
176.123.248.70 - - [18/Oct/2025:15:51:10 +0300 - 0.000 - -] "GET /wp-content/themes/tivortin/images/youtube_soc.png HTTP/1.1" 200 2632 "https://tivortin.com/ru/o-preparate/instrukciya/" "Mozilla/5.0 (iPhone; CPU iPhone OS 18_1_1 like Mac OS X) AppleWebKit/605.1.15 (KHTML, like Gecko) CriOS/141.0.7390.69 Mobile/15E148 Safari/604.1" "-"
176.123.248.70 - - [18/Oct/2025:15:51:10 +0300 - 0.000 - -] "GET /wp-content/uploads/2017/02/revul.png HTTP/1.1" 200 8702 "https://tivortin.com/ru/o-preparate/instrukciya/" "Mozilla/5.0 (iPhone; CPU iPhone OS 18_1_1 like Mac OS X) AppleWebKit/605.1.15 (KHTML, like Gecko) CriOS/141.0.7390.69 Mobile/15E148 Safari/604.1" "-"
176.123.248.70 - - [18/Oct/2025:15:51:10 +0300 - 0.000 - -] "GET /wp-content/themes/tivortin/images/facebook_soc.png HTTP/1.1" 200 1530 "https://tivortin.com/ru/o-preparate/instrukciya/" "Mozilla/5.0 (iPhone; CPU iPhone OS 18_1_1 like Mac OS X) AppleWebKit/605.1.15 (KHTML, like Gecko) CriOS/141.0.7390.69 Mobile/15E148 Safari/604.1" "-"
176.123.248.70 - - [18/Oct/2025:15:51:10 +0300 - 0.000 - -] "GET /wp-content/themes/tivortin/images/linkedin_soc.png HTTP/1.1" 200 1764 "https://tivortin.com/ru/o-preparate/instrukciya/" "Mozilla/5.0 (iPhone; CPU iPhone OS 18_1_1 like Mac OS X) AppleWebKit/605.1.15 (KHTML, like Gecko) CriOS/141.0.7390.69 Mobile/15E148 Safari/604.1" "-"
176.123.248.70 - - [18/Oct/2025:15:51:10 +0300 - 0.000 - -] "GET /wp-content/themes/tivortin/images/uf_logo.png HTTP/1.1" 200 3089 "https://tivortin.com/ru/o-preparate/instrukciya/" "Mozilla/5.0 (iPhone; CPU iPhone OS 18_1_1 like Mac OS X) AppleWebKit/605.1.15 (KHTML, like Gecko) CriOS/141.0.7390.69 Mobile/15E148 Safari/604.1" "-"
52.28.162.93 - - [18/Oct/2025:15:51:18 +0300 - 0.204 - 0.204] "HEAD / HTTP/1.1" 200 0 "https://tivortin.com" "Mozilla/5.0+(compatible; UptimeRobot/2.0; http://www.uptimerobot.com/)" "-"
5.255.231.66 - - [18/Oct/2025:15:51:24 +0300 - 0.489 - 0.488] "GET /ru/specialistam/%D0%BA%D0%BE%D1%80%D1%80%D0%B5%D0%BA%D1%86%D0%B8%D1%8F-%D0%B4%D0%B8%D1%81%D0%BB%D0%B8%D0%BF%D0%B8%D0%B4%D0%B5%D0%BC%D0%B8%D0%B8-%D0%B2-%D1%80%D0%B0%D0%BC%D0%BA%D0%B0%D1%85-%D0%BF%D1%80%D0%BE%D1%84/ HTTP/1.1" 200 28790 "-" "Mozilla/5.0 (iPhone; CPU iPhone OS 15_4_1 like Mac OS X) AppleWebKit/605.1.15 (KHTML, like Gecko) Version/15.4 Mobile/15E148 Safari/604.1 (compatible; YandexMobileBot/3.0; +http://yandex.com/bots)" "-"
5.255.231.250 - - [18/Oct/2025:15:51:27 +0300 - 0.376 - 0.376] "GET /ru/specialistam/%D1%81%D0%B8%D0%BD%D0%B4%D1%80%D0%BE%D0%BC-%D1%8D%D0%BD%D0%B4%D0%BE%D1%82%D0%B5%D0%BB%D0%B8%D0%B0%D0%BB%D1%8C%D0%BD%D0%BE%D0%B9-%D0%B4%D0%B8%D1%81%D1%84%D1%83%D0%BD%D0%BA%D1%86%D0%B8%D0%B8-%D0%BF/ HTTP/1.1" 200 21937 "-" "Mozilla/5.0 (iPhone; CPU iPhone OS 15_4_1 like Mac OS X) AppleWebKit/605.1.15 (KHTML, like Gecko) Version/15.4 Mobile/15E148 Safari/604.1 (compatible; YandexMobileBot/3.0; +http://yandex.com/bots)" "-"
31.131.20.181 - - [18/Oct/2025:15:51:53 +0300 - 0.000 - 0.000] "POST /wp-cron.php?doing_wp_cron=1760791912.9911949634552001953125 HTTP/1.1" 499 0 "-" "WordPress/6.8.3; https://tivortin.com/ru/" "-"
95.108.213.188 - - [18/Oct/2025:15:51:53 +0300 - 0.567 - 0.568] "GET /ru/specialistam/%D0%BE%D0%BA%D0%BA%D0%BB%D1%8E%D0%B7%D0%B8%D0%BE%D0%BD%D0%BD%D0%B0%D1%8F-%D0%B1%D0%BE%D0%BB%D0%B5%D0%B7%D0%BD%D1%8C-%D0%BF%D0%B5%D1%80%D0%B8%D1%84%D0%B5%D1%80%D0%B8%D1%87%D0%B5%D1%81%D0%BA%D0%B8%D1%85/ HTTP/1.1" 200 37461 "-" "Mozilla/5.0 (iPhone; CPU iPhone OS 15_4_1 like Mac OS X) AppleWebKit/605.1.15 (KHTML, like Gecko) Version/15.4 Mobile/15E148 Safari/604.1 (compatible; YandexMobileBot/3.0; +http://yandex.com/bots)" "-"
5.255.231.136 - - [18/Oct/2025:15:51:54 +0300 - 0.367 - 0.368] "GET /ru/specialistam/%D0%BA%D0%BB%D0%B8%D0%BD%D0%B8%D1%87%D0%B5%D1%81%D0%BA%D0%BE%D0%B5-%D0%B7%D0%BD%D0%B0%D1%87%D0%B5%D0%BD%D0%B8%D0%B5-%D0%B8-%D0%B2%D0%BE%D0%B7%D0%BC%D0%BE%D0%B6%D0%BD%D0%BE%D1%81%D1%82%D0%B8-%D0%BA/ HTTP/1.1" 200 27246 "-" "Mozilla/5.0 (iPhone; CPU iPhone OS 15_4_1 like Mac OS X) AppleWebKit/605.1.15 (KHTML, like Gecko) Version/15.4 Mobile/15E148 Safari/604.1 (compatible; YandexMobileBot/3.0; +http://yandex.com/bots)" "-"
87.250.224.205 - - [18/Oct/2025:15:51:54 +0300 - 0.376 - 0.376] "GET /ru/specialistam/%D0%BE%D0%BA%D0%BA%D0%BB%D1%8E%D0%B7%D0%B8%D0%BE%D0%BD%D0%BD%D0%B0%D1%8F-%D0%B1%D0%BE%D0%BB%D0%B5%D0%B7%D0%BD%D1%8C-%D0%BF%D0%B5%D1%80%D0%B8%D1%84%D0%B5%D1%80%D0%B8%D1%87%D0%B5%D1%81%D0%BA%D0%B8%D1%85/ HTTP/1.1" 200 37496 "-" "Mozilla/5.0 (compatible; YandexBot/3.0; +http://yandex.com/bots)" "-"
193.186.4.104 - - [18/Oct/2025:15:52:04 +0300 - 0.436 - 0.432] "GET /ru/o-preparate/instrukciya/ HTTP/1.1" 200 22296 "https://www.google.com/" "Mozilla/5.0 (Linux; Android 10; K) AppleWebKit/537.36 (KHTML, like Gecko) Chrome/141.0.0.0 Mobile Safari/537.36" "-"
92.62.76.247 - - [18/Oct/2025:15:52:09 +0300 - 0.351 - 0.352] "GET /ru/o-preparate/instrukciya/ HTTP/1.1" 200 22296 "https://www.google.com/" "Mozilla/5.0 (Linux; Android 10; K) AppleWebKit/537.36 (KHTML, like Gecko) Chrome/141.0.0.0 Mobile Safari/537.36" "-"
92.62.76.247 - - [18/Oct/2025:15:52:10 +0300 - 0.000 - -] "GET /wp-content/themes/tivortin/images/logo.png HTTP/1.1" 200 12318 "https://tivortin.com/ru/o-preparate/instrukciya/" "Mozilla/5.0 (Linux; Android 10; K) AppleWebKit/537.36 (KHTML, like Gecko) Chrome/141.0.0.0 Mobile Safari/537.36" "-"
92.62.76.247 - - [18/Oct/2025:15:52:10 +0300 - 0.000 - -] "GET /wp-content/themes/tivortin/images/arrow-top.png HTTP/1.1" 200 938 "https://tivortin.com/ru/o-preparate/instrukciya/" "Mozilla/5.0 (Linux; Android 10; K) AppleWebKit/537.36 (KHTML, like Gecko) Chrome/141.0.0.0 Mobile Safari/537.36" "-"
92.62.76.247 - - [18/Oct/2025:15:52:10 +0300 - 0.000 - -] "GET /wp-content/themes/tivortin/images/samolechenie_ru.png HTTP/1.1" 200 14489 "https://tivortin.com/ru/o-preparate/instrukciya/" "Mozilla/5.0 (Linux; Android 10; K) AppleWebKit/537.36 (KHTML, like Gecko) Chrome/141.0.0.0 Mobile Safari/537.36" "-"
92.62.76.247 - - [18/Oct/2025:15:52:10 +0300 - 0.000 - -] "GET /wp-content/themes/tivortin/images/samolechenie_rumob.png HTTP/1.1" 200 11856 "https://tivortin.com/ru/o-preparate/instrukciya/" "Mozilla/5.0 (Linux; Android 10; K) AppleWebKit/537.36 (KHTML, like Gecko) Chrome/141.0.0.0 Mobile Safari/537.36" "-"
92.62.76.247 - - [18/Oct/2025:15:52:10 +0300 - 0.000 - -] "GET /wp-content/themes/tivortin/images/icons/search-icon.png HTTP/1.1" 200 1880 "https://tivortin.com/wp-content/themes/tivortin/style.css?ver=6.8.3" "Mozilla/5.0 (Linux; Android 10; K) AppleWebKit/537.36 (KHTML, like Gecko) Chrome/141.0.0.0 Mobile Safari/537.36" "-"
92.62.76.247 - - [18/Oct/2025:15:52:10 +0300 - 0.000 - -] "GET /wp-content/themes/tivortin/images/dwnload-icon.png HTTP/1.1" 200 541 "https://tivortin.com/wp-content/themes/tivortin/style.css?ver=6.8.3" "Mozilla/5.0 (Linux; Android 10; K) AppleWebKit/537.36 (KHTML, like Gecko) Chrome/141.0.0.0 Mobile Safari/537.36" "-"
92.62.76.247 - - [18/Oct/2025:15:52:10 +0300 - 0.000 - -] "GET /wp-content/uploads/2017/02/u.png HTTP/1.1" 200 7012 "https://tivortin.com/ru/o-preparate/instrukciya/" "Mozilla/5.0 (Linux; Android 10; K) AppleWebKit/537.36 (KHTML, like Gecko) Chrome/141.0.0.0 Mobile Safari/537.36" "-"
92.62.76.247 - - [18/Oct/2025:15:52:10 +0300 - 0.000 - -] "GET /wp-content/uploads/2017/02/gynodek.png HTTP/1.1" 200 14178 "https://tivortin.com/ru/o-preparate/instrukciya/" "Mozilla/5.0 (Linux; Android 10; K) AppleWebKit/537.36 (KHTML, like Gecko) Chrome/141.0.0.0 Mobile Safari/537.36" "-"
92.62.76.247 - - [18/Oct/2025:15:52:10 +0300 - 0.000 - -] "GET /wp-content/uploads/2017/02/laktyvit.png HTTP/1.1" 200 5748 "https://tivortin.com/ru/o-preparate/instrukciya/" "Mozilla/5.0 (Linux; Android 10; K) AppleWebKit/537.36 (KHTML, like Gecko) Chrome/141.0.0.0 Mobile Safari/537.36" "-"
92.62.76.247 - - [18/Oct/2025:15:52:10 +0300 - 0.000 - -] "GET /wp-content/uploads/2017/02/revul.png HTTP/1.1" 200 8702 "https://tivortin.com/ru/o-preparate/instrukciya/" "Mozilla/5.0 (Linux; Android 10; K) AppleWebKit/537.36 (KHTML, like Gecko) Chrome/141.0.0.0 Mobile Safari/537.36" "-"
92.62.76.247 - - [18/Oct/2025:15:52:10 +0300 - 0.000 - -] "GET /wp-content/themes/tivortin/images/facebook_soc.png HTTP/1.1" 200 1530 "https://tivortin.com/wp-content/themes/tivortin/style.css?ver=6.8.3" "Mozilla/5.0 (Linux; Android 10; K) AppleWebKit/537.36 (KHTML, like Gecko) Chrome/141.0.0.0 Mobile Safari/537.36" "-"
92.62.76.247 - - [18/Oct/2025:15:52:10 +0300 - 0.000 - -] "GET /wp-content/themes/tivortin/images/youtube_soc.png HTTP/1.1" 200 2632 "https://tivortin.com/wp-content/themes/tivortin/style.css?ver=6.8.3" "Mozilla/5.0 (Linux; Android 10; K) AppleWebKit/537.36 (KHTML, like Gecko) Chrome/141.0.0.0 Mobile Safari/537.36" "-"
92.62.76.247 - - [18/Oct/2025:15:52:10 +0300 - 0.000 - -] "GET /wp-content/themes/tivortin/images/linkedin_soc.png HTTP/1.1" 200 1764 "https://tivortin.com/wp-content/themes/tivortin/style.css?ver=6.8.3" "Mozilla/5.0 (Linux; Android 10; K) AppleWebKit/537.36 (KHTML, like Gecko) Chrome/141.0.0.0 Mobile Safari/537.36" "-"
92.62.76.247 - - [18/Oct/2025:15:52:10 +0300 - 0.000 - -] "GET /wp-content/themes/tivortin/images/uf_logo.png HTTP/1.1" 200 3089 "https://tivortin.com/wp-content/themes/tivortin/style.css?ver=6.8.3" "Mozilla/5.0 (Linux; Android 10; K) AppleWebKit/537.36 (KHTML, like Gecko) Chrome/141.0.0.0 Mobile Safari/537.36" "-"
92.62.76.247 - - [18/Oct/2025:15:52:11 +0300 - 0.000 - -] "GET /wp-content/themes/tivortin/images/arr-left.png HTTP/1.1" 200 994 "https://tivortin.com/wp-content/themes/tivortin/style.css?ver=6.8.3" "Mozilla/5.0 (Linux; Android 10; K) AppleWebKit/537.36 (KHTML, like Gecko) Chrome/141.0.0.0 Mobile Safari/537.36" "-"
92.62.76.247 - - [18/Oct/2025:15:52:11 +0300 - 0.000 - -] "GET /wp-content/themes/tivortin/images/arr-right.png HTTP/1.1" 200 993 "https://tivortin.com/wp-content/themes/tivortin/style.css?ver=6.8.3" "Mozilla/5.0 (Linux; Android 10; K) AppleWebKit/537.36 (KHTML, like Gecko) Chrome/141.0.0.0 Mobile Safari/537.36" "-"
92.62.76.247 - - [18/Oct/2025:15:52:11 +0300 - 0.338 - 0.340] "GET /ru/wp-json/contact-form-7/v1/contact-forms/536/feedback/schema HTTP/1.1" 200 314 "https://tivortin.com/ru/o-preparate/instrukciya/" "Mozilla/5.0 (Linux; Android 10; K) AppleWebKit/537.36 (KHTML, like Gecko) Chrome/141.0.0.0 Mobile Safari/537.36" "-"
213.180.203.98 - - [18/Oct/2025:15:52:12 +0300 - 0.411 - 0.412] "GET /ru/%D0%BE-%D0%BF%D1%80%D0%BE%D0%B8%D0%B7%D0%B2%D0%BE%D0%B4%D0%B8%D1%82%D0%B5%D0%BB%D0%B5/ HTTP/1.1" 200 20387 "-" "Mozilla/5.0 (iPhone; CPU iPhone OS 15_4_1 like Mac OS X) AppleWebKit/605.1.15 (KHTML, like Gecko) Version/15.4 Mobile/15E148 Safari/604.1 (compatible; YandexMobileBot/3.0; +http://yandex.com/bots)" "-"
213.180.203.208 - - [18/Oct/2025:15:52:12 +0300 - 0.446 - 0.444] "GET /ru/specialistam/%D1%81%D0%BF%D0%B5%D1%80%D0%BC%D0%B0%D1%82%D0%BE%D0%B3%D0%B5%D0%BD%D0%BD%D0%B0-%D1%84%D1%83%D0%BD%D0%BA%D1%86%D1%96%D1%8F-%D0%B2-%D1%83%D0%BC%D0%BE%D0%B2%D0%B0%D1%85-%D0%B2%D0%BF%D0%BB%D0%B8%D0%B2/ HTTP/1.1" 200 28669 "-" "Mozilla/5.0 (compatible; YandexBot/3.0; +http://yandex.com/bots)" "-"
5.255.231.66 - - [18/Oct/2025:15:52:13 +0300 - 0.304 - 0.304] "GET /ru/%D1%81%D0%BE%D0%BE%D0%B1%D1%89%D0%B5%D0%BD%D0%B8%D0%B5-%D0%BE-%D0%BF%D0%BE%D0%B1%D0%BE%D1%87%D0%BD%D0%BE%D0%B9-%D1%80%D0%B5%D0%B0%D0%BA%D1%86%D0%B8%D0%B8/ HTTP/1.1" 200 17778 "-" "Mozilla/5.0 (iPhone; CPU iPhone OS 15_4_1 like Mac OS X) AppleWebKit/605.1.15 (KHTML, like Gecko) Version/15.4 Mobile/15E148 Safari/604.1 (compatible; YandexMobileBot/3.0; +http://yandex.com/bots)" "-"
31.131.20.181 - - [18/Oct/2025:15:52:15 +0300 - 0.000 - 0.000] "POST /wp-cron.php?doing_wp_cron=1760791935.7878699302673339843750 HTTP/1.1" 499 0 "-" "WordPress/6.8.3; https://tivortin.com/ru/" "-"
5.255.231.250 - - [18/Oct/2025:15:52:15 +0300 - 0.390 - 0.388] "GET /ru/%D1%81%D0%BE%D0%BE%D0%B1%D1%89%D0%B5%D0%BD%D0%B8%D0%B5-%D0%BE-%D0%BF%D0%BE%D0%B1%D0%BE%D1%87%D0%BD%D0%BE%D0%B9-%D1%80%D0%B5%D0%B0%D0%BA%D1%86%D0%B8%D0%B8/ HTTP/1.1" 200 17817 "-" "Mozilla/5.0 (compatible; YandexBot/3.0; +http://yandex.com/bots)" "-"
72.14.201.122 - - [18/Oct/2025:15:52:16 +0300 - 0.338 - 0.336] "GET /o-preparate/instrukciya/ HTTP/1.1" 200 21977 "-" "Mozilla/5.0 (Linux; Android 10; K) AppleWebKit/537.36 (KHTML, like Gecko) Chrome/141.0.0.0 Mobile Safari/537.36" "-"
92.62.76.247 - - [18/Oct/2025:15:52:18 +0300 - 0.000 - -] "GET /wp-content/uploads/2017/02/cropped-ico-192x192.png HTTP/1.1" 200 11686 "https://tivortin.com/ru/o-preparate/instrukciya/" "Mozilla/5.0 (Linux; Android 10; K) AppleWebKit/537.36 (KHTML, like Gecko) Chrome/141.0.0.0 Mobile Safari/537.36" "-"
92.62.76.247 - - [18/Oct/2025:15:52:18 +0300 - 0.000 - -] "GET /wp-content/uploads/2017/02/cropped-ico-180x180.png HTTP/1.1" 200 10444 "https://tivortin.com/ru/o-preparate/instrukciya/" "Mozilla/5.0 (Linux; Android 10; K) AppleWebKit/537.36 (KHTML, like Gecko) Chrome/141.0.0.0 Mobile Safari/537.36" "-"
159.69.158.189 - - [18/Oct/2025:15:52:21 +0300 - 0.208 - 0.208] "HEAD / HTTP/1.1" 200 0 "https://tivortin.com" "Mozilla/5.0+(compatible; UptimeRobot/2.0; http://www.uptimerobot.com/)" "-"
87.250.224.211 - - [18/Oct/2025:15:52:26 +0300 - 0.342 - 0.341] "GET /ru/specialistam/?kw=nevrologam&spec=1 HTTP/1.1" 200 20091 "-" "Mozilla/5.0 (compatible; YandexBot/3.0; +http://yandex.com/bots)" "-"
95.108.213.104 - - [18/Oct/2025:15:52:30 +0300 - 0.397 - 0.396] "GET /ru/specialistam/%D0%B5%D0%BD%D0%B4%D0%BE%D1%82%D0%B5%D0%BB%D1%96%D0%B0%D0%BB%D1%8C%D0%BD%D0%B0-%D0%B4%D0%B8%D1%81%D1%84%D1%83%D0%BD%D0%BA%D1%86%D1%96%D1%8F-%D1%83-%D0%BA%D0%BB%D1%96%D0%BD%D1%96%D1%86%D1%96-%D0%B5/ HTTP/1.1" 200 20656 "-" "Mozilla/5.0 (iPhone; CPU iPhone OS 15_4_1 like Mac OS X) AppleWebKit/605.1.15 (KHTML, like Gecko) Version/15.4 Mobile/15E148 Safari/604.1 (compatible; YandexMobileBot/3.0; +http://yandex.com/bots)" "-"
213.180.203.224 - - [18/Oct/2025:15:52:30 +0300 - 0.310 - 0.312] "GET /ru/specialistam/?kw=nevrologam&spec=1 HTTP/1.1" 200 20063 "-" "Mozilla/5.0 (iPhone; CPU iPhone OS 15_4_1 like Mac OS X) AppleWebKit/605.1.15 (KHTML, like Gecko) Version/15.4 Mobile/15E148 Safari/604.1 (compatible; YandexMobileBot/3.0; +http://yandex.com/bots)" "-"
31.131.20.181 - - [18/Oct/2025:15:52:49 +0300 - 0.000 - 0.000] "POST /wp-cron.php?doing_wp_cron=1760791969.7367279529571533203125 HTTP/1.1" 499 0 "-" "WordPress/6.8.3; https://tivortin.com/ru/" "-"
5.255.231.170 - - [18/Oct/2025:15:52:50 +0300 - 0.554 - 0.556] "GET /ru/specialistam/l-%D0%B0%D1%80%D0%B3%D0%B8%D0%BD%D0%B8%D0%BD-%D1%81-%D1%82%D0%BE%D1%87%D0%BA%D0%B8-%D0%B7%D1%80%D0%B5%D0%BD%D0%B8%D1%8F-%D0%B4%D0%BE%D0%BA%D0%B0%D0%B7%D0%B0%D1%82%D0%B5%D0%BB%D1%8C%D0%BD%D0%BE%D0%B9/ HTTP/1.1" 200 43839 "-" "Mozilla/5.0 (iPhone; CPU iPhone OS 15_4_1 like Mac OS X) AppleWebKit/605.1.15 (KHTML, like Gecko) Version/15.4 Mobile/15E148 Safari/604.1 (compatible; YandexMobileBot/3.0; +http://yandex.com/bots)" "-"
162.120.187.255 - - [18/Oct/2025:15:52:55 +0300 - 0.419 - 0.420] "GET /ru/o-preparate/instrukciya/ HTTP/1.1" 200 22296 "https://www.google.com/" "Mozilla/5.0 (Linux; Android 10; K) AppleWebKit/537.36 (KHTML, like Gecko) Chrome/141.0.0.0 Mobile Safari/537.36" "-"
213.180.203.208 - - [18/Oct/2025:15:52:55 +0300 - 0.416 - 0.416] "GET /ru/specialistam/%D0%BF%D1%80%D0%BE%D0%B1%D0%BB%D0%B5%D0%BC%D1%8B-%D0%BD%D0%B5%D0%B2%D1%8B%D0%BD%D0%B0%D1%88%D0%B8%D0%B2%D0%B0%D0%BD%D0%B8%D1%8F-%D0%B1%D0%B5%D1%80%D0%B5%D0%BC%D0%B5%D0%BD%D0%BD%D0%BE%D1%81%D1%82%D0%B8/ HTTP/1.1" 200 24312 "-" "Mozilla/5.0 (iPhone; CPU iPhone OS 15_4_1 like Mac OS X) AppleWebKit/605.1.15 (KHTML, like Gecko) Version/15.4 Mobile/15E148 Safari/604.1 (compatible; YandexMobileBot/3.0; +http://yandex.com/bots)" "-"
87.250.224.224 - - [18/Oct/2025:15:53:12 +0300 - 0.442 - 0.440] "GET /ru/o-sosudah/mujchinam/ HTTP/1.1" 200 19465 "-" "Mozilla/5.0 (compatible; YandexBot/3.0; +http://yandex.com/bots)" "-"
95.108.213.163 - - [18/Oct/2025:15:53:14 +0300 - 0.316 - 0.316] "GET /ru/o-sosudah/mujchinam/ HTTP/1.1" 200 19442 "-" "Mozilla/5.0 (iPhone; CPU iPhone OS 15_4_1 like Mac OS X) AppleWebKit/605.1.15 (KHTML, like Gecko) Version/15.4 Mobile/15E148 Safari/604.1 (compatible; YandexMobileBot/3.0; +http://yandex.com/bots)" "-"
157.90.156.63 - - [18/Oct/2025:15:53:26 +0300 - 0.228 - 0.228] "HEAD / HTTP/1.1" 200 0 "https://tivortin.com" "Mozilla/5.0+(compatible; UptimeRobot/2.0; http://www.uptimerobot.com/)" "-"
114.119.134.41 - - [18/Oct/2025:15:53:32 +0300 - 0.407 - 0.408] "GET /ru/specialistam/page/6/?kw=urologam&spec=1 HTTP/1.1" 200 20151 "https://tivortin.com/ru/specialistam/page/7/?kw=urologam&spec=1" "Mozilla/5.0 (Linux; Android 7.0;) AppleWebKit/537.36 (KHTML, like Gecko) Mobile Safari/537.36 (compatible; PetalBot;+https://webmaster.petalsearch.com/site/petalbot)" "-"
31.131.20.181 - - [18/Oct/2025:15:53:44 +0300 - 0.001 - 0.000] "POST /wp-cron.php?doing_wp_cron=1760792024.3522698879241943359375 HTTP/1.1" 499 0 "-" "WordPress/6.8.3; https://tivortin.com/ru/" "-"
162.120.187.255 - - [18/Oct/2025:15:53:44 +0300 - 0.503 - 0.504] "GET /ru/razdel/nevrologam-ru/ HTTP/1.1" 200 20219 "https://www.google.com/" "Mozilla/5.0 (Linux; Android 10; K) AppleWebKit/537.36 (KHTML, like Gecko) Chrome/141.0.0.0 Mobile Safari/537.36" "-"
49.13.167.123 - - [18/Oct/2025:15:54:30 +0300 - 0.238 - 0.240] "HEAD / HTTP/1.1" 200 0 "https://tivortin.com" "Mozilla/5.0+(compatible; UptimeRobot/2.0; http://www.uptimerobot.com/)" "-"
31.131.20.181 - - [18/Oct/2025:15:54:41 +0300 - 0.000 - 0.000] "POST /wp-cron.php?doing_wp_cron=1760792081.9520499706268310546875 HTTP/1.1" 499 0 "-" "WordPress/6.8.3; https://tivortin.com" "-"
162.120.187.179 - - [18/Oct/2025:15:54:42 +0300 - 0.612 - 0.612] "GET /specialistam/%D1%8D%D0%BD%D0%B4%D0%BE%D1%82%D0%B5%D0%BB%D0%B8%D0%B0%D0%BB%D1%8C%D0%BD%D0%B0%D1%8F-%D0%B4%D0%B8%D1%81%D1%84%D1%83%D0%BD%D0%BA%D1%86%D0%B8%D1%8F-%D1%87%D1%82%D0%BE-%D0%BD%D0%B5%D0%BE%D0%B1%D1%85/ HTTP/1.1" 200 26218 "https://www.google.com/" "Mozilla/5.0 (Linux; Android 10; K) AppleWebKit/537.36 (KHTML, like Gecko) Chrome/141.0.0.0 Mobile Safari/537.36" "-"
68.221.67.173 - - [18/Oct/2025:15:54:43 +0300 - 0.552 - 0.552] "GET /en/faq/ HTTP/1.1" 200 20440 "-" "Mozilla/5.0 AppleWebKit/537.36 (KHTML, like Gecko); compatible; ChatGPT-User/1.0; +https://openai.com/bot" "-"
68.221.67.165 - - [18/Oct/2025:15:54:43 +0300 - 0.611 - 0.608] "GET /en/o-preparate/ HTTP/1.1" 200 17389 "-" "Mozilla/5.0 AppleWebKit/537.36 (KHTML, like Gecko); compatible; ChatGPT-User/1.0; +https://openai.com/bot" "-"
68.221.67.166 - - [18/Oct/2025:15:54:43 +0300 - 0.663 - 0.664] "GET /en/o-preparate/instrukciya/ HTTP/1.1" 200 19950 "-" "Mozilla/5.0 AppleWebKit/537.36 (KHTML, like Gecko); compatible; ChatGPT-User/1.0; +https://openai.com/bot" "-"
162.120.187.127 - - [18/Oct/2025:15:54:55 +0300 - 0.344 - 0.344] "GET /ru/o-preparate/instrukciya/ HTTP/1.1" 200 22296 "https://www.google.com/" "Mozilla/5.0 (Linux; Android 10; K) AppleWebKit/537.36 (KHTML, like Gecko) Chrome/141.0.0.0 Mobile Safari/537.36" "-"
114.119.148.189 - - [18/Oct/2025:15:54:55 +0300 - 0.355 - 0.356] "GET /ru/specialistam/%D0%BF%D0%BE%D0%BA%D1%80%D0%B0%D1%89%D0%B5%D0%BD%D0%BD%D1%8F-%D1%80%D0%B5%D0%BF%D1%80%D0%BE%D0%B4%D1%83%D0%BA%D1%82%D0%B8%D0%B2%D0%BD%D0%B8%D1%85-%D1%80%D0%B5%D0%B7%D1%83%D0%BB%D1%8C%D1%82%D0%B0%D1%82/ HTTP/1.1" 200 20260 "https://tivortin.com/ru/specialistam/%D0%BF%D0%BE%D0%BA%D1%80%D0%B0%D1%89%D0%B5%D0%BD%D0%BD%D1%8F-%D1%80%D0%B5%D0%BF%D1%80%D0%BE%D0%B4%D1%83%D0%BA%D1%82%D0%B8%D0%B2%D0%BD%D0%B8%D1%85-%D1%80%D0%B5%D0%B7%D1%83%D0%BB%D1%8C%D1%82%D0%B0%D1%82/" "Mozilla/5.0 (Linux; Android 7.0;) AppleWebKit/537.36 (KHTML, like Gecko) Mobile Safari/537.36 (compatible; PetalBot;+https://webmaster.petalsearch.com/site/petalbot)" "-"
63.178.84.147 - - [18/Oct/2025:15:55:05 +0300 - 0.302 - 0.304] "HEAD / HTTP/1.1" 200 0 "https://tivortin.com" "Mozilla/5.0+(compatible; UptimeRobot/2.0; http://www.uptimerobot.com/)" "-"
31.131.20.181 - - [18/Oct/2025:15:55:43 +0300 - 0.001 - 0.000] "POST /wp-cron.php?doing_wp_cron=1760792143.7994189262390136718750 HTTP/1.1" 499 0 "-" "WordPress/6.8.3; https://tivortin.com" "-"
72.14.201.30 - - [18/Oct/2025:15:55:44 +0300 - 0.472 - 0.472] "GET /specialistam/l-%D0%B0%D1%80%D0%B3%D0%B8%D0%BD%D0%B8%D0%BD-%D0%BF%D1%80%D0%B8-%D0%B8%D1%88%D0%B5%D0%BC%D0%B8%D1%87%D0%B5%D1%81%D0%BA%D0%BE%D0%B9-%D0%B1%D0%BE%D0%BB%D0%B5%D0%B7%D0%BD%D0%B8-%D1%81%D0%B5%D1%80%D0%B4/ HTTP/1.1" 200 32471 "https://www.google.com/" "Mozilla/5.0 (Linux; Android 10; K) AppleWebKit/537.36 (KHTML, like Gecko) Chrome/141.0.0.0 Mobile Safari/537.36" "-"
46.251.213.215 - - [18/Oct/2025:15:55:44 +0300 - 0.351 - 0.352] "GET /ru/o-preparate/instrukciya/ HTTP/1.1" 200 22296 "-" "Mozilla/5.0 (Linux; Android 10; K) AppleWebKit/537.36 (KHTML, like Gecko) Chrome/140.0.0.0 Mobile Safari/537.36" "-"
46.251.213.215 - - [18/Oct/2025:15:55:45 +0300 - 0.000 - -] "GET /wp-content/themes/tivortin/images/logo.png HTTP/1.1" 200 12318 "https://tivortin.com/ru/o-preparate/instrukciya/" "Mozilla/5.0 (Linux; Android 10; K) AppleWebKit/537.36 (KHTML, like Gecko) Chrome/140.0.0.0 Mobile Safari/537.36" "-"
46.251.213.215 - - [18/Oct/2025:15:55:46 +0300 - 0.000 - -] "GET /wp-content/themes/tivortin/images/arrow-top.png HTTP/1.1" 200 938 "https://tivortin.com/ru/o-preparate/instrukciya/" "Mozilla/5.0 (Linux; Android 10; K) AppleWebKit/537.36 (KHTML, like Gecko) Chrome/140.0.0.0 Mobile Safari/537.36" "-"
46.251.213.215 - - [18/Oct/2025:15:55:46 +0300 - 0.000 - -] "GET /wp-content/themes/tivortin/images/samolechenie_ru.png HTTP/1.1" 200 14489 "https://tivortin.com/ru/o-preparate/instrukciya/" "Mozilla/5.0 (Linux; Android 10; K) AppleWebKit/537.36 (KHTML, like Gecko) Chrome/140.0.0.0 Mobile Safari/537.36" "-"
46.251.213.215 - - [18/Oct/2025:15:55:46 +0300 - 0.000 - -] "GET /wp-content/themes/tivortin/images/samolechenie_rumob.png HTTP/1.1" 200 11856 "https://tivortin.com/ru/o-preparate/instrukciya/" "Mozilla/5.0 (Linux; Android 10; K) AppleWebKit/537.36 (KHTML, like Gecko) Chrome/140.0.0.0 Mobile Safari/537.36" "-"
46.251.213.215 - - [18/Oct/2025:15:55:46 +0300 - 0.000 - -] "GET /wp-content/themes/tivortin/images/icons/search-icon.png HTTP/1.1" 200 1880 "https://tivortin.com/wp-content/themes/tivortin/style.css?ver=6.8.3" "Mozilla/5.0 (Linux; Android 10; K) AppleWebKit/537.36 (KHTML, like Gecko) Chrome/140.0.0.0 Mobile Safari/537.36" "-"
46.251.213.215 - - [18/Oct/2025:15:55:46 +0300 - 0.000 - -] "GET /wp-content/themes/tivortin/images/dwnload-icon.png HTTP/1.1" 200 541 "https://tivortin.com/wp-content/themes/tivortin/style.css?ver=6.8.3" "Mozilla/5.0 (Linux; Android 10; K) AppleWebKit/537.36 (KHTML, like Gecko) Chrome/140.0.0.0 Mobile Safari/537.36" "-"
46.251.213.215 - - [18/Oct/2025:15:55:46 +0300 - 0.000 - -] "GET /wp-content/uploads/2017/02/u.png HTTP/1.1" 200 7012 "https://tivortin.com/ru/o-preparate/instrukciya/" "Mozilla/5.0 (Linux; Android 10; K) AppleWebKit/537.36 (KHTML, like Gecko) Chrome/140.0.0.0 Mobile Safari/537.36" "-"
46.251.213.215 - - [18/Oct/2025:15:55:46 +0300 - 0.000 - -] "GET /wp-content/uploads/2017/02/revul.png HTTP/1.1" 200 8702 "https://tivortin.com/ru/o-preparate/instrukciya/" "Mozilla/5.0 (Linux; Android 10; K) AppleWebKit/537.36 (KHTML, like Gecko) Chrome/140.0.0.0 Mobile Safari/537.36" "-"
46.251.213.215 - - [18/Oct/2025:15:55:46 +0300 - 0.000 - -] "GET /wp-content/uploads/2017/02/laktyvit.png HTTP/1.1" 200 5748 "https://tivortin.com/ru/o-preparate/instrukciya/" "Mozilla/5.0 (Linux; Android 10; K) AppleWebKit/537.36 (KHTML, like Gecko) Chrome/140.0.0.0 Mobile Safari/537.36" "-"
46.251.213.215 - - [18/Oct/2025:15:55:46 +0300 - 0.000 - -] "GET /wp-content/uploads/2017/02/gynodek.png HTTP/1.1" 200 14178 "https://tivortin.com/ru/o-preparate/instrukciya/" "Mozilla/5.0 (Linux; Android 10; K) AppleWebKit/537.36 (KHTML, like Gecko) Chrome/140.0.0.0 Mobile Safari/537.36" "-"
46.251.213.215 - - [18/Oct/2025:15:55:46 +0300 - 0.000 - -] "GET /wp-content/themes/tivortin/images/facebook_soc.png HTTP/1.1" 200 1530 "https://tivortin.com/wp-content/themes/tivortin/style.css?ver=6.8.3" "Mozilla/5.0 (Linux; Android 10; K) AppleWebKit/537.36 (KHTML, like Gecko) Chrome/140.0.0.0 Mobile Safari/537.36" "-"
46.251.213.215 - - [18/Oct/2025:15:55:46 +0300 - 0.000 - -] "GET /wp-content/themes/tivortin/images/youtube_soc.png HTTP/1.1" 200 2632 "https://tivortin.com/wp-content/themes/tivortin/style.css?ver=6.8.3" "Mozilla/5.0 (Linux; Android 10; K) AppleWebKit/537.36 (KHTML, like Gecko) Chrome/140.0.0.0 Mobile Safari/537.36" "-"
46.251.213.215 - - [18/Oct/2025:15:55:46 +0300 - 0.000 - -] "GET /wp-content/themes/tivortin/images/linkedin_soc.png HTTP/1.1" 200 1764 "https://tivortin.com/wp-content/themes/tivortin/style.css?ver=6.8.3" "Mozilla/5.0 (Linux; Android 10; K) AppleWebKit/537.36 (KHTML, like Gecko) Chrome/140.0.0.0 Mobile Safari/537.36" "-"
46.251.213.215 - - [18/Oct/2025:15:55:46 +0300 - 0.000 - -] "GET /wp-content/themes/tivortin/images/uf_logo.png HTTP/1.1" 200 3089 "https://tivortin.com/wp-content/themes/tivortin/style.css?ver=6.8.3" "Mozilla/5.0 (Linux; Android 10; K) AppleWebKit/537.36 (KHTML, like Gecko) Chrome/140.0.0.0 Mobile Safari/537.36" "-"
46.251.213.215 - - [18/Oct/2025:15:55:46 +0300 - 0.000 - -] "GET /wp-content/themes/tivortin/images/arr-left.png HTTP/1.1" 200 994 "https://tivortin.com/wp-content/themes/tivortin/style.css?ver=6.8.3" "Mozilla/5.0 (Linux; Android 10; K) AppleWebKit/537.36 (KHTML, like Gecko) Chrome/140.0.0.0 Mobile Safari/537.36" "-"
46.251.213.215 - - [18/Oct/2025:15:55:46 +0300 - 0.000 - -] "GET /wp-content/themes/tivortin/images/arr-right.png HTTP/1.1" 200 993 "https://tivortin.com/wp-content/themes/tivortin/style.css?ver=6.8.3" "Mozilla/5.0 (Linux; Android 10; K) AppleWebKit/537.36 (KHTML, like Gecko) Chrome/140.0.0.0 Mobile Safari/537.36" "-"
46.251.213.215 - - [18/Oct/2025:15:55:47 +0300 - 0.256 - 0.256] "GET /ru/wp-json/contact-form-7/v1/contact-forms/536/feedback/schema HTTP/1.1" 200 314 "https://tivortin.com/ru/o-preparate/instrukciya/" "Mozilla/5.0 (Linux; Android 10; K) AppleWebKit/537.36 (KHTML, like Gecko) Chrome/140.0.0.0 Mobile Safari/537.36" "-"
46.251.213.215 - - [18/Oct/2025:15:55:48 +0300 - 0.000 - -] "GET /wp-content/uploads/2017/02/cropped-ico-192x192.png HTTP/1.1" 200 11686 "https://tivortin.com/ru/o-preparate/instrukciya/" "Mozilla/5.0 (Linux; Android 10; K) AppleWebKit/537.36 (KHTML, like Gecko) Chrome/140.0.0.0 Mobile Safari/537.36" "-"
46.251.213.215 - - [18/Oct/2025:15:55:48 +0300 - 0.000 - -] "GET /wp-content/uploads/2017/02/cropped-ico-180x180.png HTTP/1.1" 200 10444 "https://tivortin.com/ru/o-preparate/instrukciya/" "Mozilla/5.0 (Linux; Android 10; K) AppleWebKit/537.36 (KHTML, like Gecko) Chrome/140.0.0.0 Mobile Safari/537.36" "-"
87.250.224.224 - - [18/Oct/2025:15:56:03 +0300 - 0.488 - 0.484] "GET /ru/specialistam/%D0%BF%D1%80%D0%BE%D0%B1%D0%BB%D0%B5%D0%BC%D1%8B-%D0%BD%D0%B5%D0%B2%D1%8B%D0%BD%D0%B0%D1%88%D0%B8%D0%B2%D0%B0%D0%BD%D0%B8%D1%8F-%D0%B1%D0%B5%D1%80%D0%B5%D0%BC%D0%B5%D0%BD%D0%BD%D0%BE%D1%81%D1%82%D0%B8/ HTTP/1.1" 200 24342 "-" "Mozilla/5.0 (compatible; YandexBot/3.0; +http://yandex.com/bots)" "-"
157.90.156.63 - - [18/Oct/2025:15:56:06 +0300 - 0.192 - 0.192] "HEAD / HTTP/1.1" 200 0 "https://tivortin.com" "Mozilla/5.0+(compatible; UptimeRobot/2.0; http://www.uptimerobot.com/)" "-"
130.254.44.103 - - [18/Oct/2025:15:56:31 +0300 - 0.000 - -] "GET /wp-content/themes/tivortin/images/logo.png HTTP/1.1" 200 12318 "https://tivortin.com/specialistam/l-%D0%B0%D1%80%D0%B3%D0%B8%D0%BD%D0%B8%D0%BD-%D0%BF%D1%80%D0%B8-%D0%B8%D1%88%D0%B5%D0%BC%D0%B8%D1%87%D0%B5%D1%81%D0%BA%D0%BE%D0%B9-%D0%B1%D0%BE%D0%BB%D0%B5%D0%B7%D0%BD%D0%B8-%D1%81%D0%B5%D1%80%D0%B4/" "Mozilla/5.0 (Linux; Android 10; K) AppleWebKit/537.36 (KHTML, like Gecko) Chrome/141.0.0.0 Mobile Safari/537.36" "-"
130.254.44.103 - - [18/Oct/2025:15:56:31 +0300 - 0.000 - -] "GET /wp-content/themes/tivortin/images/arrow-top.png HTTP/1.1" 200 938 "https://tivortin.com/specialistam/l-%D0%B0%D1%80%D0%B3%D0%B8%D0%BD%D0%B8%D0%BD-%D0%BF%D1%80%D0%B8-%D0%B8%D1%88%D0%B5%D0%BC%D0%B8%D1%87%D0%B5%D1%81%D0%BA%D0%BE%D0%B9-%D0%B1%D0%BE%D0%BB%D0%B5%D0%B7%D0%BD%D0%B8-%D1%81%D0%B5%D1%80%D0%B4/" "Mozilla/5.0 (Linux; Android 10; K) AppleWebKit/537.36 (KHTML, like Gecko) Chrome/141.0.0.0 Mobile Safari/537.36" "-"
130.254.44.103 - - [18/Oct/2025:15:56:31 +0300 - 0.000 - -] "GET /wp-content/themes/tivortin/images/samolechenie_ua.png HTTP/1.1" 200 16363 "https://tivortin.com/specialistam/l-%D0%B0%D1%80%D0%B3%D0%B8%D0%BD%D0%B8%D0%BD-%D0%BF%D1%80%D0%B8-%D0%B8%D1%88%D0%B5%D0%BC%D0%B8%D1%87%D0%B5%D1%81%D0%BA%D0%BE%D0%B9-%D0%B1%D0%BE%D0%BB%D0%B5%D0%B7%D0%BD%D0%B8-%D1%81%D0%B5%D1%80%D0%B4/" "Mozilla/5.0 (Linux; Android 10; K) AppleWebKit/537.36 (KHTML, like Gecko) Chrome/141.0.0.0 Mobile Safari/537.36" "-"
130.254.44.103 - - [18/Oct/2025:15:56:31 +0300 - 0.000 - -] "GET /wp-content/themes/tivortin/images/samolechenie_uamob.png HTTP/1.1" 200 13689 "https://tivortin.com/specialistam/l-%D0%B0%D1%80%D0%B3%D0%B8%D0%BD%D0%B8%D0%BD-%D0%BF%D1%80%D0%B8-%D0%B8%D1%88%D0%B5%D0%BC%D0%B8%D1%87%D0%B5%D1%81%D0%BA%D0%BE%D0%B9-%D0%B1%D0%BE%D0%BB%D0%B5%D0%B7%D0%BD%D0%B8-%D1%81%D0%B5%D1%80%D0%B4/" "Mozilla/5.0 (Linux; Android 10; K) AppleWebKit/537.36 (KHTML, like Gecko) Chrome/141.0.0.0 Mobile Safari/537.36" "-"
130.254.44.103 - - [18/Oct/2025:15:56:31 +0300 - 0.000 - -] "GET /wp-content/themes/tivortin/images/dwnload-icon.png HTTP/1.1" 200 541 "https://tivortin.com/wp-content/themes/tivortin/style.css?ver=6.8.3" "Mozilla/5.0 (Linux; Android 10; K) AppleWebKit/537.36 (KHTML, like Gecko) Chrome/141.0.0.0 Mobile Safari/537.36" "-"
130.254.44.103 - - [18/Oct/2025:15:56:31 +0300 - 0.000 - -] "GET /wp-content/themes/tivortin/images/icons/search-icon.png HTTP/1.1" 200 1880 "https://tivortin.com/wp-content/themes/tivortin/style.css?ver=6.8.3" "Mozilla/5.0 (Linux; Android 10; K) AppleWebKit/537.36 (KHTML, like Gecko) Chrome/141.0.0.0 Mobile Safari/537.36" "-"
130.254.44.103 - - [18/Oct/2025:15:56:31 +0300 - 0.000 - -] "GET /wp-content/uploads/2017/02/u.png HTTP/1.1" 200 7012 "https://tivortin.com/specialistam/l-%D0%B0%D1%80%D0%B3%D0%B8%D0%BD%D0%B8%D0%BD-%D0%BF%D1%80%D0%B8-%D0%B8%D1%88%D0%B5%D0%BC%D0%B8%D1%87%D0%B5%D1%81%D0%BA%D0%BE%D0%B9-%D0%B1%D0%BE%D0%BB%D0%B5%D0%B7%D0%BD%D0%B8-%D1%81%D0%B5%D1%80%D0%B4/" "Mozilla/5.0 (Linux; Android 10; K) AppleWebKit/537.36 (KHTML, like Gecko) Chrome/141.0.0.0 Mobile Safari/537.36" "-"
130.254.44.103 - - [18/Oct/2025:15:56:31 +0300 - 0.000 - -] "GET /wp-content/uploads/2017/02/gynodek.png HTTP/1.1" 200 14178 "https://tivortin.com/specialistam/l-%D0%B0%D1%80%D0%B3%D0%B8%D0%BD%D0%B8%D0%BD-%D0%BF%D1%80%D0%B8-%D0%B8%D1%88%D0%B5%D0%BC%D0%B8%D1%87%D0%B5%D1%81%D0%BA%D0%BE%D0%B9-%D0%B1%D0%BE%D0%BB%D0%B5%D0%B7%D0%BD%D0%B8-%D1%81%D0%B5%D1%80%D0%B4/" "Mozilla/5.0 (Linux; Android 10; K) AppleWebKit/537.36 (KHTML, like Gecko) Chrome/141.0.0.0 Mobile Safari/537.36" "-"
130.254.44.103 - - [18/Oct/2025:15:56:31 +0300 - 0.000 - -] "GET /wp-content/uploads/2017/02/laktyvit.png HTTP/1.1" 200 5748 "https://tivortin.com/specialistam/l-%D0%B0%D1%80%D0%B3%D0%B8%D0%BD%D0%B8%D0%BD-%D0%BF%D1%80%D0%B8-%D0%B8%D1%88%D0%B5%D0%BC%D0%B8%D1%87%D0%B5%D1%81%D0%BA%D0%BE%D0%B9-%D0%B1%D0%BE%D0%BB%D0%B5%D0%B7%D0%BD%D0%B8-%D1%81%D0%B5%D1%80%D0%B4/" "Mozilla/5.0 (Linux; Android 10; K) AppleWebKit/537.36 (KHTML, like Gecko) Chrome/141.0.0.0 Mobile Safari/537.36" "-"
130.254.44.103 - - [18/Oct/2025:15:56:31 +0300 - 0.000 - -] "GET /wp-content/uploads/2017/02/revul.png HTTP/1.1" 200 8702 "https://tivortin.com/specialistam/l-%D0%B0%D1%80%D0%B3%D0%B8%D0%BD%D0%B8%D0%BD-%D0%BF%D1%80%D0%B8-%D0%B8%D1%88%D0%B5%D0%BC%D0%B8%D1%87%D0%B5%D1%81%D0%BA%D0%BE%D0%B9-%D0%B1%D0%BE%D0%BB%D0%B5%D0%B7%D0%BD%D0%B8-%D1%81%D0%B5%D1%80%D0%B4/" "Mozilla/5.0 (Linux; Android 10; K) AppleWebKit/537.36 (KHTML, like Gecko) Chrome/141.0.0.0 Mobile Safari/537.36" "-"
130.254.44.103 - - [18/Oct/2025:15:56:31 +0300 - 0.000 - -] "GET /wp-content/themes/tivortin/images/facebook_soc.png HTTP/1.1" 200 1530 "https://tivortin.com/wp-content/themes/tivortin/style.css?ver=6.8.3" "Mozilla/5.0 (Linux; Android 10; K) AppleWebKit/537.36 (KHTML, like Gecko) Chrome/141.0.0.0 Mobile Safari/537.36" "-"
130.254.44.103 - - [18/Oct/2025:15:56:31 +0300 - 0.000 - -] "GET /wp-content/themes/tivortin/images/youtube_soc.png HTTP/1.1" 200 2632 "https://tivortin.com/wp-content/themes/tivortin/style.css?ver=6.8.3" "Mozilla/5.0 (Linux; Android 10; K) AppleWebKit/537.36 (KHTML, like Gecko) Chrome/141.0.0.0 Mobile Safari/537.36" "-"
130.254.44.103 - - [18/Oct/2025:15:56:31 +0300 - 0.000 - -] "GET /wp-content/themes/tivortin/images/linkedin_soc.png HTTP/1.1" 200 1764 "https://tivortin.com/wp-content/themes/tivortin/style.css?ver=6.8.3" "Mozilla/5.0 (Linux; Android 10; K) AppleWebKit/537.36 (KHTML, like Gecko) Chrome/141.0.0.0 Mobile Safari/537.36" "-"
130.254.44.103 - - [18/Oct/2025:15:56:31 +0300 - 0.000 - -] "GET /wp-content/themes/tivortin/images/uf_logo.png HTTP/1.1" 200 3089 "https://tivortin.com/wp-content/themes/tivortin/style.css?ver=6.8.3" "Mozilla/5.0 (Linux; Android 10; K) AppleWebKit/537.36 (KHTML, like Gecko) Chrome/141.0.0.0 Mobile Safari/537.36" "-"
130.254.44.103 - - [18/Oct/2025:15:56:31 +0300 - 0.344 - 0.344] "GET /wp-json/contact-form-7/v1/contact-forms/552/feedback/schema HTTP/1.1" 200 318 "https://tivortin.com/specialistam/l-%D0%B0%D1%80%D0%B3%D0%B8%D0%BD%D0%B8%D0%BD-%D0%BF%D1%80%D0%B8-%D0%B8%D1%88%D0%B5%D0%BC%D0%B8%D1%87%D0%B5%D1%81%D0%BA%D0%BE%D0%B9-%D0%B1%D0%BE%D0%BB%D0%B5%D0%B7%D0%BD%D0%B8-%D1%81%D0%B5%D1%80%D0%B4/" "Mozilla/5.0 (Linux; Android 10; K) AppleWebKit/537.36 (KHTML, like Gecko) Chrome/141.0.0.0 Mobile Safari/537.36" "-"
130.254.44.103 - - [18/Oct/2025:15:56:33 +0300 - 0.000 - -] "GET /wp-content/uploads/2017/02/cropped-ico-192x192.png HTTP/1.1" 200 11686 "https://tivortin.com/specialistam/l-%D0%B0%D1%80%D0%B3%D0%B8%D0%BD%D0%B8%D0%BD-%D0%BF%D1%80%D0%B8-%D0%B8%D1%88%D0%B5%D0%BC%D0%B8%D1%87%D0%B5%D1%81%D0%BA%D0%BE%D0%B9-%D0%B1%D0%BE%D0%BB%D0%B5%D0%B7%D0%BD%D0%B8-%D1%81%D0%B5%D1%80%D0%B4/" "Mozilla/5.0 (Linux; Android 10; K) AppleWebKit/537.36 (KHTML, like Gecko) Chrome/141.0.0.0 Mobile Safari/537.36" "-"
130.254.44.103 - - [18/Oct/2025:15:56:33 +0300 - 0.000 - -] "GET /wp-content/uploads/2017/02/cropped-ico-180x180.png HTTP/1.1" 200 10444 "https://tivortin.com/specialistam/l-%D0%B0%D1%80%D0%B3%D0%B8%D0%BD%D0%B8%D0%BD-%D0%BF%D1%80%D0%B8-%D0%B8%D1%88%D0%B5%D0%BC%D0%B8%D1%87%D0%B5%D1%81%D0%BA%D0%BE%D0%B9-%D0%B1%D0%BE%D0%BB%D0%B5%D0%B7%D0%BD%D0%B8-%D1%81%D0%B5%D1%80%D0%B4/" "Mozilla/5.0 (Linux; Android 10; K) AppleWebKit/537.36 (KHTML, like Gecko) Chrome/141.0.0.0 Mobile Safari/537.36" "-"
31.131.20.181 - - [18/Oct/2025:15:56:38 +0300 - 0.000 - 0.004] "POST /wp-cron.php?doing_wp_cron=1760792198.5280480384826660156250 HTTP/1.1" 499 0 "-" "WordPress/6.8.3; https://tivortin.com/ru/" "-"
46.251.213.215 - - [18/Oct/2025:15:56:38 +0300 - 0.434 - 0.432] "GET /ru/o-preparate/kurs-terapii/ HTTP/1.1" 200 18424 "https://tivortin.com/ru/o-preparate/instrukciya/" "Mozilla/5.0 (Linux; Android 10; K) AppleWebKit/537.36 (KHTML, like Gecko) Chrome/140.0.0.0 Mobile Safari/537.36" "-"
46.251.213.215 - - [18/Oct/2025:15:56:39 +0300 - 0.460 - 0.460] "GET /ru/o-preparate/instrukciya/ HTTP/1.1" 200 22296 "-" "Mozilla/5.0 (Linux; Android 10; K) AppleWebKit/537.36 (KHTML, like Gecko) Chrome/140.0.0.0 Mobile Safari/537.36" "-"
46.251.213.215 - - [18/Oct/2025:15:56:39 +0300 - 0.262 - 0.256] "GET /ru/wp-json/contact-form-7/v1/contact-forms/536/feedback/schema HTTP/1.1" 200 314 "https://tivortin.com/ru/o-preparate/instrukciya/" "Mozilla/5.0 (Linux; Android 10; K) AppleWebKit/537.36 (KHTML, like Gecko) Chrome/140.0.0.0 Mobile Safari/537.36" "-"
49.13.24.81 - - [18/Oct/2025:15:57:09 +0300 - 0.341 - 0.340] "HEAD / HTTP/1.1" 200 0 "https://tivortin.com" "Mozilla/5.0+(compatible; UptimeRobot/2.0; http://www.uptimerobot.com/)" "-"
183.134.59.131 - - [18/Oct/2025:15:57:10 +0300 - 0.209 - 0.208] "GET /favicon.ico HTTP/1.1" 302 5 "-" "Dalvik/2.1.0 (Linux; U; Android 9.0; ZTE BA520 Build/MRA58K)" "-"
66.249.66.64 - - [18/Oct/2025:15:57:10 +0300 - 0.395 - 0.396] "GET /ru/ HTTP/1.1" 200 18969 "-" "Mozilla/5.0 (Linux; Android 6.0.1; Nexus 5X Build/MMB29P) AppleWebKit/537.36 (KHTML, like Gecko) Chrome/140.0.7339.207 Mobile Safari/537.36 (compatible; Googlebot/2.1; +http://www.google.com/bot.html)" "-"
183.134.59.131 - - [18/Oct/2025:15:57:11 +0300 - 0.000 - -] "GET /wp-content/uploads/2017/02/cropped-ico-32x32.png HTTP/1.1" 200 1128 "-" "Dalvik/2.1.0 (Linux; U; Android 9.0; ZTE BA520 Build/MRA58K)" "-"
183.134.59.131 - - [18/Oct/2025:15:57:12 +0300 - 0.203 - 0.204] "GET /favicon.ico HTTP/1.1" 302 5 "-" "Dalvik/2.1.0 (Linux; U; Android 9.0; ZTE BA520 Build/MRA58K)" "-"
183.134.59.131 - - [18/Oct/2025:15:57:13 +0300 - 0.000 - -] "GET /wp-content/uploads/2017/02/cropped-ico-32x32.png HTTP/1.1" 200 1128 "-" "Dalvik/2.1.0 (Linux; U; Android 9.0; ZTE BA520 Build/MRA58K)" "-"
31.131.20.181 - - [18/Oct/2025:15:57:31 +0300 - 0.001 - 0.000] "POST /wp-cron.php?doing_wp_cron=1760792251.0221049785614013671875 HTTP/1.1" 499 0 "-" "WordPress/6.8.3; https://tivortin.com/ru/" "-"
72.14.201.88 - - [18/Oct/2025:15:57:31 +0300 - 0.491 - 0.488] "GET /ru/o-preparate/instrukciya/ HTTP/1.1" 200 22296 "https://www.google.com/" "Mozilla/5.0 (Linux; Android 10; K) AppleWebKit/537.36 (KHTML, like Gecko) Chrome/141.0.0.0 Mobile Safari/537.36" "-"
31.131.20.181 - - [18/Oct/2025:15:58:02 +0300 - 0.000 - 0.000] "POST /wp-cron.php?doing_wp_cron=1760792282.9716110229492187500000 HTTP/1.1" 499 0 "-" "WordPress/6.8.3; https://tivortin.com/ru/" "-"
193.186.4.104 - - [18/Oct/2025:15:58:03 +0300 - 0.558 - 0.556] "GET /ru/o-preparate/instrukciya/ HTTP/1.1" 200 22296 "https://www.google.com/" "Mozilla/5.0 (Linux; Android 10; K) AppleWebKit/537.36 (KHTML, like Gecko) Chrome/141.0.0.0 Mobile Safari/537.36" "-"
63.178.84.147 - - [18/Oct/2025:15:58:14 +0300 - 0.196 - 0.196] "HEAD / HTTP/1.1" 200 0 "https://tivortin.com" "Mozilla/5.0+(compatible; UptimeRobot/2.0; http://www.uptimerobot.com/)" "-"
162.120.187.255 - - [18/Oct/2025:15:58:33 +0300 - 0.429 - 0.428] "GET /ru/o-preparate/instrukciya/ HTTP/1.1" 200 22296 "https://www.google.com/" "Mozilla/5.0 (Linux; Android 10; K) AppleWebKit/537.36 (KHTML, like Gecko) Chrome/141.0.0.0 Mobile Safari/537.36" "-"
31.131.20.181 - - [18/Oct/2025:15:59:07 +0300 - 0.001 - 0.000] "POST /wp-cron.php?doing_wp_cron=1760792347.1526141166687011718750 HTTP/1.1" 499 0 "-" "WordPress/6.8.3; https://tivortin.com/en/" "-"
87.250.224.211 - - [18/Oct/2025:15:59:07 +0300 - 0.274 - 0.276] "GET /en/guidline-pregn-sogc-2014-canada-2/ HTTP/1.1" 302 5 "-" "Mozilla/5.0 (compatible; YandexBot/3.0; +http://yandex.com/bots)" "-"
87.250.224.25 - - [18/Oct/2025:15:59:07 +0300 - 0.000 - -] "GET /robots.txt HTTP/1.1" 200 88 "-" "Mozilla/5.0 (compatible; YandexBot/3.0; +http://yandex.com/bots)" "-"
95.108.213.104 - - [18/Oct/2025:15:59:08 +0300 - 0.432 - 0.428] "GET /ru/guidline-pregn-sogc-2014-canada-2/ HTTP/1.1" 301 68401 "-" "Mozilla/5.0 (compatible; YandexBot/3.0; +http://yandex.com/bots)" "-"
49.13.24.81 - - [18/Oct/2025:15:59:17 +0300 - 0.225 - 0.224] "HEAD / HTTP/1.1" 200 0 "https://tivortin.com" "Mozilla/5.0+(compatible; UptimeRobot/2.0; http://www.uptimerobot.com/)" "-"
72.14.201.28 - - [18/Oct/2025:15:59:24 +0300 - 0.427 - 0.428] "GET /ru/specialistam/%D0%BF%D1%80%D0%B8%D0%BC%D0%B5%D0%BD%D0%B5%D0%BD%D0%B8%D0%B5-l-%D0%B0%D1%80%D0%B3%D0%B8%D0%BD%D0%B8%D0%BD%D0%B0-%D0%B2-%D0%BB%D0%B5%D1%87%D0%B5%D0%BD%D0%B8%D0%B8-%D1%8D%D1%80%D0%B5%D0%BA%D1%82%D0%B8/ HTTP/1.1" 200 24310 "https://www.google.com/" "Mozilla/5.0 (Linux; Android 10; K) AppleWebKit/537.36 (KHTML, like Gecko) Chrome/141.0.0.0 Mobile Safari/537.36" "-"
31.131.20.181 - - [18/Oct/2025:15:59:57 +0300 - 0.000 - 0.000] "POST /wp-cron.php?doing_wp_cron=1760792397.8703629970550537109375 HTTP/1.1" 499 0 "-" "WordPress/6.8.3; https://tivortin.com/ru/" "-"
213.180.203.98 - - [18/Oct/2025:15:59:58 +0300 - 0.498 - 0.500] "GET /ru/guidline-pregn-sogc-2014-canada-2/ HTTP/1.1" 301 68401 "-" "Mozilla/5.0 (compatible; YandexBot/3.0; +http://yandex.com/bots)" "-"
31.131.20.181 - - [18/Oct/2025:16:00:06 +0300 - 0.000 - 0.000] "POST /wp-cron.php?doing_wp_cron=1760792406.6713340282440185546875 HTTP/1.1" 499 0 "-" "WordPress/6.8.3; https://tivortin.com" "-"
193.186.4.49 - - [18/Oct/2025:16:00:06 +0300 - 0.503 - 0.500] "GET /o-preparate/instrukciya/ HTTP/1.1" 200 21977 "https://www.google.com/" "Mozilla/5.0 (Linux; Android 10; K) AppleWebKit/537.36 (KHTML, like Gecko) Chrome/141.0.0.0 Mobile Safari/537.36" "-"
18.193.252.127 - - [18/Oct/2025:16:00:10 +0300 - 0.239 - 0.240] "HEAD / HTTP/1.1" 200 0 "https://tivortin.com" "Mozilla/5.0+(compatible; UptimeRobot/2.0; http://www.uptimerobot.com/)" "-"
128.140.106.114 - - [18/Oct/2025:16:00:20 +0300 - 0.219 - 0.220] "HEAD / HTTP/1.1" 200 0 "https://tivortin.com" "Mozilla/5.0+(compatible; UptimeRobot/2.0; http://www.uptimerobot.com/)" "-"
31.131.20.181 - - [18/Oct/2025:16:01:25 +0300 - 0.000 - 0.000] "POST /wp-cron.php?doing_wp_cron=1760792485.5949120521545410156250 HTTP/1.1" 499 0 "-" "WordPress/6.8.3; https://tivortin.com" "-"
63.178.84.147 - - [18/Oct/2025:16:01:25 +0300 - 0.307 - 0.308] "HEAD / HTTP/1.1" 200 0 "https://tivortin.com" "Mozilla/5.0+(compatible; UptimeRobot/2.0; http://www.uptimerobot.com/)" "-"
31.131.20.181 - - [18/Oct/2025:16:01:59 +0300 - 0.001 - 0.000] "POST /wp-cron.php?doing_wp_cron=1760792519.8295040130615234375000 HTTP/1.1" 499 0 "-" "WordPress/6.8.3; https://tivortin.com/ru/" "-"
91.79.231.223 - - [18/Oct/2025:16:02:00 +0300 - 0.605 - 0.604] "GET /ru/specialistam/%D0%BE%D0%B1%D0%B7%D0%BE%D1%80-%D1%81%D0%BE%D0%B2%D1%80%D0%B5%D0%BC%D0%B5%D0%BD%D0%BD%D1%8B%D1%85-%D0%BF%D1%80%D0%B5%D0%B4%D1%81%D1%82%D0%B0%D0%B2%D0%BB%D0%B5%D0%BD%D0%B8%D0%B9-%D0%BE%D0%B1-%D1%8D/ HTTP/1.1" 200 32873 "-" "Mozilla/5.0 (Linux; arm_64; Android 12; SM-A415F) AppleWebKit/537.36 (KHTML, like Gecko) Chrome/138.0.7204.59 YaBrowser/25.8.9.59.00 SA/3 Mobile Safari/537.36" "-"
91.79.231.223 - - [18/Oct/2025:16:02:02 +0300 - 0.000 - -] "GET /wp-content/themes/tivortin/images/logo.png HTTP/1.1" 200 12318 "https://tivortin.com/ru/specialistam/%D0%BE%D0%B1%D0%B7%D0%BE%D1%80-%D1%81%D0%BE%D0%B2%D1%80%D0%B5%D0%BC%D0%B5%D0%BD%D0%BD%D1%8B%D1%85-%D0%BF%D1%80%D0%B5%D0%B4%D1%81%D1%82%D0%B0%D0%B2%D0%BB%D0%B5%D0%BD%D0%B8%D0%B9-%D0%BE%D0%B1-%D1%8D/" "Mozilla/5.0 (Linux; arm_64; Android 12; SM-A415F) AppleWebKit/537.36 (KHTML, like Gecko) Chrome/138.0.7204.59 YaBrowser/25.8.9.59.00 SA/3 Mobile Safari/537.36" "-"
91.79.231.223 - - [18/Oct/2025:16:02:02 +0300 - 0.000 - -] "GET /wp-content/themes/tivortin/images/arrow-top.png HTTP/1.1" 200 938 "https://tivortin.com/ru/specialistam/%D0%BE%D0%B1%D0%B7%D0%BE%D1%80-%D1%81%D0%BE%D0%B2%D1%80%D0%B5%D0%BC%D0%B5%D0%BD%D0%BD%D1%8B%D1%85-%D0%BF%D1%80%D0%B5%D0%B4%D1%81%D1%82%D0%B0%D0%B2%D0%BB%D0%B5%D0%BD%D0%B8%D0%B9-%D0%BE%D0%B1-%D1%8D/" "Mozilla/5.0 (Linux; arm_64; Android 12; SM-A415F) AppleWebKit/537.36 (KHTML, like Gecko) Chrome/138.0.7204.59 YaBrowser/25.8.9.59.00 SA/3 Mobile Safari/537.36" "-"
