87.250.224.224 - - [18/Oct/2025:15:40:32 +0300 - 0.388 - 0.388] "GET /ru/specialistam/%D1%80%D0%BE%D0%BB%D1%8C-%D0%B5%D0%BD%D0%B4%D0%BE%D1%82%D0%B5%D0%BB%D1%96%D0%B0%D0%BB%D1%8C%D0%BD%D0%BE%D1%97-%D0%B4%D0%B8%D1%81%D1%84%D1%83%D0%BD%D0%BA%D1%86%D1%96%D1%97-%D0%B2-%D0%B3%D0%B5%D0%BD/ HTTP/1.1" 200 22347 "-" "Mozilla/5.0 (compatible; YandexBot/3.0; +http://yandex.com/bots)" "-"
87.250.224.211 - - [18/Oct/2025:15:40:33 +0300 - 0.307 - 0.304] "GET /ru/specialistam/%D0%B0%D1%82%D0%B5%D1%80%D0%BE%D1%81%D0%BA%D0%BB%D0%B5%D1%80%D0%BE%D0%B7-%D1%8F%D0%BA-%D0%BA%D0%BB%D1%96%D0%BD%D1%96%D1%87%D0%BD%D0%B8%D0%B9-%D0%BF%D1%80%D0%BE%D1%8F%D0%B2-%D0%B5%D0%BD%D0%B4%D0%BE/ HTTP/1.1" 200 21449 "-" "Mozilla/5.0 (compatible; YandexBot/3.0; +http://yandex.com/bots)" "-"
31.131.20.181 - - [18/Oct/2025:15:40:50 +0300 - 0.001 - 0.000] "POST /wp-cron.php?doing_wp_cron=1760791250.3006060123443603515625 HTTP/1.1" 499 0 "-" "WordPress/6.8.3; https://tivortin.com/ru/" "-"
213.180.203.224 - - [18/Oct/2025:15:40:50 +0300 - 0.433 - 0.432] "GET /ru/specialistam/%D1%8D%D1%84%D1%84%D0%B5%D0%BA%D1%82%D0%B8%D0%B2%D0%BD%D0%BE%D1%81%D1%82%D1%8C-%D0%BF%D1%80%D0%B8%D0%BC%D0%B5%D0%BD%D0%B5%D0%BD%D0%B8%D1%8F-l-%D0%B0%D1%80%D0%B3%D0%B8%D0%BD%D0%B8%D0%BD%D0%B0-%D0%B2/ HTTP/1.1" 200 30794 "-" "Mozilla/5.0 (iPhone; CPU iPhone OS 15_4_1 like Mac OS X) AppleWebKit/605.1.15 (KHTML, like Gecko) Version/15.4 Mobile/15E148 Safari/604.1 (compatible; YandexMobileBot/3.0; +http://yandex.com/bots)" "-"
5.255.231.117 - - [18/Oct/2025:15:40:52 +0300 - 0.325 - 0.324] "GET /ru/razdel/urologam-ru/ HTTP/1.1" 200 17827 "-" "Mozilla/5.0 (compatible; YandexBot/3.0; +http://yandex.com/bots)" "-"
5.255.231.136 - - [18/Oct/2025:15:40:55 +0300 - 0.335 - 0.332] "GET /ru/razdel/urologam-ru/ HTTP/1.1" 200 17801 "-" "Mozilla/5.0 (iPhone; CPU iPhone OS 15_4_1 like Mac OS X) AppleWebKit/605.1.15 (KHTML, like Gecko) Version/15.4 Mobile/15E148 Safari/604.1 (compatible; YandexMobileBot/3.0; +http://yandex.com/bots)" "-"
159.69.158.189 - - [18/Oct/2025:15:41:11 +0300 - 0.242 - 0.240] "HEAD / HTTP/1.1" 200 0 "https://tivortin.com" "Mozilla/5.0+(compatible; UptimeRobot/2.0; http://www.uptimerobot.com/)" "-"
5.255.231.250 - - [18/Oct/2025:15:41:27 +0300 - 0.427 - 0.428] "GET /ru/specialistam/%D1%8D%D1%84%D1%84%D0%B5%D0%BA%D1%82%D0%B8%D0%B2%D0%BD%D0%BE%D1%81%D1%82%D1%8C-%D1%82%D0%B8%D0%B2%D0%BE%D1%80%D1%82%D0%B8%D0%BD%D0%B0-%D0%B8-%D0%B2%D0%B5%D1%80%D0%BE%D1%88%D0%BF%D0%B8%D1%80%D0%BE/ HTTP/1.1" 200 24903 "-" "Mozilla/5.0 (compatible; YandexBot/3.0; +http://yandex.com/bots)" "-"
95.108.213.163 - - [18/Oct/2025:15:41:28 +0300 - 0.325 - 0.324] "GET /ru/specialistam/?kw=for-cardiologists HTTP/1.1" 200 20702 "-" "Mozilla/5.0 (compatible; YandexBot/3.0; +http://yandex.com/bots)" "-"
87.250.224.211 - - [18/Oct/2025:15:41:30 +0300 - 0.320 - 0.320] "GET /ru/specialistam/%D1%8D%D1%84%D1%84%D0%B5%D0%BA%D1%82%D0%B8%D0%B2%D0%BD%D0%BE%D1%81%D1%82%D1%8C-%D1%82%D0%B8%D0%B2%D0%BE%D1%80%D1%82%D0%B8%D0%BD%D0%B0-%D0%B8-%D0%B2%D0%B5%D1%80%D0%BE%D1%88%D0%BF%D0%B8%D1%80%D0%BE/ HTTP/1.1" 200 24873 "-" "Mozilla/5.0 (iPhone; CPU iPhone OS 15_4_1 like Mac OS X) AppleWebKit/605.1.15 (KHTML, like Gecko) Version/15.4 Mobile/15E148 Safari/604.1 (compatible; YandexMobileBot/3.0; +http://yandex.com/bots)" "-"
95.108.213.104 - - [18/Oct/2025:15:41:30 +0300 - 0.352 - 0.352] "GET /ru/specialistam/%D1%81%D0%BE%D0%B4%D0%B5%D1%80%D0%B6%D0%B0%D0%BD%D0%B8%D0%B5-%D0%B0%D1%80%D0%B3%D0%B8%D0%BD%D0%B8%D0%BD%D0%B0-%D0%B2-%D1%81%D1%8B%D0%B2%D0%BE%D1%80%D0%BE%D1%82%D0%BA%D0%B5-%D0%BA%D1%80%D0%BE%D0%B2/ HTTP/1.1" 200 33224 "-" "Mozilla/5.0 (compatible; YandexBot/3.0; +http://yandex.com/bots)" "-"
95.108.213.188 - - [18/Oct/2025:15:41:30 +0300 - 0.370 - 0.368] "GET /ru/specialistam/%D1%81%D0%BE%D0%B4%D0%B5%D1%80%D0%B6%D0%B0%D0%BD%D0%B8%D0%B5-%D0%B0%D1%80%D0%B3%D0%B8%D0%BD%D0%B8%D0%BD%D0%B0-%D0%B2-%D1%81%D1%8B%D0%B2%D0%BE%D1%80%D0%BE%D1%82%D0%BA%D0%B5-%D0%BA%D1%80%D0%BE%D0%B2/ HTTP/1.1" 200 33193 "-" "Mozilla/5.0 (iPhone; CPU iPhone OS 15_4_1 like Mac OS X) AppleWebKit/605.1.15 (KHTML, like Gecko) Version/15.4 Mobile/15E148 Safari/604.1 (compatible; YandexMobileBot/3.0; +http://yandex.com/bots)" "-"
31.131.20.181 - - [18/Oct/2025:15:41:41 +0300 - 0.001 - 0.000] "POST /wp-cron.php?doing_wp_cron=1760791301.1277019977569580078125 HTTP/1.1" 499 0 "-" "WordPress/6.8.3; https://tivortin.com/ru/" "-"
5.255.231.136 - - [18/Oct/2025:15:41:41 +0300 - 0.367 - 0.368] "GET /ru/o-preparate/ HTTP/1.1" 200 18680 "-" "Mozilla/5.0 (compatible; YandexBot/3.0; +http://yandex.com/bots)" "-"
5.255.231.170 - - [18/Oct/2025:15:41:42 +0300 - 0.407 - 0.408] "GET /ru/specialistam/%D0%BE%D1%81%D0%BE%D0%B1%D0%B5%D0%BD%D0%BD%D0%BE%D1%81%D1%82%D0%B8-%D1%82%D0%B5%D1%87%D0%B5%D0%BD%D0%B8%D1%8F-%D0%B4%D0%B8%D0%B0%D0%B3%D0%BD%D0%BE%D1%81%D1%82%D0%B8%D0%BA%D0%B8-%D0%B8-%D1%82%D0%B5/ HTTP/1.1" 200 33546 "-" "Mozilla/5.0 (iPhone; CPU iPhone OS 15_4_1 like Mac OS X) AppleWebKit/605.1.15 (KHTML, like Gecko) Version/15.4 Mobile/15E148 Safari/604.1 (compatible; YandexMobileBot/3.0; +http://yandex.com/bots)" "-"
5.255.231.118 - - [18/Oct/2025:15:41:44 +0300 - 0.335 - 0.336] "GET /ru/o-preparate/ HTTP/1.1" 200 18657 "-" "Mozilla/5.0 (iPhone; CPU iPhone OS 15_4_1 like Mac OS X) AppleWebKit/605.1.15 (KHTML, like Gecko) Version/15.4 Mobile/15E148 Safari/604.1 (compatible; YandexMobileBot/3.0; +http://yandex.com/bots)" "-"
5.255.231.117 - - [18/Oct/2025:15:41:45 +0300 - 0.285 - 0.284] "GET /ru/%D0%BF%D0%BE%D0%BB%D0%B8%D1%82%D0%B8%D0%BA%D0%B0-%D0%BA%D0%BE%D0%BD%D1%84%D0%B8%D0%B4%D0%B5%D0%BD%D1%86%D0%B8%D0%B0%D0%BB%D1%8C%D0%BD%D0%BE%D1%81%D1%82%D0%B8/ HTTP/1.1" 200 28188 "-" "Mozilla/5.0 (iPhone; CPU iPhone OS 15_4_1 like Mac OS X) AppleWebKit/605.1.15 (KHTML, like Gecko) Version/15.4 Mobile/15E148 Safari/604.1 (compatible; YandexMobileBot/3.0; +http://yandex.com/bots)" "-"
5.255.231.66 - - [18/Oct/2025:15:41:55 +0300 - 0.371 - 0.368] "GET /ru/o-sosudah/sosudy-golovy/ HTTP/1.1" 200 19540 "-" "Mozilla/5.0 (compatible; YandexBot/3.0; +http://yandex.com/bots)" "-"
5.255.231.250 - - [18/Oct/2025:15:41:55 +0300 - 0.398 - 0.400] "GET /ru/o-preparate/klinicheskiy-effect/ HTTP/1.1" 200 18878 "-" "Mozilla/5.0 (iPhone; CPU iPhone OS 15_4_1 like Mac OS X) AppleWebKit/605.1.15 (KHTML, like Gecko) Version/15.4 Mobile/15E148 Safari/604.1 (compatible; YandexMobileBot/3.0; +http://yandex.com/bots)" "-"
162.120.187.179 - - [18/Oct/2025:15:41:55 +0300 - 0.446 - 0.448] "GET /ru/specialistam/%D1%85%D1%80%D0%BE%D0%BD%D1%96%D1%87%D0%BD%D0%B5-%D0%BF%D0%BE%D1%80%D1%83%D1%88%D0%B5%D0%BD%D0%BD%D1%8F-%D0%BC%D0%BE%D0%B7%D0%BA%D0%BE%D0%B2%D0%BE%D0%B3%D0%BE-%D0%BA%D1%80%D0%BE%D0%B2%D0%BE%D0%BE/ HTTP/1.1" 200 38399 "-" "Mozilla/5.0 (Linux; Android 10; K) AppleWebKit/537.36 (KHTML, like Gecko) Chrome/141.0.0.0 Mobile Safari/537.36" "-"
87.250.224.224 - - [18/Oct/2025:15:41:57 +0300 - 0.322 - 0.320] "GET /ru/o-sosudah/sosudy-golovy/ HTTP/1.1" 200 19517 "-" "Mozilla/5.0 (iPhone; CPU iPhone OS 15_4_1 like Mac OS X) AppleWebKit/605.1.15 (KHTML, like Gecko) Version/15.4 Mobile/15E148 Safari/604.1 (compatible; YandexMobileBot/3.0; +http://yandex.com/bots)" "-"
87.250.224.211 - - [18/Oct/2025:15:41:59 +0300 - 0.348 - 0.344] "GET /ru/o-preparate/klinicheskiy-effect/ HTTP/1.1" 200 18901 "-" "Mozilla/5.0 (compatible; YandexBot/3.0; +http://yandex.com/bots)" "-"
183.7.151.176 - - [18/Oct/2025:15:42:03 +0300 - 0.000 - -] "GET /robots.txt HTTP/1.1" 200 112 "-" "Mozilla/5.0 (Windows NT 10.0; WOW64) AppleWebKit/537.36 (KHTML, like Gecko) Chrome/84.0.2845.107 Safari/537.36 QIHU 360EE" "-"
213.180.203.224 - - [18/Oct/2025:15:42:12 +0300 - 0.360 - 0.356] "GET /ru/specialistam/%D0%BE%D0%BF%D1%82%D0%B8%D0%BC%D0%B8%D0%B7%D0%B0%D1%86%D0%B8%D1%8F-%D1%82%D0%B5%D1%80%D0%B0%D0%BF%D0%B8%D0%B8-%D1%85%D1%80%D0%BE%D0%BD%D0%B8%D1%87%D0%B5%D1%81%D0%BA%D0%BE%D0%B9-%D1%81%D0%B5%D1%80/ HTTP/1.1" 200 30284 "-" "Mozilla/5.0 (iPhone; CPU iPhone OS 15_4_1 like Mac OS X) AppleWebKit/605.1.15 (KHTML, like Gecko) Version/15.4 Mobile/15E148 Safari/604.1 (compatible; YandexMobileBot/3.0; +http://yandex.com/bots)" "-"
159.69.158.189 - - [18/Oct/2025:15:42:14 +0300 - 0.181 - 0.184] "HEAD / HTTP/1.1" 200 0 "https://tivortin.com" "Mozilla/5.0+(compatible; UptimeRobot/2.0; http://www.uptimerobot.com/)" "-"
31.131.20.181 - - [18/Oct/2025:15:42:32 +0300 - 0.000 - 0.000] "POST /wp-cron.php?doing_wp_cron=1760791352.6296460628509521484375 HTTP/1.1" 499 0 "-" "WordPress/6.8.3; https://tivortin.com/ru/" "-"
5.255.231.170 - - [18/Oct/2025:15:42:32 +0300 - 0.504 - 0.504] "GET /ru/specialistam/%D0%BE%D0%BF%D1%82%D0%B8%D0%BC%D0%B8%D0%B7%D0%B0%D1%86%D0%B8%D1%8F-%D0%BF%D0%BE%D0%B4%D0%B3%D0%BE%D1%82%D0%BE%D0%B2%D0%BA%D0%B8-%D0%BC%D0%BE%D1%80%D1%84%D0%BE%D1%84%D1%83%D0%BD%D0%BA%D1%86%D0%B8%D0%BE/ HTTP/1.1" 200 28455 "-" "Mozilla/5.0 (compatible; YandexBot/3.0; +http://yandex.com/bots)" "-"
5.255.231.118 - - [18/Oct/2025:15:42:33 +0300 - 0.373 - 0.372] "GET /ru/specialistam/%D0%BE%D0%BF%D1%82%D0%B8%D0%BC%D0%B8%D0%B7%D0%B0%D1%86%D0%B8%D1%8F-%D0%BF%D0%BE%D0%B4%D0%B3%D0%BE%D1%82%D0%BE%D0%B2%D0%BA%D0%B8-%D0%BC%D0%BE%D1%80%D1%84%D0%BE%D1%84%D1%83%D0%BD%D0%BA%D1%86%D0%B8%D0%BE/ HTTP/1.1" 200 28426 "-" "Mozilla/5.0 (iPhone; CPU iPhone OS 15_4_1 like Mac OS X) AppleWebKit/605.1.15 (KHTML, like Gecko) Version/15.4 Mobile/15E148 Safari/604.1 (compatible; YandexMobileBot/3.0; +http://yandex.com/bots)" "-"
213.180.203.208 - - [18/Oct/2025:15:42:33 +0300 - 0.378 - 0.376] "GET /ru/specialistam/%D0%B7%D0%B0%D1%81%D1%82%D0%BE%D1%81%D1%83%D0%B2%D0%B0%D0%BD%D0%BD%D1%8F-%D0%B4%D0%BE%D0%BD%D0%B0%D1%82%D0%BE%D1%80%D0%B0-%D0%BE%D0%BA%D1%81%D0%B8%D0%B4%D0%B0-%D0%B0%D0%B7%D0%BE%D1%82%D0%B0-t%D1%96/ HTTP/1.1" 200 28826 "-" "Mozilla/5.0 (iPhone; CPU iPhone OS 15_4_1 like Mac OS X) AppleWebKit/605.1.15 (KHTML, like Gecko) Version/15.4 Mobile/15E148 Safari/604.1 (compatible; YandexMobileBot/3.0; +http://yandex.com/bots)" "-"
31.131.20.181 - - [18/Oct/2025:15:42:43 +0300 - 0.001 - 0.000] "POST /wp-cron.php?doing_wp_cron=1760791363.8270249366760253906250 HTTP/1.1" 499 0 "-" "WordPress/6.8.3; https://tivortin.com/ru/" "-"
5.255.231.250 - - [18/Oct/2025:15:42:44 +0300 - 0.585 - 0.584] "GET /ru/specialistam/%D1%8D%D1%84%D1%84%D0%B5%D0%BA%D1%82%D0%B8%D0%B2%D0%BD%D0%BE%D1%81%D1%82%D1%8C-%D0%BF%D0%B5%D1%80%D0%BE%D1%80%D0%B0%D0%BB%D1%8C%D0%BD%D0%BE%D0%B3%D0%BE-%D0%BF%D1%80%D0%B8%D0%BC%D0%B5%D0%BD%D0%B5%D0%BD/ HTTP/1.1" 200 36740 "-" "Mozilla/5.0 (compatible; YandexBot/3.0; +http://yandex.com/bots)" "-"
95.108.213.163 - - [18/Oct/2025:15:42:48 +0300 - 0.385 - 0.384] "GET /ru/specialistam/%D1%8D%D1%84%D1%84%D0%B5%D0%BA%D1%82%D0%B8%D0%B2%D0%BD%D0%BE%D1%81%D1%82%D1%8C-%D0%BF%D0%B5%D1%80%D0%BE%D1%80%D0%B0%D0%BB%D1%8C%D0%BD%D0%BE%D0%B3%D0%BE-%D0%BF%D1%80%D0%B8%D0%BC%D0%B5%D0%BD%D0%B5%D0%BD/ HTTP/1.1" 200 36714 "-" "Mozilla/5.0 (iPhone; CPU iPhone OS 15_4_1 like Mac OS X) AppleWebKit/605.1.15 (KHTML, like Gecko) Version/15.4 Mobile/15E148 Safari/604.1 (compatible; YandexMobileBot/3.0; +http://yandex.com/bots)" "-"
95.108.213.104 - - [18/Oct/2025:15:42:54 +0300 - 0.410 - 0.408] "GET /ru/specialistam/?kw=urologam HTTP/1.1" 200 20677 "-" "Mozilla/5.0 (iPhone; CPU iPhone OS 15_4_1 like Mac OS X) AppleWebKit/605.1.15 (KHTML, like Gecko) Version/15.4 Mobile/15E148 Safari/604.1 (compatible; YandexMobileBot/3.0; +http://yandex.com/bots)" "-"
95.108.213.188 - - [18/Oct/2025:15:42:55 +0300 - 0.333 - 0.336] "GET /ru/specialistam/?kw=for-doctors-of-sports-medicine-ru HTTP/1.1" 200 18963 "-" "Mozilla/5.0 (compatible; YandexBot/3.0; +http://yandex.com/bots)" "-"
213.180.203.224 - - [18/Oct/2025:15:42:56 +0300 - 0.322 - 0.320] "GET /ru/specialistam/?kw=for-doctors-of-sports-medicine-ru HTTP/1.1" 200 18938 "-" "Mozilla/5.0 (iPhone; CPU iPhone OS 15_4_1 like Mac OS X) AppleWebKit/605.1.15 (KHTML, like Gecko) Version/15.4 Mobile/15E148 Safari/604.1 (compatible; YandexMobileBot/3.0; +http://yandex.com/bots)" "-"
5.255.231.117 - - [18/Oct/2025:15:43:10 +0300 - 0.479 - 0.480] "GET /ru/specialistam/%D0%B2%D0%BB%D0%B8%D1%8F%D0%BD%D0%B8%D0%B5-l-%D0%B0%D1%80%D0%B3%D0%B8%D0%BD%D0%B8%D0%BD%D0%B0-%D0%BD%D0%B0-%D1%84%D0%B5%D0%BD%D0%BE%D0%BC%D0%B5%D0%BD-%D0%B8%D1%88%D0%B5%D0%BC%D0%B8%D1%87%D0%B5%D1%81/ HTTP/1.1" 200 24595 "-" "Mozilla/5.0 (compatible; YandexBot/3.0; +http://yandex.com/bots)" "-"
5.255.231.118 - - [18/Oct/2025:15:43:12 +0300 - 0.356 - 0.356] "GET /ru/specialistam/%D0%B2%D0%BB%D0%B8%D1%8F%D0%BD%D0%B8%D0%B5-l-%D0%B0%D1%80%D0%B3%D0%B8%D0%BD%D0%B8%D0%BD%D0%B0-%D0%BD%D0%B0-%D1%84%D0%B5%D0%BD%D0%BE%D0%BC%D0%B5%D0%BD-%D0%B8%D1%88%D0%B5%D0%BC%D0%B8%D1%87%D0%B5%D1%81/ HTTP/1.1" 200 24567 "-" "Mozilla/5.0 (iPhone; CPU iPhone OS 15_4_1 like Mac OS X) AppleWebKit/605.1.15 (KHTML, like Gecko) Version/15.4 Mobile/15E148 Safari/604.1 (compatible; YandexMobileBot/3.0; +http://yandex.com/bots)" "-"
157.90.156.63 - - [18/Oct/2025:15:43:18 +0300 - 0.195 - 0.192] "HEAD / HTTP/1.1" 200 0 "https://tivortin.com" "Mozilla/5.0+(compatible; UptimeRobot/2.0; http://www.uptimerobot.com/)" "-"
5.255.231.66 - - [18/Oct/2025:15:43:22 +0300 - 0.394 - 0.392] "GET /ru/specialistam/%D0%BA%D0%BB%D0%B8%D0%BD%D0%B8%D1%87%D0%B5%D1%81%D0%BA%D0%BE%D0%B5-%D0%B7%D0%BD%D0%B0%D1%87%D0%B5%D0%BD%D0%B8%D0%B5-no/ HTTP/1.1" 200 20443 "-" "Mozilla/5.0 (iPhone; CPU iPhone OS 15_4_1 like Mac OS X) AppleWebKit/605.1.15 (KHTML, like Gecko) Version/15.4 Mobile/15E148 Safari/604.1 (compatible; YandexMobileBot/3.0; +http://yandex.com/bots)" "-"
216.244.66.226 - - [18/Oct/2025:15:43:32 +0300 - 0.183 - 0.184] "GET /en/specialistam/%D0%BD%D0%BE%D0%B2%D1%96-%D1%82%D0%B5%D1%80%D0%B0%D0%BF%D0%B5%D0%B2%D1%82%D0%B8%D1%87%D0%BD%D1%96-%D0%BC%D0%BE%D0%B6%D0%BB%D0%B8%D0%B2%D0%BE%D1%81%D1%82%D1%96-%D1%85%D1%96%D1%80%D1%83%D1%80%D0%B3/?spec=1 HTTP/1.1" 301 5 "-" "Mozilla/5.0 (compatible; DotBot/1.2; +https://opensiteexplorer.org/dotbot; help@moz.com)" "-"
87.250.224.224 - - [18/Oct/2025:15:43:33 +0300 - 0.407 - 0.408] "GET /ru/contacts/ HTTP/1.1" 200 19567 "-" "Mozilla/5.0 (compatible; YandexBot/3.0; +http://yandex.com/bots)" "-"
87.250.224.211 - - [18/Oct/2025:15:43:34 +0300 - 0.378 - 0.376] "GET /ru/contacts/ HTTP/1.1" 200 19543 "-" "Mozilla/5.0 (iPhone; CPU iPhone OS 15_4_1 like Mac OS X) AppleWebKit/605.1.15 (KHTML, like Gecko) Version/15.4 Mobile/15E148 Safari/604.1 (compatible; YandexMobileBot/3.0; +http://yandex.com/bots)" "-"
95.108.213.104 - - [18/Oct/2025:15:43:35 +0300 - 0.363 - 0.360] "GET /ru/specialistam/?kw=for-endocrinologists-ru HTTP/1.1" 200 19531 "-" "Mozilla/5.0 (iPhone; CPU iPhone OS 15_4_1 like Mac OS X) AppleWebKit/605.1.15 (KHTML, like Gecko) Version/15.4 Mobile/15E148 Safari/604.1 (compatible; YandexMobileBot/3.0; +http://yandex.com/bots)" "-"
31.131.20.181 - - [18/Oct/2025:15:43:41 +0300 - 0.002 - 0.004] "POST /wp-cron.php?doing_wp_cron=1760791421.1553659439086914062500 HTTP/1.1" 499 0 "-" "WordPress/6.8.3; https://tivortin.com/ru/" "-"
216.244.66.226 - - [18/Oct/2025:15:43:41 +0300 - 0.652 - 0.364] "GET /ru/specialistam/%D0%B1%D0%BE%D0%BB%D1%8C%D0%BE%D0%B2%D0%B8%D0%B9-%D1%81%D0%B8%D0%BD%D0%B4%D1%80%D0%BE%D0%BC-%D0%BF%D1%80%D0%B8-%D0%B0%D0%B4%D0%B5%D0%BD%D0%BE%D0%BC%D1%96%D0%BE%D0%B7%D1%96-%D0%BF%D0%BE%D1%88%D1%83/?spec=1 HTTP/1.1" 200 132169 "-" "Mozilla/5.0 (compatible; DotBot/1.2; +https://opensiteexplorer.org/dotbot; help@moz.com)" "-"
87.250.224.205 - - [18/Oct/2025:15:43:51 +0300 - 0.381 - 0.380] "GET /ru/razdel/akusheram-ginekologam-ru/ HTTP/1.1" 200 20198 "-" "Mozilla/5.0 (iPhone; CPU iPhone OS 15_4_1 like Mac OS X) AppleWebKit/605.1.15 (KHTML, like Gecko) Version/15.4 Mobile/15E148 Safari/604.1 (compatible; YandexMobileBot/3.0; +http://yandex.com/bots)" "-"
5.255.231.117 - - [18/Oct/2025:15:43:53 +0300 - 0.399 - 0.400] "GET /ru/razdel/akusheram-ginekologam-ru/ HTTP/1.1" 200 20224 "-" "Mozilla/5.0 (compatible; YandexBot/3.0; +http://yandex.com/bots)" "-"
213.180.203.208 - - [18/Oct/2025:15:44:06 +0300 - 0.398 - 0.396] "GET /ru/specialistam/%D1%81%D0%BE%D0%B4%D0%B5%D1%80%D0%B6%D0%B0%D0%BD%D0%B8%D0%B5-%D1%86%D0%B8%D1%80%D0%BA%D1%83%D0%BB%D0%B8%D1%80%D1%83%D1%8E%D1%89%D0%B8%D1%85-%D0%BA%D0%BB%D0%B5%D1%82%D0%BE%D0%BA-%D1%8D%D0%BD%D0%B4/ HTTP/1.1" 200 30789 "-" "Mozilla/5.0 (compatible; YandexBot/3.0; +http://yandex.com/bots)" "-"
213.180.203.98 - - [18/Oct/2025:15:44:07 +0300 - 0.342 - 0.344] "GET /ru/specialistam/%D1%81%D0%BE%D0%B4%D0%B5%D1%80%D0%B6%D0%B0%D0%BD%D0%B8%D0%B5-%D1%86%D0%B8%D1%80%D0%BA%D1%83%D0%BB%D0%B8%D1%80%D1%83%D1%8E%D1%89%D0%B8%D1%85-%D0%BA%D0%BB%D0%B5%D1%82%D0%BE%D0%BA-%D1%8D%D0%BD%D0%B4/ HTTP/1.1" 200 30760 "-" "Mozilla/5.0 (iPhone; CPU iPhone OS 15_4_1 like Mac OS X) AppleWebKit/605.1.15 (KHTML, like Gecko) Version/15.4 Mobile/15E148 Safari/604.1 (compatible; YandexMobileBot/3.0; +http://yandex.com/bots)" "-"
157.90.155.240 - - [18/Oct/2025:15:44:22 +0300 - 0.256 - 0.256] "HEAD / HTTP/1.1" 200 0 "https://tivortin.com" "Mozilla/5.0+(compatible; UptimeRobot/2.0; http://www.uptimerobot.com/)" "-"
87.250.224.224 - - [18/Oct/2025:15:44:22 +0300 - 0.491 - 0.492] "GET /ru/specialistam/%D0%BD%D0%BE%D0%B2%D1%8B%D0%B5-%D0%BF%D0%BE%D0%B4%D1%85%D0%BE%D0%B4%D1%8B-%D0%BA-%D0%BF%D1%80%D0%BE%D0%B1%D0%BB%D0%B5%D0%BC%D0%BD%D1%8B%D0%BC-%D0%B2%D0%BE%D0%BF%D1%80%D0%BE%D1%81%D0%B0%D0%BC-%D0%BB/ HTTP/1.1" 200 31915 "-" "Mozilla/5.0 (compatible; YandexBot/3.0; +http://yandex.com/bots)" "-"
95.108.213.163 - - [18/Oct/2025:15:44:22 +0300 - 0.500 - 0.500] "GET /ru/specialistam/%D0%BD%D0%BE%D0%B2%D1%8B%D0%B5-%D0%BF%D0%BE%D0%B4%D1%85%D0%BE%D0%B4%D1%8B-%D0%BA-%D0%BF%D1%80%D0%BE%D0%B1%D0%BB%D0%B5%D0%BC%D0%BD%D1%8B%D0%BC-%D0%B2%D0%BE%D0%BF%D1%80%D0%BE%D1%81%D0%B0%D0%BC-%D0%BB/ HTTP/1.1" 200 31886 "-" "Mozilla/5.0 (iPhone; CPU iPhone OS 15_4_1 like Mac OS X) AppleWebKit/605.1.15 (KHTML, like Gecko) Version/15.4 Mobile/15E148 Safari/604.1 (compatible; YandexMobileBot/3.0; +http://yandex.com/bots)" "-"
95.108.213.188 - - [18/Oct/2025:15:44:24 +0300 - 0.474 - 0.476] "GET /ru/specialistam/%D0%B2%D0%BB%D0%B8%D1%8F%D0%BD%D0%B8%D0%B5-l-%D0%B0%D1%80%D0%B3%D0%B8%D0%BD%D0%B8%D0%BD%D0%B0-%D0%BD%D0%B0-%D0%BA%D0%BE%D0%B3%D0%BD%D0%B8%D1%82%D0%B8%D0%B2%D0%BD%D1%8B%D0%B5-%D1%80%D0%B0%D1%81%D1%81/ HTTP/1.1" 200 26819 "-" "Mozilla/5.0 (iPhone; CPU iPhone OS 15_4_1 like Mac OS X) AppleWebKit/605.1.15 (KHTML, like Gecko) Version/15.4 Mobile/15E148 Safari/604.1 (compatible; YandexMobileBot/3.0; +http://yandex.com/bots)" "-"
95.108.213.104 - - [18/Oct/2025:15:44:25 +0300 - 0.393 - 0.392] "GET /ru/specialistam/%D0%B2%D0%BB%D0%B8%D1%8F%D0%BD%D0%B8%D0%B5-l-%D0%B0%D1%80%D0%B3%D0%B8%D0%BD%D0%B8%D0%BD%D0%B0-%D0%BD%D0%B0-%D0%BA%D0%BE%D0%B3%D0%BD%D0%B8%D1%82%D0%B8%D0%B2%D0%BD%D1%8B%D0%B5-%D1%80%D0%B0%D1%81%D1%81/ HTTP/1.1" 200 26852 "-" "Mozilla/5.0 (compatible; YandexBot/3.0; +http://yandex.com/bots)" "-"
31.131.20.181 - - [18/Oct/2025:15:44:39 +0300 - 0.000 - 0.000] "POST /wp-cron.php?doing_wp_cron=1760791479.1145589351654052734375 HTTP/1.1" 499 0 "-" "WordPress/6.8.3; https://tivortin.com/ru/" "-"
5.255.231.136 - - [18/Oct/2025:15:44:39 +0300 - 0.511 - 0.512] "GET /ru/specialistam/%D1%82%D1%96%D0%B2%D0%BE%D1%80%D1%82%D1%96%D0%BD-%D0%B0%D1%81%D0%BF%D0%B0%D1%80%D1%82%D0%B0%D1%82-%D0%BD%D0%BE%D0%B2%D0%B8%D0%B9-%D0%B1%D0%B5%D0%B7%D0%BF%D0%B5%D1%87%D0%BD%D0%B8%D0%B9-%D1%96-%D0%B5/ HTTP/1.1" 200 25843 "-" "Mozilla/5.0 (iPhone; CPU iPhone OS 15_4_1 like Mac OS X) AppleWebKit/605.1.15 (KHTML, like Gecko) Version/15.4 Mobile/15E148 Safari/604.1 (compatible; YandexMobileBot/3.0; +http://yandex.com/bots)" "-"
5.255.231.170 - - [18/Oct/2025:15:44:41 +0300 - 0.431 - 0.432] "GET /ru/specialistam/%D0%BB%D0%B5%D1%87%D0%B5%D0%B1%D0%BD%D0%BE%D0%B5-%D0%B4%D0%B5%D0%B9%D1%81%D1%82%D0%B2%D0%B8%D0%B5-l-%D0%B0%D1%80%D0%B3%D0%B8%D0%BD%D0%B8%D0%BD%D0%B0-%D0%B8-%D0%B0%D0%BD%D1%82%D0%B8%D0%BE%D0%BA%D1%81/ HTTP/1.1" 200 35463 "-" "Mozilla/5.0 (iPhone; CPU iPhone OS 15_4_1 like Mac OS X) AppleWebKit/605.1.15 (KHTML, like Gecko) Version/15.4 Mobile/15E148 Safari/604.1 (compatible; YandexMobileBot/3.0; +http://yandex.com/bots)" "-"
5.255.231.118 - - [18/Oct/2025:15:44:42 +0300 - 0.443 - 0.444] "GET /ru/specialistam/%D0%BB%D0%B5%D1%87%D0%B5%D0%B1%D0%BD%D0%BE%D0%B5-%D0%B4%D0%B5%D0%B9%D1%81%D1%82%D0%B2%D0%B8%D0%B5-l-%D0%B0%D1%80%D0%B3%D0%B8%D0%BD%D0%B8%D0%BD%D0%B0-%D0%B8-%D0%B0%D0%BD%D1%82%D0%B8%D0%BE%D0%BA%D1%81/ HTTP/1.1" 200 35497 "-" "Mozilla/5.0 (compatible; YandexBot/3.0; +http://yandex.com/bots)" "-"
213.180.203.208 - - [18/Oct/2025:15:44:43 +0300 - 0.356 - 0.356] "GET /ru/specialistam/%D0%B7%D0%B0%D1%81%D1%82%D0%BE%D1%81%D1%83%D0%B2%D0%B0%D0%BD%D0%BD%D1%8F-%D1%82%D1%96%D0%B2%D0%BE%D1%80%D1%82%D1%96%D0%BD%D1%83-%D1%83-%D0%BA%D0%BE%D0%BC%D0%BF%D0%BB%D0%B5%D0%BA%D1%81%D0%BD%D0%BE/ HTTP/1.1" 200 26882 "-" "Mozilla/5.0 (compatible; YandexBot/3.0; +http://yandex.com/bots)" "-"
5.255.231.250 - - [18/Oct/2025:15:44:56 +0300 - 0.431 - 0.428] "GET /ru/specialistam/%D0%B2%D0%B0%D0%B3%D1%96%D1%82%D0%BD%D1%96%D1%81%D1%82%D1%8C-%D1%82%D0%B0-%D1%81%D0%B8%D1%81%D1%82%D0%B5%D0%BC%D0%BD%D0%B8%D0%B9-%D1%87%D0%B5%D1%80%D0%B2%D0%BE%D0%BD%D0%B8%D0%B9-%D0%B2%D0%BE%D0%B2/ HTTP/1.1" 200 32615 "-" "Mozilla/5.0 (compatible; YandexBot/3.0; +http://yandex.com/bots)" "-"
18.193.252.127 - - [18/Oct/2025:15:44:58 +0300 - 0.250 - 0.252] "HEAD / HTTP/1.1" 200 0 "https://tivortin.com" "Mozilla/5.0+(compatible; UptimeRobot/2.0; http://www.uptimerobot.com/)" "-"
95.108.213.163 - - [18/Oct/2025:15:44:59 +0300 - 0.455 - 0.452] "GET /ru/specialistam/%D0%B2%D0%B0%D0%B3%D1%96%D1%82%D0%BD%D1%96%D1%81%D1%82%D1%8C-%D1%82%D0%B0-%D1%81%D0%B8%D1%81%D1%82%D0%B5%D0%BC%D0%BD%D0%B8%D0%B9-%D1%87%D0%B5%D1%80%D0%B2%D0%BE%D0%BD%D0%B8%D0%B9-%D0%B2%D0%BE%D0%B2/ HTTP/1.1" 200 32584 "-" "Mozilla/5.0 (iPhone; CPU iPhone OS 15_4_1 like Mac OS X) AppleWebKit/605.1.15 (KHTML, like Gecko) Version/15.4 Mobile/15E148 Safari/604.1 (compatible; YandexMobileBot/3.0; +http://yandex.com/bots)" "-"
95.108.213.188 - - [18/Oct/2025:15:45:13 +0300 - 0.445 - 0.444] "GET /ru/specialistam/?kw=terapevtam-ru HTTP/1.1" 200 20909 "-" "Mozilla/5.0 (iPhone; CPU iPhone OS 15_4_1 like Mac OS X) AppleWebKit/605.1.15 (KHTML, like Gecko) Version/15.4 Mobile/15E148 Safari/604.1 (compatible; YandexMobileBot/3.0; +http://yandex.com/bots)" "-"
87.250.224.205 - - [18/Oct/2025:15:45:18 +0300 - 0.371 - 0.372] "GET /ru/video/?kw=for-doctors-of-sports-medicine HTTP/1.1" 200 18718 "-" "Mozilla/5.0 (iPhone; CPU iPhone OS 15_4_1 like Mac OS X) AppleWebKit/605.1.15 (KHTML, like Gecko) Version/15.4 Mobile/15E148 Safari/604.1 (compatible; YandexMobileBot/3.0; +http://yandex.com/bots)" "-"
78.47.173.76 - - [18/Oct/2025:15:45:26 +0300 - 0.246 - 0.244] "HEAD / HTTP/1.1" 200 0 "https://tivortin.com" "Mozilla/5.0+(compatible; UptimeRobot/2.0; http://www.uptimerobot.com/)" "-"
5.255.231.170 - - [18/Oct/2025:15:45:30 +0300 - 0.342 - 0.340] "GET /ru/specialistam/?kw=for-cardiologists-ru HTTP/1.1" 200 20903 "-" "Mozilla/5.0 (compatible; YandexBot/3.0; +http://yandex.com/bots)" "-"
5.255.231.118 - - [18/Oct/2025:15:45:31 +0300 - 0.353 - 0.352] "GET /ru/specialistam/?kw=hirurgam-ru HTTP/1.1" 200 20785 "-" "Mozilla/5.0 (compatible; YandexBot/3.0; +http://yandex.com/bots)" "-"
213.180.203.208 - - [18/Oct/2025:15:45:33 +0300 - 0.327 - 0.324] "GET /ru/specialistam/?kw=hirurgam-ru HTTP/1.1" 200 20759 "-" "Mozilla/5.0 (iPhone; CPU iPhone OS 15_4_1 like Mac OS X) AppleWebKit/605.1.15 (KHTML, like Gecko) Version/15.4 Mobile/15E148 Safari/604.1 (compatible; YandexMobileBot/3.0; +http://yandex.com/bots)" "-"
213.180.203.98 - - [18/Oct/2025:15:45:33 +0300 - 0.375 - 0.376] "GET /ru/specialistam/?kw=for-cardiologists-ru HTTP/1.1" 200 20878 "-" "Mozilla/5.0 (iPhone; CPU iPhone OS 15_4_1 like Mac OS X) AppleWebKit/605.1.15 (KHTML, like Gecko) Version/15.4 Mobile/15E148 Safari/604.1 (compatible; YandexMobileBot/3.0; +http://yandex.com/bots)" "-"
5.255.231.250 - - [18/Oct/2025:15:45:34 +0300 - 0.000 - -] "GET /wp-content/uploads/2017/01/b2c2424c7d7f7401be8d92eea96a3f64.jpg HTTP/1.1" 200 43945 "-" "Mozilla/5.0 (compatible; YandexImages/3.0; +http://yandex.com/bots)" "-"
31.131.20.181 - - [18/Oct/2025:15:45:52 +0300 - 0.000 - 0.000] "POST /wp-cron.php?doing_wp_cron=1760791552.0052659511566162109375 HTTP/1.1" 499 0 "-" "WordPress/6.8.3; https://tivortin.com/ru/" "-"
87.250.224.211 - - [18/Oct/2025:15:45:52 +0300 - 0.425 - 0.420] "GET /ru/video/?kw=for-doctors-of-sports-medicine-ru HTTP/1.1" 200 18371 "-" "Mozilla/5.0 (iPhone; CPU iPhone OS 15_4_1 like Mac OS X) AppleWebKit/605.1.15 (KHTML, like Gecko) Version/15.4 Mobile/15E148 Safari/604.1 (compatible; YandexMobileBot/3.0; +http://yandex.com/bots)" "-"
95.108.213.188 - - [18/Oct/2025:15:45:53 +0300 - 0.332 - 0.332] "GET /ru/video/?kw=for-doctors-of-sports-medicine-ru HTTP/1.1" 200 18395 "-" "Mozilla/5.0 (compatible; YandexBot/3.0; +http://yandex.com/bots)" "-"
5.255.231.117 - - [18/Oct/2025:15:46:15 +0300 - 0.445 - 0.444] "GET /ru/specialistam/%D0%BF%D1%80%D0%BE%D1%84%D0%B8%D0%BB%D0%B0%D0%BA%D1%82%D0%B8%D0%BA%D0%B0-%D1%80%D0%B5%D0%BF%D1%80%D0%BE%D0%B4%D1%83%D0%BA%D1%82%D0%B8%D0%B2%D0%BD%D1%8B%D1%85-%D0%BF%D0%BE%D1%82%D0%B5%D1%80%D1%8C/ HTTP/1.1" 200 35321 "-" "Mozilla/5.0 (iPhone; CPU iPhone OS 15_4_1 like Mac OS X) AppleWebKit/605.1.15 (KHTML, like Gecko) Version/15.4 Mobile/15E148 Safari/604.1 (compatible; YandexMobileBot/3.0; +http://yandex.com/bots)" "-"
213.180.203.208 - - [18/Oct/2025:15:46:16 +0300 - 0.443 - 0.440] "GET /ru/specialistam/%D0%B2%D0%B8%D1%81%D0%BE%D0%BA%D0%B0-%D0%BB%D0%B5%D0%B3%D0%B5%D0%BD%D0%B5%D0%B2%D0%B0-%D0%B3%D1%96%D0%BF%D0%B5%D1%80%D1%82%D0%B5%D0%BD%D0%B7%D1%96%D1%8F-%D1%96-%D0%B2%D0%B0%D0%B3%D1%96%D1%82%D0%BD/ HTTP/1.1" 200 21282 "-" "Mozilla/5.0 (iPhone; CPU iPhone OS 15_4_1 like Mac OS X) AppleWebKit/605.1.15 (KHTML, like Gecko) Version/15.4 Mobile/15E148 Safari/604.1 (compatible; YandexMobileBot/3.0; +http://yandex.com/bots)" "-"
5.255.231.118 - - [18/Oct/2025:15:46:17 +0300 - 0.462 - 0.464] "GET /ru/specialistam/%D0%BE%D1%81%D0%BE%D0%B1%D0%B5%D0%BD%D0%BD%D0%BE%D1%81%D1%82%D0%B8-%D0%B3%D0%B5%D0%BC%D0%BE%D0%B4%D0%B8%D0%BD%D0%B0%D0%BC%D0%B8%D1%87%D0%B5%D1%81%D0%BA%D0%BE%D0%B3%D0%BE-%D0%BE%D0%B1%D0%B5%D1%81%D0%BF/ HTTP/1.1" 200 28533 "-" "Mozilla/5.0 (iPhone; CPU iPhone OS 15_4_1 like Mac OS X) AppleWebKit/605.1.15 (KHTML, like Gecko) Version/15.4 Mobile/15E148 Safari/604.1 (compatible; YandexMobileBot/3.0; +http://yandex.com/bots)" "-"
18.192.166.72 - - [18/Oct/2025:15:46:30 +0300 - 0.216 - 0.212] "HEAD / HTTP/1.1" 200 0 "https://tivortin.com" "Mozilla/5.0+(compatible; UptimeRobot/2.0; http://www.uptimerobot.com/)" "-"
5.255.231.250 - - [18/Oct/2025:15:46:33 +0300 - 0.406 - 0.408] "GET /ru/specialistam/%D0%B2%D0%BB%D0%B8%D1%8F%D0%BD%D0%B8%D0%B5-l-%D0%B0%D1%80%D0%B3%D0%B8%D0%BD%D0%B8%D0%BD%D0%B0-%D0%BD%D0%B0-%D1%84%D1%83%D0%BD%D0%BA%D1%86%D0%B8%D0%BE%D0%BD%D0%B0%D0%BB%D1%8C%D0%BD%D0%BE%D0%B5-%D1%81/ HTTP/1.1" 200 24996 "-" "Mozilla/5.0 (compatible; YandexBot/3.0; +http://yandex.com/bots)" "-"
66.102.9.32 - - [18/Oct/2025:15:46:33 +0300 - 0.345 - 0.344] "GET /.well-known/traffic-advice HTTP/1.1" 404 13920 "-" "Chrome Privacy Preserving Prefetch Proxy" "-"
87.250.224.224 - - [18/Oct/2025:15:46:33 +0300 - 0.421 - 0.420] "GET /ru/specialistam/%D0%BE%D1%80%D0%B3%D0%B0%D0%BD%D0%BE%D0%BF%D1%80%D0%BE%D1%82%D0%B5%D0%BA%D1%82%D0%BE%D1%80%D0%BD%D1%96-%D0%BC%D0%BE%D0%B6%D0%BB%D0%B8%D0%B2%D0%BE%D1%81%D1%82%D1%96-l-%D0%B0%D1%80%D0%B3%D1%96%D0%BD/ HTTP/1.1" 200 22640 "-" "Mozilla/5.0 (iPhone; CPU iPhone OS 15_4_1 like Mac OS X) AppleWebKit/605.1.15 (KHTML, like Gecko) Version/15.4 Mobile/15E148 Safari/604.1 (compatible; YandexMobileBot/3.0; +http://yandex.com/bots)" "-"
162.120.188.255 - - [18/Oct/2025:15:46:33 +0300 - 0.420 - 0.420] "GET /ru/o-preparate/instrukciya/ HTTP/1.1" 200 22296 "-" "Mozilla/5.0 (Linux; Android 10; K) AppleWebKit/537.36 (KHTML, like Gecko) Chrome/141.0.0.0 Mobile Safari/537.36" "-"
95.108.213.163 - - [18/Oct/2025:15:46:35 +0300 - 0.375 - 0.376] "GET /ru/specialistam/%D0%B2%D0%BB%D0%B8%D1%8F%D0%BD%D0%B8%D0%B5-l-%D0%B0%D1%80%D0%B3%D0%B8%D0%BD%D0%B8%D0%BD%D0%B0-%D0%BD%D0%B0-%D1%84%D1%83%D0%BD%D0%BA%D1%86%D0%B8%D0%BE%D0%BD%D0%B0%D0%BB%D1%8C%D0%BD%D0%BE%D0%B5-%D1%81/ HTTP/1.1" 200 24956 "-" "Mozilla/5.0 (iPhone; CPU iPhone OS 15_4_1 like Mac OS X) AppleWebKit/605.1.15 (KHTML, like Gecko) Version/15.4 Mobile/15E148 Safari/604.1 (compatible; YandexMobileBot/3.0; +http://yandex.com/bots)" "-"
31.131.20.181 - - [18/Oct/2025:15:46:37 +0300 - 0.000 - 0.000] "POST /wp-cron.php?doing_wp_cron=1760791597.5437870025634765625000 HTTP/1.1" 499 0 "-" "WordPress/6.8.3; https://tivortin.com/ru/" "-"
95.108.213.104 - - [18/Oct/2025:15:46:37 +0300 - 0.365 - 0.364] "GET /ru/specialistam/%D0%BE%D1%80%D0%B3%D0%B0%D0%BD%D0%BE%D0%BF%D1%80%D0%BE%D1%82%D0%B5%D0%BA%D1%82%D0%BE%D1%80%D0%BD%D1%96-%D0%BC%D0%BE%D0%B6%D0%BB%D0%B8%D0%B2%D0%BE%D1%81%D1%82%D1%96-l-%D0%B0%D1%80%D0%B3%D1%96%D0%BD/ HTTP/1.1" 200 22668 "-" "Mozilla/5.0 (compatible; YandexBot/3.0; +http://yandex.com/bots)" "-"
5.255.231.117 - - [18/Oct/2025:15:46:56 +0300 - 0.455 - 0.452] "GET /ru/specialistam/?kw=hirurgam HTTP/1.1" 200 20676 "-" "Mozilla/5.0 (iPhone; CPU iPhone OS 15_4_1 like Mac OS X) AppleWebKit/605.1.15 (KHTML, like Gecko) Version/15.4 Mobile/15E148 Safari/604.1 (compatible; YandexMobileBot/3.0; +http://yandex.com/bots)" "-"
5.255.231.136 - - [18/Oct/2025:15:46:56 +0300 - 0.695 - 0.696] "GET /ru/for-sport/ HTTP/1.1" 200 20696 "-" "Mozilla/5.0 (iPhone; CPU iPhone OS 15_4_1 like Mac OS X) AppleWebKit/605.1.15 (KHTML, like Gecko) Version/15.4 Mobile/15E148 Safari/604.1 (compatible; YandexMobileBot/3.0; +http://yandex.com/bots)" "-"
31.131.20.181 - - [18/Oct/2025:15:47:11 +0300 - 0.001 - 0.000] "POST /wp-cron.php?doing_wp_cron=1760791631.3652811050415039062500 HTTP/1.1" 499 0 "-" "WordPress/6.8.3; https://tivortin.com/ru/" "-"
213.180.203.98 - - [18/Oct/2025:15:47:11 +0300 - 0.427 - 0.428] "GET /ru/specialistam/?kw=for-doctors-of-sports-medicine HTTP/1.1" 200 20679 "-" "Mozilla/5.0 (iPhone; CPU iPhone OS 15_4_1 like Mac OS X) AppleWebKit/605.1.15 (KHTML, like Gecko) Version/15.4 Mobile/15E148 Safari/604.1 (compatible; YandexMobileBot/3.0; +http://yandex.com/bots)" "-"
31.131.20.181 - - [18/Oct/2025:15:47:15 +0300 - 0.001 - 0.000] "POST /wp-cron.php?doing_wp_cron=1760791635.8380820751190185546875 HTTP/1.1" 499 0 "-" "WordPress/6.8.3; https://tivortin.com/ru/" "-"
5.255.231.66 - - [18/Oct/2025:15:47:16 +0300 - 0.398 - 0.396] "GET /ru/%D1%81%D0%BE%D1%86%D0%B8%D0%B0%D0%BB%D1%8C%D0%BD%D1%8B%D0%B9-%D0%BF%D1%80%D0%BE%D0%B5%D0%BA%D1%82/ HTTP/1.1" 200 18013 "-" "Mozilla/5.0 (iPhone; CPU iPhone OS 15_4_1 like Mac OS X) AppleWebKit/605.1.15 (KHTML, like Gecko) Version/15.4 Mobile/15E148 Safari/604.1 (compatible; YandexMobileBot/3.0; +http://yandex.com/bots)" "-"
87.250.224.211 - - [18/Oct/2025:15:47:30 +0300 - 0.432 - 0.428] "GET /ru/specialistam/%D0%B5%D1%84%D0%B5%D0%BA%D1%82%D0%B8%D0%B2%D0%BD%D1%96%D1%81%D1%82%D1%8C-l-%D0%B0%D1%80%D0%B3%D1%96%D0%BD%D1%96%D0%BD%D1%83-%D0%B2-%D0%BB%D1%96%D0%BA%D1%83%D0%B2%D0%B0%D0%BD%D0%BD%D1%96-%D0%B3%D0%BE/ HTTP/1.1" 200 26623 "-" "Mozilla/5.0 (iPhone; CPU iPhone OS 15_4_1 like Mac OS X) AppleWebKit/605.1.15 (KHTML, like Gecko) Version/15.4 Mobile/15E148 Safari/604.1 (compatible; YandexMobileBot/3.0; +http://yandex.com/bots)" "-"
95.108.213.104 - - [18/Oct/2025:15:47:30 +0300 - 0.361 - 0.361] "GET /ru/specialistam/%D0%B7%D0%B0%D1%81%D1%82%D0%BE%D1%81%D1%83%D0%B2%D0%B0%D0%BD%D0%BD%D1%8F-%D1%82%D1%96%D0%B2%D0%BE%D1%80%D1%82%D1%96%D0%BD%D1%83-%D1%83-%D0%BA%D0%BE%D0%BC%D0%BF%D0%BB%D0%B5%D0%BA%D1%81%D0%BD%D0%BE/ HTTP/1.1" 200 26852 "-" "Mozilla/5.0 (iPhone; CPU iPhone OS 15_4_1 like Mac OS X) AppleWebKit/605.1.15 (KHTML, like Gecko) Version/15.4 Mobile/15E148 Safari/604.1 (compatible; YandexMobileBot/3.0; +http://yandex.com/bots)" "-"
31.131.20.181 - - [18/Oct/2025:15:47:49 +0300 - 0.001 - 0.000] "POST /wp-cron.php?doing_wp_cron=1760791669.8957960605621337890625 HTTP/1.1" 499 0 "-" "WordPress/6.8.3; https://tivortin.com/ru/" "-"
5.255.231.136 - - [18/Oct/2025:15:47:50 +0300 - 0.423 - 0.420] "GET /ru/specialistam/ HTTP/1.1" 200 20579 "-" "Mozilla/5.0 (iPhone; CPU iPhone OS 15_4_1 like Mac OS X) AppleWebKit/605.1.15 (KHTML, like Gecko) Version/15.4 Mobile/15E148 Safari/604.1 (compatible; YandexMobileBot/3.0; +http://yandex.com/bots)" "-"
18.192.166.72 - - [18/Oct/2025:15:48:06 +0300 - 0.243 - 0.244] "HEAD / HTTP/1.1" 200 0 "https://tivortin.com" "Mozilla/5.0+(compatible; UptimeRobot/2.0; http://www.uptimerobot.com/)" "-"
213.180.203.98 - - [18/Oct/2025:15:48:10 +0300 - 0.420 - 0.424] "GET /ru/specialistam/%D0%B1%D0%BE%D0%BB%D1%8C%D0%BE%D0%B2%D0%B8%D0%B9-%D1%81%D0%B8%D0%BD%D0%B4%D1%80%D0%BE%D0%BC-%D0%BF%D1%80%D0%B8-%D0%B0%D0%B4%D0%B5%D0%BD%D0%BE%D0%BC%D1%96%D0%BE%D0%B7%D1%96-%D0%BF%D0%BE%D1%88%D1%83/ HTTP/1.1" 200 34696 "-" "Mozilla/5.0 (iPhone; CPU iPhone OS 15_4_1 like Mac OS X) AppleWebKit/605.1.15 (KHTML, like Gecko) Version/15.4 Mobile/15E148 Safari/604.1 (compatible; YandexMobileBot/3.0; +http://yandex.com/bots)" "-"
213.180.203.208 - - [18/Oct/2025:15:48:10 +0300 - 0.519 - 0.516] "GET /ru/specialistam/%D0%B1%D0%BE%D0%BB%D1%8C%D0%BE%D0%B2%D0%B8%D0%B9-%D1%81%D0%B8%D0%BD%D0%B4%D1%80%D0%BE%D0%BC-%D0%BF%D1%80%D0%B8-%D0%B0%D0%B4%D0%B5%D0%BD%D0%BE%D0%BC%D1%96%D0%BE%D0%B7%D1%96-%D0%BF%D0%BE%D1%88%D1%83/ HTTP/1.1" 200 34726 "-" "Mozilla/5.0 (compatible; YandexBot/3.0; +http://yandex.com/bots)" "-"
5.255.231.66 - - [18/Oct/2025:15:48:10 +0300 - 0.411 - 0.412] "GET /ru/razdel/hirurgam-ru/ HTTP/1.1" 200 19968 "-" "Mozilla/5.0 (iPhone; CPU iPhone OS 15_4_1 like Mac OS X) AppleWebKit/605.1.15 (KHTML, like Gecko) Version/15.4 Mobile/15E148 Safari/604.1 (compatible; YandexMobileBot/3.0; +http://yandex.com/bots)" "-"
95.108.213.104 - - [18/Oct/2025:15:48:30 +0300 - 0.000 - -] "GET /wp-content/uploads/2018/03/4.jpg HTTP/1.1" 304 0 "-" "Mozilla/5.0 (compatible; YandexImages/3.0; +http://yandex.com/bots)" "-"
95.108.213.188 - - [18/Oct/2025:15:48:31 +0300 - 0.415 - 0.416] "GET /ru/specialistam/%D0%BF%D0%B0%D1%82%D0%BE%D0%B3%D0%B5%D0%BD%D0%B5%D1%82%D0%B8%D1%87%D0%B5%D1%81%D0%BA%D0%B8-%D0%BE%D0%B1%D0%BE%D1%81%D0%BD%D0%BE%D0%B2%D0%B0%D0%BD%D0%BD%D0%B0%D1%8F-%D1%80%D0%BE%D0%BB%D1%8C-%D0%B4/ HTTP/1.1" 200 31590 "-" "Mozilla/5.0 (compatible; YandexBot/3.0; +http://yandex.com/bots)" "-"
213.180.203.224 - - [18/Oct/2025:15:48:32 +0300 - 0.390 - 0.388] "GET /ru/specialistam/%D0%BF%D0%B0%D1%82%D0%BE%D0%B3%D0%B5%D0%BD%D0%B5%D1%82%D0%B8%D1%87%D0%B5%D1%81%D0%BA%D0%B8-%D0%BE%D0%B1%D0%BE%D1%81%D0%BD%D0%BE%D0%B2%D0%B0%D0%BD%D0%BD%D0%B0%D1%8F-%D1%80%D0%BE%D0%BB%D1%8C-%D0%B4/ HTTP/1.1" 200 31560 "-" "Mozilla/5.0 (iPhone; CPU iPhone OS 15_4_1 like Mac OS X) AppleWebKit/605.1.15 (KHTML, like Gecko) Version/15.4 Mobile/15E148 Safari/604.1 (compatible; YandexMobileBot/3.0; +http://yandex.com/bots)" "-"
31.131.20.181 - - [18/Oct/2025:15:48:43 +0300 - 0.001 - 0.000] "POST /wp-cron.php?doing_wp_cron=1760791723.5334160327911376953125 HTTP/1.1" 499 0 "-" "WordPress/6.8.3; https://tivortin.com" "-"
172.213.21.117 - - [18/Oct/2025:15:48:43 +0300 - 0.399 - 0.400] "GET / HTTP/1.1" 200 18881 "-" "Mozilla/5.0 AppleWebKit/537.36 (KHTML, like Gecko); compatible; ChatGPT-User/1.0; +https://openai.com/bot" "-"
5.255.231.118 - - [18/Oct/2025:15:48:55 +0300 - 0.442 - 0.441] "GET /ru/specialistam/%D0%B4%D1%96%D0%B0%D0%B3%D0%BD%D0%BE%D1%81%D1%82%D0%B8%D0%BA%D0%B0-%D1%82%D0%B0-%D0%BA%D0%BE%D1%80%D0%B5%D0%BA%D1%86%D1%96%D1%8F-%D0%BF%D0%BE%D1%80%D1%83%D1%88%D0%B5%D0%BD%D1%8C-%D1%86%D0%B5%D1%80/ HTTP/1.1" 200 31894 "-" "Mozilla/5.0 (iPhone; CPU iPhone OS 15_4_1 like Mac OS X) AppleWebKit/605.1.15 (KHTML, like Gecko) Version/15.4 Mobile/15E148 Safari/604.1 (compatible; YandexMobileBot/3.0; +http://yandex.com/bots)" "-"
213.180.203.208 - - [18/Oct/2025:15:48:55 +0300 - 0.444 - 0.444] "GET /ru/specialistam/%D0%BA%D1%80%D0%B0%D1%82%D0%BA%D0%BE%D0%B2%D1%80%D0%B5%D0%BC%D0%B5%D0%BD%D0%BD%D1%8B%D0%B9-%D0%BF%D0%B5%D1%80%D0%BE%D1%80%D0%B0%D0%BB%D1%8C%D0%BD%D1%8B%D0%B9-%D0%BF%D1%80%D0%B8%D0%B5%D0%BC-l-%D0%B0/ HTTP/1.1" 200 32226 "-" "Mozilla/5.0 (compatible; YandexBot/3.0; +http://yandex.com/bots)" "-"
213.180.203.98 - - [18/Oct/2025:15:48:56 +0300 - 0.477 - 0.476] "GET /ru/specialistam/%D0%BA%D1%80%D0%B0%D1%82%D0%BA%D0%BE%D0%B2%D1%80%D0%B5%D0%BC%D0%B5%D0%BD%D0%BD%D1%8B%D0%B9-%D0%BF%D0%B5%D1%80%D0%BE%D1%80%D0%B0%D0%BB%D1%8C%D0%BD%D1%8B%D0%B9-%D0%BF%D1%80%D0%B8%D0%B5%D0%BC-l-%D0%B0/ HTTP/1.1" 200 32196 "-" "Mozilla/5.0 (iPhone; CPU iPhone OS 15_4_1 like Mac OS X) AppleWebKit/605.1.15 (KHTML, like Gecko) Version/15.4 Mobile/15E148 Safari/604.1 (compatible; YandexMobileBot/3.0; +http://yandex.com/bots)" "-"
5.255.231.66 - - [18/Oct/2025:15:48:57 +0300 - 0.465 - 0.464] "GET /ru/specialistam/%D0%BE%D0%BF%D1%8B%D1%82-%D0%BF%D1%80%D0%B8%D0%BC%D0%B5%D0%BD%D0%B5%D0%BD%D0%B8%D1%8F-l-%D0%B0%D1%80%D0%B3%D0%B8%D0%BD%D0%B8%D0%BD%D0%B0-%D0%B2-%D0%BB%D0%B5%D1%87%D0%B5%D0%BD%D0%B8%D0%B8-%D0%B1%D0%BE/ HTTP/1.1" 200 25119 "-" "Mozilla/5.0 (iPhone; CPU iPhone OS 15_4_1 like Mac OS X) AppleWebKit/605.1.15 (KHTML, like Gecko) Version/15.4 Mobile/15E148 Safari/604.1 (compatible; YandexMobileBot/3.0; +http://yandex.com/bots)" "-"
3.79.134.69 - - [18/Oct/2025:15:49:09 +0300 - 0.336 - 0.336] "HEAD / HTTP/1.1" 200 0 "https://tivortin.com" "Mozilla/5.0+(compatible; UptimeRobot/2.0; http://www.uptimerobot.com/)" "-"
87.250.224.211 - - [18/Oct/2025:15:49:15 +0300 - 0.430 - 0.428] "GET /ru/specialistam/%D0%B7%D0%B0%D1%81%D1%82%D0%BE%D1%81%D1%83%D0%B2%D0%B0%D0%BD%D0%BD%D1%8F-%D1%96%D0%BD%D1%84%D1%83%D0%B7%D1%96%D0%B9%D0%BD%D0%BE%D1%97-%D1%84%D0%BE%D1%80%D0%BC%D0%B8-l-%D0%B0%D1%80%D0%B3%D1%96/ HTTP/1.1" 200 28759 "-" "Mozilla/5.0 (iPhone; CPU iPhone OS 15_4_1 like Mac OS X) AppleWebKit/605.1.15 (KHTML, like Gecko) Version/15.4 Mobile/15E148 Safari/604.1 (compatible; YandexMobileBot/3.0; +http://yandex.com/bots)" "-"
95.108.213.104 - - [18/Oct/2025:15:49:15 +0300 - 0.358 - 0.356] "GET /ru/specialistam/%D0%BF%D1%80%D0%BE%D1%84%D0%B8%D0%BB%D0%B0%D0%BA%D1%82%D0%B8%D0%BA%D0%B0-%D0%BF%D1%80%D0%B5%D1%8D%D0%BA%D0%BB%D0%B0%D0%BC%D0%BF%D1%81%D0%B8%D0%B8-%D0%B2-%D1%83%D1%81%D0%BB%D0%BE%D0%B2%D0%B8%D1%8F/ HTTP/1.1" 200 23273 "-" "Mozilla/5.0 (iPhone; CPU iPhone OS 15_4_1 like Mac OS X) AppleWebKit/605.1.15 (KHTML, like Gecko) Version/15.4 Mobile/15E148 Safari/604.1 (compatible; YandexMobileBot/3.0; +http://yandex.com/bots)" "-"
95.108.213.188 - - [18/Oct/2025:15:49:16 +0300 - 0.318 - 0.316] "GET /ru/specialistam/%D0%BF%D1%80%D0%BE%D1%84%D0%B8%D0%BB%D0%B0%D0%BA%D1%82%D0%B8%D0%BA%D0%B0-%D0%BF%D1%80%D0%B5%D1%8D%D0%BA%D0%BB%D0%B0%D0%BC%D0%BF%D1%81%D0%B8%D0%B8-%D0%B2-%D1%83%D1%81%D0%BB%D0%BE%D0%B2%D0%B8%D1%8F/ HTTP/1.1" 200 23302 "-" "Mozilla/5.0 (compatible; YandexBot/3.0; +http://yandex.com/bots)" "-"
5.90.136.228 - - [18/Oct/2025:15:49:20 +0300 - 0.366 - 0.364] "GET /o-preparate/instrukciya/ HTTP/1.1" 200 21977 "https://www.google.com/" "Mozilla/5.0 (Linux; Android 10; K) AppleWebKit/537.36 (KHTML, like Gecko) Chrome/141.0.0.0 Mobile Safari/537.36" "-"
5.90.136.228 - - [18/Oct/2025:15:49:21 +0300 - 0.000 - -] "GET /wp-content/themes/tivortin/images/logo.png HTTP/1.1" 200 12318 "https://tivortin.com/o-preparate/instrukciya/" "Mozilla/5.0 (Linux; Android 10; K) AppleWebKit/537.36 (KHTML, like Gecko) Chrome/141.0.0.0 Mobile Safari/537.36" "-"
5.90.136.228 - - [18/Oct/2025:15:49:21 +0300 - 0.000 - -] "GET /wp-content/themes/tivortin/images/arrow-top.png HTTP/1.1" 200 938 "https://tivortin.com/o-preparate/instrukciya/" "Mozilla/5.0 (Linux; Android 10; K) AppleWebKit/537.36 (KHTML, like Gecko) Chrome/141.0.0.0 Mobile Safari/537.36" "-"
5.90.136.228 - - [18/Oct/2025:15:49:21 +0300 - 0.000 - -] "GET /wp-content/themes/tivortin/images/samolechenie_ua.png HTTP/1.1" 200 16363 "https://tivortin.com/o-preparate/instrukciya/" "Mozilla/5.0 (Linux; Android 10; K) AppleWebKit/537.36 (KHTML, like Gecko) Chrome/141.0.0.0 Mobile Safari/537.36" "-"
5.90.136.228 - - [18/Oct/2025:15:49:21 +0300 - 0.000 - -] "GET /wp-content/themes/tivortin/images/samolechenie_uamob.png HTTP/1.1" 200 13689 "https://tivortin.com/o-preparate/instrukciya/" "Mozilla/5.0 (Linux; Android 10; K) AppleWebKit/537.36 (KHTML, like Gecko) Chrome/141.0.0.0 Mobile Safari/537.36" "-"
5.90.136.228 - - [18/Oct/2025:15:49:21 +0300 - 0.000 - -] "GET /wp-content/themes/tivortin/images/icons/search-icon.png HTTP/1.1" 200 1880 "https://tivortin.com/wp-content/themes/tivortin/style.css?ver=6.8.3" "Mozilla/5.0 (Linux; Android 10; K) AppleWebKit/537.36 (KHTML, like Gecko) Chrome/141.0.0.0 Mobile Safari/537.36" "-"
5.90.136.228 - - [18/Oct/2025:15:49:21 +0300 - 0.000 - -] "GET /wp-content/themes/tivortin/images/dwnload-icon.png HTTP/1.1" 200 541 "https://tivortin.com/wp-content/themes/tivortin/style.css?ver=6.8.3" "Mozilla/5.0 (Linux; Android 10; K) AppleWebKit/537.36 (KHTML, like Gecko) Chrome/141.0.0.0 Mobile Safari/537.36" "-"
5.90.136.228 - - [18/Oct/2025:15:49:21 +0300 - 0.000 - -] "GET /wp-content/uploads/2017/02/u.png HTTP/1.1" 200 7012 "https://tivortin.com/o-preparate/instrukciya/" "Mozilla/5.0 (Linux; Android 10; K) AppleWebKit/537.36 (KHTML, like Gecko) Chrome/141.0.0.0 Mobile Safari/537.36" "-"
5.90.136.228 - - [18/Oct/2025:15:49:21 +0300 - 0.000 - -] "GET /wp-content/uploads/2017/02/gynodek.png HTTP/1.1" 200 14178 "https://tivortin.com/o-preparate/instrukciya/" "Mozilla/5.0 (Linux; Android 10; K) AppleWebKit/537.36 (KHTML, like Gecko) Chrome/141.0.0.0 Mobile Safari/537.36" "-"
5.90.136.228 - - [18/Oct/2025:15:49:21 +0300 - 0.000 - -] "GET /wp-content/uploads/2017/02/laktyvit.png HTTP/1.1" 200 5748 "https://tivortin.com/o-preparate/instrukciya/" "Mozilla/5.0 (Linux; Android 10; K) AppleWebKit/537.36 (KHTML, like Gecko) Chrome/141.0.0.0 Mobile Safari/537.36" "-"
5.90.136.228 - - [18/Oct/2025:15:49:21 +0300 - 0.000 - -] "GET /wp-content/themes/tivortin/images/facebook_soc.png HTTP/1.1" 200 1530 "https://tivortin.com/wp-content/themes/tivortin/style.css?ver=6.8.3" "Mozilla/5.0 (Linux; Android 10; K) AppleWebKit/537.36 (KHTML, like Gecko) Chrome/141.0.0.0 Mobile Safari/537.36" "-"
5.90.136.228 - - [18/Oct/2025:15:49:21 +0300 - 0.000 - -] "GET /wp-content/themes/tivortin/images/linkedin_soc.png HTTP/1.1" 200 1764 "https://tivortin.com/wp-content/themes/tivortin/style.css?ver=6.8.3" "Mozilla/5.0 (Linux; Android 10; K) AppleWebKit/537.36 (KHTML, like Gecko) Chrome/141.0.0.0 Mobile Safari/537.36" "-"
5.90.136.228 - - [18/Oct/2025:15:49:21 +0300 - 0.000 - -] "GET /wp-content/uploads/2017/02/revul.png HTTP/1.1" 200 8702 "https://tivortin.com/o-preparate/instrukciya/" "Mozilla/5.0 (Linux; Android 10; K) AppleWebKit/537.36 (KHTML, like Gecko) Chrome/141.0.0.0 Mobile Safari/537.36" "-"
5.90.136.228 - - [18/Oct/2025:15:49:21 +0300 - 0.000 - -] "GET /wp-content/themes/tivortin/images/youtube_soc.png HTTP/1.1" 200 2632 "https://tivortin.com/wp-content/themes/tivortin/style.css?ver=6.8.3" "Mozilla/5.0 (Linux; Android 10; K) AppleWebKit/537.36 (KHTML, like Gecko) Chrome/141.0.0.0 Mobile Safari/537.36" "-"
5.90.136.228 - - [18/Oct/2025:15:49:21 +0300 - 0.000 - -] "GET /wp-content/themes/tivortin/images/uf_logo.png HTTP/1.1" 200 3089 "https://tivortin.com/wp-content/themes/tivortin/style.css?ver=6.8.3" "Mozilla/5.0 (Linux; Android 10; K) AppleWebKit/537.36 (KHTML, like Gecko) Chrome/141.0.0.0 Mobile Safari/537.36" "-"
5.90.136.228 - - [18/Oct/2025:15:49:22 +0300 - 0.000 - -] "GET /wp-content/themes/tivortin/images/arr-right.png HTTP/1.1" 200 993 "https://tivortin.com/wp-content/themes/tivortin/style.css?ver=6.8.3" "Mozilla/5.0 (Linux; Android 10; K) AppleWebKit/537.36 (KHTML, like Gecko) Chrome/141.0.0.0 Mobile Safari/537.36" "-"
5.90.136.228 - - [18/Oct/2025:15:49:22 +0300 - 0.000 - -] "GET /wp-content/themes/tivortin/images/arr-left.png HTTP/1.1" 200 994 "https://tivortin.com/wp-content/themes/tivortin/style.css?ver=6.8.3" "Mozilla/5.0 (Linux; Android 10; K) AppleWebKit/537.36 (KHTML, like Gecko) Chrome/141.0.0.0 Mobile Safari/537.36" "-"
5.90.136.228 - - [18/Oct/2025:15:49:22 +0300 - 0.294 - 0.292] "GET /wp-json/contact-form-7/v1/contact-forms/552/feedback/schema HTTP/1.1" 200 318 "https://tivortin.com/o-preparate/instrukciya/" "Mozilla/5.0 (Linux; Android 10; K) AppleWebKit/537.36 (KHTML, like Gecko) Chrome/141.0.0.0 Mobile Safari/537.36" "-"
5.90.136.228 - - [18/Oct/2025:15:49:23 +0300 - 0.000 - -] "GET /wp-content/uploads/2017/02/cropped-ico-192x192.png HTTP/1.1" 200 11686 "https://tivortin.com/o-preparate/instrukciya/" "Mozilla/5.0 (Linux; Android 10; K) AppleWebKit/537.36 (KHTML, like Gecko) Chrome/141.0.0.0 Mobile Safari/537.36" "-"
5.90.136.228 - - [18/Oct/2025:15:49:23 +0300 - 0.000 - -] "GET /wp-content/uploads/2017/02/cropped-ico-180x180.png HTTP/1.1" 200 10444 "https://tivortin.com/o-preparate/instrukciya/" "Mozilla/5.0 (Linux; Android 10; K) AppleWebKit/537.36 (KHTML, like Gecko) Chrome/141.0.0.0 Mobile Safari/537.36" "-"
5.255.231.117 - - [18/Oct/2025:15:49:35 +0300 - 0.386 - 0.388] "GET /ru/specialistam/?kw=urologam-ru HTTP/1.1" 200 19409 "-" "Mozilla/5.0 (iPhone; CPU iPhone OS 15_4_1 like Mac OS X) AppleWebKit/605.1.15 (KHTML, like Gecko) Version/15.4 Mobile/15E148 Safari/604.1 (compatible; YandexMobileBot/3.0; +http://yandex.com/bots)" "-"
31.131.20.181 - - [18/Oct/2025:15:49:37 +0300 - 0.000 - 0.000] "POST /wp-cron.php?doing_wp_cron=1760791777.2433850765228271484375 HTTP/1.1" 499 0 "-" "WordPress/6.8.3; https://tivortin.com/ru/" "-"
5.255.231.118 - - [18/Oct/2025:15:49:37 +0300 - 0.525 - 0.525] "GET /ru/o-preparate/instrukciya/ HTTP/1.1" 200 22296 "-" "Mozilla/5.0 (iPhone; CPU iPhone OS 15_4_1 like Mac OS X) AppleWebKit/605.1.15 (KHTML, like Gecko) Version/15.4 Mobile/15E148 Safari/604.1 (compatible; YandexMobileBot/3.0; +http://yandex.com/bots)" "-"
49.51.52.250 - - [18/Oct/2025:15:49:43 +0300 - 0.325 - 0.324] "GET / HTTP/1.1" 200 18856 "http://tivortin.com" "Mozilla/5.0 (iPhone; CPU iPhone OS 13_2_3 like Mac OS X) AppleWebKit/605.1.15 (KHTML, like Gecko) Version/13.0.3 Mobile/15E148 Safari/604.1" "-"
87.250.224.224 - - [18/Oct/2025:15:50:01 +0300 - 0.564 - 0.564] "GET /ru/specialistam/%D1%8D%D1%84%D1%84%D0%B5%D0%BA%D1%82%D1%8B-%D0%BF%D0%B5%D1%80%D0%BE%D1%80%D0%B0%D0%BB%D1%8C%D0%BD%D0%BE%D0%B9-%D0%B4%D0%BE%D0%BF%D0%BE%D0%BB%D0%BD%D0%B8%D1%82%D0%B5%D0%BB%D1%8C%D0%BD%D0%BE%D0%B9/ HTTP/1.1" 200 26028 "-" "Mozilla/5.0 (iPhone; CPU iPhone OS 15_4_1 like Mac OS X) AppleWebKit/605.1.15 (KHTML, like Gecko) Version/15.4 Mobile/15E148 Safari/604.1 (compatible; YandexMobileBot/3.0; +http://yandex.com/bots)" "-"
52.28.162.93 - - [18/Oct/2025:15:50:01 +0300 - 0.410 - 0.412] "HEAD / HTTP/1.1" 200 0 "https://tivortin.com" "Mozilla/5.0+(compatible; UptimeRobot/2.0; http://www.uptimerobot.com/)" "-"
95.108.213.163 - - [18/Oct/2025:15:50:01 +0300 - 0.744 - 0.744] "GET /ru/specialistam/?kw=for-endocrinologists HTTP/1.1" 200 20606 "-" "Mozilla/5.0 (iPhone; CPU iPhone OS 15_4_1 like Mac OS X) AppleWebKit/605.1.15 (KHTML, like Gecko) Version/15.4 Mobile/15E148 Safari/604.1 (compatible; YandexMobileBot/3.0; +http://yandex.com/bots)" "-"
87.250.224.211 - - [18/Oct/2025:15:50:02 +0300 - 0.847 - 0.848] "GET /ru/specialistam/%D1%8D%D1%84%D1%84%D0%B5%D0%BA%D1%82%D1%8B-%D0%BF%D0%B5%D1%80%D0%BE%D1%80%D0%B0%D0%BB%D1%8C%D0%BD%D0%BE%D0%B9-%D0%B4%D0%BE%D0%BF%D0%BE%D0%BB%D0%BD%D0%B8%D1%82%D0%B5%D0%BB%D1%8C%D0%BD%D0%BE%D0%B9/ HTTP/1.1" 200 26059 "-" "Mozilla/5.0 (compatible; YandexBot/3.0; +http://yandex.com/bots)" "-"
128.140.41.193 - - [18/Oct/2025:15:50:13 +0300 - 0.251 - 0.252] "HEAD / HTTP/1.1" 200 0 "https://tivortin.com" "Mozilla/5.0+(compatible; UptimeRobot/2.0; http://www.uptimerobot.com/)" "-"
5.255.231.117 - - [18/Oct/2025:15:50:23 +0300 - 0.399 - 0.400] "GET /ru/specialistam/?kw=akusheram-ginekologam-ru HTTP/1.1" 200 21009 "-" "Mozilla/5.0 (iPhone; CPU iPhone OS 15_4_1 like Mac OS X) AppleWebKit/605.1.15 (KHTML, like Gecko) Version/15.4 Mobile/15E148 Safari/604.1 (compatible; YandexMobileBot/3.0; +http://yandex.com/bots)" "-"
5.255.231.136 - - [18/Oct/2025:15:50:23 +0300 - 0.428 - 0.432] "GET /ru/o-preparate/kurs-terapii/ HTTP/1.1" 200 18448 "-" "Mozilla/5.0 (compatible; YandexBot/3.0; +http://yandex.com/bots)" "-"
5.255.231.170 - - [18/Oct/2025:15:50:23 +0300 - 0.445 - 0.448] "GET /ru/specialistam/%D0%BF%D1%80%D0%B8%D0%BC%D0%B5%D0%BD%D0%B5%D0%BD%D0%B8%D0%B5-l-%D0%B0%D1%80%D0%B3%D0%B8%D0%BD%D0%B8%D0%BD%D0%B0-%D0%B2-%D0%BB%D0%B5%D1%87%D0%B5%D0%BD%D0%B8%D0%B8-%D1%8D%D1%80%D0%B5%D0%BA%D1%82%D0%B8/ HTTP/1.1" 200 24339 "-" "Mozilla/5.0 (compatible; YandexBot/3.0; +http://yandex.com/bots)" "-"
5.255.231.118 - - [18/Oct/2025:15:50:24 +0300 - 0.429 - 0.432] "GET /ru/specialistam/%D0%BF%D1%80%D0%B8%D0%BC%D0%B5%D0%BD%D0%B5%D0%BD%D0%B8%D0%B5-l-%D0%B0%D1%80%D0%B3%D0%B8%D0%BD%D0%B8%D0%BD%D0%B0-%D0%B2-%D0%BB%D0%B5%D1%87%D0%B5%D0%BD%D0%B8%D0%B8-%D1%8D%D1%80%D0%B5%D0%BA%D1%82%D0%B8/ HTTP/1.1" 200 24310 "-" "Mozilla/5.0 (iPhone; CPU iPhone OS 15_4_1 like Mac OS X) AppleWebKit/605.1.15 (KHTML, like Gecko) Version/15.4 Mobile/15E148 Safari/604.1 (compatible; YandexMobileBot/3.0; +http://yandex.com/bots)" "-"
213.180.203.208 - - [18/Oct/2025:15:50:25 +0300 - 0.414 - 0.412] "GET /ru/o-preparate/kurs-terapii/ HTTP/1.1" 200 18424 "-" "Mozilla/5.0 (iPhone; CPU iPhone OS 15_4_1 like Mac OS X) AppleWebKit/605.1.15 (KHTML, like Gecko) Version/15.4 Mobile/15E148 Safari/604.1 (compatible; YandexMobileBot/3.0; +http://yandex.com/bots)" "-"
31.131.20.181 - - [18/Oct/2025:15:50:44 +0300 - 0.001 - 0.000] "POST /wp-cron.php?doing_wp_cron=1760791844.9044890403747558593750 HTTP/1.1" 499 0 "-" "WordPress/6.8.3; https://tivortin.com/ru/" "-"
87.250.224.224 - - [18/Oct/2025:15:50:45 +0300 - 0.463 - 0.464] "GET /ru/specialistam/%D1%81%D0%BF%D0%B5%D1%80%D0%BC%D0%B0%D1%82%D0%BE%D0%B3%D0%B5%D0%BD%D0%BD%D0%B0-%D1%84%D1%83%D0%BD%D0%BA%D1%86%D1%96%D1%8F-%D0%B2-%D1%83%D0%BC%D0%BE%D0%B2%D0%B0%D1%85-%D0%B2%D0%BF%D0%BB%D0%B8%D0%B2/ HTTP/1.1" 200 28637 "-" "Mozilla/5.0 (iPhone; CPU iPhone OS 15_4_1 like Mac OS X) AppleWebKit/605.1.15 (KHTML, like Gecko) Version/15.4 Mobile/15E148 Safari/604.1 (compatible; YandexMobileBot/3.0; +http://yandex.com/bots)" "-"
95.108.213.163 - - [18/Oct/2025:15:50:46 +0300 - 0.484 - 0.480] "GET /ru/razdel/nevrologam-ru/ HTTP/1.1" 200 20244 "-" "Mozilla/5.0 (compatible; YandexBot/3.0; +http://yandex.com/bots)" "-"
