173.239.214.135 - - [26/Oct/2025:10:37:25 +0200 - 0.000 - -] "GET /wp-class.php HTTP/1.1" 301 178 "-" "Mozilla/5.0 (Windows NT 10.0; Win64; x64; rv:67.0) Gecko/20100101 Firefox/67.0" "-"
45.131.195.226 - - [26/Oct/2025:10:37:25 +0200 - 0.000 - -] "GET /wp-admin/chosen.php HTTP/1.1" 301 178 "-" "Mozilla/5.0 (Windows NT 10.0; Win64; x64) AppleWebKit/537.36 (KHTML, like Gecko) Chrome/74.0.3729.169 Safari/537.36" "-"
173.239.214.162 - - [26/Oct/2025:10:37:25 +0200 - 0.000 - -] "GET /wp-content/themes/tflow/up.php HTTP/1.1" 301 178 "-" "Mozilla/5.0 (Windows NT 10.0; Win64; x64; rv:73.0) Gecko/20100101 Firefox/73.0" "-"
173.239.214.173 - - [26/Oct/2025:10:37:25 +0200 - 0.000 - -] "GET /wp-includes/ID3/about.php/wp-content/x/index.php HTTP/1.1" 301 178 "-" "Mozilla/5.0 (Windows NT 10.0; Win64; x64) AppleWebKit/537.36 (KHTML, like Gecko) Chrome/70.0.3538.110 Safari/537.36" "-"
173.239.214.168 - - [26/Oct/2025:10:37:25 +0200 - 0.000 - -] "GET /wp-admin/maint/bootstrap.php HTTP/1.1" 301 178 "-" "Mozilla/5.0 (Windows NT 6.1; Win64; x64) AppleWebKit/537.36 (KHTML, like Gecko) Chrome/80.0.3987.149 Safari/537.36" "-"
173.239.214.149 - - [26/Oct/2025:10:37:25 +0200 - 0.000 - -] "GET /mah/function.php HTTP/1.1" 301 178 "-" "Mozilla/5.0 (Windows NT 10.0; Win64; x64) AppleWebKit/537.36 (KHTML, like Gecko) Chrome/75.0.3770.100 Safari/537.36" "-"
13.86.67.182 - - [26/Oct/2025:10:37:25 +0200 - 0.000 - -] "GET /wp-admin/buy.php HTTP/1.1" 301 178 "-" "-" "-"
173.239.214.171 - - [26/Oct/2025:10:37:25 +0200 - 0.000 - -] "GET /admin.php HTTP/1.1" 301 178 "-" "Mozilla/5.0 (Macintosh; Intel Mac OS X 10_15_6) AppleWebKit/537.36 (KHTML, like Gecko) Chrome/84.0.4147.125 Safari/537.36" "-"
173.239.214.175 - - [26/Oct/2025:10:37:25 +0200 - 0.000 - -] "GET /wp-includes/Requests/index.php HTTP/1.1" 301 178 "-" "Mozilla/5.0 (X11; Linux x86_64) AppleWebKit/537.36 (KHTML, like Gecko) Chrome/84.0.4147.105 Safari/537.36 OPR/70.0.3728.95" "-"
173.239.214.174 - - [26/Oct/2025:10:37:25 +0200 - 0.000 - -] "GET /wp-includes/Requests/index.php HTTP/1.1" 301 178 "-" "Mozilla/5.0 (Macintosh; Intel Mac OS X 10_10_1) AppleWebKit/537.36 (KHTML, like Gecko) Chrome/39.0.2171.95 Safari/537.36" "-"
173.239.214.166 - - [26/Oct/2025:10:37:25 +0200 - 0.000 - -] "GET /function/function.php HTTP/1.1" 301 178 "-" "Mozilla/5.0 (Macintosh; Intel Mac OS X 10_10_1) AppleWebKit/537.36 (KHTML, like Gecko) Chrome/39.0.2171.95 Safari/537.36" "-"
173.239.214.137 - - [26/Oct/2025:10:37:25 +0200 - 0.000 - -] "GET /wp-admin/file.php HTTP/1.1" 301 178 "-" "Mozilla/5.0 (Macintosh; Intel Mac OS X 10_10_1) AppleWebKit/537.36 (KHTML, like Gecko) Chrome/39.0.2171.95 Safari/537.36" "-"
209.87.169.177 - - [26/Oct/2025:10:37:25 +0200 - 0.000 - -] "GET /wp-includes/js/jquery/jquery.php HTTP/1.1" 301 178 "-" "Mozilla/5.0 (Macintosh; Intel Mac OS X 10_15_6) AppleWebKit/537.36 (KHTML, like Gecko) Chrome/84.0.4147.125 Safari/537.36" "-"
173.239.214.129 - - [26/Oct/2025:10:37:25 +0200 - 0.000 - -] "GET /autoload_classmap/function.php HTTP/1.1" 301 178 "-" "Mozilla/5.0 (Windows NT 10.0; Win64; x64; rv:66.0) Gecko/20100101 Firefox/66.0" "-"
173.239.214.135 - - [26/Oct/2025:10:37:25 +0200 - 0.000 - -] "GET /wp-includes/images/smilies/index.php HTTP/1.1" 301 178 "-" "Mozilla/5.0 (Windows NT 10.0; Win64; x64) AppleWebKit/537.36 (KHTML, like Gecko) Chrome/74.0.3729.169 Safari/537.36" "-"
173.239.214.161 - - [26/Oct/2025:10:37:25 +0200 - 0.000 - -] "GET /class.php HTTP/1.1" 301 178 "-" "Mozilla/5.0 (Windows NT 10.0; Win64; x64; rv:66.0) Gecko/20100101 Firefox/66.0" "-"
45.131.195.226 - - [26/Oct/2025:10:37:25 +0200 - 0.000 - -] "GET /autoload_classmap/bypass.php HTTP/1.1" 301 178 "-" "Mozilla/5.0 (Windows NT 10.0; Win64; x64; rv:74.0) Gecko/20100101 Firefox/74.0" "-"
173.239.214.162 - - [26/Oct/2025:10:37:25 +0200 - 0.000 - -] "GET /wp-admin/function.php HTTP/1.1" 301 178 "-" "Mozilla/5.0 (Windows NT 10.0; Win64; x64; rv:71.0) Gecko/20100101 Firefox/71.0" "-"
173.239.214.173 - - [26/Oct/2025:10:37:25 +0200 - 0.000 - -] "GET /wp-includes/ID3/about.php HTTP/1.1" 301 178 "-" "Mozilla/5.0 (Windows NT 10.0; Win64; x64) AppleWebKit/537.36 (KHTML, like Gecko) Chrome/79.0.3945.130 Safari/537.36" "-"
173.239.214.168 - - [26/Oct/2025:10:37:25 +0200 - 0.000 - -] "GET /themes/zMousse/otuz1.php HTTP/1.1" 301 178 "-" "Mozilla/5.0 (Windows NT 10.0; Win64; x64) AppleWebKit/537.36 (KHTML, like Gecko) Chrome/79.0.3945.130 Safari/537.36" "-"
173.239.214.149 - - [26/Oct/2025:10:37:25 +0200 - 0.000 - -] "GET /wp-content/plugins/bypass.php HTTP/1.1" 301 178 "-" "Mozilla/5.0 (X11; Linux x86_64) AppleWebKit/537.36 (KHTML, like Gecko) Chrome/84.0.4147.105 Safari/537.36" "-"
173.239.214.175 - - [26/Oct/2025:10:37:25 +0200 - 0.000 - -] "GET /wp-includes/ID3/about.php/wp-content/x/index.php HTTP/1.1" 301 178 "-" "Mozilla/5.0 (Windows NT 10.0; Win64; x64; rv:74.0) Gecko/20100101 Firefox/74.0" "-"
173.239.214.166 - - [26/Oct/2025:10:37:25 +0200 - 0.000 - -] "GET /wp-includes/SimplePie/index.php HTTP/1.1" 301 178 "-" "Mozilla/5.0 (Windows NT 10.0; Win64; x64; rv:74.0) Gecko/20100101 Firefox/74.0" "-"
173.239.214.174 - - [26/Oct/2025:10:37:25 +0200 - 0.000 - -] "GET /wp-includes/ID3/about.php/wp-content/x/index.php HTTP/1.1" 301 178 "-" "Mozilla/5.0 (Windows NT 10.0; Win64; x64; rv:74.0) Gecko/20100101 Firefox/74.0" "-"
173.239.214.171 - - [26/Oct/2025:10:37:25 +0200 - 0.000 - -] "GET /.well-known/login.php HTTP/1.1" 301 178 "-" "Mozilla/5.0 (Windows NT 10.0; Win64; x64; rv:74.0) Gecko/20100101 Firefox/74.0" "-"
173.239.214.137 - - [26/Oct/2025:10:37:25 +0200 - 0.000 - -] "GET /wp-content/plugins/admin.php HTTP/1.1" 301 178 "-" "Mozilla/5.0 (Windows NT 10.0; Win64; x64; rv:74.0) Gecko/20100101 Firefox/74.0" "-"
209.87.169.177 - - [26/Oct/2025:10:37:25 +0200 - 0.000 - -] "GET /function.php HTTP/1.1" 301 178 "-" "Mozilla/5.0 (compatible; MSIE 10.0; Windows NT 6.1; Trident/6.0)" "-"
173.239.214.129 - - [26/Oct/2025:10:37:25 +0200 - 0.000 - -] "GET /wp-includes/item.php HTTP/1.1" 301 178 "-" "Mozilla/5.0 (Windows NT 10.0; Win64; x64) AppleWebKit/537.36 (KHTML, like Gecko) Chrome/79.0.3945.88 Safari/537.36" "-"
173.239.214.161 - - [26/Oct/2025:10:37:25 +0200 - 0.000 - -] "GET /wp-admin/css/colors/light/profile.php HTTP/1.1" 301 178 "-" "Mozilla/5.0 (X11; Linux x86_64) AppleWebKit/537.36 (KHTML, like Gecko) Chrome/84.0.4147.105 Safari/537.36" "-"
173.239.214.135 - - [26/Oct/2025:10:37:25 +0200 - 0.000 - -] "GET /xx.php HTTP/1.1" 301 178 "-" "Mozilla/5.0 (X11; Linux x86_64) AppleWebKit/537.36 (KHTML, like Gecko) Chrome/84.0.4147.105 Safari/537.36" "-"
45.131.195.226 - - [26/Oct/2025:10:37:25 +0200 - 0.000 - -] "GET /dropdown.php HTTP/1.1" 301 178 "-" "Mozilla/5.0 (Windows NT 6.1; Win64; x64) AppleWebKit/537.36 (KHTML, like Gecko) Chrome/80.0.3987.149 Safari/537.36" "-"
173.239.214.162 - - [26/Oct/2025:10:37:25 +0200 - 0.000 - -] "GET /templates/beez3/index.php HTTP/1.1" 301 178 "-" "Mozilla/5.0 (Windows NT 10.0; Win64; x64) AppleWebKit/537.36 (KHTML, like Gecko) Chrome/74.0.3729.169 Safari/537.36" "-"
173.239.214.173 - - [26/Oct/2025:10:37:25 +0200 - 0.000 - -] "GET /wp-content/languages/404.php HTTP/1.1" 301 178 "-" "Mozilla/5.0 (Windows NT 6.1; Win64; x64) AppleWebKit/537.36 (KHTML, like Gecko) Chrome/78.0.3904.108 Safari/537.36" "-"
173.239.214.149 - - [26/Oct/2025:10:37:25 +0200 - 0.000 - -] "GET /wp-includes/admin.php HTTP/1.1" 301 178 "-" "Mozilla/5.0 (X11; Linux x86_64) AppleWebKit/537.36 (KHTML, like Gecko) Chrome/84.0.4147.105 Safari/537.36 OPR/70.0.3728.95" "-"
173.239.214.168 - - [26/Oct/2025:10:37:25 +0200 - 0.000 - -] "GET /wp-content/edit-wolf.php HTTP/1.1" 301 178 "-" "Mozilla/5.0 (X11; Linux x86_64) AppleWebKit/537.36 (KHTML, like Gecko) Chrome/84.0.4147.105 Safari/537.36 OPR/70.0.3728.95" "-"
173.239.214.171 - - [26/Oct/2025:10:37:25 +0200 - 0.000 - -] "GET /mah.php HTTP/1.1" 301 178 "-" "Mozilla/5.0 (Linux x86_64; rv:79.0) Gecko/20100101 Firefox/79.0" "-"
173.239.214.175 - - [26/Oct/2025:10:37:25 +0200 - 0.000 - -] "GET /wp-includes/ID3/about.php HTTP/1.1" 301 178 "-" "Mozilla/5.0 (compatible; MSIE 10.0; Windows NT 6.1; Trident/6.0)" "-"
173.239.214.166 - - [26/Oct/2025:10:37:25 +0200 - 0.000 - -] "GET /wp-admin/images/admin.php HTTP/1.1" 301 178 "-" "Mozilla/5.0 (compatible; MSIE 10.0; Windows NT 6.1; Trident/6.0)" "-"
173.239.214.174 - - [26/Oct/2025:10:37:25 +0200 - 0.000 - -] "GET /wp-includes/ID3/about.php HTTP/1.1" 301 178 "-" "Mozilla/5.0 (Windows NT 6.1; Win64; x64) AppleWebKit/537.36 (KHTML, like Gecko) Chrome/78.0.3904.108 Safari/537.36" "-"
173.239.214.137 - - [26/Oct/2025:10:37:25 +0200 - 0.000 - -] "GET /wp-includes/blocks/table/int/tmpl/index.php HTTP/1.1" 301 178 "-" "Mozilla/5.0 (compatible; MSIE 10.0; Windows NT 6.1; Trident/6.0)" "-"
209.87.169.177 - - [26/Oct/2025:10:37:25 +0200 - 0.000 - -] "GET /wp-includes/block-supports/autoload_classmap.php HTTP/1.1" 301 178 "-" "Mozilla/5.0 (Windows NT 10.0; Win64; x64) AppleWebKit/537.36 (KHTML, like Gecko) Chrome/74.0.3729.157 Safari/537.36" "-"
13.86.67.182 - - [26/Oct/2025:10:37:25 +0200 - 0.000 - -] "GET /wp-content/ab.php HTTP/1.1" 301 178 "-" "-" "-"
173.239.214.129 - - [26/Oct/2025:10:37:25 +0200 - 0.000 - -] "GET /assets/index.php HTTP/1.1" 301 178 "-" "Mozilla/5.0 (Windows NT 10.0; Win64; x64) AppleWebKit/537.36 (KHTML, like Gecko) Chrome/74.0.3729.157 Safari/537.36" "-"
173.239.214.161 - - [26/Oct/2025:10:37:25 +0200 - 0.000 - -] "GET /wp-content/product.php HTTP/1.1" 301 178 "-" "Mozilla/5.0 (Windows NT 10.0; WOW64) AppleWebKit/537.36 (KHTML, like Gecko) Chrome/72.0.3626.121 Safari/537.36" "-"
173.239.214.135 - - [26/Oct/2025:10:37:25 +0200 - 0.000 - -] "GET /autoload_classmap.php HTTP/1.1" 301 178 "-" "Mozilla/5.0 (Windows NT 10.0; WOW64) AppleWebKit/537.36 (KHTML, like Gecko) Chrome/72.0.3626.121 Safari/537.36" "-"
45.131.195.226 - - [26/Oct/2025:10:37:25 +0200 - 0.000 - -] "GET /images/admin.php HTTP/1.1" 301 178 "-" "Mozilla/5.0 (Macintosh; Intel Mac OS X 10_12_6) AppleWebKit/537.36 (KHTML, like Gecko) Chrome/58.0.3029.110 Safari/537.3" "-"
173.239.214.162 - - [26/Oct/2025:10:37:25 +0200 - 0.000 - -] "GET /wp-admin/js/wp-login.php HTTP/1.1" 301 178 "-" "Mozilla/5.0 (Windows NT 10.0; Win64; x64) AppleWebKit/537.36 (KHTML, like Gecko) Chrome/77.0.3865.90 Safari/537.36" "-"
173.239.214.173 - - [26/Oct/2025:10:37:25 +0200 - 0.000 - -] "GET /update/403.php HTTP/1.1" 301 178 "-" "Mozilla/5.0 (Windows NT 6.1; Win64; x64) AppleWebKit/537.36 (KHTML, like Gecko) Chrome/80.0.3987.149 Safari/537.36" "-"
173.239.214.149 - - [26/Oct/2025:10:37:25 +0200 - 0.000 - -] "GET /wp-content/themes/tflow/up.php HTTP/1.1" 301 178 "-" "Mozilla/5.0 (Windows NT 10.0; Win64; x64) AppleWebKit/537.36 (KHTML, like Gecko) Chrome/81.0.4044.129 Safari/537.36" "-"
173.239.214.168 - - [26/Oct/2025:10:37:25 +0200 - 0.000 - -] "GET /wp-content/plugins/ubh/up.php HTTP/1.1" 301 178 "-" "Mozilla/5.0 (X11; Ubuntu; Linux i686; rv:79.0) Gecko/20100101 Firefox/79.0" "-"
173.239.214.175 - - [26/Oct/2025:10:37:25 +0200 - 0.000 - -] "GET /wp-content/languages/404.php HTTP/1.1" 301 178 "-" "Mozilla/5.0 (Windows NT 10.0; Win64; x64) AppleWebKit/537.36 (KHTML, like Gecko) Chrome/77.0.3865.90 Safari/537.36" "-"
173.239.214.166 - - [26/Oct/2025:10:37:25 +0200 - 0.000 - -] "GET /wp-includes/theme-compat/about.php HTTP/1.1" 301 178 "-" "Mozilla/5.0 (Macintosh; Intel Mac OS X 10_15_6) AppleWebKit/537.36 (KHTML, like Gecko) Chrome/84.0.4147.105 Safari/537.36" "-"
173.239.214.171 - - [26/Oct/2025:10:37:25 +0200 - 0.000 - -] "GET /.wp/wso.php HTTP/1.1" 301 178 "-" "Mozilla/5.0 (Windows NT 10.0; Win64; x64) AppleWebKit/537.36 (KHTML, like Gecko) Chrome/77.0.3865.90 Safari/537.36" "-"
173.239.214.137 - - [26/Oct/2025:10:37:25 +0200 - 0.000 - -] "GET /wp-l0gin.php HTTP/1.1" 301 178 "-" "Mozilla/5.0 (Windows NT 10.0; Win64; x64) AppleWebKit/537.36 (KHTML, like Gecko) Chrome/77.0.3865.90 Safari/537.36" "-"
173.239.214.174 - - [26/Oct/2025:10:37:25 +0200 - 0.000 - -] "GET /wp-content/languages/404.php HTTP/1.1" 301 178 "-" "Mozilla/5.0 (Windows NT 10.0) AppleWebKit/537.36 (KHTML, like Gecko) Chrome/84.0.4147.105 Safari/537.36" "-"
209.87.169.177 - - [26/Oct/2025:10:37:25 +0200 - 0.000 - -] "GET /wp-signup.php HTTP/1.1" 301 178 "-" "Mozilla/5.0 (Windows NT 10.0; Win64; x64; rv:71.0) Gecko/20100101 Firefox/71.0" "-"
173.239.214.129 - - [26/Oct/2025:10:37:25 +0200 - 0.000 - -] "GET /.well-known/pki-validation/index.php HTTP/1.1" 301 178 "-" "Mozilla/5.0 (Windows NT 10.0; Win64; x64) AppleWebKit/537.36 (KHTML, like Gecko) Chrome/79.0.3945.79 Safari/537.36" "-"
173.239.214.161 - - [26/Oct/2025:10:37:25 +0200 - 0.000 - -] "GET /wp-content/uploads/autoload_classmap.php HTTP/1.1" 301 178 "-" "Mozilla/5.0 (X11; Fedora; Linux x86_64; rv:79.0) Gecko/20100101 Firefox/79.0" "-"
173.239.214.135 - - [26/Oct/2025:10:37:25 +0200 - 0.000 - -] "GET /wp-includes/classwithtostring.php HTTP/1.1" 301 178 "-" "Mozilla/5.0 (Windows NT 10.0; Win64; x64) AppleWebKit/537.36 (KHTML, like Gecko) Chrome/74.0.3729.157 Safari/537.36" "-"
45.131.195.226 - - [26/Oct/2025:10:37:25 +0200 - 0.000 - -] "GET /db.php HTTP/1.1" 301 178 "-" "Mozilla/5.0 (Windows NT 6.1; Win64; x64) AppleWebKit/537.36 (KHTML, like Gecko) Chrome/80.0.3987.149 Safari/537.36" "-"
173.239.214.173 - - [26/Oct/2025:10:37:25 +0200 - 0.000 - -] "GET /default.php HTTP/1.1" 301 178 "-" "Mozilla/5.0 (X11; Ubuntu; Linux i686; rv:79.0) Gecko/20100101 Firefox/79.0" "-"
173.239.214.149 - - [26/Oct/2025:10:37:25 +0200 - 0.000 - -] "GET /wp-admin/function.php HTTP/1.1" 301 178 "-" "Mozilla/5.0 (X11; Ubuntu; Linux i686; rv:79.0) Gecko/20100101 Firefox/79.0" "-"
173.239.214.162 - - [26/Oct/2025:10:37:25 +0200 - 0.000 - -] "GET /install.php HTTP/1.1" 301 178 "-" "Mozilla/5.0 (X11; Ubuntu; Linux i686; rv:79.0) Gecko/20100101 Firefox/79.0" "-"
173.239.214.168 - - [26/Oct/2025:10:37:25 +0200 - 0.000 - -] "GET /wp-admin/images/bootstrap.php HTTP/1.1" 301 178 "-" "Mozilla/5.0 (X11; Ubuntu; Linux i686; rv:79.0) Gecko/20100101 Firefox/79.0" "-"
13.86.67.182 - - [26/Oct/2025:10:37:25 +0200 - 0.000 - -] "GET /wp-content/tinyfilemanager.php HTTP/1.1" 301 178 "-" "-" "-"
173.239.214.137 - - [26/Oct/2025:10:37:25 +0200 - 0.000 - -] "GET /wp-includes/js/jquery/suggest.php HTTP/1.1" 301 178 "-" "Mozilla/5.0 (Windows NT 10.0; Win64; x64; rv:77.0) Gecko/20100101 Firefox/77.0" "-"
173.239.214.166 - - [26/Oct/2025:10:37:25 +0200 - 0.000 - -] "GET /about/function.php HTTP/1.1" 301 178 "-" "Mozilla/5.0 (Windows NT 10.0; Win64; x64) AppleWebKit/537.36 (KHTML, like Gecko) Chrome/83.0.4103.61 Safari/537.36" "-"
173.239.214.171 - - [26/Oct/2025:10:37:25 +0200 - 0.000 - -] "GET /core.php HTTP/1.1" 301 178 "-" "Mozilla/5.0 (Windows NT 10.0; WOW64; x64) AppleWebKit/537.36 (KHTML, like Gecko) Chrome/84.0.4147.105 Safari/537.36 OPR/70.0.3728.95" "-"
173.239.214.174 - - [26/Oct/2025:10:37:25 +0200 - 0.000 - -] "GET /update/403.php HTTP/1.1" 301 178 "-" "Mozilla/5.0 (Windows NT 6.1; Win64; x64) AppleWebKit/537.36 (KHTML, like Gecko) Chrome/80.0.3987.149 Safari/537.36" "-"
173.239.214.175 - - [26/Oct/2025:10:37:25 +0200 - 0.000 - -] "GET /update/403.php HTTP/1.1" 301 178 "-" "Mozilla/5.0 (Windows NT 10.0; WOW64) AppleWebKit/537.36 (KHTML, like Gecko) Chrome/84.0.4147.105 Safari/537.36" "-"
209.87.169.177 - - [26/Oct/2025:10:37:25 +0200 - 0.000 - -] "GET /wp-admin/network/network.php HTTP/1.1" 301 178 "-" "Mozilla/5.0 (Windows NT 10.0; Win64; x64) AppleWebKit/537.36 (KHTML, like Gecko) Chrome/79.0.3945.88 Safari/537.36" "-"
173.239.214.129 - - [26/Oct/2025:10:37:25 +0200 - 0.000 - -] "GET /wp-content/uploads/admin.php HTTP/1.1" 301 178 "-" "Mozilla/5.0 (Macintosh; Intel Mac OS X 10_15_6) AppleWebKit/537.36 (KHTML, like Gecko) Chrome/84.0.4147.125 Safari/537.36" "-"
173.239.214.161 - - [26/Oct/2025:10:37:25 +0200 - 0.000 - -] "GET /vendor/phpunit/phpunit/src/Util/PHP/ask.php HTTP/1.1" 301 178 "-" "Mozilla/5.0 (Windows NT 10.0; Win64; x64) AppleWebKit/537.36 (KHTML, like Gecko) Chrome/69.0.3497.100 Safari/537.36" "-"
173.239.214.135 - - [26/Oct/2025:10:37:25 +0200 - 0.000 - -] "GET /wp-content/blue.php HTTP/1.1" 301 178 "-" "Mozilla/5.0 (Windows NT 10.0; Win64; x64; rv:73.0) Gecko/20100101 Firefox/73.0" "-"
45.131.195.226 - - [26/Oct/2025:10:37:25 +0200 - 0.000 - -] "GET /.well-known/pki-validation/mariju.php HTTP/1.1" 301 178 "-" "Mozilla/5.0 (Windows NT 10.0; Win64; x64) AppleWebKit/537.36 (KHTML, like Gecko) Chrome/79.0.3945.130 Safari/537.36" "-"
173.239.214.149 - - [26/Oct/2025:10:37:25 +0200 - 0.000 - -] "GET /templates/beez3/index.php HTTP/1.1" 301 178 "-" "Mozilla/5.0 (compatible; MSIE 10.0; Windows NT 6.1; Trident/6.0)" "-"
173.239.214.173 - - [26/Oct/2025:10:37:25 +0200 - 0.000 - -] "GET /wp-includes/assets/info.php HTTP/1.1" 301 178 "-" "Mozilla/5.0 (compatible; MSIE 10.0; Windows NT 6.1; Trident/6.0)" "-"
173.239.214.168 - - [26/Oct/2025:10:37:25 +0200 - 0.000 - -] "GET /images/upload.php HTTP/1.1" 301 178 "-" "Mozilla/5.0 (Windows NT 10.0; Win64; x64) AppleWebKit/537.36 (KHTML, like Gecko) Chrome/58.0.3029.110 Safari/537.3" "-"
173.239.214.162 - - [26/Oct/2025:10:37:25 +0200 - 0.000 - -] "GET /wp-admin/css/colors/blue/rk2.php HTTP/1.1" 301 178 "-" "Mozilla/5.0 (Macintosh; Intel Mac OS X 10_15_6) AppleWebKit/537.36 (KHTML, like Gecko) Chrome/84.0.4147.105 Safari/537.36" "-"
173.239.214.166 - - [26/Oct/2025:10:37:25 +0200 - 0.000 - -] "GET /wp-includes/Requests/index.php HTTP/1.1" 301 178 "-" "Mozilla/5.0 (Windows NT 10.0) AppleWebKit/537.36 (KHTML, like Gecko) Chrome/72.0.3626.121 Safari/537.36" "-"
173.239.214.137 - - [26/Oct/2025:10:37:25 +0200 - 0.000 - -] "GET /new.php HTTP/1.1" 301 178 "-" "Mozilla/5.0 (Windows NT 10.0) AppleWebKit/537.36 (KHTML, like Gecko) Chrome/72.0.3626.121 Safari/537.36" "-"
173.239.214.171 - - [26/Oct/2025:10:37:25 +0200 - 0.000 - -] "GET /robots.php HTTP/1.1" 301 178 "-" "Mozilla/5.0 (Windows NT 10.0; Win64; x64; rv:77.0) Gecko/20100101 Firefox/77.0" "-"
173.239.214.175 - - [26/Oct/2025:10:37:25 +0200 - 0.000 - -] "GET /default.php HTTP/1.1" 301 178 "-" "Mozilla/5.0 (Windows NT 10.0; Win64; x64) AppleWebKit/537.36 (KHTML, like Gecko) Chrome/83.0.4103.61 Safari/537.36" "-"
173.239.214.174 - - [26/Oct/2025:10:37:25 +0200 - 0.000 - -] "GET /default.php HTTP/1.1" 301 178 "-" "Mozilla/5.0 (Windows NT 10.0; Win64; x64) AppleWebKit/537.36 (KHTML, like Gecko) Chrome/83.0.4103.61 Safari/537.36" "-"
209.87.169.177 - - [26/Oct/2025:10:37:25 +0200 - 0.000 - -] "GET /admin/upload/css.php HTTP/1.1" 301 178 "-" "Mozilla/5.0 (Windows NT 10.0; Win64; x64) AppleWebKit/537.36 (KHTML, like Gecko) Chrome/83.0.4103.61 Safari/537.36" "-"
173.239.214.129 - - [26/Oct/2025:10:37:25 +0200 - 0.000 - -] "GET /css/admin.php HTTP/1.1" 301 178 "-" "Mozilla/5.0 (Windows NT 10.0; Win64; x64; rv:73.0) Gecko/20100101 Firefox/73.0" "-"
173.239.214.135 - - [26/Oct/2025:10:37:25 +0200 - 0.000 - -] "GET /content.php HTTP/1.1" 301 178 "-" "Mozilla/5.0 (Windows NT 10.0; Win64; x64; rv:73.0) Gecko/20100101 Firefox/73.0" "-"
173.239.214.161 - - [26/Oct/2025:10:37:25 +0200 - 0.000 - -] "GET /wp-includes/rest-api/about.php HTTP/1.1" 301 178 "-" "Mozilla/5.0 (Linux x86_64; rv:79.0) Gecko/20100101 Firefox/79.0" "-"
45.131.195.226 - - [26/Oct/2025:10:37:25 +0200 - 0.000 - -] "GET /mah/function.php HTTP/1.1" 301 178 "-" "Mozilla/5.0 (compatible; MSIE 10.0; Windows NT 6.1; Trident/6.0)" "-"
173.239.214.149 - - [26/Oct/2025:10:37:25 +0200 - 0.000 - -] "GET /wp-admin/js/wp-login.php HTTP/1.1" 301 178 "-" "Mozilla/5.0 (Windows NT 10.0; Win64; x64; rv:71.0) Gecko/20100101 Firefox/71.0" "-"
173.239.214.173 - - [26/Oct/2025:10:37:25 +0200 - 0.000 - -] "GET /wp-includes/class.api.php HTTP/1.1" 301 178 "-" "Mozilla/5.0 (X11; Linux i686; rv:79.0) Gecko/20100101 Firefox/79.0" "-"
173.239.214.168 - - [26/Oct/2025:10:37:25 +0200 - 0.000 - -] "GET /wp-content/plugins/seoplugins/db.php?u HTTP/1.1" 301 178 "-" "Mozilla/5.0 (Windows NT 10.0; Win64; x64) AppleWebKit/537.36 (KHTML, like Gecko) Chrome/77.0.3865.90 Safari/537.36" "-"
173.239.214.162 - - [26/Oct/2025:10:37:25 +0200 - 0.000 - -] "GET /images/class-config.php HTTP/1.1" 301 178 "-" "Mozilla/5.0 (Macintosh; Intel Mac OS X 10_10_1) AppleWebKit/537.36 (KHTML, like Gecko) Chrome/39.0.2171.95 Safari/537.36" "-"
173.239.214.166 - - [26/Oct/2025:10:37:25 +0200 - 0.000 - -] "GET /wp-includes/ID3/about.php/wp-content/x/index.php HTTP/1.1" 301 178 "-" "Mozilla/5.0 (Windows NT 10.0; Win64; x64; rv:75.0) Gecko/20100101 Firefox/75.0" "-"
173.239.214.175 - - [26/Oct/2025:10:37:25 +0200 - 0.000 - -] "GET /wp-includes/assets/info.php HTTP/1.1" 301 178 "-" "Mozilla/5.0 (Windows NT 10.0; Win64; x64; rv:75.0) Gecko/20100101 Firefox/75.0" "-"
173.239.214.137 - - [26/Oct/2025:10:37:25 +0200 - 0.000 - -] "GET /wp-content/plugins/pwnd-1/admin.php HTTP/1.1" 301 178 "-" "Mozilla/5.0 (Windows NT 10.0; Win64; x64; rv:75.0) Gecko/20100101 Firefox/75.0" "-"
173.239.214.171 - - [26/Oct/2025:10:37:25 +0200 - 0.000 - -] "GET /inputs.php HTTP/1.1" 301 178 "-" "Mozilla/5.0 (Windows NT 10.0; Win64; x64; rv:75.0) Gecko/20100101 Firefox/75.0" "-"
209.87.169.177 - - [26/Oct/2025:10:37:25 +0200 - 0.000 - -] "GET /wp-blog.php HTTP/1.1" 301 178 "-" "Mozilla/5.0 (X11; Linux x86_64) AppleWebKit/537.36 (KHTML, like Gecko) Chrome/84.0.4147.105 Safari/537.36 OPR/70.0.3728.95" "-"
173.239.214.174 - - [26/Oct/2025:10:37:25 +0200 - 0.000 - -] "GET /wp-includes/assets/info.php HTTP/1.1" 301 178 "-" "Mozilla/5.0 (Windows NT 10.0; WOW64) AppleWebKit/537.36 (KHTML, like Gecko) Chrome/72.0.3626.121 Safari/537.36" "-"
13.86.67.182 - - [26/Oct/2025:10:37:25 +0200 - 0.000 - -] "GET /wp-content/edit.php HTTP/1.1" 301 178 "-" "-" "-"
173.239.214.129 - - [26/Oct/2025:10:37:25 +0200 - 0.000 - -] "GET /adminfuns.php HTTP/1.1" 301 178 "-" "Mozilla/5.0 (X11; Linux i686; rv:79.0) Gecko/20100101 Firefox/79.0" "-"
173.239.214.135 - - [26/Oct/2025:10:37:25 +0200 - 0.000 - -] "GET /wp-content/uploads/about.php HTTP/1.1" 301 178 "-" "Mozilla/5.0 (Windows NT 10.0; Win64; x64) AppleWebKit/537.36 (KHTML, like Gecko) Chrome/69.0.3497.100 Safari/537.36" "-"
173.239.214.161 - - [26/Oct/2025:10:37:25 +0200 - 0.000 - -] "GET /css/css.php HTTP/1.1" 301 178 "-" "Mozilla/5.0 (Windows NT 6.1; Win64; x64) AppleWebKit/537.36 (KHTML, like Gecko) Chrome/58.0.3029.110 Safari/537.3" "-"
45.131.195.226 - - [26/Oct/2025:10:37:25 +0200 - 0.000 - -] "GET /wp-content/plugins/bypass.php HTTP/1.1" 301 178 "-" "Mozilla/5.0 (Windows NT 10.0; Win64; x64) AppleWebKit/537.36 (KHTML, like Gecko) Chrome/84.0.4147.105 Safari/537.36" "-"
173.239.214.173 - - [26/Oct/2025:10:37:25 +0200 - 0.000 - -] "GET /wp-includes/fonts/index.php HTTP/1.1" 301 178 "-" "Mozilla/5.0 (Windows NT 6.1; Win64; x64) AppleWebKit/537.36 (KHTML, like Gecko) Chrome/74.0.3729.169 Safari/537.36" "-"
173.239.214.149 - - [26/Oct/2025:10:37:25 +0200 - 0.000 - -] "GET /install.php HTTP/1.1" 301 178 "-" "Mozilla/5.0 (Windows NT 6.1; Win64; x64) AppleWebKit/537.36 (KHTML, like Gecko) Chrome/74.0.3729.169 Safari/537.36" "-"
173.239.214.168 - - [26/Oct/2025:10:37:25 +0200 - 0.000 - -] "GET /wp-content/themes/pridmag/db.php?u HTTP/1.1" 301 178 "-" "Mozilla/5.0 (Windows NT 10.0; Win64; x64) AppleWebKit/537.36 (KHTML, like Gecko) Chrome/58.0.3029.110 Safari/537.3" "-"
173.239.214.162 - - [26/Oct/2025:10:37:25 +0200 - 0.000 - -] "GET /components/com_jea/views/form/tmpl/size.php HTTP/1.1" 301 178 "-" "Mozilla/5.0 (Windows NT 10.0; Win64; x64) AppleWebKit/537.36 (KHTML, like Gecko) Chrome/58.0.3029.110 Safari/537.3" "-"
173.239.214.166 - - [26/Oct/2025:10:37:25 +0200 - 0.000 - -] "GET /wp-includes/ID3/about.php HTTP/1.1" 301 178 "-" "Mozilla/5.0 (X11; Fedora; Linux x86_64; rv:79.0) Gecko/20100101 Firefox/79.0" "-"
173.239.214.175 - - [26/Oct/2025:10:37:25 +0200 - 0.000 - -] "GET /wp-includes/class.api.php HTTP/1.1" 301 178 "-" "Mozilla/5.0 (X11; Fedora; Linux x86_64; rv:79.0) Gecko/20100101 Firefox/79.0" "-"
173.239.214.137 - - [26/Oct/2025:10:37:25 +0200 - 0.000 - -] "GET /wp-includes/defaults.php HTTP/1.1" 301 178 "-" "Mozilla/5.0 (Windows NT 6.1; Win64; x64) AppleWebKit/537.36 (KHTML, like Gecko) Chrome/74.0.3729.169 Safari/537.36" "-"
173.239.214.171 - - [26/Oct/2025:10:37:25 +0200 - 0.000 - -] "GET /mini.php HTTP/1.1" 301 178 "-" "Mozilla/5.0 (Windows NT 6.1; Win64; x64) AppleWebKit/537.36 (KHTML, like Gecko) Chrome/74.0.3729.169 Safari/537.36" "-"
209.87.169.177 - - [26/Oct/2025:10:37:25 +0200 - 0.000 - -] "GET /wp-admin/file.php HTTP/1.1" 301 178 "-" "Mozilla/5.0 (Windows NT 10.0; Win64; x64) AppleWebKit/537.36 (KHTML, like Gecko) Chrome/83.0.4103.97 Safari/537.36" "-"
173.239.214.174 - - [26/Oct/2025:10:37:25 +0200 - 0.000 - -] "GET /wp-includes/class.api.php HTTP/1.1" 301 178 "-" "Mozilla/5.0 (Windows NT 6.1; Win64; x64) AppleWebKit/537.36 (KHTML, like Gecko) Chrome/74.0.3729.169 Safari/537.36" "-"
173.239.214.129 - - [26/Oct/2025:10:37:26 +0200 - 0.000 - -] "GET /wp-admin/css/autoload_classmap.php HTTP/1.1" 301 178 "-" "Mozilla/5.0 (Windows NT 10.0; Win64; x64; rv:79.0) Gecko/20100101 Firefox/79.0" "-"
173.239.214.161 - - [26/Oct/2025:10:37:26 +0200 - 0.000 - -] "GET /init.php HTTP/1.1" 301 178 "-" "Mozilla/5.0 (X11; Ubuntu; Linux i686; rv:79.0) Gecko/20100101 Firefox/79.0" "-"
173.239.214.135 - - [26/Oct/2025:10:37:26 +0200 - 0.000 - -] "GET /wp-admin/wp-login.php HTTP/1.1" 301 178 "-" "Mozilla/5.0 (Windows NT 10.0; Win64; x64; rv:76.0) Gecko/20100101 Firefox/76.0" "-"
45.131.195.226 - - [26/Oct/2025:10:37:26 +0200 - 0.000 - -] "GET /wp-includes/admin.php HTTP/1.1" 301 178 "-" "Mozilla/5.0 (Windows NT 6.1; Win64; x64) AppleWebKit/537.36 (KHTML, like Gecko) Chrome/78.0.3904.108 Safari/537.36" "-"
173.239.214.173 - - [26/Oct/2025:10:37:26 +0200 - 0.000 - -] "GET /wp-admin/chosen.php HTTP/1.1" 301 178 "-" "Mozilla/5.0 (Windows NT 10.0; Win64; x64) AppleWebKit/537.36 (KHTML, like Gecko) Chrome/79.0.3945.130 Safari/537.36" "-"
173.239.214.149 - - [26/Oct/2025:10:37:26 +0200 - 0.000 - -] "GET /wp-admin/css/colors/blue/rk2.php HTTP/1.1" 301 178 "-" "Mozilla/5.0 (Windows NT 10.0; Win64; x64) AppleWebKit/537.36 (KHTML, like Gecko) Chrome/79.0.3945.130 Safari/537.36" "-"
173.239.214.168 - - [26/Oct/2025:10:37:26 +0200 - 0.000 - -] "GET /wp-content/plugins/linkpreview/db.php?u HTTP/1.1" 301 178 "-" "Mozilla/5.0 (Windows NT 10.0; Win64; x64) AppleWebKit/537.36 (KHTML, like Gecko) Chrome/79.0.3945.88 Safari/537.36" "-"
173.239.214.162 - - [26/Oct/2025:10:37:26 +0200 - 0.000 - -] "GET /templates/beez/index.php HTTP/1.1" 301 178 "-" "Mozilla/5.0 (Macintosh; Intel Mac OS X 10_15_6) AppleWebKit/537.36 (KHTML, like Gecko) Chrome/84.0.4147.105 Safari/537.36 OPR/70.0.3728.95" "-"
173.239.214.166 - - [26/Oct/2025:10:37:26 +0200 - 0.000 - -] "GET /wp-content/languages/404.php HTTP/1.1" 301 178 "-" "Mozilla/5.0 (Macintosh; Intel Mac OS X 10.15; rv:79.0) Gecko/20100101 Firefox/79.0" "-"
173.239.214.175 - - [26/Oct/2025:10:37:26 +0200 - 0.000 - -] "GET /wp-includes/fonts/index.php HTTP/1.1" 301 178 "-" "Mozilla/5.0 (Windows NT 10.0; Win64; x64) AppleWebKit/537.36 (KHTML, like Gecko) Chrome/74.0.3729.169 Safari/537.36" "-"
173.239.214.137 - - [26/Oct/2025:10:37:26 +0200 - 0.000 - -] "GET /images/DJP9.php HTTP/1.1" 301 178 "-" "Mozilla/5.0 (Windows NT 10.0; Win64; x64) AppleWebKit/537.36 (KHTML, like Gecko) Chrome/58.0.3029.110 Safari/537.3" "-"
209.87.169.177 - - [26/Oct/2025:10:37:26 +0200 - 0.000 - -] "GET /wp-content/plugins/admin.php HTTP/1.1" 301 178 "-" "Mozilla/5.0 (Windows NT 6.1; Win64; x64) AppleWebKit/537.36 (KHTML, like Gecko) Chrome/58.0.3029.110 Safari/537.3" "-"
173.239.214.171 - - [26/Oct/2025:10:37:26 +0200 - 0.000 - -] "GET /goods.php HTTP/1.1" 301 178 "-" "Mozilla/5.0 (X11; Linux x86_64) AppleWebKit/537.36 (KHTML, like Gecko) Chrome/84.0.4147.105 Safari/537.36" "-"
173.239.214.174 - - [26/Oct/2025:10:37:26 +0200 - 0.000 - -] "GET /wp-includes/fonts/index.php HTTP/1.1" 301 178 "-" "Mozilla/5.0 (Windows NT 10.0; Win64; x64) AppleWebKit/537.36 (KHTML, like Gecko) Chrome/69.0.3497.100 Safari/537.36" "-"
173.239.214.129 - - [26/Oct/2025:10:37:26 +0200 - 0.000 - -] "GET /wp_wlx.php HTTP/1.1" 301 178 "-" "Mozilla/5.0 (Windows NT 6.3; Win64; x64; rv:73.0) Gecko/20100101 Firefox/73.0" "-"
173.239.214.161 - - [26/Oct/2025:10:37:26 +0200 - 0.000 - -] "GET /wp-admin/user/wp-login.php HTTP/1.1" 301 178 "-" "Mozilla/5.0 (Windows NT 10.0; Win64; x64) AppleWebKit/537.36 (KHTML, like Gecko) Chrome/79.0.3945.88 Safari/537.36" "-"
173.239.214.135 - - [26/Oct/2025:10:37:26 +0200 - 0.000 - -] "GET /wp-includes/rest-api/endpoints/index.php HTTP/1.1" 301 178 "-" "Mozilla/5.0 (Macintosh; Intel Mac OS X 10_15_6) AppleWebKit/537.36 (KHTML, like Gecko) Chrome/84.0.4147.105 Safari/537.36 OPR/70.0.3728.95" "-"
45.131.195.226 - - [26/Oct/2025:10:37:26 +0200 - 0.000 - -] "GET /wp-content/themes/tflow/up.php HTTP/1.1" 301 178 "-" "Mozilla/5.0 (Windows NT 10.0; WOW64) AppleWebKit/537.36 (KHTML, like Gecko) Chrome/84.0.4147.105 Safari/537.36" "-"
173.239.214.173 - - [26/Oct/2025:10:37:26 +0200 - 0.000 - -] "GET /autoload_classmap/bypass.php HTTP/1.1" 301 178 "-" "Mozilla/5.0 (Windows NT 10.0; Win64; x64; rv:73.0) Gecko/20100101 Firefox/73.0" "-"
173.239.214.149 - - [26/Oct/2025:10:37:26 +0200 - 0.000 - -] "GET /images/class-config.php HTTP/1.1" 301 178 "-" "Mozilla/5.0 (Windows NT 10.0; Win64; x64; rv:73.0) Gecko/20100101 Firefox/73.0" "-"
173.239.214.168 - - [26/Oct/2025:10:37:26 +0200 - 0.000 - -] "GET /admin/uploads/bn_1_1754420677.phtml HTTP/1.1" 301 178 "-" "Mozilla/5.0 (Macintosh; Intel Mac OS X 10_15_6) AppleWebKit/537.36 (KHTML, like Gecko) Chrome/84.0.4147.105 Safari/537.36 OPR/70.0.3728.95" "-"
173.239.214.162 - - [26/Oct/2025:10:37:26 +0200 - 0.000 - -] "GET /bypass.php HTTP/1.1" 301 178 "-" "Mozilla/5.0 (Windows NT 10.0; Win64; x64) AppleWebKit/537.36 (KHTML, like Gecko) Chrome/74.0.3729.169 Safari/537.36" "-"
13.86.67.182 - - [26/Oct/2025:10:37:26 +0200 - 0.000 - -] "GET /wp-content/admin.php HTTP/1.1" 301 178 "-" "-" "-"
173.239.214.175 - - [26/Oct/2025:10:37:26 +0200 - 0.000 - -] "GET /wp-admin/chosen.php HTTP/1.1" 301 178 "-" "Mozilla/5.0 (Windows NT 10.0; Win64; x64) AppleWebKit/537.36 (KHTML, like Gecko) Chrome/79.0.3945.130 Safari/537.36" "-"
173.239.214.166 - - [26/Oct/2025:10:37:26 +0200 - 0.000 - -] "GET /update/403.php HTTP/1.1" 301 178 "-" "Mozilla/5.0 (Windows NT 10.0; Win64; x64) AppleWebKit/537.36 (KHTML, like Gecko) Chrome/79.0.3945.130 Safari/537.36" "-"
209.87.169.177 - - [26/Oct/2025:10:37:26 +0200 - 0.000 - -] "GET /wp-includes/blocks/table/int/tmpl/index.php HTTP/1.1" 301 178 "-" "Mozilla/5.0 (Windows NT 10.0; Win64; x64) AppleWebKit/537.36 (KHTML, like Gecko) Chrome/79.0.3945.130 Safari/537.36" "-"
173.239.214.137 - - [26/Oct/2025:10:37:26 +0200 - 0.000 - -] "GET /wp-includes/customize/index.php HTTP/1.1" 301 178 "-" "Mozilla/5.0 (Windows NT 10.0; Win64; x64) AppleWebKit/537.36 (KHTML, like Gecko) Chrome/79.0.3945.130 Safari/537.36" "-"
173.239.214.171 - - [26/Oct/2025:10:37:26 +0200 - 0.000 - -] "GET /file5.php HTTP/1.1" 301 178 "-" "Mozilla/5.0 (Windows NT 10.0; Win64; x64) AppleWebKit/537.36 (KHTML, like Gecko) Chrome/79.0.3945.130 Safari/537.36" "-"
173.239.214.174 - - [26/Oct/2025:10:37:26 +0200 - 0.000 - -] "GET /wp-admin/chosen.php HTTP/1.1" 301 178 "-" "Mozilla/5.0 (Windows NT 6.3; Win64; x64; rv:73.0) Gecko/20100101 Firefox/73.0" "-"
173.239.214.161 - - [26/Oct/2025:10:37:26 +0200 - 0.000 - -] "GET /autoload_classmap/function.php HTTP/1.1" 301 178 "-" "Mozilla/5.0 (Windows NT 10.0; Win64; x64) AppleWebKit/537.36 (KHTML, like Gecko) Chrome/79.0.3945.130 Safari/537.36" "-"
173.239.214.129 - - [26/Oct/2025:10:37:26 +0200 - 0.000 - -] "GET /wp-admin/js/wp-conflg.php HTTP/1.1" 301 178 "-" "Mozilla/5.0 (Windows NT 10.0; Win64; x64) AppleWebKit/537.36 (KHTML, like Gecko) Chrome/80.0.3987.149 Safari/537.36" "-"
173.239.214.135 - - [26/Oct/2025:10:37:26 +0200 - 0.000 - -] "GET /wp-content/languages/about.php HTTP/1.1" 301 178 "-" "Mozilla/5.0 (Macintosh; Intel Mac OS X 10.15; rv:79.0) Gecko/20100101 Firefox/79.0" "-"
173.239.214.168 - - [26/Oct/2025:10:37:26 +0200 - 0.000 - -] "GET /modules/mod_simplefileuploadv1.3/elements/udd.php HTTP/1.1" 301 178 "-" "Mozilla/5.0 (Windows NT 10.0; Win64; x64) AppleWebKit/537.36 (KHTML, like Gecko) Chrome/80.0.3987.149 Safari/537.36" "-"
173.239.214.162 - - [26/Oct/2025:10:37:26 +0200 - 0.000 - -] "GET /class.php HTTP/1.1" 301 178 "-" "Mozilla/5.0 (Windows NT 10.0; Win64; x64) AppleWebKit/537.36 (KHTML, like Gecko) Chrome/80.0.3987.149 Safari/537.36" "-"
173.239.214.173 - - [26/Oct/2025:10:37:26 +0200 - 0.000 - -] "GET /dropdown.php HTTP/1.1" 301 178 "-" "Mozilla/5.0 (Windows NT 10.0; Win64; x64) AppleWebKit/537.36 (KHTML, like Gecko) Chrome/80.0.3987.149 Safari/537.36" "-"
173.239.214.149 - - [26/Oct/2025:10:37:26 +0200 - 0.000 - -] "GET /components/com_jea/views/form/tmpl/size.php HTTP/1.1" 301 178 "-" "Mozilla/5.0 (Windows NT 10.0; Win64; x64) AppleWebKit/537.36 (KHTML, like Gecko) Chrome/80.0.3987.149 Safari/537.36" "-"
45.131.195.226 - - [26/Oct/2025:10:37:26 +0200 - 0.000 - -] "GET /wp-admin/function.php HTTP/1.1" 301 178 "-" "Mozilla/5.0 (Windows NT 10.0; Win64; x64) AppleWebKit/537.36 (KHTML, like Gecko) Chrome/80.0.3987.149 Safari/537.36" "-"
173.239.214.175 - - [26/Oct/2025:10:37:26 +0200 - 0.000 - -] "GET /autoload_classmap/bypass.php HTTP/1.1" 301 178 "-" "Mozilla/5.0 (Macintosh; Intel Mac OS X 10_15_6) AppleWebKit/537.36 (KHTML, like Gecko) Chrome/84.0.4147.105 Safari/537.36" "-"
173.239.214.166 - - [26/Oct/2025:10:37:26 +0200 - 0.000 - -] "GET /default.php HTTP/1.1" 301 178 "-" "Mozilla/5.0 (Windows NT 10.0) AppleWebKit/537.36 (KHTML, like Gecko) Chrome/84.0.4147.105 Safari/537.36" "-"
209.87.169.177 - - [26/Oct/2025:10:37:26 +0200 - 0.000 - -] "GET /wp-l0gin.php HTTP/1.1" 301 178 "-" "Mozilla/5.0 (Macintosh; Intel Mac OS X 10.15; rv:79.0) Gecko/20100101 Firefox/79.0" "-"
173.239.214.137 - - [26/Oct/2025:10:37:26 +0200 - 0.000 - -] "GET /wp-admin/shell20211028.php HTTP/1.1" 301 178 "-" "Mozilla/5.0 (Macintosh; Intel Mac OS X 10.15; rv:79.0) Gecko/20100101 Firefox/79.0" "-"
173.239.214.171 - - [26/Oct/2025:10:37:26 +0200 - 0.000 - -] "GET /ahax.php HTTP/1.1" 301 178 "-" "Mozilla/5.0 (Windows NT 10.0) AppleWebKit/537.36 (KHTML, like Gecko) Chrome/84.0.4147.105 Safari/537.36" "-"
173.239.214.174 - - [26/Oct/2025:10:37:26 +0200 - 0.000 - -] "GET /autoload_classmap/bypass.php HTTP/1.1" 301 178 "-" "Mozilla/5.0 (Windows NT 10.0; Win64; x64) AppleWebKit/537.36 (KHTML, like Gecko) Chrome/75.0.3770.100 Safari/537.36" "-"
173.239.214.161 - - [26/Oct/2025:10:37:26 +0200 - 0.000 - -] "GET /wp-includes/item.php HTTP/1.1" 301 178 "-" "Mozilla/5.0 (Windows NT 6.1; Win64; x64) AppleWebKit/537.36 (KHTML, like Gecko) Chrome/80.0.3987.149 Safari/537.36" "-"
173.239.214.129 - - [26/Oct/2025:10:37:26 +0200 - 0.000 - -] "GET /wp-includes/assets/husky301.php HTTP/1.1" 301 178 "-" "Mozilla/5.0 (compatible; MSIE 10.0; Windows NT 6.1; Trident/6.0)" "-"
173.239.214.135 - - [26/Oct/2025:10:37:26 +0200 - 0.000 - -] "GET /wp-content/plugins/wp-theme-editor/include.php HTTP/1.1" 301 178 "-" "Mozilla/5.0 (Windows NT 10.0; WOW64; Trident/7.0; .NET4.0C; .NET4.0E; .NET CLR 2.0.50727; .NET CLR 3.0.30729; .NET CLR 3.5.30729; rv:11.0) like Gecko" "-"
173.239.214.168 - - [26/Oct/2025:10:37:26 +0200 - 0.000 - -] "GET /wp-content/plugins/pwnd/pwnd.php HTTP/1.1" 301 178 "-" "Mozilla/5.0 (Linux x86_64; rv:79.0) Gecko/20100101 Firefox/79.0" "-"
173.239.214.173 - - [26/Oct/2025:10:37:26 +0200 - 0.000 - -] "GET /images/admin.php HTTP/1.1" 301 178 "-" "Mozilla/5.0 (X11; Fedora; Linux x86_64; rv:79.0) Gecko/20100101 Firefox/79.0" "-"
173.239.214.149 - - [26/Oct/2025:10:37:26 +0200 - 0.000 - -] "GET /templates/beez/index.php HTTP/1.1" 301 178 "-" "Mozilla/5.0 (X11; Fedora; Linux x86_64; rv:79.0) Gecko/20100101 Firefox/79.0" "-"
173.239.214.162 - - [26/Oct/2025:10:37:26 +0200 - 0.000 - -] "GET /wp-admin/css/colors/light/profile.php HTTP/1.1" 301 178 "-" "Mozilla/5.0 (X11; Fedora; Linux x86_64; rv:79.0) Gecko/20100101 Firefox/79.0" "-"
45.131.195.226 - - [26/Oct/2025:10:37:26 +0200 - 0.000 - -] "GET /templates/beez3/index.php HTTP/1.1" 301 178 "-" "Mozilla/5.0 (Windows NT 10.0; Win64; x64) AppleWebKit/537.36 (KHTML, like Gecko) Chrome/79.0.3945.79 Safari/537.36" "-"
13.86.67.182 - - [26/Oct/2025:10:37:26 +0200 - 0.000 - -] "GET /wp-admin/cong.php HTTP/1.1" 301 178 "-" "-" "-"
173.239.214.175 - - [26/Oct/2025:10:37:26 +0200 - 0.000 - -] "GET /dropdown.php HTTP/1.1" 301 178 "-" "Mozilla/5.0 (Windows NT 10.0; Win64; x64) AppleWebKit/537.36 (KHTML, like Gecko) Chrome/79.0.3945.130 Safari/537.36" "-"
173.239.214.166 - - [26/Oct/2025:10:37:26 +0200 - 0.000 - -] "GET /wp-includes/assets/info.php HTTP/1.1" 301 178 "-" "Mozilla/5.0 (Linux x86_64; rv:79.0) Gecko/20100101 Firefox/79.0" "-"
209.87.169.177 - - [26/Oct/2025:10:37:26 +0200 - 0.000 - -] "GET /wp-includes/js/jquery/suggest.php HTTP/1.1" 301 178 "-" "Mozilla/5.0 (Windows NT 6.3; Win64; x64; rv:73.0) Gecko/20100101 Firefox/73.0" "-"
173.239.214.137 - - [26/Oct/2025:10:37:26 +0200 - 0.000 - -] "GET /natural.php HTTP/1.1" 301 178 "-" "Mozilla/5.0 (Macintosh; Intel Mac OS X 10_15_6) AppleWebKit/537.36 (KHTML, like Gecko) Chrome/84.0.4147.105 Safari/537.36 OPR/70.0.3728.95" "-"
173.239.214.171 - - [26/Oct/2025:10:37:26 +0200 - 0.000 - -] "GET /f35.php HTTP/1.1" 301 178 "-" "Mozilla/5.0 (X11; Linux x86_64) AppleWebKit/537.36 (KHTML, like Gecko) Chrome/84.0.4147.105 Safari/537.36" "-"
173.239.214.174 - - [26/Oct/2025:10:37:26 +0200 - 0.000 - -] "GET /dropdown.php HTTP/1.1" 301 178 "-" "Mozilla/5.0 (Windows NT 10.0; Win64; x64; rv:75.0) Gecko/20100101 Firefox/75.0" "-"
173.239.214.161 - - [26/Oct/2025:10:37:26 +0200 - 0.000 - -] "GET /assets/index.php HTTP/1.1" 301 178 "-" "Mozilla/5.0 (Windows NT 10.0; WOW64; x64) AppleWebKit/537.36 (KHTML, like Gecko) Chrome/84.0.4147.105 Safari/537.36 OPR/70.0.3728.95" "-"
173.239.214.129 - - [26/Oct/2025:10:37:26 +0200 - 0.000 - -] "GET /wp.php HTTP/1.1" 301 178 "-" "Mozilla/5.0 (Windows NT 10.0; Win64; x64; rv:73.0) Gecko/20100101 Firefox/73.0" "-"
173.239.214.135 - - [26/Oct/2025:10:37:26 +0200 - 0.000 - -] "GET /wp-content/plugins/up/main.php HTTP/1.1" 301 178 "-" "Mozilla/5.0 (Windows NT 10.0; Win64; x64) AppleWebKit/537.36 (KHTML, like Gecko) Chrome/74.0.3729.157 Safari/537.36" "-"
173.239.214.168 - - [26/Oct/2025:10:37:26 +0200 - 0.000 - -] "GET /wp-content/plugins/pwnd-1/pwnd.php HTTP/1.1" 301 178 "-" "Mozilla/5.0 (Windows NT 6.1; Win64; x64) AppleWebKit/537.36 (KHTML, like Gecko) Chrome/79.0.3945.130 Safari/537.36" "-"
173.239.214.173 - - [26/Oct/2025:10:37:26 +0200 - 0.000 - -] "GET /db.php HTTP/1.1" 301 178 "-" "Mozilla/5.0 (Macintosh; Intel Mac OS X 10_15_6) AppleWebKit/537.36 (KHTML, like Gecko) Chrome/84.0.4147.105 Safari/537.36 OPR/70.0.3728.95" "-"
173.239.214.149 - - [26/Oct/2025:10:37:26 +0200 - 0.000 - -] "GET /bypass.php HTTP/1.1" 301 178 "-" "Mozilla/5.0 (Macintosh; Intel Mac OS X 10_15_6) AppleWebKit/537.36 (KHTML, like Gecko) Chrome/84.0.4147.105 Safari/537.36" "-"
173.239.214.162 - - [26/Oct/2025:10:37:26 +0200 - 0.000 - -] "GET /wp-content/product.php HTTP/1.1" 301 178 "-" "Mozilla/5.0 (Windows NT 10.0; WOW64; Trident/7.0; .NET4.0C; .NET4.0E; .NET CLR 2.0.50727; .NET CLR 3.0.30729; .NET CLR 3.5.30729; rv:11.0) like Gecko" "-"
45.131.195.226 - - [26/Oct/2025:10:37:26 +0200 - 0.000 - -] "GET /wp-admin/js/wp-login.php HTTP/1.1" 301 178 "-" "Mozilla/5.0 (X11; Linux x86_64) AppleWebKit/537.36 (KHTML, like Gecko) Chrome/84.0.4147.105 Safari/537.36 OPR/70.0.3728.95" "-"
173.239.214.166 - - [26/Oct/2025:10:37:26 +0200 - 0.000 - -] "GET /wp-includes/class.api.php HTTP/1.1" 301 178 "-" "Mozilla/5.0 (Windows NT 10.0; Win64; x64) AppleWebKit/537.36 (KHTML, like Gecko) Chrome/84.0.4147.105 Safari/537.36" "-"
209.87.169.177 - - [26/Oct/2025:10:37:26 +0200 - 0.000 - -] "GET /new.php HTTP/1.1" 301 178 "-" "Mozilla/5.0 (Macintosh; Intel Mac OS X 10_12_6) AppleWebKit/537.36 (KHTML, like Gecko) Chrome/58.0.3029.110 Safari/537.3" "-"
173.239.214.175 - - [26/Oct/2025:10:37:26 +0200 - 0.000 - -] "GET /images/admin.php HTTP/1.1" 301 178 "-" "Mozilla/5.0 (Windows NT 10.0; Win64; x64; rv:73.0) Gecko/20100101 Firefox/73.0" "-"
173.239.214.171 - - [26/Oct/2025:10:37:26 +0200 - 0.000 - -] "GET /simple.php HTTP/1.1" 301 178 "-" "Mozilla/5.0 (Windows NT 10.0; Win64; x64; rv:73.0) Gecko/20100101 Firefox/73.0" "-"
173.239.214.137 - - [26/Oct/2025:10:37:26 +0200 - 0.000 - -] "GET /item.php HTTP/1.1" 301 178 "-" "Mozilla/5.0 (Windows NT 10.0; Win64; x64; rv:73.0) Gecko/20100101 Firefox/73.0" "-"
173.239.214.174 - - [26/Oct/2025:10:37:26 +0200 - 0.000 - -] "GET /images/admin.php HTTP/1.1" 301 178 "-" "Mozilla/5.0 (Windows NT 6.1; Win64; x64) AppleWebKit/537.36 (KHTML, like Gecko) Chrome/78.0.3904.108 Safari/537.36" "-"
173.239.214.161 - - [26/Oct/2025:10:37:26 +0200 - 0.000 - -] "GET /.well-known/pki-validation/index.php HTTP/1.1" 301 178 "-" "Mozilla/5.0 (Windows NT 10.0; Win64; x64) AppleWebKit/537.36 (KHTML, like Gecko) Chrome/70.0.3538.110 Safari/537.36" "-"
173.239.214.129 - - [26/Oct/2025:10:37:26 +0200 - 0.000 - -] "GET /wp-admin/css/colors/blue/wp-trackback.php HTTP/1.1" 301 178 "-" "Mozilla/5.0 (Windows NT 10.0; Win64; x64; rv:75.0) Gecko/20100101 Firefox/75.0" "-"
173.239.214.168 - - [26/Oct/2025:10:37:26 +0200 - 0.000 - -] "GET /wp-admin/css/colors/midnight/admin.php HTTP/1.1" 301 178 "-" "Mozilla/5.0 (Macintosh; Intel Mac OS X 10_15_6) AppleWebKit/537.36 (KHTML, like Gecko) Chrome/84.0.4147.105 Safari/537.36" "-"
173.239.214.135 - - [26/Oct/2025:10:37:26 +0200 - 0.000 - -] "GET /fonts/fontawesome-webfont.php HTTP/1.1" 301 178 "-" "Mozilla/5.0 (Macintosh; Intel Mac OS X 10_15_6) AppleWebKit/537.36 (KHTML, like Gecko) Chrome/84.0.4147.105 Safari/537.36" "-"
173.239.214.173 - - [26/Oct/2025:10:37:26 +0200 - 0.000 - -] "GET /.well-known/pki-validation/mariju.php HTTP/1.1" 301 178 "-" "Mozilla/5.0 (Windows NT 10.0; Win64; x64) AppleWebKit/537.36 (KHTML, like Gecko) Chrome/70.0.3538.77 Safari/537.36" "-"
173.239.214.162 - - [26/Oct/2025:10:37:26 +0200 - 0.000 - -] "GET /wp-content/uploads/autoload_classmap.php HTTP/1.1" 301 178 "-" "Mozilla/5.0 (Windows NT 10.0; Win64; x64) AppleWebKit/537.36 (KHTML, like Gecko) Chrome/79.0.3945.79 Safari/537.36" "-"
173.239.214.149 - - [26/Oct/2025:10:37:26 +0200 - 0.000 - -] "GET /class.php HTTP/1.1" 301 178 "-" "Mozilla/5.0 (Windows NT 10.0; Win64; x64) AppleWebKit/537.36 (KHTML, like Gecko) Chrome/70.0.3538.77 Safari/537.36" "-"
45.131.195.226 - - [26/Oct/2025:10:37:26 +0200 - 0.000 - -] "GET /install.php HTTP/1.1" 301 178 "-" "Mozilla/5.0 (Windows NT 10.0; Win64; x64) AppleWebKit/537.36 (KHTML, like Gecko) Chrome/74.0.3729.169 Safari/537.36" "-"
13.86.67.182 - - [26/Oct/2025:10:37:26 +0200 - 0.000 - -] "GET /wp-admin/autoload_classmap.php HTTP/1.1" 301 178 "-" "-" "-"
173.239.214.175 - - [26/Oct/2025:10:37:26 +0200 - 0.000 - -] "GET /db.php HTTP/1.1" 301 178 "-" "Mozilla/5.0 (Macintosh; Intel Mac OS X 10_15_6) AppleWebKit/537.36 (KHTML, like Gecko) Chrome/84.0.4147.125 Safari/537.36" "-"
173.239.214.166 - - [26/Oct/2025:10:37:26 +0200 - 0.000 - -] "GET /wp-includes/fonts/index.php HTTP/1.1" 301 178 "-" "Mozilla/5.0 (Macintosh; Intel Mac OS X 10_15_6) AppleWebKit/537.36 (KHTML, like Gecko) Chrome/84.0.4147.125 Safari/537.36" "-"
209.87.169.177 - - [26/Oct/2025:10:37:26 +0200 - 0.000 - -] "GET /wp-content/plugins/pwnd-1/admin.php HTTP/1.1" 301 178 "-" "Mozilla/5.0 (Macintosh; Intel Mac OS X 10_15_6) AppleWebKit/537.36 (KHTML, like Gecko) Chrome/84.0.4147.125 Safari/537.36" "-"
173.239.214.174 - - [26/Oct/2025:10:37:26 +0200 - 0.000 - -] "GET /db.php HTTP/1.1" 301 178 "-" "Mozilla/5.0 (Windows NT 10.0; Win64; x64) AppleWebKit/537.36 (KHTML, like Gecko) Chrome/70.0.3538.110 Safari/537.36" "-"
173.239.214.171 - - [26/Oct/2025:10:37:26 +0200 - 0.000 - -] "GET /update/f35.php HTTP/1.1" 301 178 "-" "Mozilla/5.0 (Windows NT 10.0; Win64; x64) AppleWebKit/537.36 (KHTML, like Gecko) Chrome/70.0.3538.110 Safari/537.36" "-"
173.239.214.137 - - [26/Oct/2025:10:37:26 +0200 - 0.000 - -] "GET /function/function.php HTTP/1.1" 301 178 "-" "Mozilla/5.0 (Windows NT 10.0; Win64; x64) AppleWebKit/537.36 (KHTML, like Gecko) Chrome/70.0.3538.110 Safari/537.36" "-"
173.239.214.161 - - [26/Oct/2025:10:37:26 +0200 - 0.000 - -] "GET /wp-content/uploads/admin.php HTTP/1.1" 301 178 "-" "Mozilla/5.0 (Windows NT 10.0; Win64; x64; rv:66.0) Gecko/20100101 Firefox/66.0" "-"
173.239.214.129 - - [26/Oct/2025:10:37:26 +0200 - 0.000 - -] "GET /wp-content/themes/chosen.php HTTP/1.1" 301 178 "-" "Mozilla/5.0 (X11; Ubuntu; Linux x86_64; rv:79.0) Gecko/20100101 Firefox/79.0" "-"
173.239.214.168 - - [26/Oct/2025:10:37:26 +0200 - 0.000 - -] "GET /vendor/phpunit/phpunit/src/Util/PHP/kill.php HTTP/1.1" 301 178 "-" "Mozilla/5.0 (Windows NT 10.0; Win64; x64) AppleWebKit/537.36 (KHTML, like Gecko) Chrome/74.0.3729.169 Safari/537.36" "-"
173.239.214.135 - - [26/Oct/2025:10:37:26 +0200 - 0.000 - -] "GET /wp-admin/wp-conflg.php HTTP/1.1" 301 178 "-" "Mozilla/5.0 (Windows NT 10.0; Win64; x64) AppleWebKit/537.36 (KHTML, like Gecko) Chrome/74.0.3729.169 Safari/537.36" "-"
173.239.214.173 - - [26/Oct/2025:10:37:26 +0200 - 0.000 - -] "GET /mah/function.php HTTP/1.1" 301 178 "-" "Mozilla/5.0 (Macintosh; Intel Mac OS X 10_15_6) AppleWebKit/537.36 (KHTML, like Gecko) Chrome/84.0.4147.125 Safari/537.36" "-"
173.239.214.149 - - [26/Oct/2025:10:37:26 +0200 - 0.000 - -] "GET /wp-admin/css/colors/light/profile.php HTTP/1.1" 301 178 "-" "Mozilla/5.0 (Windows NT 10.0; Win64; x64) AppleWebKit/537.36 (KHTML, like Gecko) Chrome/74.0.3729.169 Safari/537.36" "-"
173.239.214.162 - - [26/Oct/2025:10:37:26 +0200 - 0.000 - -] "GET /vendor/phpunit/phpunit/src/Util/PHP/ask.php HTTP/1.1" 301 178 "-" "Mozilla/5.0 (Windows NT 10.0; Win64; x64) AppleWebKit/537.36 (KHTML, like Gecko) Chrome/79.0.3945.130 Safari/537.36" "-"
45.131.195.226 - - [26/Oct/2025:10:37:26 +0200 - 0.000 - -] "GET /wp-admin/css/colors/blue/rk2.php HTTP/1.1" 301 178 "-" "Mozilla/5.0 (Windows NT 10.0; Win64; x64) AppleWebKit/537.36 (KHTML, like Gecko) Chrome/84.0.4147.105 Safari/537.36" "-"
173.239.214.175 - - [26/Oct/2025:10:37:26 +0200 - 0.000 - -] "GET /.well-known/pki-validation/mariju.php HTTP/1.1" 301 178 "-" "Mozilla/5.0 (Windows NT 10.0; Win64; x64) AppleWebKit/537.36 (KHTML, like Gecko) Chrome/70.0.3538.77 Safari/537.36" "-"
173.239.214.166 - - [26/Oct/2025:10:37:26 +0200 - 0.000 - -] "GET /wp-admin/chosen.php HTTP/1.1" 301 178 "-" "Mozilla/5.0 (Windows NT 10.0; Win64; x64) AppleWebKit/537.36 (KHTML, like Gecko) Chrome/74.0.3729.157 Safari/537.36" "-"
209.87.169.177 - - [26/Oct/2025:10:37:26 +0200 - 0.000 - -] "GET /wp-includes/defaults.php HTTP/1.1" 301 178 "-" "Mozilla/5.0 (Windows NT 10.0; Win64; x64) AppleWebKit/537.36 (KHTML, like Gecko) Chrome/74.0.3729.157 Safari/537.36" "-"
173.239.214.171 - - [26/Oct/2025:10:37:26 +0200 - 0.000 - -] "GET /wp-content/hello.php HTTP/1.1" 301 178 "-" "Mozilla/5.0 (Macintosh; Intel Mac OS X 10_12_6) AppleWebKit/537.36 (KHTML, like Gecko) Chrome/58.0.3029.110 Safari/537.3" "-"
173.239.214.137 - - [26/Oct/2025:10:37:26 +0200 - 0.000 - -] "GET /wp-includes/SimplePie/index.php HTTP/1.1" 301 178 "-" "Mozilla/5.0 (Macintosh; Intel Mac OS X 10_12_6) AppleWebKit/537.36 (KHTML, like Gecko) Chrome/58.0.3029.110 Safari/537.3" "-"
173.239.214.174 - - [26/Oct/2025:10:37:26 +0200 - 0.000 - -] "GET /.well-known/pki-validation/mariju.php HTTP/1.1" 301 178 "-" "Mozilla/5.0 (Macintosh; Intel Mac OS X 10_12_6) AppleWebKit/537.36 (KHTML, like Gecko) Chrome/58.0.3029.110 Safari/537.3" "-"
173.239.214.161 - - [26/Oct/2025:10:37:26 +0200 - 0.000 - -] "GET /css/admin.php HTTP/1.1" 301 178 "-" "Mozilla/5.0 (Windows NT 10.0; Win64; x64; rv:75.0) Gecko/20100101 Firefox/75.0" "-"
173.239.214.129 - - [26/Oct/2025:10:37:26 +0200 - 0.000 - -] "GET /wp-header.php HTTP/1.1" 301 178 "-" "Mozilla/5.0 (Windows NT 10.0; WOW64) AppleWebKit/537.36 (KHTML, like Gecko) Chrome/84.0.4147.105 Safari/537.36" "-"
13.86.67.182 - - [26/Oct/2025:10:37:26 +0200 - 0.000 - -] "GET /wp-admin/file.php HTTP/1.1" 301 178 "-" "-" "-"
173.239.214.173 - - [26/Oct/2025:10:37:26 +0200 - 0.000 - -] "GET /wp-content/plugins/bypass.php HTTP/1.1" 301 178 "-" "Mozilla/5.0 (Macintosh; Intel Mac OS X 10_15_6) AppleWebKit/537.36 (KHTML, like Gecko) Chrome/84.0.4147.125 Safari/537.36" "-"
173.239.214.149 - - [26/Oct/2025:10:37:26 +0200 - 0.000 - -] "GET /wp-content/product.php HTTP/1.1" 301 178 "-" "Mozilla/5.0 (X11; Linux x86_64) AppleWebKit/537.36 (KHTML, like Gecko) Chrome/84.0.4147.105 Safari/537.36" "-"
173.239.214.168 - - [26/Oct/2025:10:37:26 +0200 - 0.000 - -] "GET /wp-includes/style-engine/worksec.php HTTP/1.1" 301 178 "-" "Mozilla/5.0 (Macintosh; Intel Mac OS X 10_15_6) AppleWebKit/537.36 (KHTML, like Gecko) Chrome/84.0.4147.125 Safari/537.36" "-"
173.239.214.135 - - [26/Oct/2025:10:37:26 +0200 - 0.000 - -] "GET /wp-admin/includes/about.php HTTP/1.1" 301 178 "-" "Mozilla/5.0 (Windows NT 10.0; WOW64; Trident/7.0; .NET4.0C; .NET4.0E; .NET CLR 2.0.50727; .NET CLR 3.0.30729; .NET CLR 3.5.30729; rv:11.0) like Gecko" "-"
173.239.214.162 - - [26/Oct/2025:10:37:26 +0200 - 0.000 - -] "GET /wp-includes/rest-api/about.php HTTP/1.1" 301 178 "-" "Mozilla/5.0 (X11; Ubuntu; Linux x86_64; rv:79.0) Gecko/20100101 Firefox/79.0" "-"
45.131.195.226 - - [26/Oct/2025:10:37:26 +0200 - 0.000 - -] "GET /images/class-config.php HTTP/1.1" 301 178 "-" "Mozilla/5.0 (Macintosh; Intel Mac OS X 10_15_6) AppleWebKit/537.36 (KHTML, like Gecko) Chrome/84.0.4147.105 Safari/537.36" "-"
173.239.214.175 - - [26/Oct/2025:10:37:26 +0200 - 0.000 - -] "GET /mah/function.php HTTP/1.1" 301 178 "-" "Mozilla/5.0 (X11; Linux i686; rv:79.0) Gecko/20100101 Firefox/79.0" "-"
173.239.214.166 - - [26/Oct/2025:10:37:26 +0200 - 0.000 - -] "GET /autoload_classmap/bypass.php HTTP/1.1" 301 178 "-" "Mozilla/5.0 (Windows NT 10.0; Win64; x64) AppleWebKit/537.36 (KHTML, like Gecko) Chrome/74.0.3729.169 Safari/537.36" "-"
209.87.169.177 - - [26/Oct/2025:10:37:26 +0200 - 0.000 - -] "GET /images/DJP9.php HTTP/1.1" 301 178 "-" "Mozilla/5.0 (Windows NT 10.0; Win64; x64) AppleWebKit/537.36 (KHTML, like Gecko) Chrome/74.0.3729.169 Safari/537.36" "-"
