173.239.214.162 - - [26/Oct/2025:10:37:15 +0200 - 0.000 - -] "GET /wp-admin/maint/bootstrap.php HTTP/1.1" 301 178 "-" "Mozilla/5.0 (Windows NT 10.0; Win64; x64) AppleWebKit/537.36 (KHTML, like Gecko) Chrome/75.0.3770.100 Safari/537.36" "-"
173.239.214.135 - - [26/Oct/2025:10:37:15 +0200 - 0.000 - -] "GET /wp-includes/PHPMailer/admin.php HTTP/1.1" 301 178 "-" "Mozilla/5.0 (Windows NT 10.0; Win64; x64; rv:66.0) Gecko/20100101 Firefox/66.0" "-"
45.131.195.226 - - [26/Oct/2025:10:37:15 +0200 - 0.000 - -] "GET /mini.php HTTP/1.1" 301 178 "-" "Mozilla/5.0 (Macintosh; Intel Mac OS X 10_15_6) AppleWebKit/537.36 (KHTML, like Gecko) Chrome/84.0.4147.105 Safari/537.36" "-"
173.239.214.173 - - [26/Oct/2025:10:37:15 +0200 - 0.000 - -] "GET /chosen.php HTTP/1.1" 301 178 "-" "Mozilla/5.0 (X11; Ubuntu; Linux i686; rv:79.0) Gecko/20100101 Firefox/79.0" "-"
173.239.214.175 - - [26/Oct/2025:10:37:15 +0200 - 0.000 - -] "GET /chosen.php HTTP/1.1" 301 178 "-" "Mozilla/5.0 (Windows NT 10.0; Win64; x64) AppleWebKit/537.36 (KHTML, like Gecko) Chrome/83.0.4103.61 Safari/537.36" "-"
173.239.214.129 - - [26/Oct/2025:10:37:15 +0200 - 0.000 - -] "GET /wp-content/plugins/envato-css.php HTTP/1.1" 301 178 "-" "Mozilla/5.0 (Windows NT 10.0; Win64; x64; rv:79.0) Gecko/20100101 Firefox/79.0" "-"
173.239.214.174 - - [26/Oct/2025:10:37:15 +0200 - 0.000 - -] "GET /zwso.php HTTP/1.1" 301 178 "-" "Mozilla/5.0 (compatible; MSIE 10.0; Windows NT 6.1; Trident/6.0)" "-"
173.239.214.149 - - [26/Oct/2025:10:37:15 +0200 - 0.000 - -] "GET /simple.php HTTP/1.1" 301 178 "-" "Mozilla/5.0 (Windows NT 10.0; Win64; x64) AppleWebKit/537.36 (KHTML, like Gecko) Chrome/58.0.3029.110 Safari/537.3" "-"
173.239.214.161 - - [26/Oct/2025:10:37:15 +0200 - 0.000 - -] "GET /wp-content/plugins/pwnd/pwnd.php HTTP/1.1" 301 178 "-" "Mozilla/5.0 (Windows NT 10.0; Win64; x64) AppleWebKit/537.36 (KHTML, like Gecko) Chrome/83.0.4103.97 Safari/537.36" "-"
173.239.214.162 - - [26/Oct/2025:10:37:15 +0200 - 0.000 - -] "GET /themes/zMousse/otuz1.php HTTP/1.1" 301 178 "-" "Mozilla/5.0 (Windows NT 10.0) AppleWebKit/537.36 (KHTML, like Gecko) Chrome/84.0.4147.105 Safari/537.36" "-"
173.239.214.135 - - [26/Oct/2025:10:37:15 +0200 - 0.000 - -] "GET /wp-includes/widgets/wp-login.php HTTP/1.1" 301 178 "-" "Mozilla/5.0 (Windows NT 10.0; Win64; x64; rv:77.0) Gecko/20100101 Firefox/77.0" "-"
45.131.195.226 - - [26/Oct/2025:10:37:15 +0200 - 0.000 - -] "GET /goods.php HTTP/1.1" 301 178 "-" "Mozilla/5.0 (Windows NT 10.0; Win64; x64; rv:77.0) Gecko/20100101 Firefox/77.0" "-"
173.239.214.166 - - [26/Oct/2025:10:37:15 +0200 - 0.000 - -] "GET /manager.php HTTP/1.1" 301 178 "-" "Mozilla/5.0 (Windows NT 10.0; Win64; x64; rv:73.0) Gecko/20100101 Firefox/73.0" "-"
173.239.214.174 - - [26/Oct/2025:10:37:15 +0200 - 0.000 - -] "GET /chosen.php HTTP/1.1" 301 178 "-" "Mozilla/5.0 (Windows NT 10.0; Win64; x64; rv:76.0) Gecko/20100101 Firefox/76.0" "-"
173.239.214.175 - - [26/Oct/2025:10:37:15 +0200 - 0.000 - -] "GET /about.php HTTP/1.1" 301 178 "-" "Mozilla/5.0 (X11; Linux i686; rv:79.0) Gecko/20100101 Firefox/79.0" "-"
173.239.214.173 - - [26/Oct/2025:10:37:15 +0200 - 0.000 - -] "GET /about.php HTTP/1.1" 301 178 "-" "Mozilla/5.0 (X11; Linux i686; rv:79.0) Gecko/20100101 Firefox/79.0" "-"
173.239.214.129 - - [26/Oct/2025:10:37:15 +0200 - 0.000 - -] "GET /classwithtostring.php HTTP/1.1" 301 178 "-" "Mozilla/5.0 (X11; Linux i686; rv:79.0) Gecko/20100101 Firefox/79.0" "-"
173.239.214.161 - - [26/Oct/2025:10:37:15 +0200 - 0.000 - -] "GET /wp-content/plugins/pwnd-1/pwnd.php HTTP/1.1" 301 178 "-" "Mozilla/5.0 (X11; Linux i686; rv:79.0) Gecko/20100101 Firefox/79.0" "-"
173.239.214.149 - - [26/Oct/2025:10:37:15 +0200 - 0.000 - -] "GET /update/f35.php HTTP/1.1" 301 178 "-" "Mozilla/5.0 (X11; Fedora; Linux x86_64; rv:79.0) Gecko/20100101 Firefox/79.0" "-"
173.239.214.162 - - [26/Oct/2025:10:37:15 +0200 - 0.000 - -] "GET /wp-content/edit-wolf.php HTTP/1.1" 301 178 "-" "Mozilla/5.0 (Windows NT 10.0; Win64; x64; rv:72.0) Gecko/20100101 Firefox/72.0" "-"
173.239.214.135 - - [26/Oct/2025:10:37:15 +0200 - 0.000 - -] "GET /files/index.php HTTP/1.1" 301 178 "-" "Mozilla/5.0 (Windows NT 10.0; Win64; x64) AppleWebKit/537.36 (KHTML, like Gecko) Chrome/70.0.3538.110 Safari/537.36" "-"
45.131.195.226 - - [26/Oct/2025:10:37:15 +0200 - 0.000 - -] "GET /file5.php HTTP/1.1" 301 178 "-" "Mozilla/5.0 (Windows NT 10.0; Win64; x64) AppleWebKit/537.36 (KHTML, like Gecko) Chrome/70.0.3538.77 Safari/537.36" "-"
173.239.214.166 - - [26/Oct/2025:10:37:15 +0200 - 0.000 - -] "GET /bless.php HTTP/1.1" 301 178 "-" "Mozilla/5.0 (Macintosh; Intel Mac OS X 10.15; rv:79.0) Gecko/20100101 Firefox/79.0" "-"
173.239.214.174 - - [26/Oct/2025:10:37:15 +0200 - 0.000 - -] "GET /about.php HTTP/1.1" 301 178 "-" "Mozilla/5.0 (Windows NT 10.0; WOW64; Trident/7.0; .NET4.0C; .NET4.0E; .NET CLR 2.0.50727; .NET CLR 3.0.30729; .NET CLR 3.5.30729; rv:11.0) like Gecko" "-"
173.239.214.129 - - [26/Oct/2025:10:37:15 +0200 - 0.000 - -] "GET /uploads/94056-upload.phtml HTTP/1.1" 301 178 "-" "Mozilla/5.0 (Windows NT 10.0; Win64; x64; rv:66.0) Gecko/20100101 Firefox/66.0" "-"
173.239.214.173 - - [26/Oct/2025:10:37:15 +0200 - 0.000 - -] "GET /admin.php HTTP/1.1" 301 178 "-" "Mozilla/5.0 (Windows NT 10.0; Win64; x64; rv:66.0) Gecko/20100101 Firefox/66.0" "-"
173.239.214.175 - - [26/Oct/2025:10:37:15 +0200 - 0.000 - -] "GET /admin.php HTTP/1.1" 301 178 "-" "Mozilla/5.0 (Macintosh; Intel Mac OS X 10.15; rv:79.0) Gecko/20100101 Firefox/79.0" "-"
173.239.214.149 - - [26/Oct/2025:10:37:15 +0200 - 0.000 - -] "GET /wp-content/hello.php HTTP/1.1" 301 178 "-" "Mozilla/5.0 (Macintosh; Intel Mac OS X 10.15; rv:79.0) Gecko/20100101 Firefox/79.0" "-"
173.239.214.161 - - [26/Oct/2025:10:37:15 +0200 - 0.000 - -] "GET /wp-admin/css/colors/midnight/admin.php HTTP/1.1" 301 178 "-" "Mozilla/5.0 (Macintosh; Intel Mac OS X 10.15; rv:79.0) Gecko/20100101 Firefox/79.0" "-"
173.239.214.162 - - [26/Oct/2025:10:37:15 +0200 - 0.000 - -] "GET /wp-content/plugins/ubh/up.php HTTP/1.1" 301 178 "-" "Mozilla/5.0 (Windows NT 10.0; Win64; x64; rv:73.0) Gecko/20100101 Firefox/73.0" "-"
45.131.195.226 - - [26/Oct/2025:10:37:15 +0200 - 0.000 - -] "GET /ahax.php HTTP/1.1" 301 178 "-" "Mozilla/5.0 (Windows NT 6.1; Win64; x64) AppleWebKit/537.36 (KHTML, like Gecko) Chrome/78.0.3904.108 Safari/537.36" "-"
173.239.214.135 - - [26/Oct/2025:10:37:15 +0200 - 0.000 - -] "GET /wp-includes/PHPMailer/options.php HTTP/1.1" 301 178 "-" "Mozilla/5.0 (Windows NT 10.0; Win64; x64) AppleWebKit/537.36 (KHTML, like Gecko) Chrome/69.0.3497.100 Safari/537.36" "-"
173.239.214.166 - - [26/Oct/2025:10:37:15 +0200 - 0.000 - -] "GET /O-Simple.php HTTP/1.1" 301 178 "-" "Mozilla/5.0 (Windows NT 10.0; Win64; x64; rv:71.0) Gecko/20100101 Firefox/71.0" "-"
173.239.214.129 - - [26/Oct/2025:10:37:15 +0200 - 0.000 - -] "GET /index/function.php HTTP/1.1" 301 178 "-" "Mozilla/5.0 (compatible; MSIE 10.0; Windows NT 6.1; Trident/6.0)" "-"
173.239.214.174 - - [26/Oct/2025:10:37:15 +0200 - 0.000 - -] "GET /admin.php HTTP/1.1" 301 178 "-" "Mozilla/5.0 (Windows NT 10.0) AppleWebKit/537.36 (KHTML, like Gecko) Chrome/72.0.3626.121 Safari/537.36" "-"
173.239.214.173 - - [26/Oct/2025:10:37:15 +0200 - 0.000 - -] "GET /.well-known/login.php HTTP/1.1" 301 178 "-" "Mozilla/5.0 (Windows NT 10.0; Win64; x64) AppleWebKit/537.36 (KHTML, like Gecko) Chrome/74.0.3729.169 Safari/537.36" "-"
173.239.214.175 - - [26/Oct/2025:10:37:15 +0200 - 0.000 - -] "GET /.well-known/login.php HTTP/1.1" 301 178 "-" "Mozilla/5.0 (Windows NT 10.0; Win64; x64) AppleWebKit/537.36 (KHTML, like Gecko) Chrome/84.0.4147.105 Safari/537.36 OPR/70.0.3728.95" "-"
173.239.214.149 - - [26/Oct/2025:10:37:15 +0200 - 0.000 - -] "GET /wp-admin/maint/bootstrap.php HTTP/1.1" 301 178 "-" "Mozilla/5.0 (Macintosh; Intel Mac OS X 10_15_6) AppleWebKit/537.36 (KHTML, like Gecko) Chrome/84.0.4147.105 Safari/537.36 OPR/70.0.3728.95" "-"
173.239.214.161 - - [26/Oct/2025:10:37:15 +0200 - 0.000 - -] "GET /vendor/phpunit/phpunit/src/Util/PHP/kill.php HTTP/1.1" 301 178 "-" "Mozilla/5.0 (Windows NT 10.0; Win64; x64) AppleWebKit/537.36 (KHTML, like Gecko) Chrome/70.0.3538.110 Safari/537.36" "-"
173.239.214.162 - - [26/Oct/2025:10:37:15 +0200 - 0.000 - -] "GET /wp-admin/images/bootstrap.php HTTP/1.1" 301 178 "-" "Mozilla/5.0 (X11; Linux i686; rv:79.0) Gecko/20100101 Firefox/79.0" "-"
45.131.195.226 - - [26/Oct/2025:10:37:15 +0200 - 0.000 - -] "GET /f35.php HTTP/1.1" 301 178 "-" "Mozilla/5.0 (Windows NT 10.0; WOW64) AppleWebKit/537.36 (KHTML, like Gecko) Chrome/84.0.4147.105 Safari/537.36" "-"
173.239.214.135 - - [26/Oct/2025:10:37:15 +0200 - 0.000 - -] "GET /inc.php HTTP/1.1" 301 178 "-" "Mozilla/5.0 (Windows NT 10.0; WOW64; Trident/7.0; .NET4.0C; .NET4.0E; .NET CLR 2.0.50727; .NET CLR 3.0.30729; .NET CLR 3.5.30729; rv:11.0) like Gecko" "-"
173.239.214.166 - - [26/Oct/2025:10:37:15 +0200 - 0.000 - -] "GET /lock360.php HTTP/1.1" 301 178 "-" "Mozilla/5.0 (X11; Ubuntu; Linux i686; rv:79.0) Gecko/20100101 Firefox/79.0" "-"
173.239.214.129 - - [26/Oct/2025:10:37:15 +0200 - 0.000 - -] "GET /tinyfilemanager.php HTTP/1.1" 301 178 "-" "Mozilla/5.0 (Windows NT 10.0; Win64; x64) AppleWebKit/537.36 (KHTML, like Gecko) Chrome/74.0.3729.169 Safari/537.36" "-"
173.239.214.174 - - [26/Oct/2025:10:37:15 +0200 - 0.000 - -] "GET /.well-known/login.php HTTP/1.1" 301 178 "-" "Mozilla/5.0 (Windows NT 10.0; Win64; x64; rv:72.0) Gecko/20100101 Firefox/72.0" "-"
173.239.214.175 - - [26/Oct/2025:10:37:15 +0200 - 0.000 - -] "GET /mah.php HTTP/1.1" 301 178 "-" "Mozilla/5.0 (Windows NT 6.3; Win64; x64; rv:73.0) Gecko/20100101 Firefox/73.0" "-"
173.239.214.173 - - [26/Oct/2025:10:37:15 +0200 - 0.000 - -] "GET /mah.php HTTP/1.1" 301 178 "-" "Mozilla/5.0 (Windows NT 6.3; Win64; x64; rv:73.0) Gecko/20100101 Firefox/73.0" "-"
173.239.214.149 - - [26/Oct/2025:10:37:15 +0200 - 0.000 - -] "GET /themes/zMousse/otuz1.php HTTP/1.1" 301 178 "-" "Mozilla/5.0 (Windows NT 10.0; Win64; x64; rv:74.0) Gecko/20100101 Firefox/74.0" "-"
173.239.214.161 - - [26/Oct/2025:10:37:15 +0200 - 0.000 - -] "GET /wp-includes/style-engine/worksec.php HTTP/1.1" 301 178 "-" "Mozilla/5.0 (Windows NT 10.0; Win64; x64) AppleWebKit/537.36 (KHTML, like Gecko) Chrome/79.0.3945.88 Safari/537.36" "-"
173.239.214.162 - - [26/Oct/2025:10:37:15 +0200 - 0.000 - -] "GET /images/upload.php HTTP/1.1" 301 178 "-" "Mozilla/5.0 (Windows NT 10.0; Win64; x64) AppleWebKit/537.36 (KHTML, like Gecko) Chrome/79.0.3945.130 Safari/537.36" "-"
45.131.195.226 - - [26/Oct/2025:10:37:15 +0200 - 0.000 - -] "GET /simple.php HTTP/1.1" 301 178 "-" "Mozilla/5.0 (Windows NT 10.0; Win64; x64; rv:71.0) Gecko/20100101 Firefox/71.0" "-"
173.239.214.135 - - [26/Oct/2025:10:37:15 +0200 - 0.000 - -] "GET /wp-content/index.php HTTP/1.1" 301 178 "-" "Mozilla/5.0 (Windows NT 10.0; Win64; x64) AppleWebKit/537.36 (KHTML, like Gecko) Chrome/70.0.3538.77 Safari/537.36" "-"
173.239.214.166 - - [26/Oct/2025:10:37:15 +0200 - 0.000 - -] "GET /zwso.php HTTP/1.1" 301 178 "-" "Mozilla/5.0 (Windows NT 10.0; Win64; x64) AppleWebKit/537.36 (KHTML, like Gecko) Chrome/80.0.3987.149 Safari/537.36" "-"
173.239.214.129 - - [26/Oct/2025:10:37:15 +0200 - 0.000 - -] "GET /js/bas.php HTTP/1.1" 301 178 "-" "Mozilla/5.0 (Windows NT 10.0; Win64; x64) AppleWebKit/537.36 (KHTML, like Gecko) Chrome/74.0.3729.157 Safari/537.36" "-"
173.239.214.173 - - [26/Oct/2025:10:37:15 +0200 - 0.000 - -] "GET /.wp/wso.php HTTP/1.1" 301 178 "-" "Mozilla/5.0 (Windows NT 6.1; Win64; x64) AppleWebKit/537.36 (KHTML, like Gecko) Chrome/74.0.3729.169 Safari/537.36" "-"
173.239.214.175 - - [26/Oct/2025:10:37:15 +0200 - 0.000 - -] "GET /.wp/wso.php HTTP/1.1" 301 178 "-" "Mozilla/5.0 (Windows NT 6.1; Win64; x64) AppleWebKit/537.36 (KHTML, like Gecko) Chrome/74.0.3729.169 Safari/537.36" "-"
173.239.214.174 - - [26/Oct/2025:10:37:15 +0200 - 0.000 - -] "GET /mah.php HTTP/1.1" 301 178 "-" "Mozilla/5.0 (Windows NT 10.0; Win64; x64; rv:76.0) Gecko/20100101 Firefox/76.0" "-"
173.239.214.149 - - [26/Oct/2025:10:37:15 +0200 - 0.000 - -] "GET /wp-content/edit-wolf.php HTTP/1.1" 301 178 "-" "Mozilla/5.0 (Windows NT 10.0; Win64; x64) AppleWebKit/537.36 (KHTML, like Gecko) Chrome/79.0.3945.88 Safari/537.36" "-"
173.239.214.161 - - [26/Oct/2025:10:37:15 +0200 - 0.000 - -] "GET /wp-admin/images/wp-conflg.php HTTP/1.1" 301 178 "-" "Mozilla/5.0 (X11; Linux x86_64) AppleWebKit/537.36 (KHTML, like Gecko) Chrome/84.0.4147.105 Safari/537.36" "-"
173.239.214.162 - - [26/Oct/2025:10:37:15 +0200 - 0.000 - -] "GET /wp-content/plugins/seoplugins/db.php?u HTTP/1.1" 301 178 "-" "Mozilla/5.0 (X11; Ubuntu; Linux x86_64; rv:79.0) Gecko/20100101 Firefox/79.0" "-"
45.131.195.226 - - [26/Oct/2025:10:37:16 +0200 - 0.000 - -] "GET /update/f35.php HTTP/1.1" 301 178 "-" "Mozilla/5.0 (Macintosh; Intel Mac OS X 10_10_1) AppleWebKit/537.36 (KHTML, like Gecko) Chrome/39.0.2171.95 Safari/537.36" "-"
173.239.214.135 - - [26/Oct/2025:10:37:16 +0200 - 0.000 - -] "GET /filemanager.php HTTP/1.1" 301 178 "-" "Mozilla/5.0 (Macintosh; Intel Mac OS X 10_10_1) AppleWebKit/537.36 (KHTML, like Gecko) Chrome/39.0.2171.95 Safari/537.36" "-"
173.239.214.166 - - [26/Oct/2025:10:37:16 +0200 - 0.000 - -] "GET /chosen.php HTTP/1.1" 301 178 "-" "Mozilla/5.0 (X11; Linux x86_64) AppleWebKit/537.36 (KHTML, like Gecko) Chrome/84.0.4147.105 Safari/537.36 OPR/70.0.3728.95" "-"
173.239.214.129 - - [26/Oct/2025:10:37:16 +0200 - 0.000 - -] "GET /.well-known/pki-validation/moon.php HTTP/1.1" 301 178 "-" "Mozilla/5.0 (Macintosh; Intel Mac OS X 10_15_6) AppleWebKit/537.36 (KHTML, like Gecko) Chrome/84.0.4147.125 Safari/537.36" "-"
173.239.214.173 - - [26/Oct/2025:10:37:16 +0200 - 0.000 - -] "GET /core.php HTTP/1.1" 301 178 "-" "Mozilla/5.0 (X11; Linux x86_64) AppleWebKit/537.36 (KHTML, like Gecko) Chrome/84.0.4147.105 Safari/537.36" "-"
173.239.214.175 - - [26/Oct/2025:10:37:16 +0200 - 0.000 - -] "GET /core.php HTTP/1.1" 301 178 "-" "Mozilla/5.0 (X11; Linux x86_64) AppleWebKit/537.36 (KHTML, like Gecko) Chrome/84.0.4147.105 Safari/537.36" "-"
173.239.214.149 - - [26/Oct/2025:10:37:16 +0200 - 0.000 - -] "GET /wp-content/plugins/ubh/up.php HTTP/1.1" 301 178 "-" "Mozilla/5.0 (Windows NT 10.0; Win64; x64; rv:72.0) Gecko/20100101 Firefox/72.0" "-"
173.239.214.174 - - [26/Oct/2025:10:37:16 +0200 - 0.000 - -] "GET /.wp/wso.php HTTP/1.1" 301 178 "-" "Mozilla/5.0 (Windows NT 10.0; Win64; x64; rv:72.0) Gecko/20100101 Firefox/72.0" "-"
173.239.214.161 - - [26/Oct/2025:10:37:16 +0200 - 0.000 - -] "GET /wp-content/plugins/core-plugin/include.php HTTP/1.1" 301 178 "-" "Mozilla/5.0 (Windows NT 10.0; Win64; x64; rv:67.0) Gecko/20100101 Firefox/67.0" "-"
173.239.214.162 - - [26/Oct/2025:10:37:16 +0200 - 0.000 - -] "GET /wp-content/themes/pridmag/db.php?u HTTP/1.1" 301 178 "-" "Mozilla/5.0 (Windows NT 10.0; Win64; x64) AppleWebKit/537.36 (KHTML, like Gecko) Chrome/83.0.4103.61 Safari/537.36" "-"
45.131.195.226 - - [26/Oct/2025:10:37:16 +0200 - 0.000 - -] "GET /wp-content/hello.php HTTP/1.1" 301 178 "-" "Mozilla/5.0 (Windows NT 10.0; WOW64) AppleWebKit/537.36 (KHTML, like Gecko) Chrome/84.0.4147.105 Safari/537.36" "-"
173.239.214.135 - - [26/Oct/2025:10:37:16 +0200 - 0.000 - -] "GET /cgi-bin/bypass.php HTTP/1.1" 301 178 "-" "Mozilla/5.0 (Windows NT 10.0; WOW64) AppleWebKit/537.36 (KHTML, like Gecko) Chrome/84.0.4147.105 Safari/537.36" "-"
173.239.214.166 - - [26/Oct/2025:10:37:16 +0200 - 0.000 - -] "GET /about.php HTTP/1.1" 301 178 "-" "Mozilla/5.0 (Windows NT 10.0; Win64; x64) AppleWebKit/537.36 (KHTML, like Gecko) Chrome/79.0.3945.130 Safari/537.36" "-"
173.239.214.129 - - [26/Oct/2025:10:37:16 +0200 - 0.000 - -] "GET /file.php HTTP/1.1" 301 178 "-" "Mozilla/5.0 (Macintosh; Intel Mac OS X 10_15_6) AppleWebKit/537.36 (KHTML, like Gecko) Chrome/84.0.4147.125 Safari/537.36" "-"
173.239.214.175 - - [26/Oct/2025:10:37:16 +0200 - 0.000 - -] "GET /robots.php HTTP/1.1" 301 178 "-" "Mozilla/5.0 (Windows NT 10.0; Win64; x64) AppleWebKit/537.36 (KHTML, like Gecko) Chrome/83.0.4103.97 Safari/537.36" "-"
173.239.214.173 - - [26/Oct/2025:10:37:16 +0200 - 0.000 - -] "GET /robots.php HTTP/1.1" 301 178 "-" "Mozilla/5.0 (Windows NT 10.0; Win64; x64; rv:75.0) Gecko/20100101 Firefox/75.0" "-"
173.239.214.149 - - [26/Oct/2025:10:37:16 +0200 - 0.000 - -] "GET /wp-admin/images/bootstrap.php HTTP/1.1" 301 178 "-" "Mozilla/5.0 (Windows NT 10.0; Win64; x64; rv:75.0) Gecko/20100101 Firefox/75.0" "-"
173.239.214.174 - - [26/Oct/2025:10:37:16 +0200 - 0.000 - -] "GET /core.php HTTP/1.1" 301 178 "-" "Mozilla/5.0 (X11; Linux i686; rv:79.0) Gecko/20100101 Firefox/79.0" "-"
173.239.214.161 - - [26/Oct/2025:10:37:16 +0200 - 0.000 - -] "GET /wp-content/plugins/envato-css.php HTTP/1.1" 301 178 "-" "Mozilla/5.0 (X11; Linux i686; rv:79.0) Gecko/20100101 Firefox/79.0" "-"
173.239.214.162 - - [26/Oct/2025:10:37:16 +0200 - 0.000 - -] "GET /wp-content/plugins/linkpreview/db.php?u HTTP/1.1" 301 178 "-" "Mozilla/5.0 (X11; Linux x86_64) AppleWebKit/537.36 (KHTML, like Gecko) Chrome/84.0.4147.105 Safari/537.36 OPR/70.0.3728.95" "-"
45.131.195.226 - - [26/Oct/2025:10:37:16 +0200 - 0.000 - -] "GET /wp-admin/maint/bootstrap.php HTTP/1.1" 301 178 "-" "Mozilla/5.0 (Windows NT 10.0; Win64; x64) AppleWebKit/537.36 (KHTML, like Gecko) Chrome/79.0.3945.130 Safari/537.36" "-"
173.239.214.135 - - [26/Oct/2025:10:37:16 +0200 - 0.000 - -] "GET /.well-known/pki-validation/admin.php HTTP/1.1" 301 178 "-" "Mozilla/5.0 (Windows NT 10.0; Win64; x64) AppleWebKit/537.36 (KHTML, like Gecko) Chrome/79.0.3945.130 Safari/537.36" "-"
173.239.214.175 - - [26/Oct/2025:10:37:16 +0200 - 0.000 - -] "GET /inputs.php HTTP/1.1" 301 178 "-" "Mozilla/5.0 (Windows NT 10.0) AppleWebKit/537.36 (KHTML, like Gecko) Chrome/72.0.3626.121 Safari/537.36" "-"
173.239.214.173 - - [26/Oct/2025:10:37:16 +0200 - 0.000 - -] "GET /inputs.php HTTP/1.1" 301 178 "-" "Mozilla/5.0 (Windows NT 10.0) AppleWebKit/537.36 (KHTML, like Gecko) Chrome/72.0.3626.121 Safari/537.36" "-"
173.239.214.129 - - [26/Oct/2025:10:37:16 +0200 - 0.000 - -] "GET /wp-includes/js/index.php HTTP/1.1" 301 178 "-" "Mozilla/5.0 (Windows NT 10.0) AppleWebKit/537.36 (KHTML, like Gecko) Chrome/72.0.3626.121 Safari/537.36" "-"
173.239.214.149 - - [26/Oct/2025:10:37:16 +0200 - 0.000 - -] "GET /images/upload.php HTTP/1.1" 301 178 "-" "Mozilla/5.0 (Windows NT 10.0) AppleWebKit/537.36 (KHTML, like Gecko) Chrome/72.0.3626.121 Safari/537.36" "-"
173.239.214.166 - - [26/Oct/2025:10:37:16 +0200 - 0.000 - -] "GET /admin.php HTTP/1.1" 301 178 "-" "Mozilla/5.0 (Windows NT 10.0) AppleWebKit/537.36 (KHTML, like Gecko) Chrome/72.0.3626.121 Safari/537.36" "-"
173.239.214.174 - - [26/Oct/2025:10:37:16 +0200 - 0.000 - -] "GET /robots.php HTTP/1.1" 301 178 "-" "Mozilla/5.0 (Windows NT 10.0; Win64; x64) AppleWebKit/537.36 (KHTML, like Gecko) Chrome/74.0.3729.157 Safari/537.36" "-"
173.239.214.161 - - [26/Oct/2025:10:37:16 +0200 - 0.000 - -] "GET /classwithtostring.php HTTP/1.1" 301 178 "-" "Mozilla/5.0 (Windows NT 10.0; Win64; x64) AppleWebKit/537.36 (KHTML, like Gecko) Chrome/74.0.3729.157 Safari/537.36" "-"
173.239.214.162 - - [26/Oct/2025:10:37:16 +0200 - 0.000 - -] "GET /admin/uploads/bn_1_1754420677.phtml HTTP/1.1" 301 178 "-" "Mozilla/5.0 (Windows NT 10.0; Win64; x64) AppleWebKit/537.36 (KHTML, like Gecko) Chrome/74.0.3729.157 Safari/537.36" "-"
45.131.195.226 - - [26/Oct/2025:10:37:16 +0200 - 0.000 - -] "GET /themes/zMousse/otuz1.php HTTP/1.1" 301 178 "-" "Mozilla/5.0 (Macintosh; Intel Mac OS X 10_10_1) AppleWebKit/537.36 (KHTML, like Gecko) Chrome/39.0.2171.95 Safari/537.36" "-"
173.239.214.135 - - [26/Oct/2025:10:37:16 +0200 - 0.000 - -] "GET /wp-includes/IXR/admin.php HTTP/1.1" 301 178 "-" "Mozilla/5.0 (Macintosh; Intel Mac OS X 10_10_1) AppleWebKit/537.36 (KHTML, like Gecko) Chrome/39.0.2171.95 Safari/537.36" "-"
173.239.214.173 - - [26/Oct/2025:10:37:16 +0200 - 0.000 - -] "GET /mini.php HTTP/1.1" 301 178 "-" "Mozilla/5.0 (compatible; MSIE 10.0; Windows NT 6.1; Trident/6.0)" "-"
173.239.214.166 - - [26/Oct/2025:10:37:16 +0200 - 0.000 - -] "GET /.well-known/login.php HTTP/1.1" 301 178 "-" "Mozilla/5.0 (Windows NT 10.0; Win64; x64) AppleWebKit/537.36 (KHTML, like Gecko) Chrome/83.0.4103.61 Safari/537.36" "-"
173.239.214.175 - - [26/Oct/2025:10:37:16 +0200 - 0.000 - -] "GET /mini.php HTTP/1.1" 301 178 "-" "Mozilla/5.0 (compatible; MSIE 10.0; Windows NT 6.1; Trident/6.0)" "-"
173.239.214.129 - - [26/Oct/2025:10:37:16 +0200 - 0.000 - -] "GET /wp-content/upgrade/item.php HTTP/1.1" 301 178 "-" "Mozilla/5.0 (compatible; MSIE 10.0; Windows NT 6.1; Trident/6.0)" "-"
173.239.214.149 - - [26/Oct/2025:10:37:16 +0200 - 0.000 - -] "GET /wp-content/plugins/seoplugins/db.php?u HTTP/1.1" 301 178 "-" "Mozilla/5.0 (compatible; MSIE 10.0; Windows NT 6.1; Trident/6.0)" "-"
173.239.214.161 - - [26/Oct/2025:10:37:16 +0200 - 0.000 - -] "GET /uploads/94056-upload.phtml HTTP/1.1" 301 178 "-" "Mozilla/5.0 (X11; Ubuntu; Linux i686; rv:79.0) Gecko/20100101 Firefox/79.0" "-"
173.239.214.174 - - [26/Oct/2025:10:37:16 +0200 - 0.000 - -] "GET /inputs.php HTTP/1.1" 301 178 "-" "Mozilla/5.0 (Windows NT 10.0; Win64; x64) AppleWebKit/537.36 (KHTML, like Gecko) Chrome/74.0.3729.157 Safari/537.36" "-"
173.239.214.162 - - [26/Oct/2025:10:37:16 +0200 - 0.000 - -] "GET /modules/mod_simplefileuploadv1.3/elements/udd.php HTTP/1.1" 301 178 "-" "Mozilla/5.0 (X11; Linux i686; rv:79.0) Gecko/20100101 Firefox/79.0" "-"
45.131.195.226 - - [26/Oct/2025:10:37:16 +0200 - 0.000 - -] "GET /wp-content/edit-wolf.php HTTP/1.1" 301 178 "-" "Mozilla/5.0 (X11; Linux i686; rv:79.0) Gecko/20100101 Firefox/79.0" "-"
173.239.214.135 - - [26/Oct/2025:10:37:16 +0200 - 0.000 - -] "GET /wp-admin/js/index.php HTTP/1.1" 301 178 "-" "Mozilla/5.0 (X11; Linux i686; rv:79.0) Gecko/20100101 Firefox/79.0" "-"
173.239.214.174 - - [26/Oct/2025:10:37:16 +0200 - 0.000 - -] "GET /mini.php HTTP/1.1" 301 178 "-" "Mozilla/5.0 (Windows NT 10.0; Win64; x64; rv:79.0) Gecko/20100101 Firefox/79.0" "-"
173.239.214.129 - - [26/Oct/2025:10:37:16 +0200 - 0.000 - -] "GET /buy.php HTTP/1.1" 301 178 "-" "Mozilla/5.0 (Windows NT 10.0; Win64; x64; rv:79.0) Gecko/20100101 Firefox/79.0" "-"
173.239.214.175 - - [26/Oct/2025:10:37:16 +0200 - 0.000 - -] "GET /goods.php HTTP/1.1" 301 178 "-" "Mozilla/5.0 (Windows NT 10.0; Win64; x64; rv:79.0) Gecko/20100101 Firefox/79.0" "-"
173.239.214.149 - - [26/Oct/2025:10:37:16 +0200 - 0.000 - -] "GET /wp-content/themes/pridmag/db.php?u HTTP/1.1" 301 178 "-" "Mozilla/5.0 (Windows NT 10.0; Win64; x64; rv:79.0) Gecko/20100101 Firefox/79.0" "-"
173.239.214.173 - - [26/Oct/2025:10:37:16 +0200 - 0.000 - -] "GET /goods.php HTTP/1.1" 301 178 "-" "Mozilla/5.0 (Windows NT 10.0; Win64; x64; rv:79.0) Gecko/20100101 Firefox/79.0" "-"
173.239.214.166 - - [26/Oct/2025:10:37:16 +0200 - 0.000 - -] "GET /mah.php HTTP/1.1" 301 178 "-" "Mozilla/5.0 (Windows NT 10.0; Win64; x64; rv:79.0) Gecko/20100101 Firefox/79.0" "-"
173.239.214.161 - - [26/Oct/2025:10:37:16 +0200 - 0.000 - -] "GET /index/function.php HTTP/1.1" 301 178 "-" "Mozilla/5.0 (Windows NT 10.0; Win64; x64; rv:79.0) Gecko/20100101 Firefox/79.0" "-"
173.239.214.162 - - [26/Oct/2025:10:37:16 +0200 - 0.000 - -] "GET /wp-content/plugins/pwnd/pwnd.php HTTP/1.1" 301 178 "-" "Mozilla/5.0 (Windows NT 10.0; Win64; x64) AppleWebKit/537.36 (KHTML, like Gecko) Chrome/58.0.3029.110 Safari/537.3" "-"
45.131.195.226 - - [26/Oct/2025:10:37:16 +0200 - 0.000 - -] "GET /wp-content/plugins/ubh/up.php HTTP/1.1" 301 178 "-" "Mozilla/5.0 (Macintosh; Intel Mac OS X 10_15_6) AppleWebKit/537.36 (KHTML, like Gecko) Chrome/84.0.4147.125 Safari/537.36" "-"
173.239.214.135 - - [26/Oct/2025:10:37:16 +0200 - 0.000 - -] "GET /wp-includes/js/jquery/jquery.php HTTP/1.1" 301 178 "-" "Mozilla/5.0 (Macintosh; Intel Mac OS X 10_15_6) AppleWebKit/537.36 (KHTML, like Gecko) Chrome/84.0.4147.125 Safari/537.36" "-"
173.239.214.173 - - [26/Oct/2025:10:37:16 +0200 - 0.000 - -] "GET /file5.php HTTP/1.1" 301 178 "-" "Mozilla/5.0 (compatible; MSIE 10.0; Windows NT 6.1; Trident/6.0)" "-"
173.239.214.175 - - [26/Oct/2025:10:37:16 +0200 - 0.000 - -] "GET /file5.php HTTP/1.1" 301 178 "-" "Mozilla/5.0 (X11; Linux i686; rv:79.0) Gecko/20100101 Firefox/79.0" "-"
173.239.214.129 - - [26/Oct/2025:10:37:16 +0200 - 0.000 - -] "GET /wp-content/languages/wp-conflg.php HTTP/1.1" 301 178 "-" "Mozilla/5.0 (X11; Linux i686; rv:79.0) Gecko/20100101 Firefox/79.0" "-"
173.239.214.166 - - [26/Oct/2025:10:37:16 +0200 - 0.000 - -] "GET /.wp/wso.php HTTP/1.1" 301 178 "-" "Mozilla/5.0 (Linux x86_64; rv:79.0) Gecko/20100101 Firefox/79.0" "-"
173.239.214.149 - - [26/Oct/2025:10:37:16 +0200 - 0.000 - -] "GET /wp-content/plugins/linkpreview/db.php?u HTTP/1.1" 301 178 "-" "Mozilla/5.0 (X11; Linux i686; rv:79.0) Gecko/20100101 Firefox/79.0" "-"
173.239.214.174 - - [26/Oct/2025:10:37:16 +0200 - 0.000 - -] "GET /goods.php HTTP/1.1" 301 178 "-" "Mozilla/5.0 (Windows NT 10.0; Win64; x64) AppleWebKit/537.36 (KHTML, like Gecko) Chrome/74.0.3729.169 Safari/537.36" "-"
173.239.214.161 - - [26/Oct/2025:10:37:16 +0200 - 0.000 - -] "GET /tinyfilemanager.php HTTP/1.1" 301 178 "-" "Mozilla/5.0 (compatible; MSIE 10.0; Windows NT 6.1; Trident/6.0)" "-"
173.239.214.162 - - [26/Oct/2025:10:37:16 +0200 - 0.000 - -] "GET /wp-content/plugins/pwnd-1/pwnd.php HTTP/1.1" 301 178 "-" "Mozilla/5.0 (Windows NT 10.0; Win64; x64) AppleWebKit/537.36 (KHTML, like Gecko) Chrome/79.0.3945.79 Safari/537.36" "-"
45.131.195.226 - - [26/Oct/2025:10:37:16 +0200 - 0.000 - -] "GET /wp-admin/images/bootstrap.php HTTP/1.1" 301 178 "-" "Mozilla/5.0 (Windows NT 10.0; Win64; x64) AppleWebKit/537.36 (KHTML, like Gecko) Chrome/81.0.4044.129 Safari/537.36" "-"
173.239.214.135 - - [26/Oct/2025:10:37:16 +0200 - 0.000 - -] "GET /function.php HTTP/1.1" 301 178 "-" "Mozilla/5.0 (Windows NT 10.0; Win64; x64) AppleWebKit/537.36 (KHTML, like Gecko) Chrome/81.0.4044.129 Safari/537.36" "-"
173.239.214.129 - - [26/Oct/2025:10:37:16 +0200 - 0.000 - -] "GET /wp-content/themes/classwithtostring.php HTTP/1.1" 301 178 "-" "Mozilla/5.0 (Windows NT 10.0) AppleWebKit/537.36 (KHTML, like Gecko) Chrome/84.0.4147.105 Safari/537.36" "-"
173.239.214.174 - - [26/Oct/2025:10:37:16 +0200 - 0.000 - -] "GET /file5.php HTTP/1.1" 301 178 "-" "Mozilla/5.0 (Windows NT 10.0; Win64; x64; rv:79.0) Gecko/20100101 Firefox/79.0" "-"
173.239.214.175 - - [26/Oct/2025:10:37:16 +0200 - 0.000 - -] "GET /ahax.php HTTP/1.1" 301 178 "-" "Mozilla/5.0 (Windows NT 10.0; Win64; x64; rv:79.0) Gecko/20100101 Firefox/79.0" "-"
173.239.214.173 - - [26/Oct/2025:10:37:16 +0200 - 0.000 - -] "GET /ahax.php HTTP/1.1" 301 178 "-" "Mozilla/5.0 (Windows NT 10.0; Win64; x64; rv:79.0) Gecko/20100101 Firefox/79.0" "-"
173.239.214.149 - - [26/Oct/2025:10:37:16 +0200 - 0.000 - -] "GET /admin/uploads/bn_1_1754420677.phtml HTTP/1.1" 301 178 "-" "Mozilla/5.0 (Windows NT 10.0; Win64; x64; rv:79.0) Gecko/20100101 Firefox/79.0" "-"
173.239.214.166 - - [26/Oct/2025:10:37:16 +0200 - 0.000 - -] "GET /core.php HTTP/1.1" 301 178 "-" "Mozilla/5.0 (Windows NT 10.0; Win64; x64; rv:79.0) Gecko/20100101 Firefox/79.0" "-"
173.239.214.161 - - [26/Oct/2025:10:37:16 +0200 - 0.000 - -] "GET /js/bas.php HTTP/1.1" 301 178 "-" "Mozilla/5.0 (Windows NT 10.0; Win64; x64; rv:79.0) Gecko/20100101 Firefox/79.0" "-"
173.239.214.162 - - [26/Oct/2025:10:37:16 +0200 - 0.000 - -] "GET /wp-admin/css/colors/midnight/admin.php HTTP/1.1" 301 178 "-" "Mozilla/5.0 (Windows NT 10.0; Win64; x64) AppleWebKit/537.36 (KHTML, like Gecko) Chrome/58.0.3029.110 Safari/537.3" "-"
45.131.195.226 - - [26/Oct/2025:10:37:16 +0200 - 0.000 - -] "GET /images/upload.php HTTP/1.1" 301 178 "-" "Mozilla/5.0 (Windows NT 10.0; Win64; x64) AppleWebKit/537.36 (KHTML, like Gecko) Chrome/69.0.3497.100 Safari/537.36" "-"
173.239.214.135 - - [26/Oct/2025:10:37:16 +0200 - 0.000 - -] "GET /wp-includes/block-supports/autoload_classmap.php HTTP/1.1" 301 178 "-" "Mozilla/5.0 (Windows NT 10.0; Win64; x64) AppleWebKit/537.36 (KHTML, like Gecko) Chrome/69.0.3497.100 Safari/537.36" "-"
173.239.214.129 - - [26/Oct/2025:10:37:16 +0200 - 0.000 - -] "GET /wp-content/plugins/elementor/wp-wjvngrh.php HTTP/1.1" 301 178 "-" "Mozilla/5.0 (Macintosh; Intel Mac OS X 10.15; rv:79.0) Gecko/20100101 Firefox/79.0" "-"
173.239.214.162 - - [26/Oct/2025:10:37:16 +0200 - 0.000 - -] "GET /vendor/phpunit/phpunit/src/Util/PHP/kill.php HTTP/1.1" 301 178 "-" "Mozilla/5.0 (Windows NT 10.0; Win64; x64; rv:76.0) Gecko/20100101 Firefox/76.0" "-"
173.239.214.166 - - [26/Oct/2025:10:37:16 +0200 - 0.000 - -] "GET /robots.php HTTP/1.1" 301 178 "-" "Mozilla/5.0 (Windows NT 10.0; Win64; x64) AppleWebKit/537.36 (KHTML, like Gecko) Chrome/70.0.3538.77 Safari/537.36" "-"
173.239.214.161 - - [26/Oct/2025:10:37:16 +0200 - 0.000 - -] "GET /.well-known/pki-validation/moon.php HTTP/1.1" 301 178 "-" "Mozilla/5.0 (Windows NT 10.0; Win64; x64) AppleWebKit/537.36 (KHTML, like Gecko) Chrome/70.0.3538.77 Safari/537.36" "-"
173.239.214.175 - - [26/Oct/2025:10:37:16 +0200 - 0.000 - -] "GET /f35.php HTTP/1.1" 301 178 "-" "Mozilla/5.0 (Windows NT 10.0; Win64; x64) AppleWebKit/537.36 (KHTML, like Gecko) Chrome/84.0.4147.105 Safari/537.36" "-"
173.239.214.173 - - [26/Oct/2025:10:37:16 +0200 - 0.000 - -] "GET /f35.php HTTP/1.1" 301 178 "-" "Mozilla/5.0 (Windows NT 10.0; WOW64) AppleWebKit/537.36 (KHTML, like Gecko) Chrome/72.0.3626.121 Safari/537.36" "-"
173.239.214.149 - - [26/Oct/2025:10:37:16 +0200 - 0.000 - -] "GET /modules/mod_simplefileuploadv1.3/elements/udd.php HTTP/1.1" 301 178 "-" "Mozilla/5.0 (Windows NT 10.0; Win64; x64) AppleWebKit/537.36 (KHTML, like Gecko) Chrome/84.0.4147.105 Safari/537.36" "-"
173.239.214.174 - - [26/Oct/2025:10:37:16 +0200 - 0.000 - -] "GET /ahax.php HTTP/1.1" 301 178 "-" "Mozilla/5.0 (Windows NT 10.0; WOW64) AppleWebKit/537.36 (KHTML, like Gecko) Chrome/72.0.3626.121 Safari/537.36" "-"
173.239.214.135 - - [26/Oct/2025:10:37:16 +0200 - 0.000 - -] "GET /wp-signup.php HTTP/1.1" 301 178 "-" "Mozilla/5.0 (Windows NT 10.0; Win64; x64) AppleWebKit/537.36 (KHTML, like Gecko) Chrome/75.0.3770.100 Safari/537.36" "-"
45.131.195.226 - - [26/Oct/2025:10:37:16 +0200 - 0.000 - -] "GET /wp-content/plugins/seoplugins/db.php?u HTTP/1.1" 301 178 "-" "Mozilla/5.0 (Windows NT 6.1; Win64; x64) AppleWebKit/537.36 (KHTML, like Gecko) Chrome/79.0.3945.130 Safari/537.36" "-"
173.239.214.129 - - [26/Oct/2025:10:37:16 +0200 - 0.000 - -] "GET /wp-includes/IXR/fix.php7 HTTP/1.1" 301 178 "-" "Mozilla/5.0 (Windows NT 10.0; Win64; x64; rv:75.0) Gecko/20100101 Firefox/75.0" "-"
173.239.214.137 - - [26/Oct/2025:10:37:16 +0200 - 0.000 - -] "GET /manager.php HTTP/1.1" 301 178 "-" "Mozilla/5.0 (Windows NT 10.0; Win64; x64) AppleWebKit/537.36 (KHTML, like Gecko) Chrome/70.0.3538.77 Safari/537.36" "-"
173.239.214.162 - - [26/Oct/2025:10:37:16 +0200 - 0.000 - -] "GET /wp-includes/style-engine/worksec.php HTTP/1.1" 301 178 "-" "Mozilla/5.0 (X11; Linux i686; rv:79.0) Gecko/20100101 Firefox/79.0" "-"
173.239.214.166 - - [26/Oct/2025:10:37:16 +0200 - 0.000 - -] "GET /inputs.php HTTP/1.1" 301 178 "-" "Mozilla/5.0 (Windows NT 10.0; Win64; x64) AppleWebKit/537.36 (KHTML, like Gecko) Chrome/74.0.3729.157 Safari/537.36" "-"
173.239.214.161 - - [26/Oct/2025:10:37:16 +0200 - 0.000 - -] "GET /file.php HTTP/1.1" 301 178 "-" "Mozilla/5.0 (compatible; MSIE 10.0; Windows NT 6.1; Trident/6.0)" "-"
173.239.214.175 - - [26/Oct/2025:10:37:16 +0200 - 0.000 - -] "GET /simple.php HTTP/1.1" 301 178 "-" "Mozilla/5.0 (Macintosh; Intel Mac OS X 10_10_1) AppleWebKit/537.36 (KHTML, like Gecko) Chrome/39.0.2171.95 Safari/537.36" "-"
173.239.214.174 - - [26/Oct/2025:10:37:16 +0200 - 0.000 - -] "GET /f35.php HTTP/1.1" 301 178 "-" "Mozilla/5.0 (Macintosh; Intel Mac OS X 10_10_1) AppleWebKit/537.36 (KHTML, like Gecko) Chrome/39.0.2171.95 Safari/537.36" "-"
173.239.214.173 - - [26/Oct/2025:10:37:16 +0200 - 0.000 - -] "GET /simple.php HTTP/1.1" 301 178 "-" "Mozilla/5.0 (Macintosh; Intel Mac OS X 10_15_6) AppleWebKit/537.36 (KHTML, like Gecko) Chrome/84.0.4147.125 Safari/537.36" "-"
173.239.214.149 - - [26/Oct/2025:10:37:16 +0200 - 0.000 - -] "GET /wp-content/plugins/pwnd/pwnd.php HTTP/1.1" 301 178 "-" "Mozilla/5.0 (Windows NT 10.0) AppleWebKit/537.36 (KHTML, like Gecko) Chrome/84.0.4147.105 Safari/537.36" "-"
173.239.214.135 - - [26/Oct/2025:10:37:16 +0200 - 0.000 - -] "GET /wp-admin/network/network.php HTTP/1.1" 301 178 "-" "Mozilla/5.0 (Windows NT 6.1; Win64; x64) AppleWebKit/537.36 (KHTML, like Gecko) Chrome/58.0.3029.110 Safari/537.3" "-"
45.131.195.226 - - [26/Oct/2025:10:37:16 +0200 - 0.000 - -] "GET /wp-content/themes/pridmag/db.php?u HTTP/1.1" 301 178 "-" "Mozilla/5.0 (Windows NT 10.0; Win64; x64; rv:79.0) Gecko/20100101 Firefox/79.0" "-"
173.239.214.129 - - [26/Oct/2025:10:37:16 +0200 - 0.000 - -] "GET /wp-includes/widgets/dyqvcfqv.php HTTP/1.1" 301 178 "-" "Mozilla/5.0 (X11; Linux x86_64) AppleWebKit/537.36 (KHTML, like Gecko) Chrome/84.0.4147.105 Safari/537.36" "-"
173.239.214.137 - - [26/Oct/2025:10:37:16 +0200 - 0.000 - -] "GET /bless.php HTTP/1.1" 301 178 "-" "Mozilla/5.0 (Windows NT 10.0; Win64; x64; rv:71.0) Gecko/20100101 Firefox/71.0" "-"
173.239.214.162 - - [26/Oct/2025:10:37:16 +0200 - 0.000 - -] "GET /wp-admin/images/wp-conflg.php HTTP/1.1" 301 178 "-" "Mozilla/5.0 (Windows NT 10.0; Win64; x64) AppleWebKit/537.36 (KHTML, like Gecko) Chrome/84.0.4147.105 Safari/537.36" "-"
173.239.214.166 - - [26/Oct/2025:10:37:16 +0200 - 0.000 - -] "GET /mini.php HTTP/1.1" 301 178 "-" "Mozilla/5.0 (Windows NT 10.0; Win64; x64) AppleWebKit/537.36 (KHTML, like Gecko) Chrome/74.0.3729.169 Safari/537.36" "-"
173.239.214.161 - - [26/Oct/2025:10:37:16 +0200 - 0.000 - -] "GET /wp-includes/js/index.php HTTP/1.1" 301 178 "-" "Mozilla/5.0 (Windows NT 10.0; Win64; x64) AppleWebKit/537.36 (KHTML, like Gecko) Chrome/74.0.3729.169 Safari/537.36" "-"
173.239.214.173 - - [26/Oct/2025:10:37:16 +0200 - 0.000 - -] "GET /update/f35.php HTTP/1.1" 301 178 "-" "Mozilla/5.0 (X11; Linux x86_64) AppleWebKit/537.36 (KHTML, like Gecko) Chrome/84.0.4147.105 Safari/537.36" "-"
173.239.214.175 - - [26/Oct/2025:10:37:16 +0200 - 0.000 - -] "GET /update/f35.php HTTP/1.1" 301 178 "-" "Mozilla/5.0 (X11; Linux x86_64) AppleWebKit/537.36 (KHTML, like Gecko) Chrome/84.0.4147.105 Safari/537.36" "-"
173.239.214.174 - - [26/Oct/2025:10:37:16 +0200 - 0.000 - -] "GET /simple.php HTTP/1.1" 301 178 "-" "Mozilla/5.0 (X11; Linux x86_64) AppleWebKit/537.36 (KHTML, like Gecko) Chrome/84.0.4147.105 Safari/537.36" "-"
173.239.214.149 - - [26/Oct/2025:10:37:16 +0200 - 0.000 - -] "GET /wp-content/plugins/pwnd-1/pwnd.php HTTP/1.1" 301 178 "-" "Mozilla/5.0 (X11; Linux x86_64) AppleWebKit/537.36 (KHTML, like Gecko) Chrome/84.0.4147.105 Safari/537.36" "-"
173.239.214.135 - - [26/Oct/2025:10:37:16 +0200 - 0.000 - -] "GET /admin/upload/css.php HTTP/1.1" 301 178 "-" "Mozilla/5.0 (Macintosh; Intel Mac OS X 10_15_6) AppleWebKit/537.36 (KHTML, like Gecko) Chrome/84.0.4147.105 Safari/537.36 OPR/70.0.3728.95" "-"
45.131.195.226 - - [26/Oct/2025:10:37:16 +0200 - 0.000 - -] "GET /wp-content/plugins/linkpreview/db.php?u HTTP/1.1" 301 178 "-" "Mozilla/5.0 (Windows NT 10.0; Win64; x64) AppleWebKit/537.36 (KHTML, like Gecko) Chrome/79.0.3945.130 Safari/537.36" "-"
173.239.214.129 - - [26/Oct/2025:10:37:16 +0200 - 0.000 - -] "GET /admin/function.php HTTP/1.1" 301 178 "-" "Mozilla/5.0 (Windows NT 10.0; Win64; x64) AppleWebKit/537.36 (KHTML, like Gecko) Chrome/80.0.3987.149 Safari/537.36" "-"
173.239.214.137 - - [26/Oct/2025:10:37:16 +0200 - 0.000 - -] "GET /O-Simple.php HTTP/1.1" 301 178 "-" "Mozilla/5.0 (Windows NT 6.1; Win64; x64) AppleWebKit/537.36 (KHTML, like Gecko) Chrome/80.0.3987.149 Safari/537.36" "-"
173.239.214.162 - - [26/Oct/2025:10:37:16 +0200 - 0.000 - -] "GET /wp-content/plugins/core-plugin/include.php HTTP/1.1" 301 178 "-" "Mozilla/5.0 (Windows NT 10.0) AppleWebKit/537.36 (KHTML, like Gecko) Chrome/72.0.3626.121 Safari/537.36" "-"
173.239.214.173 - - [26/Oct/2025:10:37:16 +0200 - 0.000 - -] "GET /wp-content/hello.php HTTP/1.1" 301 178 "-" "Mozilla/5.0 (X11; Linux x86_64) AppleWebKit/537.36 (KHTML, like Gecko) Chrome/84.0.4147.105 Safari/537.36 OPR/70.0.3728.95" "-"
173.239.214.149 - - [26/Oct/2025:10:37:16 +0200 - 0.000 - -] "GET /wp-admin/css/colors/midnight/admin.php HTTP/1.1" 301 178 "-" "Mozilla/5.0 (X11; Linux x86_64) AppleWebKit/537.36 (KHTML, like Gecko) Chrome/84.0.4147.105 Safari/537.36 OPR/70.0.3728.95" "-"
173.239.214.174 - - [26/Oct/2025:10:37:16 +0200 - 0.000 - -] "GET /update/f35.php HTTP/1.1" 301 178 "-" "Mozilla/5.0 (X11; Linux x86_64) AppleWebKit/537.36 (KHTML, like Gecko) Chrome/84.0.4147.105 Safari/537.36 OPR/70.0.3728.95" "-"
173.239.214.166 - - [26/Oct/2025:10:37:16 +0200 - 0.000 - -] "GET /goods.php HTTP/1.1" 301 178 "-" "Mozilla/5.0 (X11; Linux x86_64) AppleWebKit/537.36 (KHTML, like Gecko) Chrome/84.0.4147.105 Safari/537.36 OPR/70.0.3728.95" "-"
173.239.214.161 - - [26/Oct/2025:10:37:16 +0200 - 0.000 - -] "GET /wp-content/upgrade/item.php HTTP/1.1" 301 178 "-" "Mozilla/5.0 (X11; Linux x86_64) AppleWebKit/537.36 (KHTML, like Gecko) Chrome/84.0.4147.105 Safari/537.36 OPR/70.0.3728.95" "-"
173.239.214.175 - - [26/Oct/2025:10:37:16 +0200 - 0.000 - -] "GET /wp-content/hello.php HTTP/1.1" 301 178 "-" "Mozilla/5.0 (X11; Linux x86_64) AppleWebKit/537.36 (KHTML, like Gecko) Chrome/84.0.4147.105 Safari/537.36 OPR/70.0.3728.95" "-"
173.239.214.135 - - [26/Oct/2025:10:37:17 +0200 - 0.000 - -] "GET /wp-blog.php HTTP/1.1" 301 178 "-" "Mozilla/5.0 (Windows NT 10.0; Win64; x64) AppleWebKit/537.36 (KHTML, like Gecko) Chrome/83.0.4103.61 Safari/537.36" "-"
45.131.195.226 - - [26/Oct/2025:10:37:17 +0200 - 0.000 - -] "GET /admin/uploads/bn_1_1754420677.phtml HTTP/1.1" 301 178 "-" "Mozilla/5.0 (Windows NT 10.0; Win64; x64) AppleWebKit/537.36 (KHTML, like Gecko) Chrome/79.0.3945.79 Safari/537.36" "-"
173.239.214.129 - - [26/Oct/2025:10:37:17 +0200 - 0.000 - -] "GET /wp-includes/images/smilies/about.php HTTP/1.1" 301 178 "-" "Mozilla/5.0 (Windows NT 10.0; Win64; x64; rv:67.0) Gecko/20100101 Firefox/67.0" "-"
173.239.214.137 - - [26/Oct/2025:10:37:17 +0200 - 0.000 - -] "GET /lock360.php HTTP/1.1" 301 178 "-" "Mozilla/5.0 (X11; Linux x86_64) AppleWebKit/537.36 (KHTML, like Gecko) Chrome/84.0.4147.105 Safari/537.36" "-"
173.239.214.162 - - [26/Oct/2025:10:37:17 +0200 - 0.000 - -] "GET /wp-content/plugins/envato-css.php HTTP/1.1" 301 178 "-" "Mozilla/5.0 (Windows NT 10.0; Win64; x64; rv:72.0) Gecko/20100101 Firefox/72.0" "-"
173.239.214.173 - - [26/Oct/2025:10:37:17 +0200 - 0.000 - -] "GET /wp-admin/maint/bootstrap.php HTTP/1.1" 301 178 "-" "Mozilla/5.0 (Windows NT 6.3; Win64; x64; rv:73.0) Gecko/20100101 Firefox/73.0" "-"
173.239.214.149 - - [26/Oct/2025:10:37:17 +0200 - 0.000 - -] "GET /vendor/phpunit/phpunit/src/Util/PHP/kill.php HTTP/1.1" 301 178 "-" "Mozilla/5.0 (Windows NT 6.1; Win64; x64) AppleWebKit/537.36 (KHTML, like Gecko) Chrome/74.0.3729.169 Safari/537.36" "-"
173.239.214.166 - - [26/Oct/2025:10:37:17 +0200 - 0.000 - -] "GET /file5.php HTTP/1.1" 301 178 "-" "Mozilla/5.0 (Windows NT 6.1; Win64; x64) AppleWebKit/537.36 (KHTML, like Gecko) Chrome/74.0.3729.169 Safari/537.36" "-"
173.239.214.174 - - [26/Oct/2025:10:37:17 +0200 - 0.000 - -] "GET /wp-content/hello.php HTTP/1.1" 301 178 "-" "Mozilla/5.0 (Windows NT 6.1; Win64; x64) AppleWebKit/537.36 (KHTML, like Gecko) Chrome/58.0.3029.110 Safari/537.3" "-"
173.239.214.175 - - [26/Oct/2025:10:37:17 +0200 - 0.000 - -] "GET /wp-admin/maint/bootstrap.php HTTP/1.1" 301 178 "-" "Mozilla/5.0 (Macintosh; Intel Mac OS X 10_12_6) AppleWebKit/537.36 (KHTML, like Gecko) Chrome/58.0.3029.110 Safari/537.3" "-"
173.239.214.161 - - [26/Oct/2025:10:37:17 +0200 - 0.000 - -] "GET /buy.php HTTP/1.1" 301 178 "-" "Mozilla/5.0 (Windows NT 6.1; Win64; x64) AppleWebKit/537.36 (KHTML, like Gecko) Chrome/58.0.3029.110 Safari/537.3" "-"
173.239.214.135 - - [26/Oct/2025:10:37:17 +0200 - 0.000 - -] "GET /wp-admin/file.php HTTP/1.1" 301 178 "-" "Mozilla/5.0 (Windows NT 10.0; Win64; x64; rv:79.0) Gecko/20100101 Firefox/79.0" "-"
45.131.195.226 - - [26/Oct/2025:10:37:17 +0200 - 0.000 - -] "GET /modules/mod_simplefileuploadv1.3/elements/udd.php HTTP/1.1" 301 178 "-" "Mozilla/5.0 (Windows NT 10.0; Win64; x64; rv:79.0) Gecko/20100101 Firefox/79.0" "-"
173.239.214.129 - - [26/Oct/2025:10:37:17 +0200 - 0.000 - -] "GET /wp-includes/js/crop/admin.php HTTP/1.1" 301 178 "-" "Mozilla/5.0 (Windows NT 10.0; Win64; x64) AppleWebKit/537.36 (KHTML, like Gecko) Chrome/69.0.3497.100 Safari/537.36" "-"
173.239.214.137 - - [26/Oct/2025:10:37:17 +0200 - 0.000 - -] "GET /zwso.php HTTP/1.1" 301 178 "-" "Mozilla/5.0 (Windows NT 10.0; WOW64; x64) AppleWebKit/537.36 (KHTML, like Gecko) Chrome/84.0.4147.105 Safari/537.36 OPR/70.0.3728.95" "-"
173.239.214.162 - - [26/Oct/2025:10:37:17 +0200 - 0.000 - -] "GET /classwithtostring.php HTTP/1.1" 301 178 "-" "Mozilla/5.0 (Windows NT 6.1; Win64; x64) AppleWebKit/537.36 (KHTML, like Gecko) Chrome/80.0.3987.149 Safari/537.36" "-"
173.239.214.173 - - [26/Oct/2025:10:37:17 +0200 - 0.000 - -] "GET /themes/zMousse/otuz1.php HTTP/1.1" 301 178 "-" "Mozilla/5.0 (Windows NT 10.0; Win64; x64) AppleWebKit/537.36 (KHTML, like Gecko) Chrome/83.0.4103.61 Safari/537.36" "-"
173.239.214.166 - - [26/Oct/2025:10:37:17 +0200 - 0.000 - -] "GET /ahax.php HTTP/1.1" 301 178 "-" "Mozilla/5.0 (Windows NT 10.0; Win64; x64) AppleWebKit/537.36 (KHTML, like Gecko) Chrome/83.0.4103.61 Safari/537.36" "-"
173.239.214.149 - - [26/Oct/2025:10:37:17 +0200 - 0.000 - -] "GET /wp-includes/style-engine/worksec.php HTTP/1.1" 301 178 "-" "Mozilla/5.0 (Windows NT 10.0; Win64; x64) AppleWebKit/537.36 (KHTML, like Gecko) Chrome/83.0.4103.61 Safari/537.36" "-"
173.239.214.174 - - [26/Oct/2025:10:37:17 +0200 - 0.000 - -] "GET /wp-admin/maint/bootstrap.php HTTP/1.1" 301 178 "-" "Mozilla/5.0 (Windows NT 6.1; Win64; x64) AppleWebKit/537.36 (KHTML, like Gecko) Chrome/78.0.3904.108 Safari/537.36" "-"
173.239.214.175 - - [26/Oct/2025:10:37:17 +0200 - 0.000 - -] "GET /themes/zMousse/otuz1.php HTTP/1.1" 301 178 "-" "Mozilla/5.0 (Windows NT 10.0) AppleWebKit/537.36 (KHTML, like Gecko) Chrome/72.0.3626.121 Safari/537.36" "-"
173.239.214.161 - - [26/Oct/2025:10:37:17 +0200 - 0.000 - -] "GET /wp-content/languages/wp-conflg.php HTTP/1.1" 301 178 "-" "Mozilla/5.0 (Linux x86_64; rv:79.0) Gecko/20100101 Firefox/79.0" "-"
13.86.67.182 - - [26/Oct/2025:10:37:17 +0200 - 0.000 - -] "GET /wp-admin/asasx.php HTTP/1.1" 301 178 "-" "-" "-"
173.239.214.129 - - [26/Oct/2025:10:37:17 +0200 - 0.000 - -] "GET /wp-includes/PHPMailer/wp-conflg.php HTTP/1.1" 301 178 "-" "Mozilla/5.0 (X11; Linux i686; rv:79.0) Gecko/20100101 Firefox/79.0" "-"
45.131.195.226 - - [26/Oct/2025:10:37:17 +0200 - 0.000 - -] "GET /wp-content/plugins/pwnd/pwnd.php HTTP/1.1" 301 178 "-" "Mozilla/5.0 (Windows NT 10.0; Win64; x64) AppleWebKit/537.36 (KHTML, like Gecko) Chrome/58.0.3029.110 Safari/537.3" "-"
173.239.214.135 - - [26/Oct/2025:10:37:17 +0200 - 0.000 - -] "GET /wp-content/plugins/admin.php HTTP/1.1" 301 178 "-" "Mozilla/5.0 (Windows NT 6.3; Win64; x64; rv:73.0) Gecko/20100101 Firefox/73.0" "-"
173.239.214.137 - - [26/Oct/2025:10:37:17 +0200 - 0.000 - -] "GET /chosen.php HTTP/1.1" 301 178 "-" "Mozilla/5.0 (Windows NT 10.0) AppleWebKit/537.36 (KHTML, like Gecko) Chrome/84.0.4147.105 Safari/537.36" "-"
173.239.214.162 - - [26/Oct/2025:10:37:17 +0200 - 0.000 - -] "GET /uploads/94056-upload.phtml HTTP/1.1" 301 178 "-" "Mozilla/5.0 (Windows NT 10.0; Win64; x64) AppleWebKit/537.36 (KHTML, like Gecko) Chrome/81.0.4044.129 Safari/537.36" "-"
173.239.214.173 - - [26/Oct/2025:10:37:17 +0200 - 0.000 - -] "GET /wp-content/edit-wolf.php HTTP/1.1" 301 178 "-" "Mozilla/5.0 (Windows NT 10.0; Win64; x64; rv:67.0) Gecko/20100101 Firefox/67.0" "-"
173.239.214.166 - - [26/Oct/2025:10:37:17 +0200 - 0.000 - -] "GET /f35.php HTTP/1.1" 301 178 "-" "Mozilla/5.0 (Windows NT 10.0; Win64; x64; rv:67.0) Gecko/20100101 Firefox/67.0" "-"
173.239.214.149 - - [26/Oct/2025:10:37:17 +0200 - 0.000 - -] "GET /wp-admin/images/wp-conflg.php HTTP/1.1" 301 178 "-" "Mozilla/5.0 (Windows NT 10.0; Win64; x64; rv:67.0) Gecko/20100101 Firefox/67.0" "-"
173.239.214.161 - - [26/Oct/2025:10:37:17 +0200 - 0.000 - -] "GET /wp-content/themes/classwithtostring.php HTTP/1.1" 301 178 "-" "Mozilla/5.0 (X11; Ubuntu; Linux x86_64; rv:79.0) Gecko/20100101 Firefox/79.0" "-"
173.239.214.175 - - [26/Oct/2025:10:37:17 +0200 - 0.000 - -] "GET /wp-content/edit-wolf.php HTTP/1.1" 301 178 "-" "Mozilla/5.0 (Windows NT 10.0; Win64; x64) AppleWebKit/537.36 (KHTML, like Gecko) Chrome/69.0.3497.100 Safari/537.36" "-"
173.239.214.174 - - [26/Oct/2025:10:37:17 +0200 - 0.000 - -] "GET /themes/zMousse/otuz1.php HTTP/1.1" 301 178 "-" "Mozilla/5.0 (Windows NT 10.0; Win64; x64; rv:66.0) Gecko/20100101 Firefox/66.0" "-"
173.239.214.129 - - [26/Oct/2025:10:37:17 +0200 - 0.000 - -] "GET /wp-includes/PHPMailer/admin.php HTTP/1.1" 301 178 "-" "Mozilla/5.0 (X11; Linux x86_64) AppleWebKit/537.36 (KHTML, like Gecko) Chrome/84.0.4147.105 Safari/537.36 OPR/70.0.3728.95" "-"
45.131.195.226 - - [26/Oct/2025:10:37:17 +0200 - 0.000 - -] "GET /wp-content/plugins/pwnd-1/pwnd.php HTTP/1.1" 301 178 "-" "Mozilla/5.0 (X11; Linux x86_64) AppleWebKit/537.36 (KHTML, like Gecko) Chrome/84.0.4147.105 Safari/537.36 OPR/70.0.3728.95" "-"
173.239.214.135 - - [26/Oct/2025:10:37:17 +0200 - 0.000 - -] "GET /wp-includes/blocks/table/int/tmpl/index.php HTTP/1.1" 301 178 "-" "Mozilla/5.0 (X11; Linux x86_64) AppleWebKit/537.36 (KHTML, like Gecko) Chrome/84.0.4147.105 Safari/537.36 OPR/70.0.3728.95" "-"
173.239.214.137 - - [26/Oct/2025:10:37:17 +0200 - 0.000 - -] "GET /about.php HTTP/1.1" 301 178 "-" "Mozilla/5.0 (Macintosh; Intel Mac OS X 10_15_6) AppleWebKit/537.36 (KHTML, like Gecko) Chrome/84.0.4147.105 Safari/537.36 OPR/70.0.3728.95" "-"
173.239.214.162 - - [26/Oct/2025:10:37:17 +0200 - 0.000 - -] "GET /index/function.php HTTP/1.1" 301 178 "-" "Mozilla/5.0 (Windows NT 10.0; Win64; x64) AppleWebKit/537.36 (KHTML, like Gecko) Chrome/79.0.3945.130 Safari/537.36" "-"
173.239.214.173 - - [26/Oct/2025:10:37:17 +0200 - 0.000 - -] "GET /wp-content/plugins/ubh/up.php HTTP/1.1" 301 178 "-" "Mozilla/5.0 (Windows NT 6.1; Win64; x64) AppleWebKit/537.36 (KHTML, like Gecko) Chrome/78.0.3904.108 Safari/537.36" "-"
173.239.214.166 - - [26/Oct/2025:10:37:17 +0200 - 0.000 - -] "GET /simple.php HTTP/1.1" 301 178 "-" "Mozilla/5.0 (Windows NT 6.1; Win64; x64) AppleWebKit/537.36 (KHTML, like Gecko) Chrome/78.0.3904.108 Safari/537.36" "-"
173.239.214.149 - - [26/Oct/2025:10:37:17 +0200 - 0.000 - -] "GET /wp-content/plugins/core-plugin/include.php HTTP/1.1" 301 178 "-" "Mozilla/5.0 (Windows NT 6.1; Win64; x64) AppleWebKit/537.36 (KHTML, like Gecko) Chrome/78.0.3904.108 Safari/537.36" "-"
173.239.214.175 - - [26/Oct/2025:10:37:17 +0200 - 0.000 - -] "GET /wp-content/plugins/ubh/up.php HTTP/1.1" 301 178 "-" "Mozilla/5.0 (Macintosh; Intel Mac OS X 10_10_1) AppleWebKit/537.36 (KHTML, like Gecko) Chrome/39.0.2171.95 Safari/537.36" "-"
173.239.214.174 - - [26/Oct/2025:10:37:17 +0200 - 0.000 - -] "GET /wp-content/edit-wolf.php HTTP/1.1" 301 178 "-" "Mozilla/5.0 (Macintosh; Intel Mac OS X 10_10_1) AppleWebKit/537.36 (KHTML, like Gecko) Chrome/39.0.2171.95 Safari/537.36" "-"
173.239.214.161 - - [26/Oct/2025:10:37:17 +0200 - 0.000 - -] "GET /wp-content/plugins/elementor/wp-wjvngrh.php HTTP/1.1" 301 178 "-" "Mozilla/5.0 (Macintosh; Intel Mac OS X 10_10_1) AppleWebKit/537.36 (KHTML, like Gecko) Chrome/39.0.2171.95 Safari/537.36" "-"
173.239.214.129 - - [26/Oct/2025:10:37:17 +0200 - 0.000 - -] "GET /wp-includes/widgets/wp-login.php HTTP/1.1" 301 178 "-" "Mozilla/5.0 (Windows NT 10.0; Win64; x64) AppleWebKit/537.36 (KHTML, like Gecko) Chrome/83.0.4103.61 Safari/537.36" "-"
45.131.195.226 - - [26/Oct/2025:10:37:17 +0200 - 0.000 - -] "GET /wp-admin/css/colors/midnight/admin.php HTTP/1.1" 301 178 "-" "Mozilla/5.0 (Windows NT 10.0; Win64; x64) AppleWebKit/537.36 (KHTML, like Gecko) Chrome/70.0.3538.77 Safari/537.36" "-"
173.239.214.135 - - [26/Oct/2025:10:37:17 +0200 - 0.000 - -] "GET /wp-l0gin.php HTTP/1.1" 301 178 "-" "Mozilla/5.0 (Windows NT 6.1; Win64; x64) AppleWebKit/537.36 (KHTML, like Gecko) Chrome/74.0.3729.169 Safari/537.36" "-"
173.239.214.137 - - [26/Oct/2025:10:37:17 +0200 - 0.000 - -] "GET /admin.php HTTP/1.1" 301 178 "-" "Mozilla/5.0 (Windows NT 10.0; Win64; x64) AppleWebKit/537.36 (KHTML, like Gecko) Chrome/74.0.3729.169 Safari/537.36" "-"
173.239.214.162 - - [26/Oct/2025:10:37:17 +0200 - 0.000 - -] "GET /tinyfilemanager.php HTTP/1.1" 301 178 "-" "Mozilla/5.0 (Windows NT 10.0; Win64; x64) AppleWebKit/537.36 (KHTML, like Gecko) Chrome/80.0.3987.149 Safari/537.36" "-"
173.239.214.173 - - [26/Oct/2025:10:37:17 +0200 - 0.000 - -] "GET /wp-admin/images/bootstrap.php HTTP/1.1" 301 178 "-" "Mozilla/5.0 (Windows NT 10.0; WOW64; Trident/7.0; .NET4.0C; .NET4.0E; .NET CLR 2.0.50727; .NET CLR 3.0.30729; .NET CLR 3.5.30729; rv:11.0) like Gecko" "-"
173.239.214.166 - - [26/Oct/2025:10:37:17 +0200 - 0.000 - -] "GET /update/f35.php HTTP/1.1" 301 178 "-" "Mozilla/5.0 (Windows NT 10.0; Win64; x64) AppleWebKit/537.36 (KHTML, like Gecko) Chrome/79.0.3945.79 Safari/537.36" "-"
173.239.214.149 - - [26/Oct/2025:10:37:17 +0200 - 0.000 - -] "GET /wp-content/plugins/envato-css.php HTTP/1.1" 301 178 "-" "Mozilla/5.0 (Windows NT 10.0) AppleWebKit/537.36 (KHTML, like Gecko) Chrome/72.0.3626.121 Safari/537.36" "-"
209.87.169.177 - - [26/Oct/2025:10:37:17 +0200 - 0.000 - -] "GET /manager.php HTTP/1.1" 301 178 "-" "Mozilla/5.0 (Macintosh; Intel Mac OS X 10_15_6) AppleWebKit/537.36 (KHTML, like Gecko) Chrome/84.0.4147.125 Safari/537.36" "-"
173.239.214.175 - - [26/Oct/2025:10:37:17 +0200 - 0.000 - -] "GET /wp-admin/images/bootstrap.php HTTP/1.1" 301 178 "-" "Mozilla/5.0 (X11; Fedora; Linux x86_64; rv:79.0) Gecko/20100101 Firefox/79.0" "-"
173.239.214.174 - - [26/Oct/2025:10:37:17 +0200 - 0.000 - -] "GET /wp-content/plugins/ubh/up.php HTTP/1.1" 301 178 "-" "Mozilla/5.0 (Windows NT 10.0; WOW64) AppleWebKit/537.36 (KHTML, like Gecko) Chrome/84.0.4147.105 Safari/537.36" "-"
